-- Dumping data for table `promotion_points`
--


--
-- Table structure for table `provinces`
--

CREATE TABLE `provinces` (
  `id` int(10) unsigned NOT NULL AUTO_INCREMENT,
  `name` varchar(255) DEFAULT NULL,
  PRIMARY KEY (`id`)
) ENGINE=InnoDB AUTO_INCREMENT=11 DEFAULT CHARSET=utf8mb3 COLLATE=utf8mb3_general_ci;

--
-- Dumping data for table `provinces`
--

INSERT INTO `provinces` VALUES (1,'CENTRAL'),(2,'COPPERBELT'),(3,'EASTERN'),(4,'LUAPULA'),(5,'LUSAKA'),(6,'MUCHINGA'),(7,'NORTHERN'),(8,'NORTH WESTERN'),(9,'SOUTHERN'),(10,'WESTERN');

--
-- Table structure for table `pss_approved_courses`
--

CREATE TABLE `pss_approved_courses` (
  `id` int(11) NOT NULL AUTO_INCREMENT,
  `year_record` year(4) NOT NULL,
  `course_id` int(11) NOT NULL,
  `institution` varchar(145) NOT NULL,
  `scheme` varchar(45) NOT NULL,
  `man_number` int(10) unsigned NOT NULL,
  `weight` double unsigned NOT NULL,
  `recordStatusCode` tinyint(4) NOT NULL DEFAULT 0,
  PRIMARY KEY (`id`),
  KEY `owner_idx` (`man_number`),
  KEY `course_id` (`course_id`)
) ENGINE=InnoDB DEFAULT CHARSET=utf8mb3 COLLATE=utf8mb3_general_ci;

--
-- Dumping data for table `pss_approved_courses`
--


--
-- Table structure for table `pss_artifacts`
--

CREATE TABLE `pss_artifacts` (
  `id` int(11) NOT NULL AUTO_INCREMENT,
  `year_record` year(4) NOT NULL,
  `type_of_artifact` varchar(45) NOT NULL,
  `role` varchar(45) NOT NULL,
  `weight` double NOT NULL,
  `man_number` int(10) unsigned NOT NULL,
  `recordStatusCode` tinyint(4) NOT NULL DEFAULT 0,
  PRIMARY KEY (`id`),
  KEY `man_number` (`man_number`)
) ENGINE=InnoDB DEFAULT CHARSET=utf8mb3 COLLATE=utf8mb3_general_ci;

--
-- Dumping data for table `pss_artifacts`
--


--
-- Table structure for table `pss_associations`
--

CREATE TABLE `pss_associations` (
  `id` int(11) NOT NULL AUTO_INCREMENT,
  `starting_date` varchar(45) NOT NULL DEFAULT '',
  `ending_date` varchar(45) NOT NULL DEFAULT '',
  `association_name` varchar(145) NOT NULL,
  `role` varchar(45) NOT NULL,
  `weight` double NOT NULL,
  `recordStatusCode` tinyint(4) NOT NULL DEFAULT 0,
  `man_number` int(10) unsigned NOT NULL,
  PRIMARY KEY (`id`),
  KEY `man_number` (`man_number`)
) ENGINE=InnoDB DEFAULT CHARSET=utf8mb3 COLLATE=utf8mb3_general_ci;

--
-- Dumping data for table `pss_associations`
--


--
-- Table structure for table `pss_awards`
--

CREATE TABLE `pss_awards` (
  `id` int(11) NOT NULL AUTO_INCREMENT,
  `year` year(4) NOT NULL,
  `award_title` varchar(255) NOT NULL,
  `status` varchar(150) NOT NULL,
  `weight` double NOT NULL,
  `recordStatusCode` tinyint(4) NOT NULL DEFAULT 0,
  `man_number` int(10) unsigned NOT NULL,
  PRIMARY KEY (`id`),
  KEY `man_number` (`man_number`)
) ENGINE=InnoDB DEFAULT CHARSET=utf8mb3 COLLATE=utf8mb3_general_ci;

--
-- Dumping data for table `pss_awards`
--


--
-- Table structure for table `pss_books`
--

CREATE TABLE `pss_books` (
  `id` int(11) NOT NULL AUTO_INCREMENT,
  `year` year(4) NOT NULL,
  `title` varchar(255) NOT NULL,
  `publisher` varchar(255) NOT NULL,
  `number_of_pages` int(11) NOT NULL,
  `author_status` varchar(90) NOT NULL,
  `weight` double NOT NULL,
  `man_number` int(10) unsigned NOT NULL,
  `recordStatusCode` tinyint(4) NOT NULL DEFAULT 0,
  `ISBN` varchar(255) NOT NULL DEFAULT '0',
  PRIMARY KEY (`id`),
  KEY `man_number` (`man_number`)
) ENGINE=InnoDB DEFAULT CHARSET=utf8mb3 COLLATE=utf8mb3_general_ci;

--
-- Dumping data for table `pss_books`
--


--
-- Table structure for table `pss_class_size`
--

CREATE TABLE `pss_class_size` (
  `id` int(11) NOT NULL AUTO_INCREMENT,
  `year_record` year(4) NOT NULL,
  `course_id` int(11) NOT NULL,
  `number_of_students` int(11) NOT NULL,
  `institution` varchar(145) NOT NULL,
  `man_number` int(10) unsigned NOT NULL,
  `recordStatusCode` tinyint(4) NOT NULL DEFAULT 0,
  `weight` double NOT NULL,
  PRIMARY KEY (`id`),
  KEY `man_number` (`man_number`),
  KEY `course_id` (`course_id`)
) ENGINE=InnoDB DEFAULT CHARSET=utf8mb3 COLLATE=utf8mb3_general_ci;

--
-- Dumping data for table `pss_class_size`
--


--
-- Table structure for table `pss_conferences`
--

CREATE TABLE `pss_conferences` (
  `id` int(11) NOT NULL AUTO_INCREMENT,
  `year_record` year(4) NOT NULL,
  `conference_title` varchar(255) NOT NULL,
  `role` varchar(45) NOT NULL,
  `country` varchar(90) NOT NULL,
  `conference_type` varchar(90) NOT NULL,
  `weight` double NOT NULL,
  `man_number` int(10) unsigned NOT NULL,
  `recordStatusCode` tinyint(4) NOT NULL DEFAULT 0,
  PRIMARY KEY (`id`),
  KEY `man_number` (`man_number`)
) ENGINE=InnoDB DEFAULT CHARSET=utf8mb3 COLLATE=utf8mb3_general_ci;

--
-- Dumping data for table `pss_conferences`
--


--
-- Table structure for table `pss_consultancy`
--

CREATE TABLE `pss_consultancy` (
  `id` int(10) unsigned NOT NULL AUTO_INCREMENT,
  `year` year(4) NOT NULL,
  `project_title` varchar(255) NOT NULL,
  `status` varchar(45) NOT NULL,
  `role` varchar(145) NOT NULL,
  `organization` varchar(145) NOT NULL,
  `man_number` int(10) unsigned NOT NULL,
  `recordStatusCode` tinyint(4) NOT NULL DEFAULT 0,
  `weight` double NOT NULL,
  PRIMARY KEY (`id`),
  KEY `owner_idx` (`man_number`)
) ENGINE=InnoDB DEFAULT CHARSET=utf8mb3 COLLATE=utf8mb3_general_ci;

--
-- Dumping data for table `pss_consultancy`
--


--
-- Table structure for table `pss_course_coordination`
--

CREATE TABLE `pss_course_coordination` (
  `id` int(11) NOT NULL AUTO_INCREMENT,
  `year_record` year(4) NOT NULL,
  `course_id` int(11) NOT NULL,
  `number_of_students` int(11) NOT NULL,
  `institution` varchar(145) NOT NULL,
  `man_number` int(10) unsigned NOT NULL,
  `recordStatusCode` tinyint(4) NOT NULL DEFAULT 0,
  `weight` double NOT NULL,
  PRIMARY KEY (`id`),
  KEY `man_number` (`man_number`),
  KEY `course_id` (`course_id`)
) ENGINE=InnoDB DEFAULT CHARSET=utf8mb3 COLLATE=utf8mb3_general_ci;

--
-- Dumping data for table `pss_course_coordination`
--


--
-- Table structure for table `pss_courses`
--

CREATE TABLE `pss_courses` (
  `id` int(11) NOT NULL AUTO_INCREMENT,
  `year_introduced` year(4) NOT NULL,
  `course_title` varchar(90) NOT NULL,
  `course_code` varchar(45) NOT NULL,
  `comment` varchar(255) NOT NULL,
  `course_type` tinyint(4) NOT NULL,
  `taught_at` tinyint(4) NOT NULL,
  `department_id` int(10) unsigned NOT NULL,
  `course_status` tinyint(4) NOT NULL DEFAULT 1,
  PRIMARY KEY (`id`),
  KEY `department_id` (`department_id`)
) ENGINE=InnoDB DEFAULT CHARSET=utf8mb3 COLLATE=utf8mb3_general_ci;

--
-- Dumping data for table `pss_courses`
--


--
-- Table structure for table `pss_courses_taught`
--

CREATE TABLE `pss_courses_taught` (
  `id` int(11) NOT NULL AUTO_INCREMENT,
  `course_id` int(11) NOT NULL,
  `taught_in` year(4) NOT NULL,
  `coTaught` tinyint(1) NOT NULL DEFAULT 0,
  `institution` varchar(145) NOT NULL,
  `man_number` int(10) unsigned NOT NULL,
  `weight` double NOT NULL,
  `recordStatusCode` tinyint(4) NOT NULL DEFAULT 0,
  PRIMARY KEY (`id`),
  KEY `man_number` (`man_number`),
  KEY `course_id` (`course_id`)
) ENGINE=InnoDB DEFAULT CHARSET=utf8mb3 COLLATE=utf8mb3_general_ci;

--
-- Dumping data for table `pss_courses_taught`
--


--
-- Table structure for table `pss_external_examination`
--

CREATE TABLE `pss_external_examination` (
  `id` int(10) unsigned NOT NULL AUTO_INCREMENT,
  `year` year(4) NOT NULL,
  `institution` varchar(255) DEFAULT NULL,
  `country` varchar(90) NOT NULL,
  `weight` double unsigned NOT NULL,
  `recordStatusCode` tinyint(4) NOT NULL DEFAULT 0,
  `man_number` int(10) unsigned NOT NULL,
  PRIMARY KEY (`id`),
  KEY `owener_idx` (`man_number`)
) ENGINE=InnoDB DEFAULT CHARSET=utf8mb3 COLLATE=utf8mb3_general_ci;

--
-- Dumping data for table `pss_external_examination`
--


--
-- Table structure for table `pss_h_index`
--

CREATE TABLE `pss_h_index` (
  `id` int(11) NOT NULL AUTO_INCREMENT,
  `department_id` int(10) unsigned NOT NULL,
  `year` varchar(45) NOT NULL,
  `index_score` int(11) NOT NULL,
  `weight` double NOT NULL,
  `man_number` int(10) unsigned NOT NULL,
  `urlLink` varchar(150) DEFAULT NULL,
  `recordStatusCode` tinyint(4) NOT NULL DEFAULT 0,
  PRIMARY KEY (`id`),
  KEY `man_number` (`man_number`),
  KEY `department_id` (`department_id`)
) ENGINE=InnoDB DEFAULT CHARSET=utf8mb3 COLLATE=utf8mb3_general_ci;

--
-- Dumping data for table `pss_h_index`
--


--
-- Table structure for table `pss_journal_editing`
--

CREATE TABLE `pss_journal_editing` (
  `id` int(11) NOT NULL AUTO_INCREMENT,
  `year` year(4) DEFAULT NULL,
  `start_date` varchar(45) DEFAULT NULL,
  `end_date` varchar(45) DEFAULT NULL,
  `ISBN` varchar(150) DEFAULT NULL,
  `work_title` varchar(255) DEFAULT NULL,
  `name_of_journal` varchar(255) NOT NULL,
  `role` varchar(45) NOT NULL,
  `weight` double NOT NULL,
  `man_number` int(10) unsigned NOT NULL,
  `recordStatusCode` tinyint(4) NOT NULL DEFAULT 0,
  PRIMARY KEY (`id`),
  KEY `man_number` (`man_number`)
) ENGINE=InnoDB DEFAULT CHARSET=utf8mb3 COLLATE=utf8mb3_general_ci;

--
-- Dumping data for table `pss_journal_editing`
--


--
-- Table structure for table `pss_journal_publications`
--

CREATE TABLE `pss_journal_publications` (
  `id` int(10) unsigned NOT NULL AUTO_INCREMENT,
  `type` varchar(255) NOT NULL,
  `year_record` year(4) NOT NULL,
  `title` varchar(255) NOT NULL,
  `name_of_journal` varchar(255) DEFAULT NULL,
  `page_number` varchar(45) DEFAULT NULL,
  `author_status` varchar(45) DEFAULT NULL,
  `author_names` varchar(255) DEFAULT NULL,
  `volume_number` int(11) NOT NULL DEFAULT 0,
  `issue_number` int(11) NOT NULL DEFAULT 0,
  `ISBN` varchar(100) DEFAULT NULL,
  `DOI` varchar(255) DEFAULT NULL,
  `weight` double NOT NULL,
  `man_number` int(10) unsigned NOT NULL,
  `recordStatusCode` tinyint(4) NOT NULL DEFAULT 0,
  PRIMARY KEY (`id`),
  KEY `owner_idx` (`man_number`)
) ENGINE=InnoDB DEFAULT CHARSET=utf8mb3 COLLATE=utf8mb3_general_ci;

--
-- Dumping data for table `pss_journal_publications`
--


--
-- Table structure for table `pss_media_discussions`
--

CREATE TABLE `pss_media_discussions` (
  `id` int(11) NOT NULL AUTO_INCREMENT,
  `year_record` year(4) NOT NULL,
  `title` varchar(255) NOT NULL,
  `name_type` varchar(255) NOT NULL,
  `weight` double NOT NULL,
  `man_number` int(10) unsigned NOT NULL,
  `recordStatusCode` tinyint(4) NOT NULL DEFAULT 0,
  PRIMARY KEY (`id`),
  KEY `man_number` (`man_number`)
) ENGINE=InnoDB DEFAULT CHARSET=utf8mb3 COLLATE=utf8mb3_general_ci;

--
-- Dumping data for table `pss_media_discussions`
--


--
-- Table structure for table `pss_membership_to_professional_bodies`
--

CREATE TABLE `pss_membership_to_professional_bodies` (
  `id` int(10) unsigned NOT NULL AUTO_INCREMENT,
  `start_date` varchar(45) NOT NULL DEFAULT '',
  `end_date` varchar(45) NOT NULL DEFAULT '',
  `institution` varchar(145) NOT NULL,
  `level` varchar(45) NOT NULL,
  `quantity` double NOT NULL,
  `weight` double unsigned NOT NULL,
  `recordStatusCode` tinyint(4) NOT NULL DEFAULT 0,
  `man_number` int(10) unsigned NOT NULL,
  PRIMARY KEY (`id`),
  KEY `owner_idx` (`man_number`)
) ENGINE=InnoDB DEFAULT CHARSET=utf8mb3 COLLATE=utf8mb3_general_ci;

--
-- Dumping data for table `pss_membership_to_professional_bodies`
--


--
-- Table structure for table `pss_miscellaneous_contributions`
--

CREATE TABLE `pss_miscellaneous_contributions` (
  `id` int(11) NOT NULL AUTO_INCREMENT,
  `year` year(4) NOT NULL,
  `institution` varchar(145) NOT NULL,
  `role` varchar(150) NOT NULL,
  `weight` double NOT NULL,
  `recordStatusCode` tinyint(4) NOT NULL DEFAULT 0,
  `man_number` int(10) unsigned NOT NULL,
  PRIMARY KEY (`id`),
  KEY `man_number` (`man_number`)
) ENGINE=InnoDB DEFAULT CHARSET=utf8mb3 COLLATE=utf8mb3_general_ci;

--
-- Dumping data for table `pss_miscellaneous_contributions`
--


--
-- Table structure for table `pss_other_relevant_contributions`
--

CREATE TABLE `pss_other_relevant_contributions` (
  `id` int(10) unsigned NOT NULL AUTO_INCREMENT,
  `man_number` int(10) unsigned NOT NULL,
  `start_date` varchar(45) DEFAULT NULL,
  `end_date` varchar(45) DEFAULT NULL,
  `position` varchar(45) DEFAULT NULL,
  `unit` varchar(45) DEFAULT NULL,
  `department` varchar(45) DEFAULT NULL,
  `weight` double DEFAULT NULL,
  `recordStatusCode` tinyint(4) NOT NULL DEFAULT 0,
  PRIMARY KEY (`id`),
  KEY `fk_orc_user` (`man_number`)
) ENGINE=InnoDB DEFAULT CHARSET=utf8mb3 COLLATE=utf8mb3_general_ci;

--
-- Dumping data for table `pss_other_relevant_contributions`
--


--
-- Table structure for table `pss_positions`
--

CREATE TABLE `pss_positions` (
  `id` int(10) unsigned NOT NULL AUTO_INCREMENT,
  `name` varchar(100) NOT NULL,
  PRIMARY KEY (`id`),
  UNIQUE KEY `id_UNIQUE` (`id`)
) ENGINE=InnoDB DEFAULT CHARSET=utf8mb3 COLLATE=utf8mb3_general_ci;

--
-- Dumping data for table `pss_positions`
--


--
-- Table structure for table `pss_post_doctoral_research`
--

CREATE TABLE `pss_post_doctoral_research` (
  `id` int(11) NOT NULL AUTO_INCREMENT,
  `year` year(4) NOT NULL,
  `mentor` varchar(45) NOT NULL,
  `research_done` varchar(255) NOT NULL,
  `institution` varchar(90) NOT NULL,
  `weight` double NOT NULL,
  `man_number` int(10) unsigned NOT NULL,
  `recordStatusCode` tinyint(4) NOT NULL DEFAULT 0,
  PRIMARY KEY (`id`),
  KEY `owner_idx` (`man_number`)
) ENGINE=InnoDB DEFAULT CHARSET=utf8mb3 COLLATE=utf8mb3_general_ci;

--
-- Dumping data for table `pss_post_doctoral_research`
--


--
-- Table structure for table `pss_postgraduate_supervision`
--

CREATE TABLE `pss_postgraduate_supervision` (
  `id` int(11) NOT NULL AUTO_INCREMENT,
  `year_of_completion` year(4) NOT NULL,
  `name_of_student` varchar(45) NOT NULL,
  `title_of_dissertation` varchar(255) NOT NULL,
  `institution` varchar(145) NOT NULL,
  `man_number` int(10) unsigned NOT NULL,
  `recordStatusCode` tinyint(4) NOT NULL DEFAULT 0,
  `weight` double NOT NULL,
  `activity` varchar(45) NOT NULL,
  `supervision_level` varchar(45) NOT NULL,
  PRIMARY KEY (`id`),
  KEY `owner_idx` (`man_number`)
) ENGINE=InnoDB DEFAULT CHARSET=utf8mb3 COLLATE=utf8mb3_general_ci;

--
-- Dumping data for table `pss_postgraduate_supervision`
--


--
-- Table structure for table `pss_promotion_requests`
--

CREATE TABLE `pss_promotion_requests` (
  `requestID` int(10) unsigned NOT NULL AUTO_INCREMENT,
  `recordType` tinyint(1) NOT NULL DEFAULT 1,
  `departmentID` int(10) unsigned NOT NULL,
  `manNumber` int(10) unsigned NOT NULL,
  `initialRank` varchar(50) NOT NULL,
  `rankAppliedFor` varchar(50) NOT NULL,
  `submittedPoints` double NOT NULL,
  `approvedPoints` double DEFAULT NULL,
  `dataStatus` tinyint(1) NOT NULL DEFAULT 0,
  `progress` tinyint(1) NOT NULL DEFAULT 0,
  `dateCreated` timestamp NOT NULL DEFAULT current_timestamp(),
  `dateModified` timestamp NOT NULL DEFAULT current_timestamp() ON UPDATE current_timestamp(),
  PRIMARY KEY (`requestID`),
  KEY `departmentID` (`departmentID`),
  KEY `manNumber` (`manNumber`)
) ENGINE=InnoDB DEFAULT CHARSET=latin1 COLLATE=latin1_swedish_ci;

--
-- Dumping data for table `pss_promotion_requests`
--


--
-- Table structure for table `pss_resource_mobilizations`
--

CREATE TABLE `pss_resource_mobilizations` (
  `id` int(10) unsigned NOT NULL AUTO_INCREMENT,
  `year` year(4) NOT NULL,
  `project_title` varchar(255) NOT NULL,
  `role` varchar(45) NOT NULL,
  `amount_raised` double NOT NULL,
  `weight` double NOT NULL,
  `man_number` int(10) unsigned NOT NULL,
  `recordStatusCode` tinyint(4) NOT NULL DEFAULT 0,
  PRIMARY KEY (`id`),
  UNIQUE KEY `id_UNIQUE` (`id`),
  KEY `owner_idx` (`man_number`)
) ENGINE=InnoDB DEFAULT CHARSET=utf8mb3 COLLATE=utf8mb3_general_ci;

--
-- Dumping data for table `pss_resource_mobilizations`
--


--
-- Table structure for table `pss_sabbatical_leave`
--

CREATE TABLE `pss_sabbatical_leave` (
  `id` int(11) NOT NULL AUTO_INCREMENT,
  `year` year(4) NOT NULL,
  `institution` varchar(145) NOT NULL,
  `country` varchar(145) NOT NULL,
  `weight` double NOT NULL,
  `recordStatusCode` tinyint(4) NOT NULL DEFAULT 0,
  `man_number` int(10) unsigned NOT NULL,
  PRIMARY KEY (`id`),
  KEY `man_number` (`man_number`)
) ENGINE=InnoDB DEFAULT CHARSET=utf8mb3 COLLATE=utf8mb3_general_ci;

--
-- Dumping data for table `pss_sabbatical_leave`
--


--
-- Table structure for table `pss_secondment`
--

CREATE TABLE `pss_secondment` (
  `id` int(11) NOT NULL AUTO_INCREMENT,
  `starting_date` varchar(45) NOT NULL DEFAULT '',
  `ending_date` varchar(45) NOT NULL DEFAULT '',
  `position` varchar(50) NOT NULL,
  `organization` varchar(145) NOT NULL,
  `quantity` double NOT NULL,
  `weight` double NOT NULL,
  `recordStatusCode` tinyint(4) NOT NULL DEFAULT 0,
  `man_number` int(10) unsigned NOT NULL,
  `country` varchar(145) DEFAULT NULL,
  PRIMARY KEY (`id`),
  KEY `man_number` (`man_number`)
) ENGINE=InnoDB DEFAULT CHARSET=utf8mb3 COLLATE=utf8mb3_general_ci;

--
-- Dumping data for table `pss_secondment`
--


--
-- Table structure for table `pss_specialization`
--

CREATE TABLE `pss_specialization` (
  `ID` int(11) NOT NULL AUTO_INCREMENT,
  `specializationName` varchar(100) NOT NULL,
  PRIMARY KEY (`ID`)
) ENGINE=InnoDB DEFAULT CHARSET=latin1 COLLATE=latin1_swedish_ci;

--
-- Dumping data for table `pss_specialization`
--


--
-- Table structure for table `pss_statutory_organizations`
--

CREATE TABLE `pss_statutory_organizations` (
  `id` int(10) unsigned NOT NULL AUTO_INCREMENT,
  `starting_date` varchar(45) NOT NULL DEFAULT '',
  `ending_date` varchar(45) NOT NULL DEFAULT '',
  `organization` varchar(255) NOT NULL,
  `position` varchar(45) NOT NULL,
  `weight` double unsigned NOT NULL,
  `recordStatusCode` tinyint(4) NOT NULL DEFAULT 0,
  `quantity` double NOT NULL,
  `country` varchar(145) DEFAULT NULL,
  `province` varchar(115) DEFAULT NULL,
  `man_number` int(10) unsigned NOT NULL,
  PRIMARY KEY (`id`),
  KEY `owner_idx` (`man_number`)
) ENGINE=InnoDB DEFAULT CHARSET=utf8mb3 COLLATE=utf8mb3_general_ci;

--
-- Dumping data for table `pss_statutory_organizations`
--


--
-- Table structure for table `pss_threhold`
--

CREATE TABLE `pss_threhold` (
  `scale` varchar(10) NOT NULL,
  `rank_name` varchar(255) NOT NULL,
  `threshold` double NOT NULL,
  PRIMARY KEY (`scale`),
  UNIQUE KEY `scale_UNIQUE` (`scale`),
  UNIQUE KEY `rank_name_UNIQUE` (`rank_name`)
) ENGINE=InnoDB DEFAULT CHARSET=utf8mb3 COLLATE=utf8mb3_general_ci COMMENT='threshodl and rank positions table';

--
-- Dumping data for table `pss_threhold`
--


--
-- Table structure for table `pss_university_leadership_and_administration`
--

CREATE TABLE `pss_university_leadership_and_administration` (
  `id` int(10) unsigned NOT NULL AUTO_INCREMENT,
  `starting_from` varchar(45) NOT NULL DEFAULT '',
  `ending_on` varchar(45) NOT NULL DEFAULT '',
  `position` varchar(100) NOT NULL,
  `extraDetails` varchar(255) DEFAULT NULL,
  `unit` varchar(50) DEFAULT NULL,
  `department_id` int(11) DEFAULT NULL,
  `man_number` int(10) unsigned NOT NULL,
  `weight` double unsigned NOT NULL,
  `recordStatusCode` tinyint(4) NOT NULL DEFAULT 0,
  PRIMARY KEY (`id`),
  UNIQUE KEY `id_UNIQUE` (`id`),
  KEY `Leader_idx` (`man_number`)
) ENGINE=InnoDB DEFAULT CHARSET=utf8mb3 COLLATE=utf8mb3_general_ci;

--
-- Dumping data for table `pss_university_leadership_and_administration`
--


--
-- Table structure for table `pss_user_specialization`
--

CREATE TABLE `pss_user_specialization` (
  `ID` int(11) NOT NULL AUTO_INCREMENT,
  `manNumber` int(10) unsigned NOT NULL,
  `specializationID` int(11) NOT NULL,
  PRIMARY KEY (`ID`),
  KEY `manNumber` (`manNumber`),
  KEY `specializationID` (`specializationID`)
) ENGINE=InnoDB DEFAULT CHARSET=latin1 COLLATE=latin1_swedish_ci;

--
-- Dumping data for table `pss_user_specialization`
--


--
-- Table structure for table `pss_weights`
--

CREATE TABLE `pss_weights` (
  `id` int(11) NOT NULL AUTO_INCREMENT,
  `year_record` year(4) NOT NULL,
  `category` varchar(145) NOT NULL,
  `weight` double NOT NULL,
  PRIMARY KEY (`id`),
  UNIQUE KEY `id` (`id`,`category`)
) ENGINE=InnoDB DEFAULT CHARSET=utf8mb3 COLLATE=utf8mb3_general_ci;

--
-- Dumping data for table `pss_weights`
--


--
-- Table structure for table `pss_years_of_services`
--

CREATE TABLE `pss_years_of_services` (
  `id` int(11) NOT NULL AUTO_INCREMENT,
  `man_number` int(10) unsigned NOT NULL,
  `recordStatusCode` tinyint(4) NOT NULL DEFAULT 0,
  `weight` double NOT NULL,
  `years_of_service` int(11) NOT NULL,
  PRIMARY KEY (`id`),
  UNIQUE KEY `man_number` (`man_number`)
) ENGINE=InnoDB DEFAULT CHARSET=utf8mb3 COLLATE=utf8mb3_general_ci;

--
-- Dumping data for table `pss_years_of_services`
--


--
-- Table structure for table `public_holidays`
--

CREATE TABLE `public_holidays` (
  `id` bigint(20) unsigned NOT NULL AUTO_INCREMENT,
  `name` varchar(255) NOT NULL,
  `date_of_holiday` varchar(255) NOT NULL,
  `description` varchar(255) DEFAULT NULL,
  `created_by` int(11) DEFAULT NULL,
  `updated_by` int(11) DEFAULT NULL,
  `created_at` timestamp NULL DEFAULT NULL,
  `updated_at` timestamp NULL DEFAULT NULL,
  PRIMARY KEY (`id`),
  UNIQUE KEY `public_holidays_name_unique` (`name`)
) ENGINE=InnoDB AUTO_INCREMENT=10 DEFAULT CHARSET=utf8mb4 COLLATE=utf8mb4_unicode_ci;

--
-- Dumping data for table `public_holidays`
--

INSERT INTO `public_holidays` VALUES (1,'New Year','01-01',NULL,NULL,NULL,NULL,NULL),(2,'International Women\'s Day','08-03',NULL,NULL,NULL,NULL,NULL),(3,'Youth day','03-12',NULL,NULL,NULL,NULL,NULL),(4,'Kenneth Kaunda day','04-12',NULL,NULL,NULL,NULL,NULL),(5,'Labour day','05-01',NULL,NULL,NULL,NULL,NULL),(6,'Africa Freedom day','05-25',NULL,NULL,NULL,NULL,NULL),(7,'National Prayer day','10-18',NULL,NULL,NULL,NULL,NULL),(8,'Independence day','10-24',NULL,NULL,NULL,NULL,NULL),(9,'Christmas day','12-25',NULL,NULL,3,NULL,NULL);

--
-- Table structure for table `requisitions`
--

CREATE TABLE `requisitions` (
  `id` int(10) unsigned NOT NULL AUTO_INCREMENT,
  `position` int(10) unsigned DEFAULT NULL,
  `unit` int(10) unsigned DEFAULT NULL,
  `department` int(10) unsigned DEFAULT NULL,
  `reason` text DEFAULT NULL,
  `user` int(10) unsigned NOT NULL,
  `variance` int(10) unsigned DEFAULT NULL,
  `type` varchar(50) DEFAULT NULL,
  `start_date` date DEFAULT NULL,
  `salary_scale_id` int(10) unsigned DEFAULT NULL,
  `position_status` varchar(50) DEFAULT NULL,
  `status` int(11) NOT NULL DEFAULT 0,
  `created_by` int(10) unsigned DEFAULT NULL,
  `created_at` timestamp NOT NULL DEFAULT current_timestamp(),
  `updated_by` int(10) unsigned DEFAULT NULL,
  `updated_at` timestamp NOT NULL DEFAULT current_timestamp() ON UPDATE current_timestamp(),
  PRIMARY KEY (`id`),
  KEY `position` (`position`),
  KEY `Fk_user_id` (`user`),
  KEY `fk_salary_scale` (`salary_scale_id`),
  KEY `fk_unit` (`unit`),
  KEY `fk_departments` (`department`),
  KEY `fk_employee_requisition_applications_1_idx` (`created_by`),
  KEY `fk_employee_requisition_applications_2_idx` (`updated_by`)
) ENGINE=InnoDB DEFAULT CHARSET=utf8mb4 COLLATE=utf8mb4_general_ci;

--
-- Dumping data for table `requisitions`
--


--
-- Table structure for table `right_to_role`
--

CREATE TABLE `right_to_role` (
  `id` int(11) NOT NULL AUTO_INCREMENT,
  `role` int(10) unsigned NOT NULL,
  `right` text NOT NULL,
  PRIMARY KEY (`id`),
  KEY `fk_right_to_role_1_idx` (`role`),
  CONSTRAINT `fk_right_to_role_1` FOREIGN KEY (`role`) REFERENCES `roles` (`id`)
) ENGINE=InnoDB AUTO_INCREMENT=2343 DEFAULT CHARSET=utf8mb4 COLLATE=utf8mb4_unicode_ci;

--
-- Dumping data for table `right_to_role`
--

INSERT INTO `right_to_role` VALUES (1359,16,'Approve Department work plan'),(1360,16,'Is Supervisor'),(1361,16,'Is Unit Head'),(1362,16,'Manage Department Workplan'),(1363,16,'Manage Head of Unit Comment'),(1364,16,'Manage Individual Workplan'),(1365,16,'Manage strategic Objective'),(1366,16,'Manage strategic period'),(1367,16,'Manage Target Agreed Score'),(1368,16,'Manage Target Appraise Score'),(1369,16,'Manage Target Appraiser Score'),(1370,16,'Review departmental work-plan'),(1371,16,'View department work plan'),(1372,16,'View Departments'),(1373,16,'View establishment'),(1374,16,'View job openings'),(1375,16,'View job positions'),(1376,16,'View Staff Categories'),(1377,16,'View strategic objective'),(1378,16,'View Units'),(1417,18,'Is Supervisor'),(1418,18,'Is Unit Head'),(1419,18,'Manage Department Workplan'),(1420,18,'Manage Head of Unit Comment'),(1421,18,'Manage Individual Workplan'),(1422,18,'Manage Target Agreed Score'),(1423,18,'Manage Target Appraise Score'),(1424,18,'Manage Target Appraiser Score'),(1425,18,'Manage training'),(1426,18,'Review departmental work-plan'),(1427,18,'View establishment'),(1428,18,'View strategic objective'),(1429,17,'Approve Department work plan'),(1430,17,'Approve terminal benefits computations'),(1431,17,'Is Supervisor'),(1432,17,'Is Unit Head'),(1433,17,'Manage Department Workplan'),(1434,17,'Manage Head of Unit Comment'),(1435,17,'Review departmental work-plan'),(1436,17,'View establishment'),(1437,17,'View job positions'),(1438,17,'View pam bank branches'),(1439,17,'View pam banks'),(1440,17,'View retirement applications'),(1441,17,'View retirement notices'),(1442,17,'View salary scale notches'),(1443,17,'View Salary Scales'),(1444,17,'View staff salary increments'),(1445,17,'View strategic objective'),(1446,17,'View terminal benefits advance payments'),(1447,17,'View terminal benefits clearance forms'),(1448,17,'View terminal benefits collective agreements'),(1449,17,'View terminal benefits computations'),(1450,17,'View terminal benefits deductions'),(1451,17,'View terminal benefits earnings'),(1452,17,'View terminal benefits final payments'),(1453,17,'View terminal benefits statements'),(1454,17,'View terminal benefits tax tables'),(1455,15,'Approve Department work plan'),(1456,15,'Is Supervisor'),(1457,15,'Is Unit Head'),(1458,15,'Manage Head of Unit Comment'),(1459,15,'Manage Individual Workplan'),(1460,15,'Manage Target Agreed Score'),(1461,15,'Manage Target Appraise Score'),(1462,15,'Manage Target Appraiser Score'),(1463,15,'Manage training'),(1464,15,'Review departmental work-plan'),(1465,15,'View strategic objective'),(1466,13,'Approve Department work plan'),(1467,13,'Approve terminal benefits computations'),(1468,13,'Assign acting positions'),(1469,13,'Create department work plan'),(1470,13,'Is Department Head'),(1471,13,'Is Supervisor'),(1472,13,'Is Unit Head'),(1473,13,'Manage Department Workplan'),(1474,13,'Manage Head of Unit Comment'),(1475,13,'Manage Individual Workplan'),(1476,13,'Manage Overall Appraisals'),(1477,13,'Manage Overall Work-plans'),(1478,13,'Manage Target Agreed Score'),(1479,13,'Manage Target Appraise Score'),(1480,13,'Manage Target Appraiser Score'),(1481,13,'Manage training'),(1482,13,'View administrative forms'),(1483,13,'View communication history'),(1484,13,'View contract application'),(1485,13,'View contract types'),(1486,13,'View department work plan'),(1487,13,'View Departments'),(1488,13,'View disciplinary'),(1489,13,'View disciplinary case'),(1490,13,'View establishment'),(1491,13,'View fixed term contract'),(1492,13,'View job offer'),(1493,13,'View job openings'),(1494,13,'View job positions'),(1495,13,'View KRAs'),(1496,13,'View leave types'),(1497,13,'View PAs'),(1498,13,'View reports'),(1499,13,'View retirement applications'),(1500,13,'View retirement notices'),(1501,13,'View salary scale notches'),(1502,13,'View Salary Scales'),(1503,13,'View Staff Categories'),(1504,13,'View staff salary increments'),(1505,13,'View strategic objective'),(1506,13,'View terminal benefits advance payments'),(1507,13,'View terminal benefits clearance forms'),(1508,13,'View terminal benefits collective agreements'),(1509,13,'View terminal benefits computations'),(1510,13,'View terminal benefits deductions'),(1511,13,'View terminal benefits earnings'),(1512,13,'View terminal benefits final payments'),(1513,13,'View terminal benefits statements'),(1514,13,'View terminal benefits tax tables'),(1515,13,'View training'),(1516,13,'View training needs'),(1517,13,'View Units'),(1518,13,'View Users'),(1625,10,'Is Supervisor'),(1626,10,'Manage Individual Workplan'),(1627,10,'Manage job openings'),(1628,10,'Manage Jobs'),(1629,10,'Manage Target Agreed Score'),(1630,10,'Manage Target Appraise Score'),(1631,10,'Manage Target Appraiser Score'),(1632,10,'Review departmental work-plan'),(1633,10,'View administrative forms'),(1634,10,'View approval requests'),(1635,10,'View department work plan'),(1636,10,'View KRAs'),(1637,10,'View leave types'),(1638,10,'View requisitions'),(1639,10,'View salary scale notches'),(1640,10,'View Salary Scales'),(1641,10,'View Staff Categories'),(1737,7,'Approve Department work plan'),(1738,7,'Is Supervisor'),(1739,7,'Is Unit Head'),(1740,7,'Manage Department Workplan'),(1741,7,'Manage Head of Unit Comment'),(1742,7,'Manage Target Agreed Score'),(1743,7,'Manage Target Appraise Score'),(1744,7,'Manage Target Appraiser Score'),(1745,7,'Review departmental work-plan'),(1746,7,'View department work plan'),(1747,6,'Create department work plan'),(1748,6,'Is Supervisor'),(1749,6,'Manage Appraisal Periods'),(1750,6,'manage competency'),(1751,6,'manage final appraisal comment'),(1752,6,'Manage Individual Workplan'),(1753,6,'Manage KRAs'),(1754,6,'Manage long term training applications'),(1755,6,'Manage Overall Work-plans'),(1756,6,'Manage PAs'),(1757,6,'Manage reports'),(1758,6,'Manage requisitions'),(1759,6,'Manage salary scale notches'),(1760,6,'Manage Salary Scales'),(1761,6,'Manage short term training'),(1762,6,'Manage strategic Objective'),(1763,6,'Manage Target Agreed Score'),(1764,6,'Manage Target Appraise Score'),(1765,6,'Manage Target Appraiser Score'),(1766,6,'Manage training'),(1767,6,'Manage training needs'),(1768,6,'Manage training needs SDF'),(1769,6,'Review departmental work-plan'),(1770,6,'View department work plan'),(1771,6,'View training'),(1772,6,'View training needs'),(1773,5,'Manage disciplinary'),(1774,5,'Manage disciplinary case'),(1775,5,'View disciplinary'),(1776,5,'View disciplinary case'),(1777,3,'Approve Department work plan'),(1778,3,'Create department work plan'),(1779,3,'Is Department Head'),(1780,3,'Is Supervisor'),(1781,3,'Is Unit Head'),(1782,3,'Manage approval requests'),(1783,3,'Manage contract application'),(1784,3,'Manage contract types'),(1785,3,'Manage Department Workplan'),(1786,3,'Manage Departments'),(1787,3,'Manage employee employment details'),(1788,3,'Manage Employees'),(1789,3,'Manage establishment'),(1790,3,'Manage fixed term contract'),(1791,3,'Manage Individual Workplan'),(1792,3,'Manage job offer'),(1793,3,'Manage job openings'),(1794,3,'Manage job positions'),(1795,3,'Manage Jobs'),(1796,3,'Manage provinces and districts'),(1797,3,'Manage reports'),(1798,3,'Manage retirement applications'),(1799,3,'Manage retirement notices'),(1800,3,'Manage Roles'),(1801,3,'Manage Salary Scale'),(1802,3,'Manage salary scale notches'),(1803,3,'Manage Salary Scales'),(1804,3,'Manage Staff Categories'),(1805,3,'Manage Target Agreed Score'),(1806,3,'Manage Target Appraise Score'),(1807,3,'Manage Target Appraiser Score'),(1808,3,'Manage Units'),(1809,3,'Manage Users'),(1810,3,'Review departmental work-plan'),(1811,3,'View administrative forms'),(1812,3,'View approval requests'),(1813,3,'View contract application'),(1814,3,'View contract types'),(1815,3,'View countries'),(1816,3,'View department work plan'),(1817,3,'View Departments'),(1818,3,'View establishment'),(1819,3,'View fixed term contract'),(1820,3,'View job offer'),(1821,3,'View job openings'),(1822,3,'View job positions'),(1823,3,'View provinces and districts'),(1824,3,'View reminders'),(1825,3,'View reports'),(1826,3,'View retirement applications'),(1827,3,'View salary scale notches'),(1828,3,'View Salary Scales'),(1829,3,'View Staff Categories'),(1830,3,'View strategic objective'),(1831,3,'View Units'),(1911,8,'Approve terminal benefits computations'),(1912,8,'Assign acting positions'),(1913,8,'Create department work plan'),(1914,8,'Is Supervisor'),(1915,8,'Manage administrative forms'),(1916,8,'Manage disciplinary'),(1917,8,'Manage distributed documents'),(1918,8,'Manage employee leave'),(1919,8,'Manage Individual Workplan'),(1920,8,'Manage reminders'),(1921,8,'Manage reports'),(1922,8,'Manage requisitions'),(1923,8,'Manage retirement applications'),(1924,8,'Manage retirement notices'),(1925,8,'Manage strategic Objective'),(1926,8,'Manage Target Agreed Score'),(1927,8,'Manage Target Appraise Score'),(1928,8,'Manage Target Appraiser Score'),(1929,8,'Manage terminal benefits advance payments'),(1930,8,'Manage terminal benefits collective agreements'),(1931,8,'Manage terminal benefits computations'),(1932,8,'Manage terminal benefits earnings'),(1933,8,'Manage terminal benefits final payments'),(1934,8,'View administrative forms'),(1935,8,'View approval requests'),(1936,8,'View contract types'),(1937,8,'View countries'),(1938,8,'View department work plan'),(1939,8,'View Departments'),(1940,8,'View disciplinary'),(1941,8,'View distributed documents'),(1942,8,'View establishment'),(1943,8,'View job openings'),(1944,8,'View job positions'),(1945,8,'View leave types'),(1946,8,'View reminders'),(1947,8,'View reports'),(1948,8,'View requisitions'),(1949,8,'View retirement applications'),(1950,8,'View retirement notices'),(1951,8,'View salary scale notches'),(1952,8,'View Salary Scales'),(1953,8,'View Staff Categories'),(1954,8,'View strategic objective'),(1955,8,'View terminal benefits advance payments'),(1956,8,'View terminal benefits clearance forms'),(1957,8,'View terminal benefits collective agreements'),(1958,8,'View terminal benefits computations'),(1959,8,'View terminal benefits deductions'),(1960,8,'View terminal benefits earnings'),(1961,8,'View terminal benefits final payments'),(1962,8,'View terminal benefits statements'),(1963,8,'View terminal benefits tax tables'),(1964,8,'View training needs'),(1965,8,'View Units'),(1966,8,'View Users'),(1967,4,'Approve Department work plan'),(1968,4,'Approve terminal benefits computations'),(1969,4,'Assign acting positions'),(1970,4,'Create department work plan'),(1971,4,'Is Department Head'),(1972,4,'Is Supervisor'),(1973,4,'Is Unit Head'),(1974,4,'Manage administrative forms'),(1975,4,'Manage approval requests'),(1976,4,'Manage Department Workplan'),(1977,4,'Manage employee leave'),(1978,4,'Manage Head of Unit Comment'),(1979,4,'Manage reminders'),(1980,4,'Manage retirement applications'),(1981,4,'Manage retirement notices'),(1982,4,'Manage terminal benefits advance payments'),(1983,4,'Manage terminal benefits clearance forms'),(1984,4,'Manage terminal benefits computations'),(1985,4,'Manage terminal benefits deductions'),(1986,4,'Manage terminal benefits final payments'),(1987,4,'Manage Users'),(1988,4,'View administrative forms'),(1989,4,'View approval requests'),(1990,4,'View contract application'),(1991,4,'View contract types'),(1992,4,'View department work plan'),(1993,4,'View Departments'),(1994,4,'View disciplinary case'),(1995,4,'View distributed documents'),(1996,4,'View leave types'),(1997,4,'View reminders'),(1998,4,'View reports'),(1999,4,'View requisitions'),(2000,4,'View retirement applications'),(2001,4,'View retirement notices'),(2002,4,'View Staff Categories'),(2003,4,'View terminal benefits advance payments'),(2004,4,'View terminal benefits collective agreements'),(2005,4,'View terminal benefits computations'),(2006,4,'View terminal benefits earnings'),(2007,4,'View terminal benefits final payments'),(2008,4,'View terminal benefits tax tables'),(2009,4,'View Units'),(2010,4,'View Users'),(2036,14,'Approve Department work plan'),(2037,14,'Is Supervisor'),(2038,14,'Is Unit Head'),(2039,14,'Manage Target Agreed Score'),(2040,14,'Manage Target Appraise Score'),(2041,14,'Manage Target Appraiser Score'),(2042,14,'Review departmental work-plan'),(2043,12,'Create department work plan'),(2044,12,'Is Department Head'),(2045,12,'Is Supervisor'),(2046,12,'Manage Department Workplan'),(2047,12,'Manage Individual Workplan'),(2048,12,'Manage Target Agreed Score'),(2049,12,'Manage Target Appraise Score'),(2050,12,'Manage Target Appraiser Score'),(2051,11,'Create department work plan'),(2052,11,'Is Department Head'),(2053,11,'Is Supervisor'),(2054,11,'Manage administrative forms'),(2055,11,'Manage Department Workplan'),(2056,11,'Manage Overall Appraisals'),(2057,11,'Manage Overall Work-plans'),(2058,11,'Manage Target Agreed Score'),(2059,11,'Manage Target Appraise Score'),(2060,11,'Manage Target Appraiser Score'),(2218,1,'Approve Department work plan'),(2219,1,'Approve terminal benefits computations'),(2220,1,'Assign acting positions'),(2221,1,'Create department work plan'),(2222,1,'Is clinic physician'),(2223,1,'Is Department Head'),(2224,1,'Is Supervisor'),(2225,1,'Is Unit Head'),(2226,1,'Manage administrative forms'),(2227,1,'Manage Appraisal Periods'),(2228,1,'Manage approval requests'),(2229,1,'Manage communication history'),(2230,1,'manage competency'),(2231,1,'Manage contract application'),(2232,1,'Manage contract types'),(2233,1,'Manage countries'),(2234,1,'Manage Department Workplan'),(2235,1,'Manage Departments'),(2236,1,'Manage disciplinary'),(2237,1,'Manage disciplinary case'),(2238,1,'Manage distributed documents'),(2239,1,'Manage employee employment details'),(2240,1,'Manage employee leave'),(2241,1,'Manage Employees'),(2242,1,'Manage establishment'),(2243,1,'manage final appraisal comment'),(2244,1,'Manage fixed term contract'),(2245,1,'Manage Head of Unit Comment'),(2246,1,'Manage Individual Workplan'),(2247,1,'Manage job offer'),(2248,1,'Manage job openings'),(2249,1,'Manage job positions'),(2250,1,'Manage Jobs'),(2251,1,'Manage KRAs'),(2252,1,'Manage leave types'),(2253,1,'Manage long term training applications'),(2254,1,'Manage mailing lists'),(2255,1,'Manage Overall Appraisals'),(2256,1,'Manage Overall Work-plans'),(2257,1,'Manage pam bank branches'),(2258,1,'Manage pam banks'),(2259,1,'Manage PAs'),(2260,1,'Manage provinces and districts'),(2261,1,'Manage public holidays'),(2262,1,'Manage reminders'),(2263,1,'Manage reports'),(2264,1,'Manage requisitions'),(2265,1,'Manage retirement applications'),(2266,1,'Manage retirement notices'),(2267,1,'Manage Roles'),(2268,1,'Manage Salary Scale'),(2269,1,'Manage salary scale notches'),(2270,1,'Manage Salary Scales'),(2271,1,'Manage short term training'),(2272,1,'Manage Staff Categories'),(2273,1,'Manage staff salary increments'),(2274,1,'Manage strategic Objective'),(2275,1,'Manage strategic period'),(2276,1,'Manage Target Agreed Score'),(2277,1,'Manage Target Appraise Score'),(2278,1,'Manage Target Appraiser Score'),(2279,1,'Manage terminal benefits advance payments'),(2280,1,'Manage terminal benefits clearance forms'),(2281,1,'Manage terminal benefits collective agreements'),(2282,1,'Manage terminal benefits computations'),(2283,1,'Manage terminal benefits deductions'),(2284,1,'Manage terminal benefits earnings'),(2285,1,'Manage terminal benefits final payments'),(2286,1,'Manage training'),(2287,1,'Manage training needs'),(2288,1,'Manage training needs SDF'),(2289,1,'Manage Units'),(2290,1,'Manage Users'),(2291,1,'Review departmental work-plan'),(2292,1,'View administrative forms'),(2293,1,'View approval requests'),(2294,1,'View communication history'),(2295,1,'View contract application'),(2296,1,'View contract types'),(2297,1,'View countries'),(2298,1,'View department work plan'),(2299,1,'View Departments'),(2300,1,'View disciplinary'),(2301,1,'View disciplinary case'),(2302,1,'View distributed documents'),(2303,1,'View establishment'),(2304,1,'View fixed term contract'),(2305,1,'View job offer'),(2306,1,'View job openings'),(2307,1,'View job positions'),(2308,1,'View KRAs'),(2309,1,'View leave types'),(2310,1,'View mailing lists'),(2311,1,'View pam bank branches'),(2312,1,'View pam banks'),(2313,1,'View PAs'),(2314,1,'View provinces and districts'),(2315,1,'View public holidays'),(2316,1,'View reminders'),(2317,1,'View reports'),(2318,1,'View requisitions'),(2319,1,'View retirement applications'),(2320,1,'View retirement notices'),(2321,1,'View Roles'),(2322,1,'View salary scale notches'),(2323,1,'View Salary Scales'),(2324,1,'View Staff Categories'),(2325,1,'View staff salary increments'),(2326,1,'View strategic objective'),(2327,1,'View terminal benefits advance payments'),(2328,1,'View terminal benefits clearance forms'),(2329,1,'View terminal benefits collective agreements'),(2330,1,'View terminal benefits computations'),(2331,1,'View terminal benefits deductions'),(2332,1,'View terminal benefits earnings'),(2333,1,'View terminal benefits final payments'),(2334,1,'View terminal benefits statements'),(2335,1,'View terminal benefits tax tables'),(2336,1,'View training'),(2337,1,'View training needs'),(2338,1,'View Units'),(2339,1,'View Users'),(2340,2,'Manage Target Appraiser Score'),(2341,2,'View disciplinary'),(2342,2,'View disciplinary case');

--
-- Table structure for table `rights`
--

CREATE TABLE `rights` (
  `id` int(10) unsigned NOT NULL AUTO_INCREMENT,
  `right` varchar(100) NOT NULL,
  PRIMARY KEY (`id`),
  UNIQUE KEY `system_rights` (`right`)
) ENGINE=InnoDB AUTO_INCREMENT=144 DEFAULT CHARSET=utf8mb4 COLLATE=utf8mb4_unicode_ci;

--
-- Dumping data for table `rights`
--

INSERT INTO `rights` VALUES (136,'Approve Department work plan'),(118,'Approve terminal benefits computations'),(79,'Assign acting positions'),(134,'Create department work plan'),(80,'Is clinic physician'),(45,'Is Department Head'),(43,'Is Supervisor'),(44,'Is Unit Head'),(99,'Manage administrative forms'),(11,'Manage Appraisal Periods'),(62,'Manage approval requests'),(125,'Manage communication history'),(18,'manage competency'),(74,'Manage contract application'),(60,'Manage contract types'),(27,'Manage countries'),(13,'Manage Department Workplan'),(8,'Manage Departments'),(137,'Manage disciplinary'),(139,'Manage disciplinary case'),(127,'Manage distributed documents'),(61,'Manage employee employment details'),(64,'Manage employee leave'),(6,'Manage Employees'),(72,'Manage establishment'),(24,'manage final appraisal comment'),(84,'Manage fixed term contract'),(23,'Manage Head of Unit Comment'),(12,'Manage Individual Workplan'),(69,'Manage job offer'),(65,'Manage job openings'),(41,'Manage job positions'),(5,'Manage Jobs'),(10,'Manage KRAs'),(35,'Manage leave types'),(142,'Manage long term training applications'),(123,'Manage mailing lists'),(47,'Manage Overall Appraisals'),(46,'Manage Overall Work-plans'),(78,'Manage pam bank branches'),(76,'Manage pam banks'),(14,'Manage PAs'),(26,'Manage provinces and districts'),(40,'Manage public holidays'),(129,'Manage reminders'),(81,'Manage reports'),(68,'Manage requisitions'),(105,'Manage retirement applications'),(103,'Manage retirement notices'),(3,'Manage Roles'),(9,'Manage Salary Scale'),(37,'Manage salary scale notches'),(31,'Manage Salary Scales'),(143,'Manage short term training'),(29,'Manage Staff Categories'),(57,'Manage staff salary increments'),(132,'Manage strategic Objective'),(131,'Manage strategic period'),(22,'Manage Target Agreed Score'),(20,'Manage Target Appraise Score'),(21,'Manage Target Appraiser Score'),(112,'Manage terminal benefits advance payments'),(100,'Manage terminal benefits clearance forms'),(119,'Manage terminal benefits collective agreements'),(110,'Manage terminal benefits computations'),(108,'Manage terminal benefits deductions'),(106,'Manage terminal benefits earnings'),(116,'Manage terminal benefits final payments'),(93,'Manage training'),(97,'Manage training needs'),(141,'Manage training needs SDF'),(7,'Manage Units'),(1,'Manage Users'),(122,'Review departmental work-plan'),(121,'View administrative forms'),(63,'View approval requests'),(126,'View communication history'),(73,'View contract application'),(59,'View contract types'),(28,'View countries'),(135,'View department work plan'),(34,'View Departments'),(138,'View disciplinary'),(140,'View disciplinary case'),(128,'View distributed documents'),(71,'View establishment'),(83,'View fixed term contract'),(70,'View job offer'),(66,'View job openings'),(42,'View job positions'),(48,'View KRAs'),(36,'View leave types'),(124,'View mailing lists'),(77,'View pam bank branches'),(75,'View pam banks'),(15,'View PAs'),(25,'View provinces and districts'),(39,'View public holidays'),(130,'View reminders'),(82,'View reports'),(67,'View requisitions'),(104,'View retirement applications'),(102,'View retirement notices'),(4,'View Roles'),(38,'View salary scale notches'),(32,'View Salary Scales'),(30,'View Staff Categories'),(58,'View staff salary increments'),(133,'View strategic objective'),(113,'View terminal benefits advance payments'),(101,'View terminal benefits clearance forms'),(120,'View terminal benefits collective agreements'),(111,'View terminal benefits computations'),(109,'View terminal benefits deductions'),(107,'View terminal benefits earnings'),(115,'View terminal benefits final payments'),(114,'View terminal benefits statements'),(117,'View terminal benefits tax tables'),(94,'View training'),(98,'View training needs'),(33,'View Units'),(2,'View Users');

--
-- Table structure for table `roles`
--

CREATE TABLE `roles` (
  `id` int(10) unsigned NOT NULL AUTO_INCREMENT,
  `role` varchar(50) NOT NULL,
  `created_at` timestamp NULL DEFAULT NULL,
  `updated_at` datetime DEFAULT current_timestamp(),
  `created_by` int(11) DEFAULT NULL,
  `updated_by` int(11) DEFAULT NULL,
  PRIMARY KEY (`id`),
  UNIQUE KEY `user_role_name` (`role`)
) ENGINE=InnoDB AUTO_INCREMENT=19 DEFAULT CHARSET=utf8mb4 COLLATE=utf8mb4_unicode_ci;

--
-- Dumping data for table `roles`
--

INSERT INTO `roles` VALUES (1,'SYSTEM ADMINISTRATOR',NULL,'2024-11-11 15:41:22',NULL,1),(2,'ORDINARY',NULL,'2024-11-13 10:28:48',NULL,1),(3,'DEPUTY REGISTRAR, COUNCIL','2024-09-24 14:47:48','2024-10-21 15:16:14',824,3),(4,'DEPUTY REGISTRAR, ADMINISTRATION','2024-09-26 15:20:37','2024-10-18 16:44:17',824,3),(5,'INDUSTRIAL RELATIONS OFFICER','2024-09-26 15:22:47','2024-10-21 15:13:53',824,3),(6,'TRAINING AND DEVELOPMENT MANAGER','2024-09-26 15:26:54','2024-10-21 15:12:14',824,3),(7,'DEAN','2024-09-27 13:22:55','2024-10-21 15:06:49',824,3),(8,'ASSISTANT REGISTRAR, ADMINISTRATION','2024-09-27 14:29:03','2024-10-21 14:58:35',824,3),(10,'ASSISTANT REGISTRAR/SENIOR ADMINISTRATIVE OFFICERS','2024-09-27 14:34:21','2024-10-21 14:57:51',824,3),(11,'HEAD OF DEPARTMENT (ACADEMIC)','2024-10-12 08:51:25','2024-11-01 10:58:42',824,1),(12,'HEAD OF DEPARTMENT (NON-ACADEMIC)','2024-10-12 10:22:26','2024-11-01 10:19:20',824,1),(13,'REGISTRAR','2024-10-14 16:28:52','2024-10-14 18:28:52',1,1),(14,'DIRECTOR','2024-10-14 16:31:02','2024-10-14 18:31:02',1,1),(15,'CHIEF LIBRARIAN','2024-10-14 16:41:11','2024-10-21 12:29:00',1,3),(16,'VICE CHANCELLOR','2024-10-14 16:41:43','2024-10-14 18:41:43',1,1),(17,'CHIEF FINANCIAL OFFICER','2024-10-14 16:42:23','2024-10-21 12:27:54',1,3),(18,'DEAN OF STUDENTS','2024-10-14 16:43:12','2024-10-21 12:25:15',1,3);

--
-- Table structure for table `salary_increment_records`
--

CREATE TABLE `salary_increment_records` (
  `id` int(10) unsigned NOT NULL AUTO_INCREMENT,
  `notch` int(10) unsigned NOT NULL,
  `year` int(11) NOT NULL,
  `percentage` double DEFAULT NULL,
  `old_basic` double DEFAULT NULL,
  `new_basic` double DEFAULT NULL,
  `created_at` timestamp NULL DEFAULT NULL,
  `updated_at` timestamp NULL DEFAULT NULL,
  `created_by` int(11) DEFAULT NULL,
  `updated_by` int(11) DEFAULT NULL,
  PRIMARY KEY (`id`),
  KEY `fk_salary_increment_records_1_idx` (`notch`),
  CONSTRAINT `fk_salary_increment_records_1` FOREIGN KEY (`notch`) REFERENCES `salary_scale_notches` (`id`)
) ENGINE=InnoDB DEFAULT CHARSET=utf8mb4 COLLATE=utf8mb4_unicode_ci;

--
-- Dumping data for table `salary_increment_records`
--


--
-- Table structure for table `salary_scale_notches`
--

CREATE TABLE `salary_scale_notches` (
  `id` int(10) unsigned NOT NULL AUTO_INCREMENT,
  `salary_scale` int(10) unsigned NOT NULL,
  `name` varchar(255) NOT NULL,
  `basic_pay` text NOT NULL,
  `notch_order` int(11) NOT NULL DEFAULT 1,
  `description` varchar(255) DEFAULT NULL,
  `created_by` int(10) unsigned DEFAULT NULL,
  `updated_by` int(10) unsigned DEFAULT NULL,
  `created_at` datetime DEFAULT current_timestamp(),
  `updated_at` datetime DEFAULT current_timestamp(),
  PRIMARY KEY (`id`),
  KEY `salarnotches_salaryscales_fk_idx` (`salary_scale`),
  KEY `salarynotches_createdby_fk_idx` (`created_by`),
  KEY `salarynotches_updatedby_fk_idx` (`updated_by`),
  CONSTRAINT `salarnotches_salaryscales_fk` FOREIGN KEY (`salary_scale`) REFERENCES `salary_scales` (`id`),
  CONSTRAINT `salarynotches_createdby_fk` FOREIGN KEY (`created_by`) REFERENCES `users` (`id`),
  CONSTRAINT `salarynotches_updatedby_fk` FOREIGN KEY (`updated_by`) REFERENCES `users` (`id`)
) ENGINE=InnoDB AUTO_INCREMENT=349 DEFAULT CHARSET=utf8mb4 COLLATE=utf8mb4_unicode_ci;

--
-- Dumping data for table `salary_scale_notches`
--

INSERT INTO `salary_scale_notches` VALUES (1,1,'ACS01_notch_five','H4ti1ZczIyJfuW+F14oh5mM4Yzg3ZmQyMDc5NTE4YTU3NzFkMjY0NDc0ZTVjZmE1NjI4MDRmY2I1MzRkMzY2ZTEwNTBjZWJhMDlkNGMzMmZHd1EZqmgnPdqSfVE9GrcCBMmorDdO6NOZsxyKawWs5g==',5,NULL,NULL,NULL,'2024-10-16 21:08:40','2024-10-16 21:08:40'),(2,1,'ACS01_notch_four','ddbBhY4a4ME6QuD3rBKm12ZiYzRmMTQ1NDFhNDg5NzI4NTViYmNlMTAyNTAwZGRkMTc0ZGY3MTBhNDQzMWNlZWZmMTc0YWE4ZTkwYTY2ZGa+U3NzS64tohc/zsvKxJmO14QXBRN7tiOMs303Zl7bxQ==',4,NULL,NULL,NULL,'2024-10-16 21:08:40','2024-10-16 21:08:40'),(3,1,'ACS01_notch_three','OeqabKih+i66V5ITn9VJhTZlZTliMTVhZTk2YzIxOTI2Mjc1ZTJlNTQyMzRmYmM5YTYyNTgxZjI2MGExMDdmMjA1OWQ0MjcxZjI3ZWZmZjb8Sv1zrVhJOubDbLDwdhrdEjVp7aux57+VVULWDsT8mg==',3,NULL,NULL,NULL,'2024-10-16 21:08:40','2024-10-16 21:08:40'),(4,1,'ACS01_notch_two','ROUDUmOP18roLZrmU4ynnjgxNzQ4YmMyM2YyNWQ5M2U3NDE4YzY2ZjliOGM3ODkyM2E0OWY4ZmVhMzU3MWJhZmFlOTQ2MTFlMmViZjljMGMX8eHl2hPQmDA7JJ4kNZSxR8z+ZN9QwC6KnfUkmtKd6A==',2,NULL,NULL,NULL,'2024-10-16 21:08:40','2024-10-16 21:08:40'),(5,1,'ACS01_notch_one','ClRNoKEGNR+vvmDTR4YR5jMwNzQyNzJmN2Q3NGYwZDNmYjJmZGM1NDJiNTM4ZjEyNGNmMWE4NGQ5ODY3MmM3NzQ3OWJlM2NkMTU5OGY5MDCs3PBzDXZnb8SGCYhF8QEaBT3C19YRx0m4Mw/rL9Cg9w==',1,NULL,NULL,NULL,'2024-10-16 21:08:40','2024-10-16 21:08:40'),(6,2,'ACS02_notch_five','ICRo48tFzMwGrRBMMSFE6mFhNGQwZDA1ZDMzYWQzNWIyZmUyZTY3Mzg5YjNlM2YwYzY2M2FiNjU1NjU5ODBjOGNiMzg1YTA3NGZiNTRhM2QMlO62ZBJtdYeUu9vNDRV3K9obha2MknQfj2PcmlXa1A==',5,NULL,NULL,NULL,'2024-10-16 21:08:40','2024-10-16 21:08:40'),(7,2,'ACS02_notch_four','07nKlB/WrL0Rgf0TDj8++DE4MjQwNDA0OGQ0MWQ4NjgyNDk1Yzk4NTUzNDg3YmVmZTI2NTRiZTI1YjRmMDk4NWE0MWY5OWM2NzRhNTZjYTAri18Qh0A+4jlOjrdfeBNCEx+0cT88iVm98Ro3rfaZ3A==',4,NULL,NULL,NULL,'2024-10-16 21:08:40','2024-10-16 21:08:40'),(8,2,'ACS02_notch_three','Rdi3rglswi9ud+XzTmE6GWIxOGQ0ZTM0OWFhYjVhZGI1MmE2NDRhNTY3NzU0ZjdiMTdkZjFlMzFmNmJiNjI3Mzc5YTUxOWQ1NjVlMThkMWJZWyV6PzzFv9DVCTUopvyaPDH00a3p/sm8uXh4wwFoqQ==',3,NULL,NULL,NULL,'2024-10-16 21:08:40','2024-10-16 21:08:40'),(9,2,'ACS02_notch_two','tuLBfgGZ2Do0EVEmqAxUkjhiZWU5ZmEyMTgxYjE4M2U4YmRjOWI4YjFmMWM1NmVkNjI5NjNlYTE2ODU3MjEwMTZkNWIwMGMwZTdmZDU2NmW8B9Csi8MhT16WCB2Qk6J3lZPhe3Xfskpg6eEGcVThFg==',2,NULL,NULL,NULL,'2024-10-16 21:08:40','2024-10-16 21:08:40'),(10,2,'ACS02_notch_one','Csyk5B3ygprkjAZjVXGarTA2NDUwZTVmYzQ2NDVmNzg1N2VmOGE5MGI5MWY5M2YzYjM4NDIyNGJjNzVhMjZhZmIwOGJhODBjZjllZjU3OGOiSmbFRMrOLxD/qILaqh+qhRAGuhXB5yNq5fmgvNv75Q==',1,NULL,NULL,NULL,'2024-10-16 21:08:40','2024-10-16 21:08:40'),(11,3,'ACS03_notch_five','bMGL2svpPl5mzso/L2KxvjdkZWFmMmY3MmM4NDFiNWIzY2JjYWVhMTNiMWE3MzczYjRiZDZkZWY1MDg5YmY1NmU0YjgwZWIyNDJlNWEyNmKSt2f2gBJoYUXzM8eYZeUN+nfTWBWagWyv4A4TSMSAgQ==',5,NULL,NULL,NULL,'2024-10-16 21:08:40','2024-10-16 21:08:40'),(12,3,'ACS03_notch_four','7sJVEXGrgouWvC/EUEgzmzM5MDg2ZDc0MTY0NWZkNmZlMjAyZjExMDNhY2U0YzU2YWZhMTY4OTYxNTIzZDQ5M2JjNDUxZjE5NWUyNjI5YWWhCoSlsmvX/UCbcGHWCnuSOB5yKj06Pu/Ap+WNHPRZDQ==',4,NULL,NULL,NULL,'2024-10-16 21:08:40','2024-10-16 21:08:40'),(13,3,'ACS03_notch_three','suoVG5huhg+chIfXyTY9/WZmN2YwYTMzZmJiMWVmOTQ4NWI0YmMzZGExOWY2YTE2MzlmMTY3ZjdkNWZmOGViNDcyZjU1MDQyMTE3MTEyM2Otz8I8+p9jJw3vJNA/W/6Vfcd8vWfmHw3SpGbY0CMOQw==',3,NULL,NULL,NULL,'2024-10-16 21:08:40','2024-10-16 21:08:40'),(14,3,'ACS03_notch_two','h7X3NPmsw41eL8Oig/q/qWU2ZGM5ODNkOGE4Y2M1MTc1NmYxZDk2MDMwZDRkNWQ3YTkwYjA2YTVjNmQyY2NiZGFjN2FiYmZjNWU2OWZiZjHMjlCvRDMp/lQRZGVEnU03SrYMmaDdhcW6tY6Gaw6+9Q==',2,NULL,NULL,NULL,'2024-10-16 21:08:40','2024-10-16 21:08:40'),(15,3,'ACS03_notch_one','6lUAdugCUomnqis3tnM/OWZiNjcyZWQ1ODBmMThhYzRiZGEzNjhlN2QxNWZkMTAyOTNiOTVlMDhlNTljZDM3NWM1Mjk5ODM2OGE0NjdhNTPAWDw+aXaTwBAubJvpe5Ye3mbUKFwq3IqGzM8TP6Q6Pg==',1,NULL,NULL,NULL,'2024-10-16 21:08:40','2024-10-16 21:08:40'),(16,4,'ACS04_notch_five','0OeaZ+RkBlXzzqRCgx/DsGRhOWY3ZDg2YzAzZGYzY2VmNGNmNjY2OGI0N2E1MjVlZDE5YTU3MTY2OTg4MTIwNGExMzFmYTU3ZDBlYmIyN2FUDZvz7Iyz3Y3c8Jw0A+uei1/+kl/jAiTza4CtaMbY1g==',5,NULL,NULL,NULL,'2024-10-16 21:08:40','2024-10-16 21:08:40'),(17,4,'ACS04_notch_four','w3FOEuFlprGPH2GkpgUQrGUxYTAyMzEwZjliYWUwNmNiNGVhYTkyNmMzOTJmNmMyNjU5NTRiNzkzOTY1NDM2OWQ3NmJhYjA3NWY2OGExNjFfOZ48tG7CD1YvN5BOxiEWOcPCBYU2uvg2TcC3y/hfKg==',4,NULL,NULL,NULL,'2024-10-16 21:08:40','2024-10-16 21:08:40'),(18,4,'ACS04_notch_three','MJQJL6fUlsj7QaMBSO4kVzMzNzIzNTVmYjEyYjBlNTNmZGZjNjFiOTA2ZTg0OGFiNWI3YTIyNzkyN2U5NDNkMmY1ODY1NmJkODgxMWRkMjCKhlcu7nwMVnG9Tk8pxyv+q1nLia+s3VWIBEpSfbVb8w==',3,NULL,NULL,NULL,'2024-10-16 21:08:40','2024-10-16 21:08:40'),(19,4,'ACS04_notch_two','vJvi5sYPoSTCKCog/W8MzTk4OWNjMjU4MTY5NDk4Y2M2ZTgwYTE5NjA4OWE0NWM5YjZkYWExNzQ2NTdjMTQwODNiNTlmMDA4ODBiZTRkN2Ej8exmWEY81+BhGP/IuNieumpFY1ZCaUFu0YMdOVIOsA==',2,NULL,NULL,NULL,'2024-10-16 21:08:40','2024-10-16 21:08:40'),(20,4,'ACS04_notch_one','0vec9H4+OI7M6+Q4yWBWsjEyZDg0Njk1YTJmNDRmYjc4NjUxMGE1MTNhOTI2MDJlZjdiMzhiM2I0MjcxMThjM2Q0MDRjNzFiN2Q0NWVlYjfjh4AX3oOwsxBjHPirrArjTwZQqerw5TBnWqOMMZBagA==',1,NULL,NULL,NULL,'2024-10-16 21:08:40','2024-10-16 21:08:40'),(21,5,'ACS05_notch_five','EphdtiFyuDVR4+Qcpuv1N2FjN2VmNTk1NDljMWFjNTZlNGQ4NTQyMjI5ZTVjNDNhMWE4NjZlZWJkNjZkZDhjMGE1NDY2ZGQzZDMzMTQzMjK8yN0gViio937OUBpYlK4oBg2mkTkTuMhx9dPhOQclzw==',5,NULL,NULL,NULL,'2024-10-16 21:08:40','2024-10-16 21:08:40'),(22,5,'ACS05_notch_four','hdt3A5QVGFU61Mhl5hyP2DVmYTliOWFkODdjOTNhMjI2ZDJmZTRhM2Y3MzJjMjUxYzNjMDM2ZmRiMTVlYjMzMzMxZmVjNTFkMzEyY2UyZmTF/SFUSksUH2nFGy70dWnF2Dh4ZQmUb3EChPXbcK8WWg==',4,NULL,NULL,NULL,'2024-10-16 21:08:40','2024-10-16 21:08:40'),(23,5,'ACS05_notch_three','YVbsKVtv8XRLedn2frRWxjY3YWVkMzc2M2RlM2Y2N2I1NTA1ZmIxYWYwNjhmYTEzMTI5N2MxMGViZTg3MmM2OTVmYzdjNWYxMTc1NmYwNmWMTNWEXwkQOQbGgNx9vkO7BWOMqiy9dMzLOf4LoUSNrw==',3,NULL,NULL,NULL,'2024-10-16 21:08:40','2024-10-16 21:08:40'),(24,5,'ACS05_notch_two','pqFLqATMt5kUcgNRitgLcTg3NTU5M2FiMjZlODI0YzY4ZjFjZWYxYjdkNDVkMzRiYWZkMGQwYjBjZTA5YzQzODcyYWYzMWQ2ZWU5MjhjZWU2K0O4XELSklksofhCsXOgq9m8GFcFXzPbmC3FvXxRJQ==',2,NULL,NULL,NULL,'2024-10-16 21:08:40','2024-10-16 21:08:40'),(25,5,'ACS05_notch_one','f7UsVcPMsE1qsusZj5VFIjNiYzU5NWMxNmQyZmNiMWFlMjg4MTE2ZWM1MmY0YWQyMmVhNzlkMzZlN2FjMTViYWI0MWI4MTlmZTk1MTI3M2Lh5UrGbjiIMPjAsrdgmWepTMlxGuxBriorHY+2ltbqSw==',1,NULL,NULL,NULL,'2024-10-16 21:08:40','2024-10-16 21:08:40'),(26,6,'ACS06_notch_five','6TF/ZK/4Rr5L8JBreYGw2TRiZTI1OGJiYWQ0ZmIwMzNlOWRiZTMyNThiNjc1MTQ2NDdhMmQ2NmY2MWYxNmU3ZDM4MjA0YWYxZTMwYjY0ZDR03jAq5SypnudclgVFtP/uUXWhQlGvTL9HO8n55hPFLw==',5,NULL,NULL,NULL,'2024-10-16 21:08:40','2024-10-16 21:08:40'),(27,6,'ACS06_notch_four','oVoqeFf5nasWZpNZ6MWiSzFhZWQ5MzNkOTAzOTlhYWNlOTcwNDIwMjJhYWY1YzJmZDlhZmYyY2ZjYzBjNmRlMjJlYTJjODEzMTNhZTAxOGSab/afJJfkm0S/OXyAcOjQ6+RXag2s7CjVmDS0Vsc8Rw==',4,NULL,NULL,NULL,'2024-10-16 21:08:40','2024-10-16 21:08:40'),(28,6,'ACS06_notch_three','mvudkOa2geYnSFURgCZgQTAxMWQ3N2MwNDUxYTI5YWUwMGNlNDQ3MTExMDkxZjdjOTYwMDRhNTkzNWMyYWE2YzkwZDMwOTI1MzQ0NTYzZGJFxorBu26C6KRDk/BCmgtkepY2a03Yzvs7n5m8MBEIGw==',3,NULL,NULL,NULL,'2024-10-16 21:08:40','2024-10-16 21:08:40'),(29,6,'ACS06_notch_two','VgZBmartZKKHI/2hKp3YQ2UxNzlmNDJhNGE3YmUwMmFmNzQ2Y2E0NWQ4NGVhNzcwNjUyNzVhM2YwYWI5ZTk2NGUzMWM1NjIxOTJlYjA1NGaUH12xHSMRogs9eKzVh0BlZBvrcvpGukcPWin2XHVZ8w==',2,NULL,NULL,NULL,'2024-10-16 21:08:40','2024-10-16 21:08:40'),(30,6,'ACS06_notch_one','CfNaRaPwuQTqxn2bUhRY0mQ3YzdjYWI1NDk1NzAxMGFmMmEwODEwNzNjYjY5MTcxZDA4YzYzYTUzZWQ5OTNhMWIwNmJhYTY4MjQ4NWJkNTLvl6TP5jZeQCnaL37m82vs6Iky1/RBJOazWuU/RjKLoA==',1,NULL,NULL,NULL,'2024-10-16 21:08:40','2024-10-16 21:08:40'),(31,7,'ADS03_notch_five','28/Xx3faJUC0zB89QURBxGM0M2E5NzI1YTUyZDkxYjcwMDQ3MTcxNjU4NWY5MDkwNzE1NjVlYmZmZWY4NWYyMmFjYmFhODU0YTJiNjZlNDd+vTNoNQ5i2QVtRSm2cswAV31S4f04cebXx4Ba1ww1hQ==',5,NULL,NULL,NULL,'2024-10-16 21:08:40','2024-10-16 21:08:40'),(32,7,'ADS03_notch_four','/AjcwEVKeJeCTNc0GhNY6GE2NTVkOTgxZTQ4YTA0NzhlMWFiYzBmZWEyZTA4YjNmNzMyNzc5NmFjMGFkYTg4ZWI0YmU2MGRkZmJmOTU1OTjucxDHzNjQDq7BR/Mp/2dcGbn1AcHxVG4gH2vwqB90Cg==',4,NULL,NULL,NULL,'2024-10-16 21:08:40','2024-10-16 21:08:40'),(33,7,'ADS03_notch_three','gxGXOaL4b7kB/wazHAONBTQ4OWZlMzM0OTBlMDA1OTUwNmY3MjYwYjIyMGJjM2MwODE5OGQ3NWVkYmI5YmU1ZTJmYTg0OWZhZmZhMzc5YTaWhOzpaS+fGEBccv8II7IEYsKnEctlr7YZCmhlKbqlEw==',3,NULL,NULL,NULL,'2024-10-16 21:08:40','2024-10-16 21:08:40'),(34,7,'ADS03_notch_two','YEAaA+nqbCuF8YvjO0BYgmFkMzE5NDI4ZTI2NTYyZmY1YzUwNmVlYTk1ZDA4NDY5N2M4OTIwNDBiOGIyY2IxOTIzMWRiNDJlMjdjNjE2N2R9hKk5FfxvIjzDtC9BPdGuyKnScsTsKkIWDEK0MCKk7g==',2,NULL,NULL,NULL,'2024-10-16 21:08:40','2024-10-16 21:08:40'),(35,7,'ADS03_notch_one','bbgShD4j/srgotYEYtjucTIxYzlhYWYyMTljM2MyM2I3MDYxODYyN2I2NWEyNDVhMmZhMWUyM2IzYzc0ZTQ4ZTUzYzljMTA2YzVhMjQ0NWOrJT2U2KvVG0eJeL1tzIIwlCMnH4BisPK83i9s0r4yBw==',1,NULL,NULL,NULL,'2024-10-16 21:08:40','2024-10-16 21:08:40'),(36,8,'ADS04_notch_five','SKESSjtZivddSayfY5qB0zdkMzNiMDQwMGYxMDhlNzhkMTQ0ODc2YzZiNGFmYWM4ZGM2OTI5ODk4MjJkN2I2YWYyMWI2YzZjY2MxYzI0MzCrHRcQGW5ODSJzDkR0NigbTJPAeMU+QSR9oRLtoQcg7Q==',5,NULL,NULL,NULL,'2024-10-16 21:08:40','2024-10-16 21:08:40'),(37,8,'ADS04_notch_four','EwRy1sK4C4JQqpugKFREFDllNjUxZTk0ZWY4N2RjYmM4NGZhMzMyNDkzZjE0N2YyMTcyNzUyYWMxNzI0NDIyZjI3YjI1OWM2ZDRlNmVmZTFq1oBXUJA17P+nV121HTfb9c/28iCmbtoYa1fVIcQ4Hw==',4,NULL,NULL,NULL,'2024-10-16 21:08:40','2024-10-16 21:08:40'),(38,8,'ADS04_notch_three','GZINyqOJOMRYo1uCGb8kfmRjODI1MDA0M2FmMjg3MTQyMWY5M2UzOWY4MTE4MDZlMGM5YmVjMWQ0NmQyMDUyMTQxYjAyYmEyYWI1YjNkODjUJj7BF0/iXmfyarINUbEmSDz/dldZeMGNtogbMOSYcA==',3,NULL,NULL,NULL,'2024-10-16 21:08:40','2024-10-16 21:08:40'),(39,8,'ADS04_notch_two','oNW0dle4ayOltcAHJPG2hzUyYmQxMmM1MjdjYThjMjZkMTA4Mjc4ODljZTUwZDA1ZWEzNDBmYTc5NzUxNzhmNDM0YWIyOWY0NGNkZWE0YTgbE3S0X0beCsYARK8nOmYFxTqZ8AKlPYXKWkCCne1vrA==',2,NULL,NULL,NULL,'2024-10-16 21:08:40','2024-10-16 21:08:40'),(40,8,'ADS04_notch_one','eu80rqMVQkoJXc9RUFAfvjA0MzNmZWI1Nzg2ODgyOGE4MjliZDNlMmU1ZDk1Y2NhOGM5NDBlOWE2NTE2NjczNDVlOWZhOWJmYTUxNDk0NmGktzgotez0mPrgaVYAn/PLdVPTOZh/upsTRAMeJymzKQ==',1,NULL,NULL,NULL,'2024-10-16 21:08:40','2024-10-16 21:08:40'),(41,9,'ADS05_notch_five','/dvlnwfD+wjGUH0Ju1lpezg5YTg3ODc5NGNmYzYyM2QzOGNkMmRmM2JhYWIwZjRkYzQwNWRiZjZjYTA0OTdhZGU2Yzk4MmQwMmM5ODliMDhL82m9rq4D0KVR2mkPyoMsEfS5ELJe5wm7aounnSUsdA==',5,NULL,NULL,NULL,'2024-10-16 21:08:40','2024-10-16 21:08:40'),(42,9,'ADS05_notch_four','4RCOUUmeHEU7CDZsTP3vrjZmZTRkN2YzYTIyOTg2OWI3ZmFmOWYzYjRiMGZhMTc4ZGFjOTZiNmQyNzkzMWU3ZjNiYjM0MDZjNmNiMDA1YWN5zy/I2Ea42l1rPSwelK0ESe8hlttVEtOUzdNlcwCeQQ==',4,NULL,NULL,NULL,'2024-10-16 21:08:40','2024-10-16 21:08:40'),(43,9,'ADS05_notch_three','7XVFStMOzaSCNQjBMEM9SWE3Yzc4ZjU4YmVhMmJjOGQ0Y2E2YTIwYWQ1MTY1YTYwYWI2YTliNGM5MjVmYjE0NGIyNGJiN2M2M2I1YTRmM2T1gvtKFgTrw/fYNMtb7k49vVXGsxXGtOLypv8jklZ0hw==',3,NULL,NULL,NULL,'2024-10-16 21:08:40','2024-10-16 21:08:40'),(44,9,'ADS05_notch_two','RVJiPQu2rsNooQZj1Gv/WzE0ODg2YWI1NDc2MWVlYzc5YzMzMTFlYmQ1ZDY2ZTg5NGUwMWU5OWFhZmIwY2JkMzEwYzg1MzkzNGZlZDM0YmHIvcoI6jasj92uB2KYnzCqfxX99MtM8vrLB/2sVdkpsg==',2,NULL,NULL,NULL,'2024-10-16 21:08:40','2024-10-16 21:08:40'),(45,9,'ADS05_notch_one','XlUZkwUy2AYfeKnXfqqY+TNjMDFiMTg5ZWYzODE0ODUyZTIwM2IyYmM0NjU4ZGFlNmVmNzhhYzE0N2UzYTRiZjQ0YmY1OGQyZGJkNWQ4Yji4pPnxxTNxxE7j4epXXk9bdNLevR8nuey1wvG6BlKw7g==',1,NULL,NULL,NULL,'2024-10-16 21:08:40','2024-10-16 21:08:40'),(46,10,'ADS06_notch_five','itMOfM6FM1t7LuuBBe9L9jhmM2MyMDk0ZGE2OTA0NjFiZTgyYWQ4OTEzZDZjODMyMjQzNjVjZDg5NGI5ZTJmMGZhOTVhZDVkYzkzOTIyOWMCSwlrqq7DpRowV/fqHdxfPyDZfCL619BweCAjiW34BQ==',5,NULL,NULL,NULL,'2024-10-16 21:08:40','2024-10-16 21:08:40'),(47,10,'ADS06_notch_four','t/MjHJ7mUgRJZtNGIr9V+TYzYjAzZDI1Yzk0ODhiYjM1YjE0NmZjY2YwYzZlYjc1MWJkNmY2NjdjMmY1MWI3NTBiMjRjNTU2ODMwMzZmNGExrCKxi0GAxj2g6pWwTWeevMnUbSFwA2iOvTBeC4Sv6w==',4,NULL,NULL,NULL,'2024-10-16 21:08:40','2024-10-16 21:08:40'),(48,10,'ADS06_notch_three','3VZiLNgmmkb5/l7SN/s7tzk0MzU2ZDdiZjdiOTBiNmJkZTA0NWU3ZjEyMTI1OGVkOTRlZDdiNjJlNTA5YWI5MWZlYTUyZDc3MGQ1NDFlNDMESzNdTrQRe5m+KkO/2k1Ykpx9aXQBgA2LdiOZWO9llQ==',3,NULL,NULL,NULL,'2024-10-16 21:08:40','2024-10-16 21:08:40'),(49,10,'ADS06_notch_two','61F3kqhl04vUM43R1eO3VTFiM2M2ZjU4NjM2MzBiZDQ2ZmFkYTYwYjcxNjJhNWNlOTFhNDRlMGI5ZDc0MjdiYzZkY2ZmMDgwYzgyOTc5MTCHNOOwqK9EKZsC3Oqu7ywN2bUQOdcwaWokbTa9qlIW0w==',2,NULL,NULL,NULL,'2024-10-16 21:08:40','2024-10-16 21:08:40'),(50,10,'ADS06_notch_one','6a9PdDj+xeeEWVUjr3oasjZmMGNlZjg4Yzc2NTAxZmQzYzA0ODg2ZTI4ODg5NmU0MWNiMmIzZDExZjgyYTQzNDk2YzU3MzlkODk3MWE0NzD8MnxiZoJVK33fUtlpotpJ/s8zPvovI1u0vMjXWzNUPw==',1,NULL,NULL,NULL,'2024-10-16 21:08:40','2024-10-16 21:08:40'),(51,11,'ADS07_notch_five','io8xG4Qfo69lIhE3FnTMvzY2OTZlMTY3ODliMzY4NWQ1NzI1N2I4Y2RkYTI0M2EyYzdhODNjNzJiNjgyZjU4M2ZhYzdhNjM3OTA2ZDIyMmZXoM2yx9RI8qaJQT4oIimTZHZ44D8nENRPzU4D9HeqOQ==',5,NULL,NULL,NULL,'2024-10-16 21:08:40','2024-10-16 21:08:40'),(52,11,'ADS07_notch_four','wNdgsvyHylnwdWoCUKp2jzZlODQ2MGY0Y2MwNjA1MGI2YmNhZDI4OTVhNTcxNzdiMWUxNTMzZDNjNTFjNDVkMTU1MTA4MzM2YzAwYzg5MDJ/WRoBYxiZ+cQEBm+rlCQEcrElkF2xsz8JdyLfa+pg4w==',4,NULL,NULL,NULL,'2024-10-16 21:08:40','2024-10-16 21:08:40'),(53,11,'ADS07_notch_three','TF3xnplG0L3WPgy1XmE2CDYzNGM1MjcyMGNhN2Q2YmMzODhlOTlhZGJlZGI1YjQxNjdmMDA4MGMyNTc1MWRhMGQ5ZDMwYTdjOTI0YTE5MzUecMjXLCb0sh3nx5eHY6AAOlxgcGDc3GSlHK4ZNaNdHw==',3,NULL,NULL,NULL,'2024-10-16 21:08:40','2024-10-16 21:08:40'),(54,11,'ADS07_notch_two','QQKE2Dwe/0pSiFpoNmrK+mFmYjE1YzAyYTY0MGI0YWVjMGQyMzI3MWEwOTAwNDkwMWNhNDEwZjViNjk5ODZlNmJiZmIxZDBkYTNmYWNkMjaCbEqz2k/nY1LuKLYnyoOUfKr7GnzWX70hSRUD+cwbXg==',2,NULL,NULL,NULL,'2024-10-16 21:08:40','2024-10-16 21:08:40'),(55,11,'ADS07_notch_one','kGAgK8fnOYVI8em/GqjDemM5ODFjYTRjMjA5MWNiMzJhMzVlNjY5ZDdhZGU0ZGNlNDg2MjljZDE2ZmY0NGY5MzBhZTZhNmJiZDhjZjZmZTjY3RKv75qGyaa4HLCX9HXrEbwcxh9WBR5hX7ffxXc4sQ==',1,NULL,NULL,NULL,'2024-10-16 21:08:40','2024-10-16 21:08:40'),(56,12,'ADS08_notch_five','lMNdlI50wb3tj340eX2NCWM2N2Y5MzQ2MDNmNGViZTVmMDQ5ZDEyZTYyMTRjOWFiMGMxZWMxMGZhMjg2YjIxZTg3ZDFlOWYwNzc2ZDc1MDHxfwTM/rMEHvEeko5xhKHrM/gR0z4HbUrMNonyWoe5GA==',5,NULL,NULL,NULL,'2024-10-16 21:08:40','2024-10-16 21:08:40'),(57,12,'ADS08_notch_four','UnAof6IFECzuGJ4q12N/gTNlYmY0YjY4YmFkY2ZmYjFlYzMzMTEzNzZiNzViZTBiYTk2YzIxOTk3Y2U5YjRmYjAzMTZlODI3NDg5YWNhYzWasjVKo/Yz/zC4FM/Fqa9KO4U4F/D7AhDm/F8mATZl3w==',4,NULL,NULL,NULL,'2024-10-16 21:08:40','2024-10-16 21:08:40'),(58,12,'ADS08_notch_three','ZH8did6Bg6z/L/o9eP/nAWUxYjFmM2RiNzZjYTM0YjExMTk3Y2VhYTI5ZWU2YjM2ODdkYzhlZDRhYjM1MmNlNDlhZjRhMTAwZjcxYjEwZmL5/BpaAX1EgIwrRAZxpDis11N5yLM12yTkyr/aKyUZ+w==',3,NULL,NULL,NULL,'2024-10-16 21:08:40','2024-10-16 21:08:40'),(59,12,'ADS08_notch_two','QEkAolF5e+ZmF2mi8JAaPGVkNGE2MzQ2MDE5OTZhNDYyM2Y0NTFmMWNhN2Y2NDkzODA2N2Y5NjRkZDZlZDE5ZmNlOTJjYjY3NzE2ZGJkOGOyxwemmG7xg6JX4INW+XbeZWNOSdomYWZcNFPxjLL58w==',2,NULL,NULL,NULL,'2024-10-16 21:08:40','2024-10-16 21:08:40'),(60,12,'ADS08_notch_one','5A0GdbuDpjdCrBfrFKMUlzhlZGRjMTQ4MTc1MWVlZjljYWExMjU1NWU4NTIzZTFhMTY1YTUzN2M1NTc2NTBhZWZlY2ViZjJjMjEzNTdlNjHJEFEkD9uBLfm1DqK7bz1NZcFAIK3H+LsGgMLdJMnXdg==',1,NULL,NULL,NULL,'2024-10-16 21:08:40','2024-10-16 21:08:40'),(61,13,'ADS09_notch_five','EfW8ZGpeK6fLxYqoBF6loTYzZTM4NTBmMjlmZTA3YmMwN2QxOWZhYTM3ODA4ZWM3ZTgzNGNlNGYyYzljNDg5ZmJlOWRkOWI0Mjk3NzU5N2Fm9DwG4zjccDGDy4MNI4bfGsSN28/o1tdxZ2iOj3wYCQ==',5,NULL,NULL,NULL,'2024-10-16 21:08:40','2024-10-16 21:08:40'),(62,13,'ADS09_notch_four','tJZjGQQNVrBY5xWi28/jLjJkYTAyZDRmNmUzMjAwNjk4MTk1YmRhYjQ4MTVjYzc0OTAyYmZjNWVlOTgxYjgxMTgwNDQ4NTI0ZThhM2RiYjUhVk0dN0MWCDYViT+mZP7AFpOajAciML6mPA43Ps7eog==',4,NULL,NULL,NULL,'2024-10-16 21:08:40','2024-10-16 21:08:40'),(63,13,'ADS09_notch_three','RRwXzpn8XyzeAIHAn3SlxjQxODVlMTY1MDM2YzFkNjY4M2FlNmMyZWU0YjMwNGUyOGM2YmU2N2QwODVlNGM0ZGYxM2RmYjQ3ZGI0OTExYWJUSd+r+lXyiKckscQddVTzjovZxsKqEWc7CtxcxCeyLQ==',3,NULL,NULL,NULL,'2024-10-16 21:08:40','2024-10-16 21:08:40'),(64,13,'ADS09_notch_two','1QkdjzKogrIcH+xaO1SvGjQ2OWE2NDdiMWM1ZDNhZjQ1OTA2NDExZmI4ZTUyYjA5YmJhNDE3ODM3ODAyYzhhMmYxMjFhMTI3YTVmMzQ3MjUVGzO5mQGFdXauyuPnL1RGGEPDN4F6pDkoR9pr/DCI4A==',2,NULL,NULL,NULL,'2024-10-16 21:08:40','2024-10-16 21:08:40'),(65,13,'ADS09_notch_one','Gn1iEmIer2V7q54xq3MuYzM0ZTBjYjYwNGMxNjQwOWU5ZDk2Nzc3YWNjYjlhNzY5NDYwZGMyN2FiNzdmYzQ4YzczNGZmZjAwN2UzZTFmODlJGvak/q7E8GmVegPzP4PEChceBf+rMqwz3Di0OGzBEQ==',1,NULL,NULL,NULL,'2024-10-16 21:08:40','2024-10-16 21:08:40'),(66,14,'ADS10_notch_five','I7p1uWUHGofPb9OxFy7+tTM5ODVlM2FhY2UyMDFmNDQ2OWZmN2MyNzg5NzFhMjlkMWI3MTk2M2E3M2U1Y2QwYjhjMjE3NDY2MzA4NGJlNjci+6yWwjKWl+wlNKJKB63GNeMvPIGwRlFB9Zjc6ZsKAA==',5,NULL,NULL,NULL,'2024-10-16 21:08:40','2024-10-16 21:08:40'),(67,14,'ADS10_notch_four','R52FCg2YyASDhTplK5Y+XGY4MGM0YTgxY2M4NWIwMGM0MjNkNDNhYmUzNDcyN2FlYjY1ZTliNWI4NDM5NmJjODJhYzBhYWRhZDg5MGIwMmR56mo+Ca6Wx85PfbVJzI7POrEpASZOIP3Xdp0hBfkg3A==',4,NULL,NULL,NULL,'2024-10-16 21:08:40','2024-10-16 21:08:40'),(68,14,'ADS10_notch_three','GqAujL+CDCMh2zWZnKL71zExNzRhYThjMTU4ZWMyZTNkNjAyYmE5YTE3NTE1N2NhMzRhNWRjNzdlNWM0NDY5MTQ5MTBkZWNhYjQxNDcwYmaP+CQSv2TIe9D/vCuubj2kDeUpf3nDvA+uQB1HEKmwRA==',3,NULL,NULL,NULL,'2024-10-16 21:08:40','2024-10-16 21:08:40'),(69,14,'ADS10_notch_two','7kB34SpFZDBcfdH4BlLlRGUzMWViYWViZTM2ZDA4YWQyYTUzM2JjZGE5MTg2MDI5NzZmOGYzZWQ1Y2M0ZjYyZWI4MzU3MmViYWY4NmQ5ZjGSl8lhxGz1N2cQY9h4qoIF4+7i9821M8S4FVaJMwGuxg==',2,NULL,NULL,NULL,'2024-10-16 21:08:40','2024-10-16 21:08:40'),(70,14,'ADS10_notch_one','RM8x+JAu2B5ulTysg7hwnGRjODAyMDA5OGQ2ZDM4MTVlNzFhYWE2ZjczYTNmYmRjNzA0Nzc1MDlhMDRiNTRmZDA0MTA1ZTM2ODI0NWE5NjKCCnW1/oIhrCFIPAqeddSF23VJcWx3hfn8OIi3vRTY4A==',1,NULL,NULL,NULL,'2024-10-16 21:08:40','2024-10-16 21:08:40'),(71,15,'ADS11_notch_five','bOT4ZCPXCuBIgZGXelt2CTVmZDBkOGRmM2NkNTEwMTIxZDVkNmU2N2Y4NmU4NDg3M2Y3OWEwM2E2NjY0NjE1MmI1ODg0NzRmZWE4MGJkN2J6Kld6zdlaox3EnSbNk7PIRTSq1a+4Z86Kde6hLH3dRA==',5,NULL,NULL,NULL,'2024-10-16 21:08:40','2024-10-16 21:08:40'),(72,15,'ADS11_notch_four','gP8VQ4aTaBqhrMTL2d262zIwOTZhZTI2MDkxZmYyOGYxNzY2NTU2ZDcyNzQ1NTlmMTViZTAwMDJlNmZjMGRhNTAzNWU5NzhkYzM0MTE3MmLIPqiz57eg1+N5On0ka1sG8D+SZ+RBw55HKTCnpUVf9A==',4,NULL,NULL,NULL,'2024-10-16 21:08:40','2024-10-16 21:08:40'),(73,15,'ADS11_notch_three','GK5qsoejHcCyedPJvP20YjYzYjNmMjA4MDgyM2MwMWQ1NGNiZjhkZGQxMzZmZWE2YzMxOGMyMzlmNWZiYWI4MjViZDMzYTk0ODM2YjE2ZmUSdB/XLUAo2iVi+i3lWpONavVlZY/iadBnf43qlDvP/A==',3,NULL,NULL,NULL,'2024-10-16 21:08:40','2024-10-16 21:08:40'),(74,15,'ADS11_notch_two','Tmy2VRPUTwbO2jJcDxb+RTRmNDUzMzgyMGRmNjY2ZGIwOTEyYTNhZjliMmQwNGE4ODNiZjk1YTA5YzllYWMzZjRlYTc5NDI4Nzc2MDBkNzHDoI4znGw11tsYyQQ/lbUB3eM0QSkuDktzHBuO7KmO3Q==',2,NULL,NULL,NULL,'2024-10-16 21:08:40','2024-10-16 21:08:40'),(75,15,'ADS11_notch_one','a782jCQEp/jYpiUr6fp/zDc3ZmQ5NmE5MjMwOWEyYTJhMWY4MTk5MjY5MTQ5YThmZTM1NTRlOGMwZWUxNDNmODliZWQxMmE5MTBjZGZhMGZ6yqyfoFpb0c/UQXQ3s6Nha03T+scfjj9kEhp6BoY2AQ==',1,NULL,NULL,NULL,'2024-10-16 21:08:40','2024-10-16 21:08:40'),(76,16,'ADS12_notch_five','mYKdAgqfQBBNFvuPcD5w6zVjYzc3Njk5NThkNjFjNGQ4ODQxMjhkZTEzNWU4YmQyNjgxZmI3YTUwNzg4ZGNlNzFkNmYzOTlhYmEzZDQzOTfhlhmIPSdMJS6M6S3OMP/dRy42HZ1ix8NkWDUOzY9S4Q==',5,NULL,NULL,NULL,'2024-10-16 21:08:40','2024-10-16 21:08:40'),(77,16,'ADS12_notch_four','Z8VokjrvGe26Rc2RaOZC1GEyNzNhZWMxMzYzZDIyMTYzZDIyZjNlNzQ2M2FhZWUzMzA2ZDI0MjJlYjc4MDg0ZDQ2ZWNlZDFkYzAxZWZkMjB5wnJ3sLwkCE99nKCbqGEvQMKdwRffsZIMfj2RoPAzpg==',4,NULL,NULL,NULL,'2024-10-16 21:08:40','2024-10-16 21:08:40'),(78,16,'ADS12_notch_three','s21lriHzReFvd8DwzYQpwDZlZjc2MzY4ZTZkZWJlZGFiMGRlNWFmZmI2NTk0M2FiZDI4ODk3YTc2NjM2M2Q3MDVjNDcxNjFhMWJlY2M3NmPc9LuWxqrXbULq/QLsIEEgszGmKmhgIvnGuYhmO5Yfig==',3,NULL,NULL,NULL,'2024-10-16 21:08:40','2024-10-16 21:08:40'),(79,16,'ADS12_notch_two','Yc1IcQicMRM3+LRvsrnu0TAzYjhjZmFiZjMyMzE4MjcwZmI5ZDkyYWYxMDlhNjViMjlmMDUwODExOTg5YjllMzk2OWIzYzkyN2FhYmRiNTMbnkW3ZJPbCV5zDFDa17GYNWEKfAY7roFXROI6wlqo1g==',2,NULL,NULL,NULL,'2024-10-16 21:08:40','2024-10-16 21:08:40'),(80,16,'ADS12_notch_one','qfJLrjmIoJhfSdSwzyw+pDYwODEzNzJiYjc5ZDFlMzY4ZTg5MjI5NDk1ODA5NTlhMDk3MTg5ZTk0MTM0NGZhZjJjYjFmOWVkNWM2ZjEzN2K5WR+T791DnkSIsSYFhmVeQz8Fn+UmgGSIEb4ARxxIiw==',1,NULL,NULL,NULL,'2024-10-16 21:08:40','2024-10-16 21:08:40'),(81,17,'ADS13_notch_five','bwUn/hyNYVNUqyEx88No0Tk4Mjk1MmUyYjdlYzFjN2M3NWQ3N2FmODQ5NDY0ZjMzMDRmZjQ1NDczZDE0MGMzYjZjN2UyYjVkODgwNzhhNWKUDeJ/ACKDQG28KXreywoz9+Bbn1A/BovqisSvjm0xAA==',5,NULL,NULL,NULL,'2024-10-16 21:08:40','2024-10-16 21:08:40'),(82,17,'ADS13_notch_four','fk0OUWzzQ6ggvueS/O2b4WQzNWY0MzViN2NjNGRlYTFiNDk1Y2Q4YzM5Y2Y4MmJkYTk0NjY1NmM1ZDNmOTkxNGMxYTNkNzExYTE1NTRkZjFhrmGobxWqiGFGnpdiejHVwwufPnx2GF3d5trcjKl5XQ==',4,NULL,NULL,NULL,'2024-10-16 21:08:40','2024-10-16 21:08:40'),(83,17,'ADS13_notch_three','o5rm/Bh57tos7uxOs+EIXGEwNjZjZWNkZWUyZWJhYWM3OTRiN2YyZDFjMzc3ODRhYmIxNjIwOThhZmRiMjk5MzNlYjM5OTc2ZDg2MjliYTn9l0Ke5JfMXtNDyp9FNxt6PxgNa5XYbBXxaCfaeBGrjA==',3,NULL,NULL,NULL,'2024-10-16 21:08:40','2024-10-16 21:08:40'),(84,17,'ADS13_notch_two','MiMTVwsyh9rWEuezhMJk5GM2ZjBiOGQ0MjA3YzYwMTg3MjNiNDIwNGRkY2UwNjkxNjM2NzBlZjNlZDExOTkzOWJiNTVjY2M4MDk5MzMxNjSwkOeNXDlyEm333vsZ1+mVs5BXTjkAfNIRwImMHRXAFg==',2,NULL,NULL,NULL,'2024-10-16 21:08:40','2024-10-16 21:08:40'),(85,17,'ADS13_notch_one','cMNXRdKZvNWfzcK35yBT2zkzMTI1ODY5NTBiZDQ2NGZmNzYzZDJjNTEzMDBlN2JkNmEyOWQxZmU4Nzk4ZDliMDU0Y2Y0NWU4MzUyZWQ1YmZ+WbBcDxC6cN2a6A2jVrTJ5ycC7pYlzA2P7tywSXTMEg==',1,NULL,NULL,NULL,'2024-10-16 21:08:40','2024-10-16 21:08:40'),(86,18,'ADS14_notch_five','h9xAN24V971H3FH5Y7qI4mIyZWQ3MDAwZTVjNmNjNmFlMTI2NzExYzY1YzBhZTE5YTE1MTA1MjFlNTljNDk2MTY3NTJjNWY4NmUwN2IyNjGm+7r6LDKRWPo79fUH2tqFKUWKCZTJOq/NgKzzS82dNQ==',5,NULL,NULL,NULL,'2024-10-16 21:08:40','2024-10-16 21:08:40'),(87,18,'ADS14_notch_four','cDwTSeCAwYx57WsszEM6azQ0NDgxODY2NjFiMTdiNWY0MmU0OTQ1YTkwNDljOWIyYTgwMDlmMTdkOWEyN2M2NWIwNTA5M2FiNzBhMmYwM2bGnXMUk273qVUrMThvpt83qndYi+C5uRnli009AuiOtg==',4,NULL,NULL,NULL,'2024-10-16 21:08:40','2024-10-16 21:08:40'),(88,18,'ADS14_notch_three','/v/95M8MC0R34biho+tF7DhmZWU0ZjU4NjZmMThlYjNkZTczNDQ5YWY1YWU2NWU5YTMzNTc4N2E3NWQyMjgzZWM3NThkOGUwZDE5Nzg1YzHeZPQxbDSVnrnVWiqKPbsmuLTgg8KONbB67OxqV1uDVg==',3,NULL,NULL,NULL,'2024-10-16 21:08:40','2024-10-16 21:08:40'),(89,18,'ADS14_notch_two','tsAEHP+1KUKd+t17cA4z/GM4MTFmMDViYmY3MGJmMTg5ZWEzNTg4NmJhZjA5ZDUyOGUwZjg1MzU3ZTIyNTVjNDhjNTJjYTFhN2MyMTAxMjFx/FB4D4T1UFGcuYd768PayjggqFXMtWtt+JrCD8vzwA==',2,NULL,NULL,NULL,'2024-10-16 21:08:40','2024-10-16 21:08:40'),(90,18,'ADS14_notch_one','Pk2knfd8c+B4wYZ/nBQW1WNkYmFiNjUyZjNjZTk5NzFkN2EyOTAyZjA1YmY2NTBkYThlZjc3NDRlNjg5ZmQzNGI1MmJkNTg0N2YyNTBjMjnw6kpsCmCfcTyyJ6SyCmJgDPqYFOqT83gHLm5goCw65Q==',1,NULL,NULL,NULL,'2024-10-16 21:08:40','2024-10-16 21:08:40'),(91,19,'ADS15_notch_five','APpiVTA+u9eDoDk6/iDfWmE1NTRjYjc5YjA1MGNhMThmMmMxNmEyMWZiMGUzNzU1ZGNlZDMzYjIyZWMwMWZmMjQ2MDkwOGI0M2Y4YzQyNzEGyqTUknGq7tum3rwDaLUo/B+GvzD0U0NGKO2xnuENgw==',5,NULL,NULL,NULL,'2024-10-16 21:08:40','2024-10-16 21:08:40'),(92,19,'ADS15_notch_four','xRUqhy5DPjL2RWtlA/RKKjg0MzE5NTNmMTlkMzllNzEwYTdhYjQzZmUyNzUxYjllODcwMTUxZjM0NzRmNDZhNTI1NzEwZGE4MzBhZTk0NDcAUc/0uaxfu7KIqkUbXLVuFpLII4X8pa7pkD/nOCaIwA==',4,NULL,NULL,NULL,'2024-10-16 21:08:40','2024-10-16 21:08:40'),(93,19,'ADS15_notch_three','ZB4tptyP2dyO+UqbaQhPZWM2MGM1MDk5N2JhYzUyM2RhYjRiM2Y2OTlkODBiODI5MDIxMWIyZWZhMTE4NDc3YWZkNDMzNzdmYmEwNDRmZGPkpPMdpur003Vk7TBx1tk/oNOK5OSea74m4JSlEvRTxA==',3,NULL,NULL,NULL,'2024-10-16 21:08:40','2024-10-16 21:08:40'),(94,19,'ADS15_notch_two','snsTwHwu4ERuUJOZYj7ilGI4MGNhM2YyODI0YWE4MjdkNGIxMzI5NDVmMjNmMTJkZTc0Y2I2NmU5MTMxZjk1NzkzOWQyNGQ0NzA0ZjZhNWJ7MthySySjlOA4oUJfNt53HHB0rhUkqJxhhvE3FjuzwA==',2,NULL,NULL,NULL,'2024-10-16 21:08:40','2024-10-16 21:08:40'),(95,19,'ADS15_notch_one','9yBKrPzxD4E35LGP/5n3JzkyZTBiYmE5NGYwM2ZhYjcwYTE2ZjFkMGI3ZDA0YTUwNzE4Y2VmMjU4ZTAyNzc3ZGNkNmI3ZjhkYzc5MDIzZjIUlupmvnrzeF4450rm653vCriZIIW9CHylJGgogLhQcg==',1,NULL,NULL,NULL,'2024-10-16 21:08:40','2024-10-16 21:08:40'),(96,29,'MMS01_notch_five','MMMgnXAjeAwLXjwIVn8QejlkNzhiZjgzZDEyMzE0M2ZlYWM2NmMyMTgxYWVmZGU3ZjgxYTJlNjBjZmUzNzVmMjhlNTQyN2IwZjgxNjU1M2Je7FSObLD/gHV1FyljCDioh8s83une1QRXwC+rCF/+Mg==',5,NULL,NULL,NULL,'2024-10-16 21:08:40','2024-10-16 21:08:40'),(97,29,'MMS01_notch_four','FQ9PsHBvXZs41jiZ2R2pkDE2YzIzMWZmNThlMWU3MTRmODRmODRiNjI0NDJjMzEyNDUyNGU3ZDU0NzA3ZmE2NWMxYzE2M2VkZTA5ZDM4NjNaQxzT+bOslZUOiS6XQ0mnmSa975iMBilBQn9iGiPFCg==',4,NULL,NULL,NULL,'2024-10-16 21:08:40','2024-10-16 21:08:40'),(98,29,'MMS01_notch_three','nS8VkxeOBcM0Fa9uozTzIWYzMTMyYzQ1ZDBmY2RhOGQ3NjYzNmQxYzZjNGJiY2QxMjIxZGZkM2Q1MzQ0MDRiMWNjZGM3OWRiZDJmOGU3NmLx94295IesL8DAgmjI17CzAYiBd6t5Dp95xd3Qp/DvZQ==',3,NULL,NULL,NULL,'2024-10-16 21:08:40','2024-10-16 21:08:40'),(99,29,'MMS01_notch_two','/fwXCnVHK0M/oc0/1nqZRDI0NDA1NjU2YjBjYjNhYjU0ZmFhNzE1OTJhYzEwZjBjZDkyNjUxNzdhYzI3MDc2ZjcyMTU0MzZiZmNjZGI2MDSfSiHwk4ATDWsuMLAnaDxJqvr7B1oalxd/BqRJIoeilQ==',2,NULL,NULL,NULL,'2024-10-16 21:08:40','2024-10-16 21:08:40'),(100,29,'MMS01_notch_one','mF0UI3HuA+4PfVLCQpJ+GWI0MzgyMDM4NjJhMGI0YjAzMzA3M2Q1MWU5ZmM1Mzc3NDc1YmRiNDVhY2NlZmU5YjM3MDEwYTQzNjQ3YTRjNGP/vArB2j5B2QoprT74vWH5RmNftLFlqK4XRoRWeA4JUA==',1,NULL,NULL,NULL,'2024-10-16 21:08:41','2024-10-16 21:08:41'),(101,30,'MMS02_notch_five','2XQpwZDGqVfKrctWr5GLuTgyYmZjNzBmOTZhNGMxNGU5YjQwMGM2NDU5MjdmMzUzODJmMmQ2MDAwMjU0M2VkMmJlMGUzY2Q4MTA3YWU4MGFMT0V9Eg1pJD375uyi6jgjMPZTDV73Etrs8GdODOCI3Q==',5,NULL,NULL,NULL,'2024-10-16 21:08:41','2024-10-16 21:08:41'),(102,30,'MMS02_notch_four','Zl12+yvW/z17O7D/3uZG/DIwMjBhZGE0M2U3N2M2MDc0NTgzMGJiOTJkNTZlYWE3MDMwODg5M2U5YTYyNWFlYzlhNGJhODVlZDI0OTU3OTXZlwD/htrLdg+L/cKSAE5H9ZHdnqpXzx3UpKnDi6ljAw==',4,NULL,NULL,NULL,'2024-10-16 21:08:41','2024-10-16 21:08:41'),(103,30,'MMS02_notch_three','LqhDqL8qaMow6k+mrKIBp2YwMjVkZmZhNjAxYmEyMDU1MjBiMTY2ZmU1OWEwZTFjNjNjNTY5MTcyOWRkMmZhMDk2MzRjYmZlOTQ2ZTQwYmGPo87oqWKHw7TlmbH0fLPqenJsRa11kxlUygpBAjBosQ==',3,NULL,NULL,NULL,'2024-10-16 21:08:41','2024-10-16 21:08:41'),(104,30,'MMS02_notch_two','vM0GrYXrV3h/ZQ2yZxSdFTAzMjY5OGUyNWY2MjIwZTU4ZDkwZmE4N2MyMzQ2MWVhOWFiOTA4NmYzN2MxODlkMjNlYjEyMTEyZGZmNjk2MzF+StQ2DVlT5Kn73K95CXfgmKZ2RnF4SkzHpysMX03CbQ==',2,NULL,NULL,NULL,'2024-10-16 21:08:41','2024-10-16 21:08:41'),(105,30,'MMS02_notch_one','v9VNd6mr2ymdLCH4WjuPFGY0Y2JhYzk2NWNkMzY1NWRlZjBiZmQyYjZiOWNmZjIyNzM1ZmU4NzRhM2QxZjQ3NjI2ZDIzMzgyOTNjNmFhZjQH65k+eXOOd7BcgK9kIwPF6JJaSqN5LcoG00hLzXnkmQ==',1,NULL,NULL,NULL,'2024-10-16 21:08:41','2024-10-16 21:08:41'),(106,34,'PO01_notch_five','9NCeJKGCJAuTvvPphlt9FTI1YmNhYjU3MmFjMGQ3NTI1ZjU4YmEwOTdhNzNmZjk5OGVhOGJhNzY3NzA4YWQ1YWM4ZDdmNjBjZWQzYmZmMzh+BClkAYrU10uuVrR97uq+kYSfsQmNOXmbEvQe5hDD5Q==',5,NULL,NULL,NULL,'2024-10-16 21:08:41','2024-10-16 21:08:41'),(107,34,'PO01_notch_four','cdtUq608hQ9nuq1ypZmRQzIwNzk2Yjg1NGE5YzMwMDYyYjc5NzQ1ZDE4NjE4OTYyYjY0MDBlZTAxNTQ1ZDExMGZlZjgzOTM2YTNmMDBlZGZz0aF953G4+86q5VzVT5Dr/oGZ/hsDMiTeuXfpai5nOA==',4,NULL,NULL,NULL,'2024-10-16 21:08:41','2024-10-16 21:08:41'),(108,34,'PO01_notch_three','ffcxz0PwEoSs9gysfcofhjQ0ZTcxZTgzMWRmMDlhNjBhMmMwOTJhZjZiNTg3ZGJjYTg1MTBjYjMyM2QxMmE5MGYxYzQ4MThjMTA3ZTEwMTa5qlUcaTq65sRWxREButJv8tQpivcRJE9BG59rGwRa7A==',3,NULL,NULL,NULL,'2024-10-16 21:08:41','2024-10-16 21:08:41'),(109,34,'PO01_notch_two','Y9X7uHqYCP4dNwPKCi0tJ2RkY2NiN2Q2YjI3NmI0NzA5M2YxYjUwNjU1NmY4ODAzZDY3MjE4MWFhMTUxYTQxODU1Mzc0YWZmM2ZjZGEzMTOWkB8gL8E6vpag8iQFQIlSAgDHKlnyPbrb2oZdSQGmyA==',2,NULL,NULL,NULL,'2024-10-16 21:08:41','2024-10-16 21:08:41'),(110,34,'PO01_notch_one','H+QooOF0npiSSZ0Q5e/numQ1ZjQzNTk5OGM1MzNmZWRhZjgxMWMxNWQ1ZjI1ZWZiNzI1MmRiODZhYjdhNzIxYjZkZDdhYTkwNmY5NmQzNGWPSLBZZ2Yq+crhyeh49nVz/73e619vPdbo/mv3IEP0Ng==',1,NULL,NULL,NULL,'2024-10-16 21:08:41','2024-10-16 21:08:41'),(111,35,'PO02_notch_five','3pnEeNG/MVtq8gbhMXuRCGM1ZGMzZjFlNGIzNzU5NGNlMzAzMWVhZWJjODJkMzUwNWQ2OWU1ODE2NzY3YjM4NDA3MDMyNmYyMTMwMWEwYWI9XA7KsElTTCgKevF/hX6qvwNw26aym1At5+2HHEUL/A==',5,NULL,NULL,NULL,'2024-10-16 21:08:41','2024-10-16 21:08:41'),(112,35,'PO02_notch_four','+V4RnqUWhSw05t/T3B6EATMyYmFiMzc1MTU0NmM3Njc1NjhhYjIzOGMxZGRjNjFjMDI3ZDA3MGI5OGQ0Njc4YzQyNjMzZDAzMWY0Y2FkMjFnlpokYNg5rkcTsUEtsmbtMgXjp/Ssh9FZISWmqenq2w==',4,NULL,NULL,NULL,'2024-10-16 21:08:41','2024-10-16 21:08:41'),(113,35,'PO02_notch_three','UdA7ZqWjqWBvf6lMGDq1fTYxODMwOGY4NjI4MzRmYmJjYzY0YWI4NDhkM2ViMjQ3ZGRmN2JlZGU3ZTFlMWEzZDcxMDAyMTljMWQ2Y2I4ODm2VpcyGMLA8ByJLjmlatqtu3s8k3ME5NFa5hD9+4iXfg==',3,NULL,NULL,NULL,'2024-10-16 21:08:41','2024-10-16 21:08:41'),(114,35,'PO02_notch_two','SLtM/An9+R+O2letulCWPGIwMmE1MmRhM2I3MWMxYzBiYjQzOGI5NjlhMzhmOWI3ZmVhZWU2ZWEyYzcwYzUyZTFhNmEyNTQ2MWNhOTIwYTFuY+JV81hL2/L69FwaxgEXjwVbz4a/6t9B9lC9OyLGEw==',2,NULL,NULL,NULL,'2024-10-16 21:08:41','2024-10-16 21:08:41'),(115,35,'PO02_notch_one','Ct9U0Fin4OGVezMWw2wujDZhMDgyYWIzN2M1N2MwOWQwNWNjNDM3ZDc0ZjFiN2JmYWY2OThmYThlMDFiZWVhZWYxODgxYTE3MjE0OWY0MThjPFvG1jGlzxiKe6f65rNqRyZh2S+k+hKsuMk4v6XHNg==',1,NULL,NULL,NULL,'2024-10-16 21:08:41','2024-10-16 21:08:41'),(116,36,'PO03_notch_five','hMWyifWyXDxVuYB2F4P+6zA4Nzc4MzNiNGU5NTc5ZGNhZjg2NzUxNDlkNjQ2ZWZjYWZhOGVjMTc5NDY0ZGE1NmVkMWJhMWI2OGU2NzYzYWE43LAZc+v6nKMHyACs11CFEB09fpEIzzSDutPGW5pIvw==',5,NULL,NULL,NULL,'2024-10-16 21:08:41','2024-10-16 21:08:41'),(117,36,'PO03_notch_four','p+EO/7C+L6aAoY1l/iP2kGZjZjNhMzczOTM4MTUwNmNhMDEwYmM2MDVjMGNiOTk5MjQ4MGI4ZmYwZDk4ZTZkOGJjYzZhZmQ2OWYwMjFiYTlT6PLG6z2U+FXdveNIn8Qox5vFz8C4fJWx+r7WXRhdoA==',4,NULL,NULL,NULL,'2024-10-16 21:08:41','2024-10-16 21:08:41'),(118,36,'PO03_notch_three','2mN0kMrHewNwIbBmAmYzwzkwMzIyZTEzZjFmY2FjMjg4MTcwMTZlMDk5OWExMThhZjBlZjU0YjcxZGQxYzU3YTcxZWZmNDMwZjJiYzA0NjjsT7sLJAx82Qi4Ns8TNW10E/V1P+oB4y5UCICU/G1l+w==',3,NULL,NULL,NULL,'2024-10-16 21:08:41','2024-10-16 21:08:41'),(119,36,'PO03_notch_two','7pRgNV+gRpFLSjt5e3vtCjU5MDFhYzU5N2ViZWFkNGZhY2JkYjcwMjdjOTEzZWMwNjZmMzNjNzE5OTU4ZWZjMmJjNWI3MTcwYTk1YzBmNDiZan0atVK/nrJYSKux+hkyN90hAwyE6HHnq6Dw18WRrA==',2,NULL,NULL,NULL,'2024-10-16 21:08:41','2024-10-16 21:08:41'),(120,36,'PO03_notch_one','4GHN/wsn9mchGbL/Oo1+WjIxZThhM2I4ZjZhZGYyMTQ2NTY3YjEwMzE2MTZlODljN2YxZTcwZmE0MDY1NWMxYmUzYTQwZTc2MDM4MWUxNzD/0wezbmE+iHFtHbmbF8QLkc1wDAJjLhy6DVChVPYcAQ==',1,NULL,NULL,NULL,'2024-10-16 21:08:41','2024-10-16 21:08:41'),(121,37,'PO04_notch_five','oK/WR3gCLEnkF9wW0uoiczBkZGVmOTVjMjZlY2FkOWExOTM1NzQ1YjIyMWY5ZjIxOThjZjIwN2E5MDY0NzdiNDhkNTIwYTI5N2I0YjE5OTVEirZJcMVvIQ9zypIXsZB/kvWPcJF5Byn3jhsLt7JggQ==',5,NULL,NULL,NULL,'2024-10-16 21:08:41','2024-10-16 21:08:41'),(122,37,'PO04_notch_four','oNemN7yT1cAkBZhPl77RvDVkMWY0MTUyZjIyOGQxZTlkZTY0NmQ2Y2I4N2NhNWRmMjViYTEwZGVlNDQ4ZDExMTZkZTkzOTFlZmFjZjZjYjRaOhEl6W/eC3w8Zl9ncA2X3ojKqMsx1Ax02vJBnimZqw==',4,NULL,NULL,NULL,'2024-10-16 21:08:41','2024-10-16 21:08:41'),(123,37,'PO04_notch_three','QqolUjW2fsR8FAmFg8ko+GFmMTQ1MjAxMDE2ZWRlNmIxYTE5NGJlODVlMWZmODQzNTQ2YjUwZTI3Nzk4YzBjYjc3NDFhODBhMmVkOTIxNGHbZz5lIKPhkcIwOVJCi10Pua3upeYBl6aG5eKZfIdWzA==',3,NULL,NULL,NULL,'2024-10-16 21:08:41','2024-10-16 21:08:41'),(124,37,'PO04_notch_two','inJKHGOWZLgPwCz3zUJA+GI1Nzc5YTE2NTVjYjhlNTE0ZjUxMmYwZWFiYjI1OWMwZjE2YmI0ZDhhNjBjZWIyMjk2OGEzNzdjNDY3MDZhMDHdvbJ+lW6jeT2PPFHV2DwZwLHKaIYlc2hEoL8fzTHaGg==',2,NULL,NULL,NULL,'2024-10-16 21:08:41','2024-10-16 21:08:41'),(125,37,'PO04_notch_one','plaTJCUT37FNAzJJBbKjwzAxZjRiZWYxMzM2ZmM4NjEzMDZjZmQwYTQ5ODlkNDFlMDVkYjljYmRiMGVlMTYwNmRjN2YwZmYxNWUwNjE5YjHYEP9gZZWowk4wzMoK62HnkZYFN3ru7JWjeO4C/EkSEA==',1,NULL,NULL,NULL,'2024-10-16 21:08:41','2024-10-16 21:08:41'),(126,38,'PO05_notch_five','hOgg8U20pEezjL049Nh21jMzNzVkNGZiOWJmNTkwYzk0NTYxODgzNGNiYjQyZjQ3ZjY2ZWExMjg4NWExMGI1YmUwYzE0MmM5NGExOTUzYje4OwlXUbpM4LjYph0oXtYoUw6UdwMB8hzHC/SuV+K75g==',5,NULL,NULL,NULL,'2024-10-16 21:08:41','2024-10-16 21:08:41'),(127,38,'PO05_notch_four','aCbowOpCHFwyLmI2wmPyHDhlNjc5MzJlODBkMGQyMjhkNmU4M2ZkZDk5MGFhNTgxMDBjODM3MzE4MjdjYTliOWZjYWZhNTE4ODVhYzJkN2GT2i8b0pFxeZ/9kb/PmvSKL0QvH11FpKgtSVG4rfBmSQ==',4,NULL,NULL,NULL,'2024-10-16 21:08:41','2024-10-16 21:08:41'),(128,38,'PO05_notch_three','dTDBJxhdfq37BR1FhH/PeTUyMjY4MDBiMjAxNDZmNmNiZGZmMmZjN2YzMDFmODA4OWQwN2RkOTE4YTM1ZTAxMTkxYjljZGU4MDkyM2FmMjfsE0tSH3yIB3Dq3v0ZmFzBvpX4YA+IF4f0pRPaH/UPZA==',3,NULL,NULL,NULL,'2024-10-16 21:08:41','2024-10-16 21:08:41'),(129,38,'PO05_notch_two','rPUyu6yKE4q9Wl4MEOLBlTkxNDRmY2Y1NDRkODI1NzdiOTEzZTU3NWM5YzIxYmVhMGU0ZDQ4ZWIxMWQ2MWVjNTkwZGI5NTBjYjM2OWIxOTa85miy6IWHdmEVU5+vF79bTqmPlCqWBkGZ9s8qqre6nQ==',2,NULL,NULL,NULL,'2024-10-16 21:08:41','2024-10-16 21:08:41'),(130,38,'PO05_notch_one ','pRo18j9YY26O4NrsA75e4jQ5MzQ2Nzk0OWU5OGE3MGU2ZDI4MmQzYWJiZTNkNGRkZTNiZTA4YjQwZWRhYWZhZTg2YjVkYWI1MmI0OTY4ZDQHsrsYNVDsHRJu0TOs9h1Gt8qPWu34Q7OxZ7bFAx1G3w==',1,NULL,NULL,NULL,'2024-10-16 21:08:41','2024-10-16 21:08:41'),(131,40,'PSS03_notch_five','o9UziAw/H1Y41RqSvaYgeDMxOTVjZGU5NTIxMTEwY2E5ZWU2YTYwNmY2Nzg0YjUwYmQ4YTgxZTE4NjljMDE4YTEwZGZhNDJjZWU3OTNmMjNs9BB2asQoUvUrTe2AaGXbeXJ3lJmi4jNQ8gOp73wpVQ==',5,NULL,NULL,NULL,'2024-10-16 21:08:41','2024-10-16 21:08:41'),(132,40,'PSS03_notch_four','rIU8fE0grchbITlxSUI/nGEzMmU0NTQwZGMzM2JjOGFhYTNkOTJjYzllNDg4ZDViNTAwOTI1ZTg1MDZiOGU0YzE4OTNiMjAzOGNmNjYwOGLkPh30tq5QtM2tlIiUD5fzxmkPrSgAnhnNCNzdGe8zIg==',4,NULL,NULL,NULL,'2024-10-16 21:08:41','2024-10-16 21:08:41'),(133,40,'PSS03_notch_three','VPnwWUVaIWX6wuOqa3GaETRjMmQyNzNlNTM3MWYxMmVjMzRiMDIyYjZmMmY1NmQ2ODViYmVjMTRkNzI0NDQ5ZGU1NTcwZjI0OGMxZjRhOTCO7paVUa0kVpakx6NZy1zfAAcruazMVXBorBP9KjPKsw==',3,NULL,NULL,NULL,'2024-10-16 21:08:41','2024-10-16 21:08:41'),(134,40,'PSS03_notch_two','uWhRKWpYHiFH+pc1FgH1MWJkZjllZGRkNDIzY2QwZWU4NDY0MWEyYzE2NDVmODU2NzFjYTFmMmRkNTRmODA5YmJiZjU3YzMwYTc4MzVhMzBVt1V6wWm+mpHynwp2LB2509WW5gACTqLclvIbXrQvuQ==',2,NULL,NULL,NULL,'2024-10-16 21:08:41','2024-10-16 21:08:41'),(135,40,'PSS03_notch_one','7orXXWO9dA1wvTZB9vnZwzM3MjllYjM0YTYwZTBlMzY5NzM0Yzc1YzBhYTBlNTI4NDE1YWJjODRlMDEwMWMxMTdiZTg3OTYzYTQzOTdjNTFg0tJWgRJFBcL0VFlp6374p7xln8ZElST9XyrpEi9bNw==',1,NULL,NULL,NULL,'2024-10-16 21:08:41','2024-10-16 21:08:41'),(136,41,'PSS04_notch_five','PAdddTY0UpQnQZ5begFlmTA3NGRlZTE5Njc1MzBhMjlmNjQ5OWFlMzFlZjMxNTg0YzFkOWM1YTlhMjVhY2ZmMWE3Mjc2ZTJlOTY3Yzk5Yzh0+YwFjrXT8/Gu1WVbpdTvtFuE2cBdqhadn7BHAGoXPQ==',5,NULL,NULL,NULL,'2024-10-16 21:08:41','2024-10-16 21:08:41'),(137,41,'PSS04_notch_four','eP+bcInEKqHwRtnNZLPzlmY1MTdmMzg4MTQ3NWM0MmU1ODAwY2FjZDM4NmE1NDRjZGZlZjk0NjYxMWVjZWY1OGFkNGIzOGU2OGU5NGM1ODmtPPwBi4rRnQgruOg1V5jtq1Xu1xfV7zYSwnwEd6k2wA==',4,NULL,NULL,NULL,'2024-10-16 21:08:41','2024-10-16 21:08:41'),(138,41,'PSS04_notch_three','KKu95HrLRUTlDXIlCWhe92E1ZTdhNGQzYmNjMWFmN2NhNmIzODNmNGM1NGJhYmMxMTkzM2MyNjI2OWRjMjc1MGI3N2QzZTk0MTExM2UzNjQtqCz3mJ0qIxxsN4ExqAktnkp6ptEQS17Ldtx0b/NA7Q==',3,NULL,NULL,NULL,'2024-10-16 21:08:41','2024-10-16 21:08:41'),(139,41,'PSS04_notch_two','Tqt00hFxeHvGUqoRzqTlO2QzNjhhNjdmZGE0NGJmOGRkMDg5MTVlN2MxMDA2MjQ1ZjNhZDYzMjY4ZjdjMTNhMjU4YWUwYzZhN2U3NWY1N2aTHseQ3USK1qpRvHTLX1+S+K26FfpLdSZC2mcRWPPTtA==',2,NULL,NULL,NULL,'2024-10-16 21:08:41','2024-10-16 21:08:41'),(140,41,'PSS04_notch_one','7PSimlX0lPJgZ0fu4weHCjQ4N2EyYWZjNWQzMTcxYjdlMDZjMzdjODEwYzZjNjVlNTUxMzU5MjQyZDZmNTNjMjA3ZGU0MTc4N2JkOTIzNzi198GoHRF4kdzUPMRXVd+XR+skMF/V/VIQWgUKD81HeQ==',1,NULL,NULL,NULL,'2024-10-16 21:08:41','2024-10-16 21:08:41'),(141,42,'PSS05_notch_five','xtrv/+VVmbezRkuHaggEoTM0NGU1Yzk3NzI3NDA4ZGU2ZTU1YmM5NWQ1ZjdhOTY5NDFjMGIzMTBjNWExOTJmY2U4YTU5OGFiMGRlODZjY2VgWq0VrzaY5rP5KYEZvnma0/YETv4zBovxQmHimjhRGg==',5,NULL,NULL,NULL,'2024-10-16 21:08:41','2024-10-16 21:08:41'),(142,42,'PSS05_notch_four','U2wTp+wyaZqHKsEMOl+UqjIwNTAwZGUyMDE2MmM1ZWUzZTA0ZWFlMzliNWEzNDMzZTJhN2RjNjkyMTQ0ZTIzOTBmNDk0NjA3OTA2N2M4MWMENWGQnmUSlJxoe9hN4J77VVlTJ8TJjHvkTBuGm9EoJQ==',4,NULL,NULL,NULL,'2024-10-16 21:08:41','2024-10-16 21:08:41'),(143,42,'PSS05_notch_three','qMjwy4I2tofqATRGdzxA1zNiNWM0MjQ4MjZhZmQ2YTg0ODc2OGU4ZDk5OWVhMjY3MzMzODhiZTAwY2ZhOWRjNTRkOWUyMThiZWI2MWY2MGMJ1Pi/Foc897TYOd7gjk8zneNK4CtIQ6vTj+/DuY+qLA==',3,NULL,NULL,NULL,'2024-10-16 21:08:41','2024-10-16 21:08:41'),(144,42,'PSS05_notch_two','t4zh16KLywx/qdlAEB65czc0ZmRlZmZmM2IzM2JhMzI0MzRmMjc5MmIyMDhkODYwZDNhYjdkZWZhZDRhNTQwNjU5MmVkNGRhNTY4NDg5MzivcOeFhaJt57O4ONbPA3riLU+hQXNpBD6OTzTrzz1CZA==',2,NULL,NULL,NULL,'2024-10-16 21:08:41','2024-10-16 21:08:41'),(145,42,'PSS05_notch_one','0yLhaMYkKXTcU5NI1bBCKGU0ZjY1OTZmODI5MDYxODYyOTg2ZGM2YzAxODMyYjI5ZDYwMzQyZmY0ZTg0ZDkyZTJiOTA2YmQxNGZiMGE0MjS0ZZDOLLYKcfVh9vTKG3iy8DjUtXRlEORMhk0q7P3qVA==',1,NULL,NULL,NULL,'2024-10-16 21:08:41','2024-10-16 21:08:41'),(146,43,'PSS06_notch_five','aj8NQBoalqjCKeJAVR/HcDBhZDU2MDNkNTBmMmIxMTBiNmE2ZTZjN2QyOTQ5YTQzNGMxMDU4OWQ2YzQwNjc2MDkzNzBmMTZhOTE3NTUwOGI0Z8LTcTKkoFRJ4OyPYZq1qYBs7veEz+SqRLUTF3wQ3A==',5,NULL,NULL,NULL,'2024-10-16 21:08:41','2024-10-16 21:08:41'),(147,43,'PSS06_notch_four','cc7sr75/3Cv3yD++hIf8E2M4MmYxMTFiYzBhNTFmYTU2MzNjNzI3OGFiYzgxNjcxYzA2NTQ2ZTIyOTMzODYxNzRhMzQ2ODk4NmRiMDUyNDU3pbj/dd2XRSWE+LnZZlEibF7Wv1I/UO0q9x9P61kZBQ==',4,NULL,NULL,NULL,'2024-10-16 21:08:41','2024-10-16 21:08:41'),(148,43,'PSS06_notch_three','QujtNJGYYawtqzCQk9wTjTY2ZTc4NWVlMzU3YjYzNzQ3MzAzNmI2N2EwOTlhZGM5Nzg5ZDcxOGI2OTJlODkwMDFiM2M2YmEyMjFlNTJmMWIGk13rRzhhGBJiE1Anxu56xDI0KbeMlRruKJ9KiLuyBg==',3,NULL,NULL,NULL,'2024-10-16 21:08:41','2024-10-16 21:08:41'),(149,43,'PSS06_notch_two','ULXU+0HbHXM5sHZbTF+612Q5YzczNzNjYjhmODM3YmNlMTkyZTM1ZTkyZGQ0OWQyYTVmYTczNGJkYTc2YzdmMjAzZThkMzE4MjU0NTc4Zjep1+brmn5ValP987Vqlk0LGRYQUHPsv7ABtcC9ZSHA7g==',2,NULL,NULL,NULL,'2024-10-16 21:08:41','2024-10-16 21:08:41'),(150,43,'PSS06_notch_one','+M+BS4eK65ZzaKD26I1efTJlNmQzZWM1YzM4NDRlZjYwZmIyMDNmZjVkNzRjMzFkYzBmMjEzMmRiMTE3Y2I1MjE2MzI3Y2RmMzZiNmFjZDLzsPzE8opCPVP3vBW/X/81i4g2SRQVmIprwYNAXpC0kQ==',1,NULL,NULL,NULL,'2024-10-16 21:08:41','2024-10-16 21:08:41'),(151,44,'PTS03_notch_one','1Y2lUYxILewwNQId9uuwLTc4YzBlMDk4MDNhZTlhOGZkNmQ2NDA2YTIyZmZkNTNiYmQ1OTgxZDJhZWI2OTllNmQyMzQ5YWI0NTFmOGU1ZGWQiFHDaVVC3F8wsROLnnZP/TF/nJVgn6yeunXOWYxI1w==',5,NULL,NULL,NULL,'2024-10-16 21:08:41','2024-10-16 21:08:41'),(152,44,'PTS03_notch_two','2sIJEICzu3v8+Xb6dL7LdTk0YjQzZTUyMTNjYTc5OTM2NjIyYjc4ZTAzN2QwZTlhYjZmODA1OTM5OTQxMjg5MzE5M2I5OTRjYzk4NjU2OWUaER6CT6BcQfAjdysoWdTPo8K1YQjyKOb5R07qUWB4eg==',4,NULL,NULL,NULL,'2024-10-16 21:08:41','2024-10-16 21:08:41'),(153,44,'PTS03_notch_three','0JsKl424FiQOIAMmFJnLPjVkMTU2YTYzMTdkYThiOTdmZGZmYzlhYzI0YzBkOTc2OTU3NmM1ZGI3NDRiNGIwM2IxOGRhNmQxMzhkMWE1OWHgJIFFspco8HgsqB689Pi81d+zUYND5PZXpCXZ56xTqQ==',3,NULL,NULL,NULL,'2024-10-16 21:08:41','2024-10-16 21:08:41'),(154,44,'PTS03_notch_four','qb/ehvfrMHX+QN66HK2B6jBiOGEwYTIxYWEyOWE0YmUyYTRmZDRkZWY4ZWEyM2NkYmY1ZDE1YTNhZDRiMTEzZTAwOGM1NGI0MWNlMTY3MzfuyJXGqfVdIkPWBmX80dVnvUVbWkAhq3R/odq9LMU7cQ==',2,NULL,NULL,NULL,'2024-10-16 21:08:41','2024-10-16 21:08:41'),(155,44,'PTS03_notch_five','uMFWTvwGhuwRb50rQkCVjGUwZTU5NGFlOGNmYWY2ZmYzNGM3NjQ5NWVhZjc1NmQ2N2YwNjRmOWNmYTZiN2U2NjE2NTE4YmE3NjRhMzgzYzEVrTKWT1DiRaPsfZd0VMmITtPKTzAlevX0xhKlMWNKlw==',1,NULL,NULL,NULL,'2024-10-16 21:08:41','2024-10-16 21:08:41'),(156,45,'PTS04_notch_one','WBDGgjx977t3nUzUPG5rbTU0YWY1ZTlhOGNjYjAzNWQ5ZjEyZDZlZTNhN2Q3Y2M1Y2MzNGM1OGQ0N2MyNDAzNmFiYjdjMGYwMjA5ZjIxODMfQuIJt6GjCouGT+6hDEnVFP3pZNqXwiOzedGAEmXoZg==',5,NULL,NULL,NULL,'2024-10-16 21:08:41','2024-10-16 21:08:41'),(157,45,'PTS04_notch_two','v+RDCxiyjMnqIFFPXbu7xTFhNmRmYTBlMGY2ZGI4ZmQ2MDgzODA5ZDQ5MDdlZmVmMzhkZDdlODQxZDZjZTQ5ZjAwOWUwM2E5ZGUyMWZiZTX28TWZEYnRVRN/w83kC8K8sIYOqW1WRqpdRVenqICRJA==',4,NULL,NULL,NULL,'2024-10-16 21:08:41','2024-10-16 21:08:41'),(158,45,'PTS04_notch_three','tlkHQTgHN/hzu9YV8QXv8WI0YjU1ZDJjMTg0NGFhMjExMzI3NTk4MzZiNWMzZjdiZDYwNGVjYzM4MzBiMzM5MmJkYTBiZDhjYmFmZjM0NWN/3u38osimDSzaxihdcJQ/aOalKMymKhwvVJfo4eCSvQ==',3,NULL,NULL,NULL,'2024-10-16 21:08:41','2024-10-16 21:08:41'),(159,45,'PTS04_notch_four','qeUcNOCnzGIBCoOgN9IVgzYwYzA1NTBjNGU0YjU1NjI5ODczMTQ3MmVkZjIxNmM4OGFmZjIwYjM2OTQxMTU2YmVlMjA1MDc5ZjU1NDY2ZmboWGSmLceXftfY6ZRxCGGzz1785fRHH17mbgcW/ymIrA==',2,NULL,NULL,NULL,'2024-10-16 21:08:41','2024-10-16 21:08:41'),(160,45,'PTS04_notch_five','W1F0THNktenLhvmgYRqu3zY0MWFjNjMyZmYxNGUyOGI0MzlhNWRjYjQzZDY4NGY0Mzc2MzkxMmEwMjE2ZmM4MTE3NDc1MmNmMDc3OTMyZTThkjzfmcjPTjyTrLVQdhrhc6q4QSGQL+59J4/iFtNTTQ==',1,NULL,NULL,NULL,'2024-10-16 21:08:41','2024-10-16 21:08:41'),(161,46,'PTS05_notch_one','OTK39AFfdD9Z+VmEa/AzXTE1ZTdkZTFhNjEwOWNjZTkyMDM1ZDFkOTUzMmQ0MjA4ODdmZDY5YzdmY2QwMGEyYzcwNGNkNGM2YWU2OGQ5ZmaEfiz1RtKJFgL0Du2XGTL3XGCwcv1Yu38mgeNclrPcrQ==',5,NULL,NULL,NULL,'2024-10-16 21:08:41','2024-10-16 21:08:41'),(162,46,'PTS05_notch_two','pu+VyjSLf9ScE9uazQwGxDQyNDU0MDMzNTcwNzZiOWQxZmE4MDlmMGRmY2MxODI0YjJjNjU3YzM0ZGExMTVlYTM3YTY0ZDdhZDA4OTFjZmFnTSFHQVs/3XgoMoxBP+v7nFSRp8P1KjxTUcIIC6Eksw==',4,NULL,NULL,NULL,'2024-10-16 21:08:41','2024-10-16 21:08:41'),(163,46,'PTS05_notch_three','XAgXXJjmHVRKvGBfKwKL/DQ2NzVhZjRkYzdiODNiNjg2YmY3YzcwM2Q0OWFmZjAwZDY1MzY4Njg4ZjcwMjQxYjUyZGYzNGI4YzM0ZWFkYTKoxqwX4oTBoXGFsNUAjHpZiFm7zhHjJZcfwJtPPwkQQQ==',3,NULL,NULL,NULL,'2024-10-16 21:08:41','2024-10-16 21:08:41'),(164,46,'PTS05_notch_four','NC8V68levByc7fkShVX+FjE2Y2E0YzU5ZTNkM2ZiYTFlMjkxZGFjZjQ0YzAwOWZhNjFlMDVlOGRmYzBjMDM2MDBhZmVhMzQyZmY2Mjg1ZjKLggTI/kb+I+HRZZjgHenb+H2ZU/keQ+cYGi2m4jrSww==',2,NULL,NULL,NULL,'2024-10-16 21:08:41','2024-10-16 21:08:41'),(165,46,'PTS05_notch_five','yt37CZsXKuZ4hu1FV+cssGNjMjRhNjIwNzQxYzEwMDJkOGU5MjNhMGI3YjJmZGFhNDc5MDZkOWM3Yzg0Y2E1ZWUzNjdlMGFmNGNkNjMzMDBUEn7tVf9te0D6aC+VOHt/4XiYkJDy0gruiYjF0cRJPA==',1,NULL,NULL,NULL,'2024-10-16 21:08:41','2024-10-16 21:08:41'),(166,47,'PTS06_notch_one','b9tWd20IJqd/HY0CC9J39TMxYTJhMjAzOTEzYTFlMzQ1NmJlZmYzYzU2MzRhYzA5NGZjNWRkNTFiNTM5NTdhMWUyY2RjNDM5ZThlOTc5ZjLPDQk50WNRIE0tITfGtjCNB1esTw/VLsZDar+AD8PQEg==',5,NULL,NULL,NULL,'2024-10-16 21:08:41','2024-10-16 21:08:41'),(167,47,'PTS06_notch_two','xniRffKJ59jSgnFEan3s1WM0Y2Q2Zjc3ZWE2MWQzYWU2ODY4MGE4MmFkNTI1MTMzYWIwNzcyNmRiY2U5MzMxNTIzYzFjMzg3ZTU5YWVjOGNYSLUycIRMPnMYCk55ndhKFMYYJPwSu3W69A65AESVFQ==',4,NULL,NULL,NULL,'2024-10-16 21:08:41','2024-10-16 21:08:41'),(168,47,'PTS06_notch_three','CeXttorhhmWObwYt0Hi+8jcyMjI3NjgxNDliNDQzNmNkYWJkZDQ1MDg2ZjMyZGJjZmJlZDcyY2M1MDZiMzBlOGVkNTUxNDMzYWM0MzMyYTkLaxsDeQJFD6J2ywcNyfdaxjBfBpwrd2AwcPxz4tWkMw==',3,NULL,NULL,NULL,'2024-10-16 21:08:41','2024-10-16 21:08:41'),(169,47,'PTS06_notch_four','SuC8amuzFi/n9mfhaasBqGFlODZmM2MyYjU1MjViZGU5MjFlMDA4NDE3Mjc3MjNmNjhlMGEwOWEzMzQ1YTdhMWEwZDlkYjQ4MmVhZmI2YjI9b9KpjIJ+V0JwRlYxkb/ba3ojJk8yXZlQTd8LIIfjtA==',2,NULL,NULL,NULL,'2024-10-16 21:08:41','2024-10-16 21:08:41'),(170,47,'PTS06_notch_five','sqi3p+wnPsfhOMm2syOI7jhkODRlNzBjYmVjNmE1OGM4MzlhNDdlNTYzNGIxMTA1ZDAxZmExZjk2OWI4NzQxMTFlN2U2OGVmMjJiMTFiYmRwlSS6ljaLSXaPaRABNCOv6sy/n+SynUMypbKKmrCP+g==',1,NULL,NULL,NULL,'2024-10-16 21:08:41','2024-10-16 21:08:41'),(171,48,'PTS07_notch_one','kDX5/pPHM1aFGqHACulBYzg3NGNiNmZhNDRmNDJmZmQ5YzA3NjJiZmJmMGZjZmYxMjlhODMzYTRjYTYyODMxM2ZhOGEzZTUwMDcxYzVhMDJcm4lwrV/Bvm1xCLbrVY3lmM2v7VNa8YVa0YUkwLpw0A==',5,NULL,NULL,NULL,'2024-10-16 21:08:41','2024-10-16 21:08:41'),(172,48,'PTS07_notch_two','xprKXOfwelsjQNjmfp954TM5ODljMWFmODVlYTkxYjBkYmE1OWI2NmUzOWVhNDgwZjEzZjA4NzA0Yzg1NWUyNWFjMTljZWYzZTVkYWIyMjdxjz0voZVl7OipcbdrjOhmy/ao8ddC+S8/mMWaeH9zMg==',4,NULL,NULL,NULL,'2024-10-16 21:08:41','2024-10-16 21:08:41'),(173,48,'PTS07_notch_three','Fw3Z0jFT12B9mt8pBj3AWjRmNTgzYTY5ZDJiYjZjYTkzNjVhYTMyOGQ5YzUzYzYwNmE3YzVkY2JhZTMyNDkzOTBmMzk1NDYxYjYxYWI0MDF358Bco0YFRYQGVogpyRGlOvrcQQbPMkthSWp99+nXNA==',3,NULL,NULL,NULL,'2024-10-16 21:08:41','2024-10-16 21:08:41'),(174,48,'PTS07_notch_four','vPDbrqqyKl/OLJOPX1afjDQ1ZmNmMjEwMmE3YjA3ZjIzNzlhZDM4NzNjZDI2YWI4NDJjYzQwMTdjMjRjYzhhNDk0NGRiZDZmMGFhZjVhZGVI1QZr3qXb6w2mPPxz7f3JYXWb7SOxm/zdTO3geIhwpA==',2,NULL,NULL,NULL,'2024-10-16 21:08:41','2024-10-16 21:08:41'),(175,48,'PTS07_notch_five','aPXLRBE4Q+SPw6XokmVx5TAwOTg3NWM0ODljMWNlYmNkNzJmM2VjZGI1YzYxM2M3MzczZWY4MDlkNmU0MTI5YzAwMDMyMWQ2NWNkM2JjMzQFJecK3f5CNIJIZrz8h0XKgwAwygus1NzLgaFydXI/tw==',1,NULL,NULL,NULL,'2024-10-16 21:08:41','2024-10-16 21:08:41'),(176,49,'PTS08_notch_one','+0vJFqhCVN5l80zaPrxdPmQ5MmMxZmY1Y2ZjNDZiOTQzZGQ2YTJiNzNlMjZiNzQ0NWVjYjk5MDc0ZWU5MzVmZTU2MTFmNTcwMTUyNTYwOTcwmVPATtYNA0qJhs2WIond3oafMEDSAIdRRTH7el/Qrg==',5,NULL,NULL,NULL,'2024-10-16 21:08:41','2024-10-16 21:08:41'),(177,49,'PTS08_notch_two','111KpdgsD/LefI5YegsRR2QzYzMyOTIxMzIwYTE0Y2FjNzliNDAwMTVhY2ZiYWJkZTA2ZGViZDk1ZjczMDIyMmI1MzhhZGFhOTkyODBmOGTzPsNCtH2RrgixUbgvSEsoQgiHLG5k3oFbZwyD6m1p7g==',4,NULL,NULL,NULL,'2024-10-16 21:08:41','2024-10-16 21:08:41'),(178,49,'PTS08_notch_three','JeJDxCaEQ7u1XYOZ1t6nD2Y5Mjg0MWU1NjBkZDgwNDNhZDI3MzU4MjdjMWY1ODk0ZDI0YmM4Nzk0ODg1NWY0MjY1YmFmNTVkZmM2ZjY2YjAeWZe0UrU3l73Hs75G/6LOLbPPUzBeOD0BOcoCAUbbZA==',3,NULL,NULL,NULL,'2024-10-16 21:08:41','2024-10-16 21:08:41'),(179,49,'PTS08_notch_four','fWontJBmmPdEu5DGi8sKvThhNTBlOTRkYjhiM2M0YzdkZWYzYjYxZGU1OWM4MmEyYWZlOTJiNjMzYzAzNDU3NDlkYzRmOWQxZjFlOGFjMTPZHhWhB0a61SCesYHnXIdboMzJG2DvOxFtWzmTdL5XzA==',2,NULL,NULL,NULL,'2024-10-16 21:08:41','2024-10-16 21:08:41'),(180,49,'PTS08_notch_five+','0fhcxeA2rxmLr1/+9xIT2jQ3NzM1NjYzM2RhYjA4Zjg2MTgxYmViNmZmOTQ4MGNhZGZmMjMxYjBkZTE3MzkzOGMzOWM2OGMxOTkyN2NiYmUMj6VzTzEnFkrwEGizN68F5tO1fftC+gCBKQw+uHn8Nw==',1,NULL,NULL,NULL,'2024-10-16 21:08:41','2024-10-16 21:08:41'),(181,50,'PTS09_notch_one','KeLy34a/qlCoVIUZMRnKZTg1ZjIxOGI4Yjc0MGQ1MWJhMzg3YjEwNzFhZTExMzJiYmY3OGI1MDQwY2MyMmE2MTM1YTk4OGVhMWUwYmE1OTnqBrw8/MXv7DqTBH4kKI0ZYJ+s3iraiiKZiWccaHDCNg==',5,NULL,NULL,NULL,'2024-10-16 21:08:41','2024-10-16 21:08:41'),(182,50,'PTS09_notch_two','XPL3/okP3zYBCuLoYY4B9zFiZTg0ODNjNTdkMDgzODI1OGJjOTRlYzk0MDdjZTE4ZTkzODg0NWYwMjA2YmUzODQ5M2JlMGVlNmFmMjBmZjihjQeZguDj6+qP221coCRb40tP+m5JfUnVA4EfXWCzuQ==',4,NULL,NULL,NULL,'2024-10-16 21:08:41','2024-10-16 21:08:41'),(183,50,'PTS09_notch_three','Kh/9gV8z/VzntrLFTmql5TJiMGQ2NzY1OGNhMGExMWNjNzMyMDFmOWFkODk3NDcwNjkyMTY0NGIzZmY2MDIwNGQ1MzA5MzBmY2U0YzgyYjSMJsb0SNMg4YwjjG3bFZqMO/oMwfPR3tN3/NboJb3WYQ==',3,NULL,NULL,NULL,'2024-10-16 21:08:41','2024-10-16 21:08:41'),(184,50,'PTS09_notch_four','r6LSu6nTEm1Dr6Pn5g4iIjNmYTg1OGM0YTVkYWE1MzgzNjlkMjcwZGI5ZmFhMmEwMmEzOTc4Y2IxMmU1NjhkN2NhZGQxYzY4MjE5OWJhMzMROQH/snFeOwjbIO908sajg3bLF0OylSSN5wIIc1Xy6w==',2,NULL,NULL,NULL,'2024-10-16 21:08:41','2024-10-16 21:08:41'),(185,50,'PTS09_notch_five','F5nQn1ER2doC+P1fg3NThmM2ZWQ4MmJiYWViNzg0NGY0MjhhNjMwOGE0MWMxMDQ5YWNmZTUwOTk4ZGMwMzc4MDAzOWYyNmE4MjM5NTE5MzCO8y1FK26KEfZC2Wj1O/5y3lcTP17aZKpuo2Zwyf3jyg==',1,NULL,NULL,NULL,'2024-10-16 21:08:41','2024-10-16 21:08:41'),(186,51,'PTS10_notch_one','0f+QSuR1eYN8vVfck9Ou42Q5YjFhNGQ3NTcxMGMxOWU2MWNlMjU1NDg3YTBhOGE0MjA4MDE2YjU5YjQ2ZmYzNGI2MjE1OGM3ODBiMTIzNDEjNYIKKi3XsbNf7RICCS8OcCYXqhkjXhfc07ARTA1ckQ==',5,NULL,NULL,NULL,'2024-10-16 21:08:41','2024-10-16 21:08:41'),(187,51,'PTS10_notch_two','jDPBA5elh4sqHcbYIff8LzJiMTYzNTQ1MTFlYzI0MGM1Yjg2NzYwNDUzODUwYzk1NjgxMjIxZjMwYzQ5ZTE5NDZhNzJmYTM2NThiMmVjZGVOurxQ9hgePEYFOv5JzNTW+CgWNQRsNmbplTx2uoWIOQ==',4,NULL,NULL,NULL,'2024-10-16 21:08:41','2024-10-16 21:08:41'),(188,51,'PTS10_notch_three','8XmeDUT70I7og3t95UJS02ZkZWEzOWZhM2JjOTRmMWQxNjFiYzA0MGQzODRjODI1Njk0NmFiYmU2NjEyZGViOGFmNjUzNGYzNzgxZjU0NTcDbXQ6m38byYdn9PxEU1COZAAsZ210MYLDWyfh4Mc6Gg==',3,NULL,NULL,NULL,'2024-10-16 21:08:41','2024-10-16 21:08:41'),(189,51,'PTS10_notch_four','a8EeYYMmMLQ62E9/vfyvFDYxYmZkNTU0YmEzNDUyMjNjMWMxOTY5YjM4OGM5OGEwMzIzNjNkOTJjZjk1NWY1MzZjMTQ0YmM3OTFjZTg5NGFMuzvUSxe8OjTN4jST3BL1UonONFXV37578ODhEgeiKA==',2,NULL,NULL,NULL,'2024-10-16 21:08:41','2024-10-16 21:08:41'),(190,51,'PTS10_notch_five','fbDwzsNFD6yNXFej9/c0FTAyMWEyZjFkMTBhOWVmYTRiZjIwNDEyNTMxMmJhM2NjYTBhYWRiZmQ0OTVmZTIzNWE1ZGIzNTVjMWIzNjA3MDTvFgtR/8nTL0NC4U7723XMLW5NSdNfdPyw1pgtpFlO5w==',1,NULL,NULL,NULL,'2024-10-16 21:08:41','2024-10-16 21:08:41'),(191,52,'PTS11_notch_one','JJykpar0Ty7SxrWe7CSAgDYwZGZiM2Y2NWZiYmJhYzEwM2ZmMDQxMzIxNzk3ODUyYzQ0OTNjNmZlZDYwOTc2NjQwN2ZkN2ZjNWEwNzU0NWKucNT6g3cXocbfFGEolV1oXuv5vt4kmtg03S4g9SsCgg==',5,NULL,NULL,NULL,'2024-10-16 21:08:41','2024-10-16 21:08:41'),(192,52,'PTS11_notch_two','HHEMy+xxBFZZn1A1s2et2mI4ZGE1NDJlYTI2NzUzZWYwNDhjYWY3MjI0ODNhNzM2NDQ4NGJjZjliMjAzN2ZhMjNiNGY0Y2VjZTgyYzkyNWZM8Pf3ARNJo/Y9Ad5mDrZQdHd0ZW+FWV8gD50mlmc4qA==',4,NULL,NULL,NULL,'2024-10-16 21:08:41','2024-10-16 21:08:41'),(193,52,'PTS11_notch_three','mz/u3whx3VmBibCGCptKpmY0ZDA4ZTcyNmQ5MmY2NTFlOWQ3MTM0YmRlYjNiNzIwZmZhYWUyZTNhYjY3MjQ3ZWYzZWYzYTg1NzM4ZDA0YjVP/xYxFSlbuubG57pb/kuRSqGTGwsWXuGzoeZuSzFbPQ==',3,NULL,NULL,NULL,'2024-10-16 21:08:41','2024-10-16 21:08:41'),(194,52,'PTS11_notch_four','U7Ou8xckDTLk7JbYpSheOTg5YmNjYWFjYzVmZWM0MWI4OTZjNzc4NjVjYjk2YTBhODczMDVhZWQzY2EyOGFkZWIzNzgyZmMzNDI4MDE5MjflRGdDDhfYg+Muw4B7/sa1tlePQB58N+vfkLKlEzfnZw==',2,NULL,NULL,NULL,'2024-10-16 21:08:41','2024-10-16 21:08:41'),(195,52,'PTS11_notch_five','X+n8gIL+5GYwoNwAbRzEpzdiNGRlYWNmODBlNmU0MDM5ZDgzMWI4ODc3YjA1ZTY2NWQ4MjY3NDRkODQwZjI5MjQzMjNiMjI4YmEyYzg2YjJg9sfMhYh8sdYdUGlqMBY5iogXdUX/XjqZyvrvXiuuiw==',1,NULL,NULL,NULL,'2024-10-16 21:08:41','2024-10-16 21:08:41'),(196,53,'PTS12_notch_five','2gqSG+zz7/4ya1wbZS3nRWRhYjg5OTkzMGI0NTUyMjlhZDcyNzE5OGE1MzNkMDM5ZjBjNWI4NGY2ZjlmNTA3ZTZmZjMyYWY5NjUxYjc4NTMwV0V06i3HvnzwbfutdDkMHzKh9d57gwLT97rBGF0jmg==',5,NULL,NULL,NULL,'2024-10-16 21:08:41','2024-10-16 21:08:41'),(197,53,'PTS12_notch_four','ZPtFZadlhPk1gGFPoqpAzzU5NDczMjQzN2VmZjhmZGRkNTA3MjUwZDIzZjBmNTdhZDliNzVmZTE5ZDdkNWY2NmY4MjI2Y2Q3MmFkZTRlM2RpXAVFd/JVG0eaZpMG97qZi+XsyJQo7f4Zk8t7lQiqkw==',4,NULL,NULL,NULL,'2024-10-16 21:08:41','2024-10-16 21:08:41'),(198,53,'PTS12_notch_three','wykoqfC14SZI6TNbIFU50WMyMTU4Y2UwZGNkNzc3YWI0NTg4YzVjMGM0Nzc0ZmU0ZDllYjcyZWIxZDA3MzIyNDZmYjEzNWE3NmVhZjg5ZjUi/dPf6cgLOgq8IR/rDJsmo0bF5Iu1I6VtPxISL3kA+Q==',3,NULL,NULL,NULL,'2024-10-16 21:08:41','2024-10-16 21:08:41'),(199,53,'PTS12_notch_two','OyOgApExMFNKLdfpJdONJTgwMjc0MmUwYmRmYzJkN2NiNTUyZjNjMjE4MTZiZDc1ZmRjZWM3MWI2MDFlZGVhNDUyZjljNDI3YmE0MTBjYWJFz/EbRC9fkbBy++66Fg8F1CJeXoYH43y/we8IwXaN8w==',2,NULL,NULL,NULL,'2024-10-16 21:08:41','2024-10-16 21:08:41'),(200,53,'PTS12_notch_one','zeCaRMJiT64NKQdwhJfugmRlZWVhNTg0OThjMDY5ODRkYzM2MzI1NWJlNTljMjFlMWVmZTU5NWNhZjk3YmM0MGNmM2U2ZmEzNzZmNDQxYWIRa4a540zJ+PYz8NOQKoW62Fi7/HxaCdndER80fILOnQ==',1,NULL,NULL,NULL,'2024-10-16 21:08:41','2024-10-16 21:08:41'),(201,54,'PTS13_notch_five','9YvTHpbNk0eCxMLK0cA4QDRmYWJjNGVjNDY1NDFlZmE0ZjRmNGZmYTYyNmYwY2YyOGY5NzMxNzhlNTJkYzhiYjhmZmI2ZDRhNzQ0ZDg1ZmWln7bkWFAB5xDaBE8ol8GmctXIVaewWLHv4H5u3kDhzg==',5,NULL,NULL,NULL,'2024-10-16 21:08:41','2024-10-16 21:08:41'),(202,54,'PTS13_notch_four','hECoBN08JexWSGv4+Yv33TQwODNlM2JhMzQ3NDE5NWZiZTYxMTQyNzA5NWQ0YzVjNDIxYmU1Y2E0MWFmY2Q3NTBiZmE2OWFmOGE0NGRiZTWhRrGjdDB+v9n/zuKwARIhTnhpIvmL05FW4EdFScp41A==',4,NULL,NULL,NULL,'2024-10-16 21:08:41','2024-10-16 21:08:41'),(203,54,'PTS13_notch_three','r7lK1qbeLzcUPXGOmvLVtDc0OGY3ZDBiYmU1ZmU2NGIwMTBlNzQwZGYzMjlkYzI5MzExMzFmNzU3NzBhODUwMTliNDBhNjg3ODU0ZGRjYTfW7eX2N+V7OXAPCKZpfOQJvq88rKRKnhNeNJAsOpm7zg==',3,NULL,NULL,NULL,'2024-10-16 21:08:41','2024-10-16 21:08:41'),(204,54,'PTS13_notch_two','OhfRdr2GQu8RKpsjZsZ1NWQ0ZjI0NzBmYjE1N2NiNDg1Mzg4NTE4M2YzZTdkNGUyYzRlM2VkN2I3NGNkMzkwNmE5MmM1MGM0ZDI3OTEzNDQfpsbhSZYy1dHlLMMsoGi+O1n2FXOMYNg748ACkYFUuw==',2,NULL,NULL,NULL,'2024-10-16 21:08:41','2024-10-16 21:08:41'),(205,54,'PTS13_notch_one','9Le/7NBZQYufFWSAolAsbmQ2MzYwZTMyYzhjZTkyMmM5YTA0MmJjMTA4MDU5NThkZTRmM2Y3NWExYTFiMzZlYWUzNDNkYmE3M2RhZWYwNDjMrc/jZkZv/yTaZMtF8lPTE5bgUxHvl4cCgcDvdYZg7A==',1,NULL,NULL,NULL,'2024-10-16 21:08:41','2024-10-16 21:08:41'),(206,55,'PTS14_notch_five','NTjx4VUUanz7cfjn4uryyzc5YTBmZGU4MDE5YTY3YzU2OGMxNDY3N2ViMmFmMjBkMTBlNzJhN2I3ZWZlYmFmN2U1MTI2OTc2NjE3MWZlZjGJX3hVTxlRirDVefBviwjydSA+cFpvvv3qrd/V9dTKwA==',5,NULL,NULL,NULL,'2024-10-16 21:08:41','2024-10-16 21:08:41'),(207,55,'PTS14_notch_four','5FAfcP/WCGFcI3tR9Qpe3jNhYWNkOGZmMDM4NGY1NDE2NDQ4NGZkNmM5OTRmMjAxMmE5OTY3NWQ1OGVlNDY2YTY2MWRlMTFmYWQwNzlkNmZh78Z9my4Pm65ffuxz7jBDVnw54GBCND6JfU2YnUn/4g==',4,NULL,NULL,NULL,'2024-10-16 21:08:41','2024-10-16 21:08:41'),(208,55,'PTS14_notch_three','4R6RfdKD8kwKntRbEgHlWzQ0NjkxZGZmZWYxOTE1Zjk5ZWE5NDg5MTA2N2ZiMGNiMzRlNmMxMGI4ZjNjNTUwZjRkZjdmMGQ1NzRjZWRjZTneeJXNMj5pgjDunpVnHEUieZ66XG2opCb6vanmTFOKmQ==',3,NULL,NULL,NULL,'2024-10-16 21:08:41','2024-10-16 21:08:41'),(209,55,'PTS14_notch_one','ZorH0IvcrXTixLOwLNn0oGU3NDhhNGRjOWM2ZTViNDEyZTEzYTAyYjIxMWZlZDQxMDllMjYxY2UwNjhhMmU2YzZhNDk3MWNiNThjYmI2ZDcs6N/YD69fWw5+hhKZV+tE0xyDLSNlOVP1bfD0vm7D8Q==',2,NULL,NULL,NULL,'2024-10-16 21:08:41','2024-10-16 21:08:41'),(210,55,'PTS14_notch_one','Qai7RkBmlEMrrEzb0eeG/zk5NDg1MDkwZjBjY2NhNWM1YmE2YzRkZjUxNzBjYzMzMjQxMWU5ZjU0ZGIxNWU1Zjg1ZGZhYTMyN2Q4Y2Y2NGH+GXHQTi176EBWLfN0TSjYx2m6jU9P5Rt1yI5Z7NqCcg==',1,NULL,NULL,NULL,'2024-10-16 21:08:41','2024-10-16 21:08:41'),(211,56,'PTS15_notch_five','30ML0+T+5SAJfOiLP1m3xTlmYTMwNWQyNzhiMDZjZTlmNzgxOTQxMWZjYTc5NWE0ODRiOGI1NjUwODM2ZTkzNzM2MTc4NTNhYTZlY2I2YmPFlsspk4lnLYrXs8HL6fM04CjMOqVWlswIXSD/1zMBnQ==',5,NULL,NULL,NULL,'2024-10-16 21:08:41','2024-10-16 21:08:41'),(212,56,'PTS15_notch_four','WUW8jwG4u/NNA77VPAybwGJmOTQwODMwYTIxMzUyYjZkNTFlOWJkM2I5NTFiYmY2NTE5OTFiNDIxNmY4NmIyMGZkM2U4MjgwOTViOGFmNzaThYPoESc1yo7cXwlo/Tp3ZYfbHyFFjh1gqupWFK9FsA==',4,NULL,NULL,NULL,'2024-10-16 21:08:41','2024-10-16 21:08:41'),(213,56,'PTS15_notch_three','h4WQMxdhoRjEKpxxI3/3d2VjMTE3NjIxOGE3ZjFhM2E4Zjk4ZWMyYzRlNDM5MDJiZDQ2MjBmNjczMzc5ZDdiZmExYzQyMzJmYTU5NWRjMjbDtO0W4NQ95yDqSFR6Y7mcTw+dJoziQQuX0oAjzDRl7g==',3,NULL,NULL,NULL,'2024-10-16 21:08:41','2024-10-16 21:08:41'),(214,56,'PTS15_notch_two','c3ZJ+unX+gKo5ypU+ifo8TUyZTVmNzJmZDlmZjIyYzc2M2Q3MGI3ZWE4NjUwMjA2ZjYxNTNhMjZjYzFiNzMyYzFjNTI0Njc4MmQxNDA0MjmDYo6xLQsoJOD36QRPmlAhXTrB3Ek824W4QZidavnfvg==',2,NULL,NULL,NULL,'2024-10-16 21:08:41','2024-10-16 21:08:41'),(215,56,'PTS15_notch_one','UXyWvG6pMI0woI4J04lLVGVmN2Q5NDZiNDViNmJmMzhiODY3MTMwYjE4YzRjNmM2MWIxZjA0MmM3NWE5YmM2ODA5NDFkYTU5NzBmYjExMGG5tAzZLmd3uZa4+aOTQKOztBuPefSU6wrjBgPClRTgQw==',1,NULL,NULL,NULL,'2024-10-16 21:08:41','2024-10-16 21:08:41'),(216,57,'SES01_notch_five','X9OfNG81LNQBtZnkQ4kKhTg2ZGFmOTlmMDc4MmRiZmM0ZWJiYzRhODE0ZGI5YTFlY2NmN2U0ZjEyOTEyYzc2MzBiYmE3MjYzNDJlMDkxYWRWRbqvvVYr9E29d4JF12nbIsV/nzzkShXgrzg7fB3QZA==',5,NULL,NULL,NULL,'2024-10-16 21:08:41','2024-10-16 21:08:41'),(217,57,'SES01_notch_four','nuM7MoBbQRZWkBfXAqRwTWY4YTliNDZiYTc5ZWJiOWE4MmFlNzgyODAyYTdiOTEyYmQxN2EyMTUyODlhYzAxYTg1NTJjN2Q2MGI2NWMwNGbZ4lr9vVRQUuqYloWdK1vC6CUnneHG7DAnDzEQxKI0Uw==',4,NULL,NULL,NULL,'2024-10-16 21:08:41','2024-10-16 21:08:41'),(218,57,'SES01_notch_three','cwwE75hIvq3KuIVM14lHczcwM2M2ODU2ZTRhMDg5NThhODVjYzMzZjVkNGE1NDhmZjg3NWRlOGVjNWZhZWU4ZmI3NjUwMGI1YTRjYTVjMzR4oTWaH3f4sRu69tLnM0WoRvAWYc54koy0SGLkw9Jo7Q==',3,NULL,NULL,NULL,'2024-10-16 21:08:41','2024-10-16 21:08:41'),(219,57,'SES01_notch_two','1r+vP8futXn14go3zvwYlDAzMjQyMzliYmU4M2U0NTY1YjFkNTIxMTRkMDgzNjllZjkzZmJjNWIzOTRlOThmNTRiYmZiZThjYWY4MDVlM2Jxr5pPB4Gks5r/js6taDwJ+98fhGS8zgm/gZJPj7y8WQ==',2,NULL,NULL,NULL,'2024-10-16 21:08:41','2024-10-16 21:08:41'),(220,57,'SES01_notch_one','hHLHF2IsdCeaaPPnNo9vFjIxNjAxZTk3YjA3ZTU5ZTAwZDk4ZTY1ZTQ3YmNmZTc0MzVkMWY5YjQ3NDljYjdiNmRmNjcyNzA2ZjkwOGU5N2P//KUp/tpCxwUA35NQypGFqopelbkbw789YJAxbA76zw==',1,NULL,NULL,NULL,'2024-10-16 21:08:41','2024-10-16 21:08:41'),(221,58,'SES02_notch_five','2etnPCRHQoS5MYHfKn61kjg0Mzc3NWUzOTNiZGMyZTAzZWJjZTI1YzkwYmRiZjcwZDI4MjQ2Y2RiODk5ZWU2MTk5ZWUwMTE4NjQ2ZTI4MDDBRdkF9yEl3Q0ZVyfJZL7vBPOOuFY/NIzGkVZ8SiwZSg==',5,NULL,NULL,NULL,'2024-10-16 21:08:41','2024-10-16 21:08:41'),(222,58,'SES02_notch_four','M08LCHHt8kpyrjwcIzCQOGY5MTUzYWMyMjVhMDIzNmZiOGYzZjg1Mjk0MmM5MTc3NTk2ZDg2YmVkMDc1ODkyYmU4MTY2MWQ0N2ViMWEwZWNZ2O0OSE+gixv65T7GVncsO/xQ4ND/ejYuVNHdRVxecw==',4,NULL,NULL,NULL,'2024-10-16 21:08:41','2024-10-16 21:08:41'),(223,58,'SES02_notch_three','bWbQYTVxF5pryhxG+x0f7mI3NzEzMzA1NWM2ZDFiNmEyYzQ2OTc2MjNhZjI0MmUyZTlmZTQ3NDIwMjQ5YmY5NzgxZWE5OWYxMjczYTYxNzdcncOXSjtmDvxVZiyLz7CKBmMjlodStHO9JR+u7ZSp1g==',3,NULL,NULL,NULL,'2024-10-16 21:08:41','2024-10-16 21:08:41'),(224,58,'SES02_notch_two','A2wnNJBPVdmLwZlVUeZEIDUzMDFmYmRiYWQ5MmJiMTUwMzhhYWMxNjcxYzBhZTM5M2YwMmE5NzViOGQ1N2E3NTNiZDlhZDNjNTQ1NTZhNmNFxAcRxIAw7TFjhXZRypYazHM68zlGeDqUVGqqNK2tgQ==',2,NULL,NULL,NULL,'2024-10-16 21:08:42','2024-10-16 21:08:42'),(225,58,'SES02_notch_one','SPUxwJ3nwIpJsH7rOril2DVhYzNiM2UzYmI4MDExMWQ1MjJhNzczYzliOTEwNWJiY2Y3NjgxMjYyYzMxOGQ5NGZhMjI2ZTNjOGVhYTIzZWPx/76H1hPftXasL4qTQSU5Ic/F1wtEBRFOCJxH7DHjlA==',1,NULL,NULL,NULL,'2024-10-16 21:08:42','2024-10-16 21:08:42'),(226,59,'SES03_notch_five','AHkBU2iAw4LnVzmO9hENfDdmMTY4ZjU2NTc0NjZhMTVkNjBmNTFhOGFmZjM1ZmRhMDdlNjM0MjdiZDliYjA0YWE2OWYzMDE1ZDViMTlhMmUYNAdQFLN55+5N5mwp/fVkj8DOZmKflYqGsp9eBRUvGw==',5,NULL,NULL,NULL,'2024-10-16 21:08:42','2024-10-16 21:08:42'),(227,59,'SES03_notch_four','7piiXWH4DC/G8VKnbGPBvmFlYmZiNDEyYWU2ODBkNThjNjYwOGViZGQxNzA5OGVjYWNkOWY5NDg0ZDUzNjljM2UyYTA1N2U4Mzk3NWYzODcto9wLFJ89wFwdtf+vbPLlW5rJQqIo5kAFxd9P6KmkpA==',4,NULL,NULL,NULL,'2024-10-16 21:08:42','2024-10-16 21:08:42'),(228,59,'SES03_notch_three','3ez+b2gPDvb3M0EjJuhcZDMxNDA0YTJkMzBmN2UyOTNlYmYyZjJmMTc0NDQ3OWZmODAwMThmOTU2NzcyN2ZhNjQ4M2U2N2FjZDRkY2U2YWb4wMWrkpAHuLnpr3UezyGm/1Oiqek6TUSqVnikR5+M5w==',3,NULL,NULL,NULL,'2024-10-16 21:08:42','2024-10-16 21:08:42'),(229,59,'SES03_notch_two','+bSUoUupg3tAD/s3n4OV8jQxZDM4ZWQxOTVkZjkyZDgwN2NmNmFiYzJmMGZiZmRkNjlhMmFiYjNiMjAwM2ZiYTA5YzQ0NWJkZWY2NDRkMmZ3iAgGqQl0EH8zPINXNqauFF7++gduvUXBO7EKv3hO7A==',2,NULL,NULL,NULL,'2024-10-16 21:08:42','2024-10-16 21:08:42'),(230,59,'SES03_notch_one','itd8OI+XNLICYi+xXeA9tzMwNGNjOTZlNGMwZGZhOGQ1YjEwYTgwNDg4MzM5ZTM4NGNiMzgwM2E0OTEzM2JiMmIzYjczMTI1NzA4OGRkNDiY6TVQa8vb5YrICFVxsyYHtrtkgAiivV/6TOeWRb8e9w==',1,NULL,NULL,NULL,'2024-10-16 21:08:42','2024-10-16 21:08:42'),(231,60,'SES04_notch_five','tUbyEvOwbrmWu2V9AoTn8jNkYmIyMWIyYmI1YTE4MDQ1MTc5NDZiNWE3NDQ0NDU3YjgzYWNmZTU4MmQyMDA4YzI3ZGVhYWY3YjhiYjc2MDO+YLDF6qR1BmW1luMYeDadShvpPo5twIn5MZQ/MXlv1A==',5,NULL,NULL,NULL,'2024-10-16 21:08:42','2024-10-16 21:08:42'),(232,60,'SES04_notch_four','NS/1oUxyqbSdnCrzE6eBmWE2OTVhNWQ0MDIwZTlkMjRjN2E5NjgzNGZmOGEwMDQ5YzMwMTBmYjA3Y2U3MjM0NTJlOWQ5ODE2YzI5NGVjNTZnVfwrUIyduP9RQoettwQG/WOZXUCSSHvVip6D6jfMcg==',4,NULL,NULL,NULL,'2024-10-16 21:08:42','2024-10-16 21:08:42'),(233,60,'SES04_notch_three','QwmUh5Xlnj17HsaOJad8DDczYzM2ODZkYmI4ZDQxNjU4NjNjY2UxZGJhNTdmN2ZlODQxZjhlZTc0Y2NmOTJiODA4MGI4MTgzMjc0MjI3YmFqHR1U5tOhjcQeIwo0Dng7Q1W1XNBw+JBegDOhvreuSg==',3,NULL,NULL,NULL,'2024-10-16 21:08:42','2024-10-16 21:08:42'),(234,60,'SES04_notch_two','A/vY6bcg0/3S6cQddv0X2Tg4ODA3YjExYzg2ZTZlZmIzNDkwNDUxNDhjYzE1MzI3ZjM4MDkyZWRhZmVlNjllMjNlYzVlZThkODEwNTA0ZTLGf3iJoPYumsmJFnkZayudKoboWDXS0xMJq6re8nHjxw==',2,NULL,NULL,NULL,'2024-10-16 21:08:42','2024-10-16 21:08:42'),(235,60,'SES04_notch_one','M95RgSZEWRElAwalLA2Q/GM5MDhiM2RiYTZlOTZkYTc4MjgyMDk2ODM4YTlkZTk1ZmNkODc5ZjZiZDEyZjI2NDkyYzI5MjU2NzQ1OTFkM2GCCkkI9qzWKu85KSwGw6rFbXPHGa3YTYH1pfzil/8lZA==',1,NULL,NULL,NULL,'2024-10-16 21:08:42','2024-10-16 21:08:42'),(236,23,'CW04_default_notch','4yioINcRavb+gGAaMYSuZWU0YmFjZTU5ZDU4MWNkNDdhMDUwMThiNWQ4YTMyMWQ4OGQyZDE5YmU1MDk1YWYyNmJiNTYxNzlmNjRiY2NhZTP1C4aYRPVNok71m+1PlyAiTjOhzCbw4KfKELYKnFdeXA==',1,NULL,NULL,NULL,'2024-10-16 21:08:42','2024-10-16 21:08:42'),(237,25,'CWS01_default_notch','h5xwnQAoEH3YZ9qhpzTiVTJlZWM5NDM2MzJjZDNkZDExNGVkNDBlMDNhYzk3OTE3NTIwOGRiOGI5ZGU1NTYxYTcxNWFlNWQ4ZGFhOGI4M2Gf8f4LVIwn2f5agFch4AHg4BCNCxbuDWY4mdEDx85lrA==',1,NULL,NULL,NULL,'2024-10-16 21:08:42','2024-10-16 21:08:42'),(238,22,'CW02_default_notch','KTVuseleP+/knQ2QDgP1qzgzMDRjMTAzY2U3MjhhNTQ5OTQzZTQ0ZjJmNDhlMDk3ZjA2ZDQ1MDMyNTMwMDk1NTk5NmJjNzcyNDZiZTY2YzWDEvaBax+HHNaUYQnw/R3IZ0mUCE7Fvl/oHhspozav+w==',1,NULL,NULL,NULL,'2024-10-16 21:08:42','2024-10-16 21:08:42'),(239,23,'CW04_default_notch','z5Fmpsw6lLfqAsEwjdYfSGMxZTBjZWY3NWRjZjM1NjhlZjBkODQ0MDA2OGVkMzliZTEwMDBkZmQzZWJhOWJhNTc1ZGEyZTBiOGY0MzNjZjLwLTLgzTWEsmhFlIMie59We6b+blYF4wrtSRVMK0opEA==',1,NULL,NULL,NULL,'2024-10-16 21:08:42','2024-10-16 21:08:42'),(240,26,'CWS02_default_notch','ry2ZQVGqMVZBosIXhPd7qWZiYTM0YzkxMmMwNDY2YjljOGI0ZWRhY2YzODM5OWVlM2YyOGM4MGEzY2ZjZThkNWU0YzNkZTFlZGE3YjQ0ODmTIX6We1PJiWuLTro/BD8rfiJxSUzXNIwmd/HXXVHuzQ==',1,NULL,NULL,NULL,'2024-10-16 21:08:42','2024-10-16 21:08:42'),(241,67,'CWS05_default_notch','4CwE5FP7NB+1sIoDFnpyrzBlNzI3NzQwNTU2YTQ5YTYxYzJjYzhkMjk0NTFiZWIwNzZmZDFjZTJkYWY4NjAwYWNiZjgzOGI2MGVhNjM2NjHiYTQjtLx3x/DQNiMMhVwa/lc6E9X3CAKRmCmwdU6W1Q==',1,NULL,NULL,NULL,'2024-10-16 21:08:42','2024-10-16 21:08:42'),(242,62,'DW01_default_notch','Ici46b1aXtZ9nwx3yiFWNmQ0ZGY0N2U0M2FmOTEzOTc4MTFlYTJmOTIzNjk2ODI0MmUzNjVhMmM3ZmE1ZDUyYjIwNmYxZmJkMDJmYzViOGHjpyelfpw2fCmsY7zcplSbIWrZCWfNjsHMwVvxFYnK9Q==',1,NULL,NULL,NULL,'2024-10-16 21:08:42','2024-10-16 21:08:42'),(243,31,'PLS01_default_notch','K4iTjDqCP3VjHSrFB/yFdmYyNTkzNzViYzMzYWI3ZWUxMGEzMGRiMDVhMWUzZjY1YzgyNDI3MDAzNWYzMDc2Njg5YzJmZDE3OTEzMzVhNDYCoGo8VbLXSaA2swdM7DuCGBSdh5K1SE3fzOiwyqAmyg==',1,NULL,NULL,NULL,'2024-10-16 21:08:42','2024-10-16 21:08:42'),(244,32,'PLS02_default_notch','1GnnKZz7q/Dq2RVmlyl0J2ZmMmRlMjJjNjViMDU4ZDhkM2IyOTNjYjZjNGI0ZWNhY2ZmYzAxYWMzODZhZWEzMTVlZGZhMDAyYTZkY2IxNzlAiK04qqug98dRcYYlwh9GZbRisl1/Lw81Tn6j09x9Hg==',1,NULL,NULL,NULL,'2024-10-16 21:08:42','2024-10-16 21:08:42'),(245,33,'PLS03_default_notch','7sB7C0ynQS9Z/atpppHnpGMzN2I5MjhjYjAwZDUyYTkwZTIyOTgwYjE3ZDQ1MTYwZGZlOWM1OTFkYWJhOWRjODQ2NmI0ZWQwNGU4ZTFiN2Y2nLm7R0dTsHQajh+9vj6CH6Zc8Xr70IsNpQC+2PX7Uw==',1,NULL,NULL,NULL,'2024-10-16 21:08:42','2024-10-16 21:08:42'),(246,39,'PSL01_default_notch','j23ifVkstWSdOe3z4fF5+DZmYjg1NTQ0MWJlZGYzYTk5ZGJjYmQzNDczYzVkNTViZThjMjNhMmI5NjAzMjg5MjJhOTA1YzBhMTlhNjhlMmKEiPBh1Rt6mwVVQ7QeOrKk7eNgE3C34/3VrL6Zsc2MPA==',1,NULL,NULL,NULL,'2024-10-16 21:08:42','2024-10-16 21:08:42'),(247,65,'PSL02_default_notch','7H/SH/VtAE24rmuaGhjtrjRkNDEwMGE2Mjg3MzNhMzcwZTU4NzJmODEzODExMzVmNmMwZmZjYWMxZmMxZWE5NTdkNmM5NDBlMjkyY2ZhYTfuYBppPViNjTud0yPyHETKMocYRNk7e225703Bil5lFw==',1,NULL,NULL,NULL,'2024-10-16 21:08:42','2024-10-16 21:08:42'),(248,66,'PSL03_default_notch','7BsPTRPad1IOSJdhS3KMtTQwMTI2MmQ0MzliZDJiNTlhYmNlNGRhYjk5MjZkODQ3NGY3MThhYmVmY2U1MDVmOGUzNzljYmI2OGViMjRiYTYhOmyqDqT9voI1+CXqnxbyyNV3Z6SPOgQWKMnn20ABgA==',1,NULL,NULL,NULL,'2024-10-16 21:08:42','2024-10-16 21:08:42'),(249,68,'SDF01_default_notch','eN+430LILCdEP8C3dqYt42JjOTRjMmRhYmM5ZDFjYmQ0NjU2ZjViMTdkMDljNjk1NTgxZGNkOGU2MTBlNDljYzFjZTliYjhkZjI5YTM2MWM1ftZXVuELeU6lImeD3Grocn1JBsewgnjfpNkwaRf8lg==',1,NULL,NULL,NULL,'2024-10-16 21:08:42','2024-10-16 21:08:42'),(250,61,'SDS01_default_notch','t0xOOhKdrR/Zjc91gx8pVDYzZGY2NzQxMDA4OWViNzc4NGJiMzQxOWIyNTlhN2VjNjk4MGJmOTk5N2UxNjEwOTc5YzhiMGFiOWQ5YTNkYmUcoYzZjrK/0GejfZdLh35WvictU4vAiXesa5Q/PZ+UVg==',1,NULL,NULL,NULL,'2024-10-16 21:08:42','2024-10-16 21:08:42'),(251,26,'CWS02_default_notch','nb7iVeEJPkFOypgIzfdjQGM5NzRmYzk0ZjZiZGQ5NDg5ODhhYTE1ZjhmZWE3OGViNGVlMmI0YTMxOTY1MzVhMWY5NjEzMGVlOTdhYmUyODMwL4vHOxl9QUVm1Sm/xjNsMXscxd6lPDDULpCiSlhDeQ==',1,NULL,NULL,NULL,'2024-10-16 21:08:42','2024-10-16 21:08:42'),(252,69,'RTS01_default_notch','PPn0TFu0K2aByV+i0h2LujQzNWQxNzBiYTc1N2VkNzFhMWU3YmQ3MDNmYWI1NzVkMDliYzQ3ZjQ1NWE4NTU0MDJlMzc2MWNmMmM1YjhjYzMFKHX021FLK10DQby3IeRrqfzYc4S4ebOdN0a13LeJEA==',1,NULL,NULL,NULL,'2024-10-16 21:08:42','2024-10-16 21:08:42'),(253,69,'RTS01_default_notch','ddGlQa9zzqvu5y5JGGRP3TVlNDM0YmY3M2JjMTUxNmQ0MzA2YTc3ODUyOWYxZDA2YmFiZTlmNDNkYTJkMTgwNjQ4NWU2NzA3NDk3N2RkNmPkjQxRtP5/OENDKkwF3tPSPFn1VJof+9M9gldz//eA4g==',1,NULL,NULL,NULL,'2024-10-16 21:08:42','2024-10-16 21:08:42'),(254,69,'RTS01_default_notch','l2gtXZbgM7A/4xmsQhZh4GNiNzM4MDRlMjQ2MjEzNjkyYjk0MTE2MTExNmMzMTczMzEyOWQ5YzkzNTM1MWRlMzFkM2UxZWE5NjNjNmNlY2JV604SbUy0hXo6PbEXu2BBDWuhQFKhnqmQGHwXy3ulaQ==',1,NULL,NULL,NULL,'2024-10-16 21:08:42','2024-10-16 21:08:42'),(255,69,'RTS01_default_notch','yX7Be+1BkcZ7grdRE2pAsmNkODhkOTI0YWM4YjI5YzA4YWFlYjQ3NjBiNjE1NGZlMDM2ZTllNTcxNjZhZDNkNmFiMGFhMjc2ZDZiZjM5ZTausdv574xIb4KT+HGfpvOtsYnuWMhhSrHWdwahiG7crQ==',1,NULL,NULL,NULL,'2024-10-16 21:08:42','2024-10-16 21:08:42'),(256,69,'RTS01_default_notch','aQblecIxiYAq8JR3+CU/QzAxMzIxNjU5OWU2ODNiMWQxZTM3NDI5Y2NhNzM5MTJiYmY0ZTJjNWE2NWFlNjNkZTRjNDk3NjYwZjZiOGVlNWE7S+ALR6LZeCOgYn8mrVVUweE8994RX9ETiHmLmNQnzw==',1,NULL,NULL,NULL,'2024-10-16 21:08:42','2024-10-16 21:08:42'),(257,69,'RTS01_default_notch','Abhi6DWXCUS41mLdNAPxqDdjYmUyZWZmMTkzOGIwMzcxYmY1NDE1ZTMyNWM0NGRkZjIwNTA0ODViYTRiOGRjMzI0ZGU4ZDJiZWRlZTU0ZGI0KIQOOFdUOf/2T48HAthVUVoGR4A/AwhyiZ3rnXCjaQ==',1,NULL,NULL,NULL,'2024-10-16 21:08:42','2024-10-16 21:08:42'),(258,69,'RTS01_default_notch','RSGblukq53I+jEiKw+Ai1zIwM2JlM2JhMTYxYmUyY2E4NTE2YjZhYmMxZmI4NTFlNDkyNmVmNGMyNWRiMGUzNzc1MDVlOWFlNmM3MjNlYTfHL06luTx34JVzqYkn0a/io4VZVSTSL0heR8SZRaHC5A==',1,NULL,NULL,NULL,'2024-10-16 21:08:42','2024-10-16 21:08:42'),(259,69,'RTS01_default_notch','EBaSfeFV5TnljnTl8SBWcDhlOGQzMTQ3Njk3M2MyMmRkYTA2MmVlOGZiMGQ0ODMyYzNlYmY0ZDlhYTE1ZWQ4NmQ0Mzg1MDc0YWZkODc4YWU0Vn7qJkSQEOLcNriK8mhTiJxZsuGeebJIr/zAA5NwwQ==',1,NULL,NULL,NULL,'2024-10-16 21:08:42','2024-10-16 21:08:42'),(260,69,'RTS01_default_notch','6cNdETt8UJ8Hw2VUM1Lom2RkZDczOWRmZDc0ZjQ4NzFiOWI5ODQ1MDg4MDk0OGVmNWY1ZjMzODhkYjE2YmNlYzM3NmIzMTAwMTMwZmJiZTJCnF5QcsJHJ8ESUf/Q7lHR9kCSbQaNb+LxKKXvFHTvbg==',1,NULL,NULL,NULL,'2024-10-16 21:08:42','2024-10-16 21:08:42'),(261,69,'RTS01_default_notch','oTI5AYwyhrGQDSX1vLnN3WM5ZmVjZWYyZjc2YTA0Mjc3Y2RhNjIwZjI2MGIyNzE1MTMxNjNlNjg5ZTFmNWMzMzE5ZTIxNDQwYjljMDdlZWNpnW9/w6/yGmZmomOGUBr42THD1SufbTVRhPYhOMICdQ==',1,NULL,NULL,NULL,'2024-10-16 21:08:42','2024-10-16 21:08:42'),(262,69,'RTS01_default_notch','7orcTL/o5J6azO0Kyy3MymM5NjIwN2ZjOGNhYjQxZjNiMDgyMjYzMDgyMWZhM2E3YjU4MGQ2NDgwMjM4YWI0YzFhYzc4ZWVkNjM4NGYxNGXpKDn8ThhJh/gP/nud5v6irRg9bJ41bw4OPF3oQycvzw==',1,NULL,NULL,NULL,'2024-10-16 21:08:42','2024-10-16 21:08:42'),(263,69,'RTS01_default_notch','sYG72SecSDl9ar6jcz5a/2NmNDY2NWQyYTgzNjEzYTI4MmIxOWRjNjQ4ZmI5OTBhYWQxMTIzMTZhNmY1NDliZTA3ZjU3MjE1MjRkYjE1MTXUXkd/JBxj1qjvjchq0ueVsHUqzzZTfCmb/BuGyloJjg==',1,NULL,NULL,NULL,'2024-10-16 21:08:42','2024-10-16 21:08:42'),(264,69,'RTS01_default_notch','22ea0qzsan/tSdi8/HUmWjhhNDBjMThmMjUzMzQ5ZDE5OTNhMTQ0NWNmNjNjMjBlOTgxN2NjMzBhMGI3OTI5NmI2NmQ5NjQzNjIzYTRlZTW6z2w8sHKy/rgBezwxFPKFtnp76lyoSzFtV7QhYsS3PQ==',1,NULL,NULL,NULL,'2024-10-16 21:08:42','2024-10-16 21:08:42'),(265,69,'RTS01_default_notch','p/mY5Y+Bi9ZmADZZGX/jCDQ0NTM1N2QzYjNlZGMzMDk2Y2MwZWQyODBiMGM2MWUyNjY3OGE3MTRhZjg3ZWEyZGUzOWIxN2ZkYWYxM2Q1NjAuIIqpj6fFC+OmQbNfVkRjUYCgoVO1RUvmY9MHORDp8w==',1,NULL,NULL,NULL,'2024-10-16 21:08:42','2024-10-16 21:08:42'),(266,69,'RTS01_default_notch','nRi510D32aCXEhLEqwfdtjU0YmY1NWM2NWQ3ODBkZDFhMzJlNTY4ZjI3YWVjMmI0YmIxMDAyYTRiODZiMjZjNTI0ZThmYmU5NDFkN2M4OTJNglFYsGovYhRGmrhSuwm9I93yO+xWO1iJFvDU8lVB+w==',1,NULL,NULL,NULL,'2024-10-16 21:08:42','2024-10-16 21:08:42'),(267,69,'RTS01_default_notch','OgnkeuDIoU9n9n6UiPwJaTQwNDNjMzFmNzZhZmRjODRiZTI4MDEwOWIxNDE2NTcxOGJiMjRhNWQ3MTk1YmNlZTIyOTRhYzQ1Yzg4NWM3Y2T/avOipjWn3/5uvxoaq3n/cKwLMk46/n+317irHKnb8g==',1,NULL,NULL,NULL,'2024-10-16 21:08:42','2024-10-16 21:08:42'),(268,69,'RTS01_default_notch','Joor246AUW7q2AHhVr+vcGM3YTk4MzNjZjFmNzdiMzc3ZTZjODk0MTMwZmE5ODdkZDMzYWUyYzRkNjVmOWQ4MjdiYTE0ZTgyZWNmNDE5YjAO0kpE9F8byBhhsO466ZSbLx7pReLqQFpvnyTCVw3w+A==',1,NULL,NULL,NULL,'2024-10-16 21:08:42','2024-10-16 21:08:42'),(269,69,'RTS01_default_notch','O6iTS9SVkHGmHJbMklueOjYxMzA1NTRhYzk0MjNhZjZmZThhYjIwYzMyZTYwZjQxMmZmYTA3ZGFlZTU0N2YzNmNhYTU2OTdhOTEwNDc0N2Pa4p2SRALMblU7UY3K2EozxLKkrZzwfYZAh92rsoU/lw==',1,NULL,NULL,NULL,'2024-10-16 21:08:42','2024-10-16 21:08:42'),(270,69,'RTS01_default_notch','G0aGlbi2H3wwCXzhZqyV8DU0OWQ1MDJkZWQwN2RjYTE5YmYyYzQ0OGMxNzBjZDg5MTc3OTY5Yjc5NTI3NDQ4NDcwMTQ0NDgzZWFhMDhlYjnkpj+hUXidHJY1YlU9tsvJZOjLfEu9RainxeDN6D9LGw==',1,NULL,NULL,NULL,'2024-10-16 21:08:42','2024-10-16 21:08:42'),(271,69,'RTS01_default_notch','Rou8UVGVaoZ8JjatCYWKXTU5Y2Y0NzE2NDMzNmQ3MDRmODkwZDcwM2YxOGNmZGVmOWQ2OWEwZDIxY2IyZGFhMzY3M2Q2NDJmYjE2ZTM2YzFqa7Vr/sxfTc9yv/jmZDoytrbdso0FmSEsnYprKd0MZw==',1,NULL,NULL,NULL,'2024-10-16 21:08:42','2024-10-16 21:08:42'),(272,69,'RTS01_default_notch','UPJ/0cNyIpJYatfP+nZdwzU3ZmU4ODk1MDcwYzEzZDQwMzczNjY4YmUwNWIwZDA1NjAxZWI4NzNlOTUxMWQ1OWIwNDIxYjEyMDU4ODM4ZDimGeR81i/VFgaJMJDN74w20WPHWMGT7jR3SMT7qkc/+A==',1,NULL,NULL,NULL,'2024-10-16 21:08:42','2024-10-16 21:08:42'),(273,69,'RTS01_default_notch','q/BWNC8COijhG3HUbdr/1zcyY2ZmNjY0YmIxOTg3M2M3YWRkOGUzZmYyMGMxOTc3NTAxZjlkYjE5YzdmNzJjYmVkNGU4Yzk4YjVkMGNhZDja7if1s/1yETGgDrqhKXb8FhLfr10zlZcQ1w5cSBebFA==',1,NULL,NULL,NULL,'2024-10-16 21:08:42','2024-10-16 21:08:42'),(274,69,'RTS01_default_notch','Am3zgsuzDGsNRYsSRuzpMjY0MzcwZjJjZTc0NmRmM2Q1YmFiMTFiY2EzNGRlZDRlY2ZjNmZhYTZiNzcyZWRiMWUyYzU5NDk2YzIxZTJlMDhYAd/0wGimtopnl7vQOKV4SfrCHjON11dmWRcV7EGMnA==',1,NULL,NULL,NULL,'2024-10-16 21:08:42','2024-10-16 21:08:42'),(275,69,'RTS01_default_notch','S6VrGmLqy5vt5Rq8OwXQnTkxMTFlNjA5MjRhN2Y4N2MwMjQ3OTY0NzI4MDg2NTA4NWZmYjJjZWVhMDBkNzg5MGY0MzRjZjliY2RjZTdiYWUYZfYMPqhHFuhv6d/W1fepKoJLjvQ0r1nDY3cHIo5GTQ==',1,NULL,NULL,NULL,'2024-10-16 21:08:42','2024-10-16 21:08:42'),(276,69,'RTS01_default_notch','4yPqFEGsNoEg6RV/C6DEDTVhMmQyNWY0OTc5MTE0Zjk3MTY1YWEzNGIxZWY1OGQyMjJmNjQ4MTJhYjU4NjE0N2FkMDAxMTBiYWY0ZDZmZGQpeUdlCbKxYQ8n+yL709DXl/vF9UpmvENYs9CvbDnDGw==',1,NULL,NULL,NULL,'2024-10-16 21:08:42','2024-10-16 21:08:42'),(277,69,'RTS01_default_notch','23s0KJv9qzPjQRMrQ+RcEDdkNzNiZmI0NzhkYmY5MzQ5OWMyOTZjMTkxNjgwZGVjN2ZjMGRmODU1Y2U4YTFkYTg2MmRiYzkxNjIzZTA1NWSLsK/Okt32TiwSM1UCYrgiFohMobgSnwtG57vn8QA/Bw==',1,NULL,NULL,NULL,'2024-10-16 21:08:42','2024-10-16 21:08:42'),(278,69,'RTS01_default_notch','+oX0a1RRK+0A7obRvlvXRWFjYWZkM2RkODYxNjUxNDg3YzhiYjA1ZjIwOGUwYWI1ODA0Yjg3ZTMzMGE3ODNhMWVlMzlhZTgzNjA3ZmExNza/HWAnb3xISNT2ARqdvsmGhKtfQupT8PPy9qcQbPFBug==',1,NULL,NULL,NULL,'2024-10-16 21:08:42','2024-10-16 21:08:42'),(279,69,'RTS01_default_notch','Zjc5FHnSvOnJE2jKk6SZ1TdjMTI3MjIxMWYxYzJkYzIwODlkYzlkZWU2NzIyZmRhZTAyZTI0ZmM3MDNkYjljZWU0MjdiNDBlN2NkNTRmMTRUAyLvp4Q9beHkRE5hCm4k0toW77BL/uZJeqqgLa/NvQ==',1,NULL,NULL,NULL,'2024-10-16 21:08:42','2024-10-16 21:08:42'),(280,69,'RTS01_default_notch','lnEipRrsU7EkHPOLqh4LUDc3ZWFlZWRiMTE0ZDBmYjI3OWZlYjdlODkyNGFlOGViNzRiYmIyY2MyZDM2YWQ5OTdkZmFjYmNlN2Q5NGNkM2E0mKgz54C4QazAzYQS5Nms+hGrkjKjvFk9/tx2RwzmgA==',1,NULL,NULL,NULL,'2024-10-16 21:08:42','2024-10-16 21:08:42'),(281,69,'RTS01_default_notch','w0W1TY1v2Sn6UZ5+ttZVdzhlODIwM2UyODdiNDY2ZTI4ZjA4OGY1OWY5YWQ0MDI4YWE2MDI3OTI1MTkyYmVlNzBiY2I0MTA0ODlmZjUxOGWCXVWl4VogZaPtsv80qD5zCfbvznVm/Dh6lNQ6OUqZnA==',1,NULL,NULL,NULL,'2024-10-16 21:08:42','2024-10-16 21:08:42'),(282,69,'RTS01_default_notch','1Ac4R4xFY112J/ivliD6BTQwN2U0ODQ4NzRhNDI1YTQ1MThkMmY1MjM4MWE5MjJiM2E4YzU2NDljMWE2NDM5YzNmNjAyNzhkYWRmNTg4OTO3izLg5ubrfRHOs6/L+bs/rAyIFpN87k2Gk7KR1tt13g==',1,NULL,NULL,NULL,'2024-10-16 21:08:42','2024-10-16 21:08:42'),(283,69,'RTS01_default_notch','3oEQRM1bnvjZzIJWEXTN7zhhMjNiNzVkYTE4ZGM4MmY2NGU4ZDQxYjhjOTc1MWU5ZDFlMTM0MDIwYTI3YjhlMGEwYzM4ZTRjYjY4NGYzOWGlp6sF6tyXzKa+qNtXa1p/aWFnybEM17NiPeGxReKUvw==',1,NULL,NULL,NULL,'2024-10-16 21:08:42','2024-10-16 21:08:42'),(284,69,'RTS01_default_notch','x8MSMWKaWLNp02M3XrD/XDc0NjhlMjI1OGQ5ZThkNjM3N2MwYjdhZjI3NmMxM2ZlOGZmNWNlMjMyZWJiYmIxNzIwYzMxODA5NmU1OWRhYjeCc/7DBYW3LpT4TqFRvvXZVU1blDe1cefIkf8ZnjaCGg==',1,NULL,NULL,NULL,'2024-10-16 21:08:42','2024-10-16 21:08:42'),(285,69,'RTS01_default_notch','UtYFAvVTMsMzUpfQn2DxjDFkMDg1YjI5MTRmZWJmNjYxNzA1NWZlYzFkMmFkZGRhZDQzMjY4ZThhMjA2ZDMyMjBjYmZkZDQzZTg0NWU0ZGa2p0ZJXsmXu5LFxQnrE9b8PNUkq/l+OXDDdKEedtdV/w==',1,NULL,NULL,NULL,'2024-10-16 21:08:42','2024-10-16 21:08:42'),(286,69,'RTS01_default_notch','yOAiS+ISRaZP0klplZaMCGNlMTYxYTMyY2M2ODhkOGU0OGFiMzU2NjkwNDRkYTZkYzBmZWZiMjQ1MTY0ZmVmZjA5MmIyMmYwMWE3MWFiYmGDGGYdBnFEEGEWaxUR/4wsiPKGKlW07yOdTJkEwt8b4g==',1,NULL,NULL,NULL,'2024-10-16 21:08:42','2024-10-16 21:08:42'),(287,69,'RTS01_default_notch','Xy71wSQRaqVRe3beXwQ2YjMyOTFiNWYxMzc3ZWJkNzhmNGE5M2YzODNkNmVkOWYwZGM0NjVmOGY3YzQzM2Y3NjMzOTg1YWQ1OGMyNmI1MDN9glx2ZGkIQIDak327SMCJFfAo78Df/PCTnvDLsKshHw==',1,NULL,NULL,NULL,'2024-10-16 21:08:42','2024-10-16 21:08:42'),(288,69,'RTS01_default_notch','z21Xx53KQvayuWL6RJeCKWIwMDIyMzZmM2MwMjU0OTZlMDI2ZTIyNGVlMGE2OTg3Mjg4OGVhODY3MWU5NGVlNjU5YTM1ZTgxMmEyOGEzMjKk8luuMgpA7nzav+MHvXcVp6op1q4rozeI0qP+MMTI3w==',1,NULL,NULL,NULL,'2024-10-16 21:08:42','2024-10-16 21:08:42'),(289,69,'RTS01_default_notch','IOBthdOFV5GwWnHMRku69mVmYjcyNDQ1MDMxYjY0ZjJkYzRlN2I2YmQ3NzUyZjQ4MjgzNDgwYmZiMjc1NGM4MmVmZTc1OTIzZGFkZTk3MjX7VhOb+ODxxJlZIXJxDLpKB4kNCIvzkTTAtiv9XxA4hQ==',1,NULL,NULL,NULL,'2024-10-16 21:08:42','2024-10-16 21:08:42'),(290,69,'RTS01_default_notch','7/vnRKxcv4yfcU9us+z7fzAzODZkZDc0MDExY2IxMjljNmZlNjQxYjVjNDNjNDBjNjEzNmEzZmRiNzM5ZTcyOTRkNjhhNmM4ZDlmOWQ0ZTZgZm67JqBiMrhwSlkRK7yk8QqrqaBz7Y0UnuWnsc5cbA==',1,NULL,NULL,NULL,'2024-10-16 21:08:42','2024-10-16 21:08:42'),(291,69,'RTS01_default_notch','uK/35FSp+IHTrovmHjtDhGRmYmQ3MjM0MDkyMDg5MjEwZmViZDExMDQwNDUwZTcxNTA3NWEzOWViOTA5ZjY1NjZjOTQ0ZWEyNWRhNzM0ZDjlH9o+iWCb/VismFxMwuxZHsazWhUmFmiJKUSU30HUXQ==',1,NULL,NULL,NULL,'2024-10-16 21:08:42','2024-10-16 21:08:42'),(292,69,'RTS01_default_notch','DKjxiV8oV5CxJ0PvrQiJIzBjYmM4Mzc3MjljZDMyYzk3OTdhZTBlMTlmNTQ2NWI1NDQyYWQ2NDY0MzM0MjllYzA3MjIwY2NkOTQxMDZlNjc7Ki/xz2lhl7uRguoYBA1XlI4espD24SjxP3o7NJcFgA==',1,NULL,NULL,NULL,'2024-10-16 21:08:42','2024-10-16 21:08:42'),(293,69,'RTS01_default_notch','5/IyFNQVirVnyN9Veo0rHWYwYjU4MDI5NWRiYzY1MzNkZDYwNjIzNGY4MzE4MTE4MjFlM2E3MTgwZTkzNTg0OGVmNTVlMWI3MThlYTA3OTPh8IKuSTj+Miak8Rla/cL22McovXf1N7PAAyXgKT/Leg==',1,NULL,NULL,NULL,'2024-10-16 21:08:42','2024-10-16 21:08:42'),(294,69,'RTS01_default_notch','HrwR2EPJ0Up9k2TMOpaUO2ZkMGEyOTE4MTM5MWFiZmQxM2VmYzAyZGU4MTcwOWE3ZDYwMmE2YTQzNGVhZjVhZDlkZmVkYmVmOGEzNjVmOWOQZbCVz19VUBBta2s9LTilz0EMP1EYo1NeykjrBEJ2nQ==',1,NULL,NULL,NULL,'2024-10-16 21:08:42','2024-10-16 21:08:42'),(295,69,'RTS01_default_notch','v+p8LV6sg9I4ryp+KDUBATNmYzBlNTA4MWY3N2Q0ZGUzYTczMDY2MzVkYmJlN2QxMTBkNGQwOTg0NjJiYzFlZjIxMzQ3ZTI0NDZlNjQ5NTN2ZBvaqX+3T4GZliDa+mCGuQJG1SaJitUJp02QhZiiRQ==',1,NULL,NULL,NULL,'2024-10-16 21:08:42','2024-10-16 21:08:42'),(296,69,'RTS01_default_notch','r0A2GzIZFnCrvWsdCGV8+WYwYjkzM2RmMDEyODUzNjA4MTNkNTdmMWRhZDBlZTQwMTdkMTBlMzkxNGY0ZGRmODMwMzZlYTA0ZTY0NzUyNjOMzbLcWgZ+iR5iQ12Pw7/+hJ8CPCFmJLFTQc5nkrvEFQ==',1,NULL,NULL,NULL,'2024-10-16 21:08:42','2024-10-16 21:08:42'),(297,69,'RTS01_default_notch','CycxXouVTPZ8LuuyFqdzkWU0ZTEyYmIwY2MzYmUxZGQ3ODU2ZjM2MmM5MGQ5NzUzNTQwODE4NDEzMzIyNWQwOGNkMjczNDdkZTExOGEwNmUC6DmFSa7YyfNmNSxhl9VOwZP7fy0pPdcBcKwmqbHHVQ==',1,NULL,NULL,NULL,'2024-10-16 21:08:42','2024-10-16 21:08:42'),(298,69,'RTS01_default_notch','Z08KKCld1A4MpiXRicmfo2IwZjEwMmQ5YjY3NzI2M2UzNTNiYTFkN2IyOTYzYzhiODIzNGFkNjE4NGE3MDVjYjk2Zjc5YjA5YmVkNTdmZmVck9aWj6lNDc0Glh37k2106n/bWkAwTaWnS0tcUsyLhg==',1,NULL,NULL,NULL,'2024-10-16 21:08:42','2024-10-16 21:08:42'),(299,69,'RTS01_default_notch','SLmMhLTNRfu4+yx4WXmUuTNlMGIyZjUzMGFhOTRlNDBhY2M1NjE1YmM0OWQ2NzQ5ZjVkNjc0ZmIxYWZjMzEyOTAzNzBjMmZhNjc3YzZhNDXsCw2ytYP8fEUwbVLxnxmeZ+6L2kkZNmfGGAouAgnKuQ==',1,NULL,NULL,NULL,'2024-10-16 21:08:42','2024-10-16 21:08:42'),(300,69,'RTS01_default_notch','r1swgcsfDa3vpjws8of6HDE4M2UyZDNjNzk4YzIyNzNkNmE3NzViMjRhMWUwZThmOTE3MmMwMjVjNDlkOTczNzg5YmU1ZjU5ZWI3ZjU0MWaYmmLocKekh3IHmDkuGsxyl8PYgIPkfiqYIfgjVH5Isw==',1,NULL,NULL,NULL,'2024-10-16 21:08:42','2024-10-16 21:08:42'),(301,69,'RTS01_default_notch','9aPkrtUkDGeWhd93n4zgkGYzODBlMmQwYjA3NzIzYjkzOGZmNDA2MDFjYzBkZjE0OGI2MzViZjg4MTFlZDk5ZWFiM2VkNjhlMzcwMTAzZTNnd2AFgB+uXO2Go462NZqq+id/xq5eNSWXu3NOY6YDcQ==',1,NULL,NULL,NULL,'2024-10-16 21:08:42','2024-10-16 21:08:42'),(302,69,'RTS01_default_notch','Gk5Lx1aFeRkDR3hkRgcK7zA5OGQyNTAwNTBkNTg5YzYxNGZhMjFiNjRmMjExYzhjNTk2M2U4NDVjNDljMDAwNjBiZjA1NDE3NjAyYWQ4NWMaCgl+BZLuBQv0lnvWjYUltQZy168t28Ji17qz3LEpgQ==',1,NULL,NULL,NULL,'2024-10-16 21:08:42','2024-10-16 21:08:42'),(303,69,'RTS01_default_notch','t8x0BbEutvMa096JUqdwhWEwM2M3MjE0YjI3NzUxMjk3MjQ3MDJlYzFkMDA2YmRhMDEzYWM2OWMyYWJkZmE4Njg1N2Y2Njc4ZTkzNzZhMDGDvV6Tc5QRS57k+YgwAtpfSQokksrXIHs3NK8V63cB+Q==',1,NULL,NULL,NULL,'2024-10-16 21:08:42','2024-10-16 21:08:42'),(304,69,'RTS01_default_notch','zmtgok0i8wO96hZAVdyvZ2NiYmNhYmFlNzljNGQ4ZTVhYWIxOTMyZjllODViYjA4ZDEzYmU0ZTZiYmFlMTEwZmJmMTdlYjRlNmM0MjQ0NzP07zdK0vIpSIdh0Pmrf3kPF7Z6Uy7I6Of11zpEicR4Kw==',1,NULL,NULL,NULL,'2024-10-16 21:08:42','2024-10-16 21:08:42'),(305,69,'RTS01_default_notch','RmXRyvO2NGvSt5+IfIYa12ViYTg0ZDlkMzFhOGYyOGQwNDYzN2M0MzEzZDM2NTFkOTJiMTRiMjU3Zjk5MjlmMTZkZjdlNTU3YTA5NDkwOTg3sVETd+XlxDHs+tzwWbgJK61ZrBFas9Lq1z2ZbJDOnA==',1,NULL,NULL,NULL,'2024-10-16 21:08:42','2024-10-16 21:08:42'),(306,69,'RTS01_default_notch','PHxcuvDJt8JFYQsoYMl8ATEzYmRjN2NlZGI0NGE4M2JjMWY3MWU4YjZlNWEwNGM4Y2M1MDBjY2I3NmU3YTRlY2UyNjc3NmE5ODVjZmIyNTIFrKtYxdFLrZnbMI7Vlheh2VbsJqAiCvbQP/y0t52rbw==',1,NULL,NULL,NULL,'2024-10-16 21:08:42','2024-10-16 21:08:42'),(307,69,'RTS01_default_notch','nrSX+qCt2J5iP7ASnVI+CGQzNGI3ZDkwNzZiY2ExYzRlZDEwMDk0ZTRkNmIwMjdhZGZhMGVjOTgyNDZmYWYzY2YwOTFmNjMxZDc1ZjQyZGRMKmu5cwXlP4koZrV9cbr0cvHlThQ/M2DOeuRdtD4QwA==',1,NULL,NULL,NULL,'2024-10-16 21:08:42','2024-10-16 21:08:42'),(308,69,'RTS01_default_notch','v/mcznsPvQSJsJprkVc/CDBjYmQ0MDE2Yjg0MDI0NzM4MzRhOGMwMTBhMTA4MGVjYmNjZTdiYzU2NWMwZjhmNDZiYjc2MWZlN2EzYTU1ZTNwWPLtev6GwIeJLCusUUGOoyI5ac9ZLyk3NDXsidadkw==',1,NULL,NULL,NULL,'2024-10-16 21:08:42','2024-10-16 21:08:42'),(309,69,'RTS01_default_notch','7rhxzZkXkBw5/mZkfk9TTDBkOGVhYzY3N2FlNjEzM2VlNWM2ODcxMDVhNjMwN2YzODY2NWRjNGVlNDk4MDJjYWE0ZWVlODIwZjY1YzNhMGInuPgv0hLCwdSLbDDfLFQ1A5w6n+M9dtzpls0vZFYvww==',1,NULL,NULL,NULL,'2024-10-16 21:08:42','2024-10-16 21:08:42'),(310,69,'RTS01_default_notch','xkvtRmt0lBNn0EggoECeWWZhYTVkZDcyOGRjYjc3ZjJjNWI4ZmY0MGI1NTMzZjJiMzQ4MjZmNDQ5ZTI3MjcxOTZmOGY2ZTNlNGVhZmQ3NTEV9BeAYKqVWWiIqUjHFM98zu94Ho2lLpWooob5xyX/3A==',1,NULL,NULL,NULL,'2024-10-16 21:08:42','2024-10-16 21:08:42'),(311,69,'RTS01_default_notch','xu/fYsYnoychcJX6pPGAVzA4OTM0ZjkwODRjMjgxMmZjNGMyMzkxMWZmODg4Njc1YmE4NGIyOWRiN2Y0MGIzY2RkZTQ1ZTdkNDA5NDk0ODflaoTWwhwMrpe+mQyxNQG5j7OdSQ8wi2p8E017P3f8HA==',1,NULL,NULL,NULL,'2024-10-16 21:08:42','2024-10-16 21:08:42'),(312,69,'RTS01_default_notch','nlOeRBMheXeYXd8Mk3EtQDY4ODAyODk0NDlhNWE1YTI4MmJiMzhmMmZhMWFmZGEwZmYwNzliYTY0ZmU5YjA4ODdhNzA0MjVhMDJjNmJhYjjMKhpCdi1EXDQGpCPBkeBEcRB+NR3WLLxmmd2vK+mTNg==',1,NULL,NULL,NULL,'2024-10-16 21:08:42','2024-10-16 21:08:42'),(313,69,'RTS01_default_notch','djhm5crJVbhzL/+nak4a82QzYTk3MTYzZDgwNzdjYmZmZDI4NzBkM2RkMjEyNTcwY2VhZDdjMmYxN2JiODNjN2U2MDBjZDJjM2Q3YzZhN2E49g3AD0WW/NbjEt2Zz2dJ+RkhXwcvKFGlGC6QRhKWKg==',1,NULL,NULL,NULL,'2024-10-16 21:08:42','2024-10-16 21:08:42'),(314,69,'RTS01_default_notch','NEJXHvxbjTqg7H7p/B24tDA4ZTM4ZmNlNzE3NzNkNmM5NDFjYzE5MDA1ZDFlMGJkZDQ4MjBkYWM1YTAwZmI5OTk3MjJkNThmNWE2OTJiMznk/MmuP5aof1X+OP8tj+ykEpkCsXppxo+dS2BAnWJsdw==',1,NULL,NULL,NULL,'2024-10-16 21:08:42','2024-10-16 21:08:42'),(315,69,'RTS01_default_notch','mP6qrvpWcysi5ys08/wRrmRiOTNkZWI3ODM0NGZhZTAxMzllNjJlMDE3NzRlOWYwMGY1ZWIwNWI5YzdkOWVhY2ZiNWE5NTMxM2Q4NTYyOGJ8uohFzbQrDyLRoTrjX/36P0tYTlZnW5KhXaSZncwHng==',1,NULL,NULL,NULL,'2024-10-16 21:08:42','2024-10-16 21:08:42'),(316,69,'RTS01_default_notch','8yqu5agn8t3jdSqBbN0wYjM4YWM3NzNkOTk1MGQ2MDFhOWU0NTcxOGE3ZjA0NjIxNjU3ZWE5MDFhODU3Y2ZmZjdkNmNmNGZiMmNiOWZkZDEpIO+0socG8w32Uth/T0/BaHOn+B8ILleAUicBPv0NIQ==',1,NULL,NULL,NULL,'2024-10-16 21:08:42','2024-10-16 21:08:42'),(317,69,'RTS01_default_notch','dJMI5zZrBUHb0fHR8XcNImVhZTAyZTk2YTQ0ODllN2ZiODFjNDIwZTRkM2Y4NjgwNDAyOTU5MDZhMjA2MTQyYWI5ZDQ4YjJmMGVkNThhNTg+tdGsNkUd+wn4/ZGjPuv2snN5wWLebYcMkHCLyN9qKg==',1,NULL,NULL,NULL,'2024-10-16 21:08:42','2024-10-16 21:08:42'),(318,69,'RTS01_default_notch','xOu4LULrDIMiU+mOwtErzmU1ZDcwMWQ3NmJkOWM3Y2MyZWJjZDJmZTMxN2U1OTBjZjg3N2FlNTc1MGY5NjhkYzU0YjhhNWFlMzRmZjZlMzUU+6neG1qOuVc32we/WhC0wUeUkREqG5MYfryQmI7bOw==',1,NULL,NULL,NULL,'2024-10-16 21:08:42','2024-10-16 21:08:42'),(319,69,'RTS01_default_notch','PL5owhohqw59D1/Oi7Tr02JjYzU2MjYwZTlhMGI5NmZiNzBlZTE3MTc1OTk2NzI5MTBiMGViZDhmMDk4NTFmN2MxNTRkM2U1NDY4ZDgzMjNMVzZYgYRqj0y3foGv26/o5XpSmqdUibo9CSo3AAMSFg==',1,NULL,NULL,NULL,'2024-10-16 21:08:42','2024-10-16 21:08:42'),(320,69,'RTS01_default_notch','CMTrHXM8NfNB+ijhy5We9jEwOTJkMjhlYjM4NjNjNjU1NmYxYTg5OTJiMTQwYzhlMDZhNjdjYjFlMjRlZjgzY2ZhNzUyMTIwNzBiMGZjYmETtnay7IlC2FuRahht1Hv6VjFQgXs++OJispl3wujddw==',1,NULL,NULL,NULL,'2024-10-16 21:08:42','2024-10-16 21:08:42'),(321,69,'RTS01_default_notch','77Ezk8jAdKJE1tF86dFAqTU4YTU4MjgxYjg1MDc4NDVkMzNlZjNlMDY1NjZkYTZmZmU0MTUxMDA3ZDdkMWVhZjM0NTcwM2IwMWMxYTUwMDfqTjy+H5W+I3x0kRX1ZYlmtXAIeZchz2g+efJPYGMrCQ==',1,NULL,NULL,NULL,'2024-10-16 21:08:42','2024-10-16 21:08:42'),(322,69,'RTS01_default_notch','q3ISsBLaaTLwECwagtd55mRkMDY1OGY2NjdkNGU1NDlmOTdjNjZiYTc5ZmZjMGYzOWY4YTAzYmJmOWU0NDI1MGQzMDg5MjNlNTNkODY1YmKLmbTJWj/e+EihmK29ru5auLa3QI0CfUjmO++ISUmJZA==',1,NULL,NULL,NULL,'2024-10-16 21:08:42','2024-10-16 21:08:42'),(323,69,'RTS01_default_notch','6Qr/a9GkP1xcKgVRnPS3EDBjM2ZmNTI5MDZiYjA0MzQ0NDc5NjFlNGNkYWI2MWI1Y2YzMTUyMjMzYzkxODMwYTE5NDliYzlmNTQxYmYxMjloK4vhhZTJavBtXbV/ZR0ZWITST+YZQZEpwAKtBVJoFg==',1,NULL,NULL,NULL,'2024-10-16 21:08:42','2024-10-16 21:08:42'),(324,69,'RTS01_default_notch','yPwTmVJ05nJbnxFhVEXc8zQ5Y2IyMDQxNTUwMjBjZmNlY2IxOWUyODhjZDZlZWVlODZiM2M3MGNjYmRmYzQwMTg5ZTNjOTViNTVlMzg1YWQUkSLuQDumWldOpzz9nBrrIXvD0lP3gS+CfU3i8Tnr8w==',1,NULL,NULL,NULL,'2024-10-16 21:08:42','2024-10-16 21:08:42'),(325,69,'RTS01_default_notch','l97sRN/rC1HsWteojPBXNGQ5YjBmOTliNGM3NjkyZjM3NzU5NDM5ZWRmODZhNWEwOWY2NmYzNTUzNGM1MjA5MTE4YTE0ODEyNGY2OWM3MjBBRp0hjp1Qtbust6hvZOfe7YhiGW9D7fkzXeBWmTj0dw==',1,NULL,NULL,NULL,'2024-10-16 21:08:42','2024-10-16 21:08:42'),(326,69,'RTS01_default_notch','hptJJ2xI7d4StV4FhOc26jgyODdmNDZlNTc1NmIxZjViMjJlNTMyYTA4MWRlMTJjZmQ1NmNhZTU0YWYwMDdiZTkxM2QwNTFkOGEzMjFlY2UVQ+4sGAHwQFStpWSPwHM1Ndp6fm+S1lINtO5v8x4uqg==',1,NULL,NULL,NULL,'2024-10-16 21:08:42','2024-10-16 21:08:42'),(327,69,'RTS01_default_notch','XDN9edlVAO1N0c3b0UyTVTJkMGVmOTRlNmVlYjNkNWI2NWE5Mjk1ZGE0NDNkMmYyYjgwMjc5MTExNzZkNWNhYmY4NjNmZmQxMzc3YjYwZmPhzqX+lnu3kbgRhBr7UYFvinmiPGboT3DjUR9SPL+SgA==',1,NULL,NULL,NULL,'2024-10-16 21:08:42','2024-10-16 21:08:42'),(328,69,'RTS01_default_notch','hHMGKqo5JFn/fRsTpy/sXDQyMWY3ZDIwZGNhN2Y5NjhmZDY0MjQ0YmRiNDUyMWJmNDRkYTQ2YmNkMGRmMTJhMjc4MWFhM2E3OWMwYWFiNDICLs3Ucjpsg5JOQfxl/ywTltFr35KhPLzsfkvXU+684w==',1,NULL,NULL,NULL,'2024-10-16 21:08:42','2024-10-16 21:08:42'),(329,69,'RTS01_default_notch','AjM4BuXVBy1s7YCDl2fOZmU5MjlkMGM5OGY5YjhjYWE1NGRiZWE3NmU5NWYzMTEzZGIwMTY0MDk0YjU5NDAwMDMxZjlhNjdiMjdmOTI2NjeoPBMbaLkqBpfuEjKIaAcU8AfuqWHhGlqzeDc04hyyRw==',1,NULL,NULL,NULL,'2024-10-16 21:08:42','2024-10-16 21:08:42'),(330,69,'RTS01_default_notch','d49LyhqgOgG393tdL1EeSjYyNTk0NGQ4MGQ4MmQ1YTc1NzJiZjhhM2YzMTI4MjcwYjRjYjE3NWFjNzc0MTg0NGU5ZTMxNzFmMDc4NDY3ZjIJzN71c+EBoRvww1CoDdkEhvWlNtieXdgbIHQT6wkbuA==',1,NULL,NULL,NULL,'2024-10-16 21:08:42','2024-10-16 21:08:42'),(331,69,'RTS01_default_notch','Z6SZzc7pwl32hIV79/dCiTY0MTU3MzQ5ODkyYWYwY2QzNzZlZDE0YjY1MjY5ZjdkYjc0ZGI5NGE4OWZmZmJkNzJmODcyZmZiNDkzNWE2OWNRvGv+L6vklmWxfrV6oyRupSjbZsZ5MZJAlsCzVOr8bw==',1,NULL,NULL,NULL,'2024-10-16 21:08:42','2024-10-16 21:08:42'),(332,69,'RTS01_default_notch','TneAeRLOoM6FEYQ7x+0kSDM2ZWZiODQ1MDk1ZDdiYTAxMTIxYzMzZjdhMmQzOTY1Njk3Y2E4ZTgyNDIxOGI3ODkyYWI2YmNkNTczMzZjYzm6XIVpY1LpO//A8I5VFa3l1FsliUAslf33kiITWPqXfA==',1,NULL,NULL,NULL,'2024-10-16 21:08:42','2024-10-16 21:08:42'),(333,69,'RTS01_default_notch','bOG19b+67bAPiP8sm2fR5TU4NWMxMjYwMDljOTIzNWZlMGFmNjE1ZmZlMGM2NTdkODAwMzRkNTZjMGE3NmI0ZmFkZGVmODg3N2FmZTYxNjILqbzTC7zk+Ti3/xQjACiEkGrMK/g94fkonxrk8QRCZQ==',1,NULL,NULL,NULL,'2024-10-16 21:08:42','2024-10-16 21:08:42'),(334,69,'RTS01_default_notch','33IyKRz8beAT39pgGWGUSGQ1Zjc0MDdjODc4MWVlZjAxZDQ1YWUyMGFlMTU0ZTIxNzRjZjQxZjVhODMwOTJiZDFjOWZhYjA5NDBkYmFlOGFW3TXaP77lLUONXiV3F+cME+yTlbTipNjHfNkmBGko3g==',1,NULL,NULL,NULL,'2024-10-16 21:08:42','2024-10-16 21:08:42'),(335,69,'RTS01_default_notch','fErd5nipqU9UAef4BhUkrjQ5N2UwMzhmOWEyNjFmMmM5YmFlZmUzNTc3NzgxYzAyOWExNjEzMTM3M2YzMWRlZTRhN2FiMjZkN2U3MDQxMmTZbV2U0da9HGZzgEQaxfT0uBga79nXUiRZ0VFXwQtVkQ==',1,NULL,NULL,NULL,'2024-10-16 21:08:42','2024-10-16 21:08:42'),(336,69,'RTS01_default_notch','n7s6ze025k4sltQJjR904mFhNmJlYTQxNTZkNGM0NWM5ODU1MjUwNDgzYzY2ZjZmMjFkYTJhMWYyZmU1YTVjMmI3Mjc0NjY5MjY3YTRjNznVXKXyxDw/q9g7lS+qag5VB4/a/ca5nmjTAXXiv+OhQA==',1,NULL,NULL,NULL,'2024-10-16 21:08:42','2024-10-16 21:08:42'),(337,69,'RTS01_default_notch','zv6lGCiTnNdgUpaaxx2OwTI4NTIxNDBjZTY3ZTVkZmZhZTE0NDllYWViOWE4M2QwMDYwNDQyYTEyYzA5NDljZTdkN2NjYjE4NWNkZmFjZDngSCMypImC/vr7pgQtOQHVwJFWpQkiku7FUTw9qHzr0w==',1,NULL,NULL,NULL,'2024-10-16 21:08:42','2024-10-16 21:08:42'),(338,69,'RTS01_default_notch','OL90DsCdZEKyiOfukI957DRjMGFiNmRmMTBiMWU0ZjYxZTBjMDQxZDBlNjE1ZTE5NjllNGJhMDZlZjJmZGVjOGZjNjE3NmE3ZTA2ZjA3MzZwLNAy7NB9PDQURzmMHLfRGCvEn/v34iAsKLEqXQQyPQ==',1,NULL,NULL,NULL,'2024-10-16 21:08:42','2024-10-16 21:08:42'),(339,69,'RTS01_default_notch','68Hjg5QXXjDJI3n9IgmwVDFmY2RhZDNjZjI0MTY2ZTVmODU1MDQyNzE1NDdkMjM0ZjliNGM2NDk2NjBlYmY1OGY0ZTk5NjIyZmNjNjIwZjDCSKxOYynlZzuxf19lOWhum6UX7E7kvUBfq/d12SYiTQ==',1,NULL,NULL,NULL,'2024-10-16 21:08:42','2024-10-16 21:08:42'),(340,69,'RTS01_default_notch','/8T8WqNmLxLit964+8r11WViMmJiYWZiMDQyNGFlZTg2NjBhMTRmMzdlMzI0MDk1OTgyOTMxOTVlYjBlZjZmZjMxYmE5NzYzYWJjMmIwOTbRc2Ok8Zn28Uj6XsjvYRH7q799PJAhhhDwWFTJmOMMMA==',1,NULL,NULL,NULL,'2024-10-16 21:08:42','2024-10-16 21:08:42'),(341,69,'RTS01_default_notch','uIsJVU/XAl9GnW+/UEZx32NhZDc5NzZjYzQxZjdmMGM4NDA3ZmViZDkzMjk5MTI1NGM2NzdjMmYyOTAwNTNlMTcwM2Q3Mjc0MWQ4NjE1NmGQAhLlhyv9lPiRILGjwViQAufBl1SM1uIQPbGo4i8z7g==',1,NULL,NULL,NULL,'2024-10-16 21:08:42','2024-10-16 21:08:42'),(342,69,'RTS01_default_notch','S81ZcvA8SrDO6YcPkHotKzk2ZDEwNDk4NzZmZmI0YzZiY2YwOGVlYjAxZTcyNWM1NmU5OThiZTFiY2M3ZDk1MjYyMmI3NWM4ZDA4NWJlMTAGdDcVzO1/PhCUOuNpY9XGkU2cf+3TWJJbHy5TCPRRCA==',1,NULL,NULL,NULL,'2024-10-16 21:08:42','2024-10-16 21:08:42'),(343,69,'RTS01_default_notch','6vyxoX0Z2vvsTNbocmw5ITczZjZiN2RhZjViM2E3ODc0ZDQxMzZjNjQ0Zjc1MTdlNzJiM2U0OTQ1NGQ1NTgxYzM0NGNiYTAyM2ZiZDI1MjGC45vuW77pgYCBdszdH0bAa5EaAZsMCLarB5TeBYA41g==',1,NULL,NULL,NULL,'2024-10-16 21:08:42','2024-10-16 21:08:42'),(344,69,'RTS01_default_notch','AqqD6hqZdsPlMZJ09FtyLTI1OGUwNTc4YWYwY2JjZGUyOTRjNDkxNTMyYTZhZjYyMmI2MWQ0ZDZjYWJiZjFiNWZmYmY1NTQzNzFhNzQ3M2LMrItrMejFRTcgGnnnqRbeMMFYJe4+hdIe6QgSk/RjzA==',1,NULL,NULL,NULL,'2024-10-16 21:08:42','2024-10-16 21:08:42'),(345,69,'RTS01_default_notch','0uQNrbLEbp43XQC28dexqzBjOTcwMTNkZWM5ZjliNjk1OGZmY2JlYWUzYjdkNzg0YWYxNzM5ZTk1YWNmYTIxMjQyMTk0OGIwNDlhNzVlNjSU6nPwzf++wikHpoVttQYjbpE+2iPY15cw/EGIiwC6jA==',1,NULL,NULL,NULL,'2024-10-16 21:08:42','2024-10-16 21:08:42'),(346,63,'ADS01_default_notch','UVOytB/V48s99cxWjl2QAzM0M2MzNjlhNmEwZGVkMTkwMjFhY2MzMDlmOGJlYmE3NDM5YTQ5NzQ0ZDIzNjdlZjFjZGNlYjMwNThmNzE5NjLO1/LwaXEbgedCOD+ccav5NbCh0WkA+WYmmVLBRN96DA==',1,NULL,NULL,NULL,'2024-10-16 21:08:42','2024-10-16 21:08:42'),(347,71,'MMS03_default_notch','xo3BVHbuyg/MiRdQY8laizYyNWY1M2U3Njg4YmM5Y2ZkYTE0MmQ4MDc1MTdiYTRlZTUwNWQ1MmJiMmI2YWYyNGE1YTdhMWI0MDg2NDZiYTAaMFqfwBEmLN54lGOEYCxZ/D4pqWWacjOu1JJcbHLf7g==',1,NULL,NULL,NULL,'2024-10-16 21:08:42','2024-10-16 21:08:42'),(348,72,'LIS11_default_notch','FhAR42spE2+eJmtc/Ed8wmExYmU5MDk5NjRmNzg5N2RjMjdlOWQwMTc5MzQ2NmFkNWZiZWM5NDI2N2QwYTljNWFlOTYwN2U2OGNhYmQ0MWPjCmOnpyRWl1+/LUr9dGSFyDkYMgG7oM5L0P7/JYUWIQ==',1,NULL,NULL,NULL,'2024-10-16 21:08:42','2024-10-16 21:08:42');

--
-- Table structure for table `salary_scales`
--

CREATE TABLE `salary_scales` (
  `id` int(10) unsigned NOT NULL AUTO_INCREMENT,
  `code` varchar(10) NOT NULL,
  `staff_category` int(10) unsigned NOT NULL,
  `status` tinyint(4) DEFAULT 1,
  `description` varchar(255) DEFAULT NULL,
  `created_at` timestamp NULL DEFAULT current_timestamp(),
  `updated_at` datetime DEFAULT current_timestamp(),
  `created_by` int(10) unsigned DEFAULT NULL,
  `updated_by` int(10) unsigned DEFAULT NULL,
  PRIMARY KEY (`id`),
  UNIQUE KEY `sc_description` (`code`),
  KEY `code` (`code`),
  KEY `salaryscale_category_fk` (`staff_category`),
  KEY `salaryscale_user_updatedby_fk_idx` (`updated_by`),
  KEY `salaryscale_user_createdby_fk_idx` (`created_by`),
  CONSTRAINT `salaryscale_category_fk` FOREIGN KEY (`staff_category`) REFERENCES `staff_categories` (`id`),
  CONSTRAINT `salaryscale_user_createdby_fk` FOREIGN KEY (`created_by`) REFERENCES `users` (`id`),
  CONSTRAINT `salaryscale_user_updatedby_fk` FOREIGN KEY (`updated_by`) REFERENCES `users` (`id`)
) ENGINE=InnoDB AUTO_INCREMENT=73 DEFAULT CHARSET=utf8mb3 COLLATE=utf8mb3_general_ci;

--
-- Dumping data for table `salary_scales`
--

INSERT INTO `salary_scales` VALUES (1,'ACS01',1,1,NULL,'2024-10-16 18:53:02','2024-10-16 20:53:02',NULL,NULL),(2,'ACS02',1,1,NULL,'2024-10-16 18:53:02','2024-10-16 20:53:02',NULL,NULL),(3,'ACS03',1,1,NULL,'2024-10-16 18:53:02','2024-10-16 20:53:02',NULL,NULL),(4,'ACS04',1,1,NULL,'2024-10-16 18:53:02','2024-10-16 20:53:02',NULL,NULL),(5,'ACS05',1,1,NULL,'2024-10-16 18:53:02','2024-10-16 20:53:02',NULL,NULL),(6,'ACS06',1,1,NULL,'2024-10-16 18:53:02','2024-10-16 20:53:02',NULL,NULL),(7,'ADS03',2,1,NULL,'2024-10-16 18:53:02','2024-10-16 20:53:02',NULL,NULL),(8,'ADS04',2,1,NULL,'2024-10-16 18:53:02','2024-10-16 20:53:02',NULL,NULL),(9,'ADS05',2,1,NULL,'2024-10-16 18:53:02','2024-10-16 20:53:02',NULL,NULL),(10,'ADS06',2,1,NULL,'2024-10-16 18:53:02','2024-10-16 20:53:02',NULL,NULL),(11,'ADS07',3,1,NULL,'2024-10-16 18:53:02','2024-10-16 20:53:02',NULL,NULL),(12,'ADS08',3,1,NULL,'2024-10-16 18:53:02','2024-10-16 20:53:02',NULL,NULL),(13,'ADS09',3,1,NULL,'2024-10-16 18:53:02','2024-10-16 20:53:02',NULL,NULL),(14,'ADS10',3,1,NULL,'2024-10-16 18:53:02','2024-10-16 20:53:02',NULL,NULL),(15,'ADS11',3,1,NULL,'2024-10-16 18:53:02','2024-10-16 20:53:02',NULL,NULL),(16,'ADS12',3,1,NULL,'2024-10-16 18:53:02','2024-10-16 20:53:02',NULL,NULL),(17,'ADS13',3,1,NULL,'2024-10-16 18:53:02','2024-10-16 20:53:02',NULL,NULL),(18,'ADS14',3,1,NULL,'2024-10-16 18:53:02','2024-10-16 20:53:02',NULL,NULL),(19,'ADS15',3,1,NULL,'2024-10-16 18:53:02','2024-10-16 20:53:02',NULL,NULL),(20,'CW00',7,1,NULL,'2024-10-16 18:53:02','2024-10-16 20:53:02',NULL,NULL),(21,'CW01',7,1,NULL,'2024-10-16 18:53:02','2024-10-16 20:53:02',NULL,NULL),(22,'CW02',7,1,NULL,'2024-10-16 18:53:02','2024-10-16 20:53:02',NULL,NULL),(23,'CW04',7,1,NULL,'2024-10-16 18:53:02','2024-10-16 20:53:02',NULL,NULL),(24,'CW05',7,1,NULL,'2024-10-16 18:53:02','2024-10-16 20:53:02',NULL,NULL),(25,'CWS01',7,1,NULL,'2024-10-16 18:53:02','2024-10-16 20:53:02',NULL,NULL),(26,'CWS02',7,1,NULL,'2024-10-16 18:53:02','2024-10-16 20:53:02',NULL,NULL),(27,'CWS03',7,1,NULL,'2024-10-16 18:53:02','2024-10-16 20:53:02',NULL,NULL),(28,'DWS01',7,1,NULL,'2024-10-16 18:53:02','2024-10-16 20:53:02',NULL,NULL),(29,'MMS01',4,1,NULL,'2024-10-16 18:53:02','2024-10-16 20:53:02',NULL,NULL),(30,'MMS02',4,1,NULL,'2024-10-16 18:53:02','2024-10-16 20:53:02',NULL,NULL),(31,'PLS01',8,1,NULL,'2024-10-16 18:53:02','2024-10-16 20:53:02',NULL,NULL),(32,'PLS02',8,1,NULL,'2024-10-16 18:53:02','2024-10-16 20:53:02',NULL,NULL),(33,'PLS03',8,1,NULL,'2024-10-16 18:53:02','2024-10-16 20:53:02',NULL,NULL),(34,'PO01',6,1,NULL,'2024-10-16 18:53:02','2024-10-16 20:53:02',NULL,NULL),(35,'PO02',6,1,NULL,'2024-10-16 18:53:02','2024-10-16 20:53:02',NULL,NULL),(36,'PO03',5,1,NULL,'2024-10-16 18:53:02','2024-10-16 20:53:02',NULL,NULL),(37,'PO04',5,1,NULL,'2024-10-16 18:53:02','2024-10-16 20:53:02',NULL,NULL),(38,'PO05',5,1,NULL,'2024-10-16 18:53:02','2024-10-16 20:53:02',NULL,NULL),(39,'PSL01',8,1,NULL,'2024-10-16 18:53:02','2024-10-16 20:53:02',NULL,NULL),(40,'PSS03',2,1,NULL,'2024-10-16 18:53:02','2024-10-16 20:53:02',NULL,NULL),(41,'PSS04',2,1,NULL,'2024-10-16 18:53:02','2024-10-16 20:53:02',NULL,NULL),(42,'PSS05',2,1,NULL,'2024-10-16 18:53:02','2024-10-16 20:53:02',NULL,NULL),(43,'PSS06',2,1,NULL,'2024-10-16 18:53:02','2024-10-16 20:53:02',NULL,NULL),(44,'PTS03',2,1,NULL,'2024-10-16 18:53:02','2024-10-16 20:53:02',NULL,NULL),(45,'PTS04',2,1,NULL,'2024-10-16 18:53:02','2024-10-16 20:53:02',NULL,NULL),(46,'PTS05',2,1,NULL,'2024-10-16 18:53:02','2024-10-16 20:53:02',NULL,NULL),(47,'PTS06',2,1,NULL,'2024-10-16 18:53:02','2024-10-16 20:53:02',NULL,NULL),(48,'PTS07',3,1,NULL,'2024-10-16 18:53:02','2024-10-16 20:53:02',NULL,NULL),(49,'PTS08',3,1,NULL,'2024-10-16 18:53:02','2024-10-16 20:53:02',NULL,NULL),(50,'PTS09',3,1,NULL,'2024-10-16 18:53:02','2024-10-16 20:53:02',NULL,NULL),(51,'PTS10',3,1,NULL,'2024-10-16 18:53:02','2024-10-16 20:53:02',NULL,NULL),(52,'PTS11',3,1,NULL,'2024-10-16 18:53:02','2024-10-16 20:53:02',NULL,NULL),(53,'PTS12',3,1,NULL,'2024-10-16 18:53:02','2024-10-16 20:53:02',NULL,NULL),(54,'PTS13',3,1,NULL,'2024-10-16 18:53:02','2024-10-16 20:53:02',NULL,NULL),(55,'PTS14',3,1,NULL,'2024-10-16 18:53:02','2024-10-16 20:53:02',NULL,NULL),(56,'PTS15',3,1,NULL,'2024-10-16 18:53:02','2024-10-16 20:53:02',NULL,NULL),(57,'SES01',3,1,NULL,'2024-10-16 18:53:02','2024-10-16 20:53:02',NULL,NULL),(58,'SES02',3,1,NULL,'2024-10-16 18:53:02','2024-10-16 20:53:02',NULL,NULL),(59,'SES03',3,1,NULL,'2024-10-16 18:53:02','2024-10-16 20:53:02',NULL,NULL),(60,'SES04',3,1,NULL,'2024-10-16 18:53:02','2024-10-16 20:53:02',NULL,NULL),(61,'SDS01',1,1,NULL,'2024-10-16 18:53:02','2024-10-16 20:53:02',NULL,NULL),(62,'DW01',3,1,NULL,'2024-10-16 18:53:02','2024-10-16 20:53:02',NULL,NULL),(63,'ADS01',10,1,NULL,'2024-10-16 18:53:02','2024-10-16 20:53:02',NULL,NULL),(65,'PSL02',8,1,NULL,'2024-10-16 18:53:02','2024-10-16 20:53:02',NULL,NULL),(66,'PSL03',8,1,NULL,'2024-10-16 18:53:02','2024-10-16 20:53:02',NULL,NULL),(67,'CWS05',7,1,NULL,'2024-10-16 18:53:02','2024-10-16 20:53:02',NULL,NULL),(68,'SDF01',10,1,NULL,'2024-10-16 18:53:02','2024-10-16 20:53:02',NULL,NULL),(69,'RTS01',9,1,NULL,'2024-10-16 18:53:02','2024-10-16 20:53:02',NULL,NULL),(71,'MMS03',1,1,NULL,'2024-10-16 18:53:02','2024-10-16 20:53:02',NULL,NULL),(72,'LIS11',3,1,NULL,'2024-10-16 18:53:02','2024-10-16 20:53:02',NULL,NULL);

--
-- Table structure for table `section`
--

CREATE TABLE `section` (
  `id` int(10) unsigned NOT NULL AUTO_INCREMENT,
  `department` int(10) unsigned NOT NULL,
  `name` varchar(100) NOT NULL,
  `created_at` timestamp NULL DEFAULT NULL,
  `updated_at` timestamp NULL DEFAULT NULL,
  `created_by` int(11) DEFAULT NULL,
  `updated_by` int(11) DEFAULT NULL,
  PRIMARY KEY (`id`),
  KEY `fk_section_1_idx` (`department`),
  CONSTRAINT `fk_section_1` FOREIGN KEY (`department`) REFERENCES `departments` (`id`)
) ENGINE=InnoDB DEFAULT CHARSET=utf8mb3 COLLATE=utf8mb3_general_ci;

--
-- Dumping data for table `section`
--


--
-- Table structure for table `staff_categories`
--

CREATE TABLE `staff_categories` (
  `id` int(10) unsigned NOT NULL AUTO_INCREMENT,
  `name` varchar(100) NOT NULL,
  `acting_min_payable_days` int(11) DEFAULT NULL COMMENT 'Minimum days required for someone acting to be payed the additional or acting allowance',
  `current_salary_increment` double DEFAULT 0 COMMENT 'Salary increment',
  `annual_monthly_leave_days_accumulated` double NOT NULL DEFAULT 0 COMMENT 'total days each staff category can accumulate for an annual leave',
  `has_accrued_leave_days_ceiling` enum('Yes','No') DEFAULT 'Yes',
  `accrued_leave_days_ceiling` varchar(100) DEFAULT '0.0',
  `payroll_passages_earning_code` varchar(20) DEFAULT NULL,
  `leave_passage_amount` double DEFAULT NULL,
  `created_at` datetime NOT NULL DEFAULT current_timestamp(),
  `updated_at` datetime NOT NULL DEFAULT current_timestamp(),
  `created_by` int(10) unsigned DEFAULT NULL,
  `updated_by` int(10) unsigned DEFAULT NULL,
  PRIMARY KEY (`id`),
  KEY `staffcat_user_createdby_fk_idx` (`created_by`),
  KEY `staffcat_user_updatedby_fk_idx` (`updated_by`),
  CONSTRAINT `staffcat_user_createdby_fk` FOREIGN KEY (`created_by`) REFERENCES `users` (`id`),
  CONSTRAINT `staffcat_user_updatedby_fk` FOREIGN KEY (`updated_by`) REFERENCES `users` (`id`)
) ENGINE=InnoDB AUTO_INCREMENT=11 DEFAULT CHARSET=utf8mb4 COLLATE=utf8mb4_general_ci;

--
-- Dumping data for table `staff_categories`
--

INSERT INTO `staff_categories` VALUES (1,'ACADEMIC STAFF',10,0,3.75,'Yes','78.75',NULL,NULL,'2024-10-16 15:24:43','2024-10-16 15:24:43',NULL,NULL),(2,'PROFESSIONAL AND TECHNICAL STAFF',14,0,3.75,'Yes','90','',NULL,'2024-10-16 15:24:43','2024-11-04 09:28:50',NULL,3),(3,'OTHER STAFF',14,0,3.25,'Yes','78',NULL,NULL,'2024-10-16 15:24:43','2024-10-16 15:24:43',NULL,NULL),(4,'MANAGEMENT STAFF',14,0,2.92,'No',NULL,NULL,NULL,'2024-10-16 15:24:43','2024-10-16 15:24:43',NULL,NULL),(5,'PRINCIPAL OFFICERS',14,0,2.92,'No',NULL,NULL,NULL,'2024-10-16 15:24:43','2024-10-16 15:24:43',NULL,NULL),(6,'PRINCIPAL OFFICERS VC & DVC',14,0,3.75,'No',NULL,NULL,NULL,'2024-10-16 15:24:43','2024-10-16 15:24:43',NULL,NULL),(7,'CASUAL WORKERS',14,0,2,'Yes','22',NULL,NULL,'2024-10-16 15:24:43','2024-12-24 15:25:33',NULL,3),(8,'PART TIME STAFF',NULL,0,0,NULL,NULL,NULL,NULL,'2024-10-16 15:24:43','2024-10-16 15:24:43',NULL,NULL),(9,'RETIREES',NULL,0,0,NULL,NULL,NULL,NULL,'2024-10-16 15:24:43','2024-10-16 15:24:43',NULL,NULL),(10,'OTHER SCHOLARLY STAFF',NULL,0,0,NULL,NULL,NULL,NULL,'2024-10-16 15:24:43','2024-10-16 15:24:43',NULL,NULL);

--
-- Table structure for table `staff_category_payroll_codes`
--

CREATE TABLE `staff_category_payroll_codes` (
  `id` int(10) unsigned NOT NULL AUTO_INCREMENT,
  `staff_category` int(10) unsigned DEFAULT NULL,
  `name` varchar(200) DEFAULT NULL,
  `code` varchar(10) DEFAULT NULL,
  `description` text DEFAULT NULL,
  `created_at` timestamp NOT NULL DEFAULT current_timestamp(),
  `created_by` int(10) unsigned DEFAULT NULL,
  `updated_at` timestamp NOT NULL DEFAULT current_timestamp() ON UPDATE current_timestamp(),
  `updated_by` int(10) unsigned DEFAULT NULL,
  PRIMARY KEY (`id`),
  KEY `staff_category` (`staff_category`),
  KEY `staff_category_created_by_fk` (`created_by`),
  KEY `staff_category_updated_by_fk` (`updated_by`),
  CONSTRAINT `staff_category_created_by_fk` FOREIGN KEY (`created_by`) REFERENCES `users` (`id`),
  CONSTRAINT `staff_category_payroll_codes_ibfk_1` FOREIGN KEY (`staff_category`) REFERENCES `staff_categories` (`id`),
  CONSTRAINT `staff_category_updated_by_fk` FOREIGN KEY (`updated_by`) REFERENCES `users` (`id`)
) ENGINE=InnoDB AUTO_INCREMENT=18 DEFAULT CHARSET=utf8mb4 COLLATE=utf8mb4_general_ci;

--
-- Dumping data for table `staff_category_payroll_codes`
--

INSERT INTO `staff_category_payroll_codes` VALUES (5,1,'actingAcademic','005A','Acting academic allowance payroll earning code.','2024-12-10 14:37:16',3,'2024-12-10 14:38:08',3),(6,1,'responsibilityAcademic','009A','Responsibility academic allowance payroll earning code.','2024-12-10 14:37:58',3,'2024-12-10 14:37:58',3),(7,4,'actingManagement','005M','Acting management allowance payroll earning code.','2024-12-10 14:39:13',3,'2024-12-10 14:39:13',3),(8,4,'responsibilityManagement','009M','Responsibility management allowance payroll earning code.','2024-12-10 14:39:36',3,'2024-12-10 14:39:36',3),(9,3,'responsibilityOtherStaff','009U','Responsibility other staff allowance payroll earning code.','2024-12-10 14:46:45',3,'2024-12-10 14:46:45',3),(10,3,'actingOtherStaff','005U','Acting other staff allowance payroll earning code.','2024-12-10 14:47:22',3,'2024-12-10 14:47:22',3),(11,2,'actingProfessionalStaff','005P','Acting professional allowance payroll earning code.','2024-12-10 14:48:21',3,'2024-12-10 14:48:21',3),(12,2,'responsibilityProfessional','009P','Responsibility professional allowance payroll earning code.','2024-12-10 14:48:59',3,'2024-12-10 14:48:59',3),(13,5,'actingManagement','005M','Acting management allowance payroll earning code.','2024-12-10 14:50:32',3,'2024-12-10 14:50:32',3),(14,6,'actingManagement','005M','Acting management allowance payroll earning code.','2024-12-10 14:50:56',3,'2024-12-10 14:50:56',3),(15,6,'responsibilityManagement','009M','Responsibility management allowance payroll earning code.','2024-12-10 14:51:21',3,'2024-12-10 14:51:21',3),(17,5,'responsibilityManagement','009M','Responsibility management allowance payroll earning code.','2024-12-10 14:53:25',3,'2024-12-10 14:53:25',3);

--
-- Table structure for table `staff_salary_increments`
--

CREATE TABLE `staff_salary_increments` (
  `id` int(11) NOT NULL AUTO_INCREMENT,
  `staff_category` int(10) unsigned NOT NULL,
  `salary_scale` varchar(255) DEFAULT NULL,
  `increment` int(11) NOT NULL,
  `year` int(11) NOT NULL,
  `collective_agreement` varchar(255) DEFAULT NULL,
  `status` enum('Applied','Not Applied') DEFAULT NULL,
  `created_at` timestamp NULL DEFAULT NULL,
  `updated_at` timestamp NULL DEFAULT NULL,
  `created_by` int(10) unsigned DEFAULT NULL,
  PRIMARY KEY (`id`),
  KEY `salary_increments_staffcat_fk_idx` (`staff_category`),
  KEY `salary_increments_createdby_fk_idx` (`created_by`),
  CONSTRAINT `salary_increments_createdby_fk` FOREIGN KEY (`created_by`) REFERENCES `users` (`id`),
  CONSTRAINT `salary_increments_staffcat_fk` FOREIGN KEY (`staff_category`) REFERENCES `staff_categories` (`id`)
) ENGINE=InnoDB DEFAULT CHARSET=utf8mb4 COLLATE=utf8mb4_unicode_ci;

--
-- Dumping data for table `staff_salary_increments`
--


--
-- Table structure for table `strategic_objective`
--

CREATE TABLE `strategic_objective` (
  `id` int(10) unsigned NOT NULL AUTO_INCREMENT,
  `strategic_period_id` int(10) unsigned NOT NULL,
  `strategic_objective` varchar(255) NOT NULL,
  `created_at` timestamp NULL DEFAULT NULL,
  `updated_at` datetime DEFAULT NULL,
  `created_by` int(10) unsigned NOT NULL,
  `updated_by` int(10) unsigned NOT NULL,
  PRIMARY KEY (`id`),
  KEY `strategic_objective_strategic_period_fk` (`strategic_period_id`),
  KEY `strategic_object_user_created_by_user_id_fk` (`created_by`),
  KEY `strategic_objective_user_updated_by_id_fk` (`updated_by`),
  CONSTRAINT `kggdes` FOREIGN KEY (`strategic_period_id`) REFERENCES `strategic_period` (`id`)
) ENGINE=InnoDB AUTO_INCREMENT=8 DEFAULT CHARSET=utf8mb4 COLLATE=utf8mb4_general_ci;

--
-- Dumping data for table `strategic_objective`
--

INSERT INTO `strategic_objective` VALUES (1,2,'Enhance intellectual wealth','2024-09-24 09:07:15','2024-09-24 11:07:15',1,1),(2,2,'Streamline and enhance support functions','2024-09-24 09:07:34','2024-09-24 11:07:34',1,1),(3,2,'Enhance AI adaption','2024-09-24 09:08:00','2024-09-24 11:08:00',1,1),(4,2,'Turn around the institutional financial performance','2024-09-24 09:08:31','2024-09-24 11:08:31',1,1),(5,2,'Enhance community engagement and marketing','2024-09-24 09:09:28','2024-09-24 11:09:28',1,1),(6,2,'Enhancement of Security ','2024-09-24 09:10:10','2024-09-24 11:10:10',1,1),(7,2,'Enhancement of Technology','2024-09-24 09:10:25','2024-09-24 11:10:25',1,1);

--
-- Table structure for table `strategic_period`
--

CREATE TABLE `strategic_period` (
  `id` int(10) unsigned NOT NULL AUTO_INCREMENT,
  `name` varchar(50) NOT NULL,
  `start` year(4) NOT NULL,
  `end` year(4) NOT NULL,
  `duration` varchar(10) DEFAULT NULL,
  `created_at` timestamp NULL DEFAULT NULL,
  `updated_at` datetime DEFAULT NULL ON UPDATE current_timestamp(),
  `created_by` int(10) unsigned DEFAULT NULL,
  `updated_by` int(10) unsigned DEFAULT NULL,
  PRIMARY KEY (`id`),
  KEY `strategic_period_updated_by_user_idfk` (`updated_by`),
  KEY `sp_created_by_user_id_fk` (`created_by`)
) ENGINE=InnoDB AUTO_INCREMENT=3 DEFAULT CHARSET=utf8mb4 COLLATE=utf8mb4_general_ci;

--
-- Dumping data for table `strategic_period`
--

INSERT INTO `strategic_period` VALUES (1,'2028-2032 UNZA Strategic Plan',2028,2032,NULL,'2024-09-24 08:48:12','2024-09-24 10:48:12',1,1),(2,'2022-2027 UNZA Strategic Plan',2022,2027,NULL,'2024-09-24 08:52:05','2024-09-24 10:52:05',1,1);

--
-- Table structure for table `strategic_period_year`
--

CREATE TABLE `strategic_period_year` (
  `id` int(10) unsigned NOT NULL AUTO_INCREMENT,
  `strategic_period_id` int(10) unsigned NOT NULL,
  `period_year` year(4) NOT NULL,
  PRIMARY KEY (`id`),
  KEY `spy_id` (`strategic_period_id`),
  CONSTRAINT `stpfk1` FOREIGN KEY (`strategic_period_id`) REFERENCES `strategic_period` (`id`)
) ENGINE=InnoDB AUTO_INCREMENT=12 DEFAULT CHARSET=utf8mb4 COLLATE=utf8mb4_general_ci;

--
-- Dumping data for table `strategic_period_year`
--

INSERT INTO `strategic_period_year` VALUES (1,1,2028),(2,1,2029),(3,1,2030),(4,1,2031),(5,1,2032),(6,2,2022),(7,2,2023),(8,2,2024),(9,2,2025),(10,2,2026),(11,2,2027);

--
-- Table structure for table `tbm_advance_payments`
--

CREATE TABLE `tbm_advance_payments` (
  `id` int(10) unsigned NOT NULL AUTO_INCREMENT,
  `computation_id` int(10) unsigned NOT NULL,
  `deduction_id` int(10) unsigned NOT NULL,
  `name` varchar(255) NOT NULL,
  `amount` decimal(20,2) NOT NULL,
  `created_by` int(10) unsigned NOT NULL,
  `updated_by` int(10) unsigned NOT NULL,
  `created_at` datetime DEFAULT NULL,
  `updated_at` datetime DEFAULT NULL,
  `units` decimal(20,2) DEFAULT NULL,
  `status` varchar(255) NOT NULL,
  `reference` varchar(255) NOT NULL,
  PRIMARY KEY (`id`),
  KEY `tbm_advance_payments_users_FK` (`created_by`),
  KEY `tbm_advance_payments_users_FK_1` (`updated_by`),
  KEY `tbm_advance_payments_tbm_computations_FK` (`computation_id`),
  KEY `tbm_advance_payments_tbm_deduction_defs_FK` (`deduction_id`),
  CONSTRAINT `tbm_advance_payments_tbm_computations_FK` FOREIGN KEY (`computation_id`) REFERENCES `tbm_computations` (`id`),
  CONSTRAINT `tbm_advance_payments_tbm_deduction_defs_FK` FOREIGN KEY (`deduction_id`) REFERENCES `tbm_deduction_defs` (`id`),
  CONSTRAINT `tbm_advance_payments_users_FK` FOREIGN KEY (`created_by`) REFERENCES `users` (`id`),
  CONSTRAINT `tbm_advance_payments_users_FK_1` FOREIGN KEY (`updated_by`) REFERENCES `users` (`id`)
) ENGINE=InnoDB DEFAULT CHARSET=utf8mb4 COLLATE=utf8mb4_unicode_ci;

--
-- Dumping data for table `tbm_advance_payments`
--


--
-- Table structure for table `tbm_clearance_form_units`
--

CREATE TABLE `tbm_clearance_form_units` (
  `id` int(11) NOT NULL AUTO_INCREMENT,
  `clearance_form_d` int(10) unsigned NOT NULL,
  `comment` varchar(255) DEFAULT NULL,
  `created_at` timestamp NULL DEFAULT NULL,
  `updated_at` timestamp NULL DEFAULT NULL,
  `created_by` int(10) unsigned NOT NULL,
  `updated_by` int(10) unsigned DEFAULT NULL,
  PRIMARY KEY (`id`),
  KEY `fk_tbm_clearance_form_units_1_idx` (`created_by`),
  KEY `fk_tbm_clearance_form_units_2_idx` (`updated_by`),
  KEY `tbm_clearance_form_units_tbm_clearance_forms_FK` (`clearance_form_d`),
  CONSTRAINT `fk_tbm_clearance_form_units_1` FOREIGN KEY (`created_by`) REFERENCES `users` (`id`),
  CONSTRAINT `fk_tbm_clearance_form_units_2` FOREIGN KEY (`updated_by`) REFERENCES `users` (`id`),
  CONSTRAINT `tbm_clearance_form_units_tbm_clearance_forms_FK` FOREIGN KEY (`clearance_form_d`) REFERENCES `tbm_clearance_forms` (`id`)
) ENGINE=InnoDB DEFAULT CHARSET=utf8mb3 COLLATE=utf8mb3_general_ci;

--
-- Dumping data for table `tbm_clearance_form_units`
--


--
-- Table structure for table `tbm_clearance_forms`
--

CREATE TABLE `tbm_clearance_forms` (
  `id` int(10) unsigned NOT NULL AUTO_INCREMENT,
  `emp_id` int(10) unsigned NOT NULL,
  `man_number` varchar(10) NOT NULL,
  `department_id` int(10) unsigned NOT NULL,
  `position_id` int(10) unsigned NOT NULL,
  `salary_scale_notch_id` int(10) unsigned DEFAULT NULL,
  `contract_type_id` int(10) unsigned NOT NULL,
  `reason_for_clearance` varchar(255) NOT NULL,
  `date_of_separation` date NOT NULL,
  `status` varchar(45) NOT NULL,
  `created_by` int(10) unsigned NOT NULL,
  `updated_by` int(10) unsigned NOT NULL,
  `created_at` datetime DEFAULT NULL,
  `updated_at` datetime DEFAULT NULL,
  `date_of_appointment` date NOT NULL,
  `retirement_notice_id` int(10) unsigned DEFAULT NULL,
  `clearance_form` varchar(255) DEFAULT NULL,
  PRIMARY KEY (`id`),
  KEY `tbm_clearance_forms_tbm_retirement_notices_FK` (`retirement_notice_id`),
  KEY `tbm_clearance_forms_users_FK` (`emp_id`),
  KEY `tbm_clearance_forms_departments_FK` (`department_id`),
  KEY `tbm_clearance_forms_job_positions_FK` (`position_id`),
  KEY `tbm_clearance_forms_salary_scale_notches_FK` (`salary_scale_notch_id`),
  KEY `tbm_clearance_forms_contracts_FK` (`contract_type_id`),
  KEY `tbm_clearance_forms_users_FK_1` (`created_by`),
  KEY `tbm_clearance_forms_users_FK_2` (`updated_by`),
  CONSTRAINT `tbm_clearance_forms_contracts_FK` FOREIGN KEY (`contract_type_id`) REFERENCES `contracts` (`id`),
  CONSTRAINT `tbm_clearance_forms_departments_FK` FOREIGN KEY (`department_id`) REFERENCES `departments` (`id`),
  CONSTRAINT `tbm_clearance_forms_job_positions_FK` FOREIGN KEY (`position_id`) REFERENCES `job_positions` (`id`),
  CONSTRAINT `tbm_clearance_forms_salary_scale_notches_FK` FOREIGN KEY (`salary_scale_notch_id`) REFERENCES `salary_scale_notches` (`id`),
  CONSTRAINT `tbm_clearance_forms_tbm_retirement_notices_FK` FOREIGN KEY (`retirement_notice_id`) REFERENCES `tbm_retirement_notices` (`id`),
  CONSTRAINT `tbm_clearance_forms_users_FK` FOREIGN KEY (`emp_id`) REFERENCES `users` (`id`),
  CONSTRAINT `tbm_clearance_forms_users_FK_1` FOREIGN KEY (`created_by`) REFERENCES `users` (`id`),
  CONSTRAINT `tbm_clearance_forms_users_FK_2` FOREIGN KEY (`updated_by`) REFERENCES `users` (`id`)
) ENGINE=InnoDB DEFAULT CHARSET=utf8mb4 COLLATE=utf8mb4_unicode_ci;

--
-- Dumping data for table `tbm_clearance_forms`
--


--
-- Table structure for table `tbm_collective_agreements`
--

CREATE TABLE `tbm_collective_agreements` (
  `id` int(10) unsigned NOT NULL AUTO_INCREMENT,
  `staff_category_id` int(10) unsigned NOT NULL,
  `code` varchar(255) DEFAULT NULL,
  `name` varchar(255) DEFAULT NULL,
  `start_date` date NOT NULL,
  `end_date` date DEFAULT NULL,
  `collective_agreement` varchar(255) DEFAULT NULL,
  `status` varchar(255) DEFAULT NULL,
  `created_at` timestamp NULL DEFAULT NULL,
  `updated_at` timestamp NULL DEFAULT NULL,
  `created_by` int(10) unsigned DEFAULT NULL,
  `updated_by` int(10) unsigned NOT NULL,
  PRIMARY KEY (`id`),
  KEY `tbm_collective_agreements_staff_categories_FK` (`staff_category_id`),
  KEY `tbm_collective_agreements_users_FK` (`created_by`),
  KEY `tbm_collective_agreements_users_FK_1` (`updated_by`),
  CONSTRAINT `tbm_collective_agreements_staff_categories_FK` FOREIGN KEY (`staff_category_id`) REFERENCES `staff_categories` (`id`),
  CONSTRAINT `tbm_collective_agreements_users_FK` FOREIGN KEY (`created_by`) REFERENCES `users` (`id`),
  CONSTRAINT `tbm_collective_agreements_users_FK_1` FOREIGN KEY (`updated_by`) REFERENCES `users` (`id`)
) ENGINE=InnoDB AUTO_INCREMENT=3 DEFAULT CHARSET=utf8mb4 COLLATE=utf8mb4_unicode_ci;

--
-- Dumping data for table `tbm_collective_agreements`
--

INSERT INTO `tbm_collective_agreements` VALUES (1,1,'2024','2024 Collective Agreement for ACADEMIC STAFF','2024-01-01','2024-12-31','','ACTIVE','2024-11-13 08:00:47','2024-11-13 08:02:34',1,1),(2,2,'2023','2023 Collective Agreement for PROFESSIONAL AND TECHNICAL STAFF','2023-08-01','2024-03-01','tbm_collective_agreement_PROFESSIONAL_AND_TECHNICAL_STAFF_2023.pdf','ACTIVE','2024-11-13 08:03:50','2024-11-13 08:03:50',1,1);

--
-- Table structure for table `tbm_computation_deductions`
--

CREATE TABLE `tbm_computation_deductions` (
  `id` int(10) unsigned NOT NULL AUTO_INCREMENT,
  `computation_id` int(10) unsigned NOT NULL,
  `deduction_id` int(10) unsigned NOT NULL,
  `amount` decimal(20,2) NOT NULL,
  `created_by` int(10) unsigned NOT NULL,
  `updated_by` int(10) unsigned NOT NULL,
  `created_at` datetime DEFAULT NULL,
  `updated_at` datetime DEFAULT NULL,
  `units` decimal(20,2) DEFAULT NULL,
  PRIMARY KEY (`id`),
  KEY `tbm_computation_deductions_users_FK` (`created_by`),
  KEY `tbm_computation_deductions_users_FK_1` (`updated_by`),
  KEY `tbm_computation_deductions_tbm_computations_FK` (`computation_id`),
  KEY `tbm_computation_deductions_tbm_deduction_defs_FK` (`deduction_id`),
  CONSTRAINT `tbm_computation_deductions_tbm_computations_FK` FOREIGN KEY (`computation_id`) REFERENCES `tbm_computations` (`id`),
  CONSTRAINT `tbm_computation_deductions_tbm_deduction_defs_FK` FOREIGN KEY (`deduction_id`) REFERENCES `tbm_deduction_defs` (`id`),
  CONSTRAINT `tbm_computation_deductions_users_FK` FOREIGN KEY (`created_by`) REFERENCES `users` (`id`),
  CONSTRAINT `tbm_computation_deductions_users_FK_1` FOREIGN KEY (`updated_by`) REFERENCES `users` (`id`)
) ENGINE=InnoDB DEFAULT CHARSET=utf8mb4 COLLATE=utf8mb4_unicode_ci;

--
-- Dumping data for table `tbm_computation_deductions`
--


--
-- Table structure for table `tbm_computation_earnings`
--

CREATE TABLE `tbm_computation_earnings` (
  `id` int(10) unsigned NOT NULL AUTO_INCREMENT,
  `computation_id` int(10) unsigned NOT NULL,
  `earning_id` int(10) unsigned NOT NULL,
  `amount` decimal(20,2) NOT NULL,
  `created_by` int(10) unsigned NOT NULL,
  `updated_by` int(10) unsigned NOT NULL,
  `created_at` datetime DEFAULT NULL,
  `updated_at` datetime DEFAULT NULL,
  `units` decimal(20,2) NOT NULL,
  `rate` decimal(20,2) DEFAULT NULL,
  `number_of_years_from` int(10) unsigned DEFAULT NULL,
  `number_of_years_to` int(10) unsigned DEFAULT NULL,
  `factor` decimal(20,2) DEFAULT NULL,
  `taxable` int(10) unsigned DEFAULT NULL,
  PRIMARY KEY (`id`),
  KEY `tbm_computation_earnings_tbm_computations_FK` (`computation_id`),
  KEY `tbm_computation_earnings_tbm_earning_defs_FK` (`earning_id`),
  KEY `tbm_computation_earnings_users_FK` (`created_by`),
  KEY `tbm_computation_earnings_users_FK_1` (`updated_by`),
  CONSTRAINT `tbm_computation_earnings_tbm_computations_FK` FOREIGN KEY (`computation_id`) REFERENCES `tbm_computations` (`id`),
  CONSTRAINT `tbm_computation_earnings_tbm_earning_defs_FK` FOREIGN KEY (`earning_id`) REFERENCES `tbm_earning_defs` (`id`),
  CONSTRAINT `tbm_computation_earnings_users_FK` FOREIGN KEY (`created_by`) REFERENCES `users` (`id`),
  CONSTRAINT `tbm_computation_earnings_users_FK_1` FOREIGN KEY (`updated_by`) REFERENCES `users` (`id`)
) ENGINE=InnoDB DEFAULT CHARSET=utf8mb4 COLLATE=utf8mb4_unicode_ci;

--
-- Dumping data for table `tbm_computation_earnings`
--


--
-- Table structure for table `tbm_computation_tax`
--

CREATE TABLE `tbm_computation_tax` (
  `id` int(10) unsigned NOT NULL AUTO_INCREMENT,
  `computation_id` int(10) unsigned NOT NULL,
  `limit` decimal(20,2) NOT NULL,
  `tax_rate` decimal(8,2) NOT NULL,
  `amount` decimal(20,2) NOT NULL,
  `created_by` int(10) unsigned NOT NULL,
  `updated_by` int(10) unsigned NOT NULL,
  `created_at` datetime DEFAULT NULL,
  `updated_at` datetime DEFAULT NULL,
  PRIMARY KEY (`id`),
  KEY `tbm_computation_tax_users_FK` (`created_by`),
  KEY `tbm_computation_tax_users_FK_1` (`updated_by`),
  KEY `tbm_computation_tax_tbm_computations_FK` (`computation_id`),
  CONSTRAINT `tbm_computation_tax_tbm_computations_FK` FOREIGN KEY (`computation_id`) REFERENCES `tbm_computations` (`id`),
  CONSTRAINT `tbm_computation_tax_users_FK` FOREIGN KEY (`created_by`) REFERENCES `users` (`id`),
  CONSTRAINT `tbm_computation_tax_users_FK_1` FOREIGN KEY (`updated_by`) REFERENCES `users` (`id`)
) ENGINE=InnoDB DEFAULT CHARSET=utf8mb4 COLLATE=utf8mb4_unicode_ci;

--
-- Dumping data for table `tbm_computation_tax`
--


--
-- Table structure for table `tbm_computations`
--

CREATE TABLE `tbm_computations` (
  `id` int(10) unsigned NOT NULL AUTO_INCREMENT,
  `user_id` int(10) unsigned NOT NULL,
  `retirement_notice_id` int(10) unsigned DEFAULT NULL,
  `staff_category_id` int(10) unsigned NOT NULL,
  `man_number` varchar(255) NOT NULL,
  `date_of_appointment` date NOT NULL,
  `date_of_separation` date NOT NULL,
  `payments` decimal(20,2) NOT NULL,
  `deductions` decimal(20,2) NOT NULL,
  `net_payment` decimal(20,2) NOT NULL,
  `tax_paid` decimal(20,2) DEFAULT NULL,
  `exit_basic_salary` decimal(20,2) NOT NULL,
  `last_payslip_gross_pay` decimal(20,2) NOT NULL,
  `last_payslip_tax_paid` decimal(20,2) NOT NULL,
  `years_served` decimal(8,2) NOT NULL,
  `months_served` decimal(8,2) NOT NULL,
  `days_served` decimal(8,2) NOT NULL,
  `status` varchar(100) NOT NULL,
  `created_by` int(10) unsigned NOT NULL,
  `updated_by` int(10) unsigned NOT NULL,
  `created_at` datetime DEFAULT NULL,
  `updated_at` datetime DEFAULT NULL,
  `period_served_fraction` decimal(8,4) NOT NULL,
  `tax_table_id` int(10) unsigned NOT NULL,
  `leave_pay_deduction` decimal(20,2) NOT NULL,
  `items_omitted_by_mof` decimal(20,2) NOT NULL,
  `leave_pay_earning` decimal(20,2) NOT NULL,
  `gross_pay` decimal(20,2) NOT NULL,
  `less_pension` decimal(20,2) NOT NULL,
  `adjusted_mof_gross_benefits` decimal(20,2) NOT NULL,
  `taxable_gross_pay` decimal(20,2) NOT NULL,
  `tax_payable` decimal(20,2) NOT NULL,
  `benefits_after_tax` decimal(20,2) NOT NULL,
  `total_advance_payment` decimal(20,2) NOT NULL,
  `net_benefits_payable` decimal(20,2) NOT NULL,
  `collective_agreement_id` int(10) unsigned NOT NULL,
  `contract_type_id` int(10) unsigned NOT NULL,
  `last_payslip_copy` varchar(255) NOT NULL,
  `final_payment_id` int(10) unsigned DEFAULT NULL,
  `entitlement_id` int(10) unsigned DEFAULT NULL,
  `payment_to` varchar(100) DEFAULT NULL,
  `clearance_form` varchar(255) DEFAULT NULL,
  PRIMARY KEY (`id`),
  KEY `tbm_computations_users_FK` (`created_by`),
  KEY `tbm_computations_users_FK_1` (`updated_by`),
  KEY `tbm_computations_users_FK_2` (`user_id`),
  KEY `tbm_computations_staff_categories_FK` (`staff_category_id`),
  KEY `tbm_computations_tbm_tax_tables_FK` (`tax_table_id`),
  KEY `tbm_computations_tbm_collective_agreements_FK` (`collective_agreement_id`),
  KEY `tbm_computations_contracts_FK` (`contract_type_id`),
  CONSTRAINT `tbm_computations_contracts_FK` FOREIGN KEY (`contract_type_id`) REFERENCES `contracts` (`id`),
  CONSTRAINT `tbm_computations_staff_categories_FK` FOREIGN KEY (`staff_category_id`) REFERENCES `staff_categories` (`id`),
  CONSTRAINT `tbm_computations_tbm_collective_agreements_FK` FOREIGN KEY (`collective_agreement_id`) REFERENCES `tbm_collective_agreements` (`id`),
  CONSTRAINT `tbm_computations_users_FK` FOREIGN KEY (`created_by`) REFERENCES `users` (`id`),
  CONSTRAINT `tbm_computations_users_FK_1` FOREIGN KEY (`updated_by`) REFERENCES `users` (`id`),
  CONSTRAINT `tbm_computations_users_FK_2` FOREIGN KEY (`user_id`) REFERENCES `users` (`id`)
) ENGINE=InnoDB DEFAULT CHARSET=utf8mb4 COLLATE=utf8mb4_unicode_ci;

--
-- Dumping data for table `tbm_computations`
--


--
-- Table structure for table `tbm_deduction_defs`
--

CREATE TABLE `tbm_deduction_defs` (
  `id` int(10) unsigned NOT NULL AUTO_INCREMENT,
  `code` varchar(255) NOT NULL,
  `general_ledger_code` varchar(255) NOT NULL,
  `name` varchar(255) NOT NULL,
  `deduction_type_id` int(10) unsigned NOT NULL,
  `deduction_type_code` varchar(255) NOT NULL,
  `created_by` int(10) unsigned NOT NULL,
  `updated_by` int(10) unsigned NOT NULL,
  `created_at` datetime DEFAULT NULL,
  `updated_at` datetime DEFAULT NULL,
  `status` varchar(100) NOT NULL,
  PRIMARY KEY (`id`),
  KEY `tbm_deduction_defs_tbm_deduction_types_FK` (`deduction_type_id`),
  KEY `tbm_deduction_defs_users_FK` (`created_by`),
  KEY `tbm_deduction_defs_users_FK_1` (`updated_by`),
  CONSTRAINT `tbm_deduction_defs_tbm_deduction_types_FK` FOREIGN KEY (`deduction_type_id`) REFERENCES `tbm_deduction_types` (`id`),
  CONSTRAINT `tbm_deduction_defs_users_FK` FOREIGN KEY (`created_by`) REFERENCES `users` (`id`),
  CONSTRAINT `tbm_deduction_defs_users_FK_1` FOREIGN KEY (`updated_by`) REFERENCES `users` (`id`)
) ENGINE=InnoDB DEFAULT CHARSET=utf8mb4 COLLATE=utf8mb4_unicode_ci;

--
-- Dumping data for table `tbm_deduction_defs`
--


--
-- Table structure for table `tbm_deduction_types`
--

CREATE TABLE `tbm_deduction_types` (
  `id` int(10) unsigned NOT NULL,
  `code` varchar(255) DEFAULT NULL,
  `name` varchar(255) DEFAULT NULL,
  `status` varchar(255) DEFAULT NULL,
  `created_by` int(10) unsigned DEFAULT NULL,
  `updated_by` int(10) unsigned DEFAULT NULL,
  `created_at` timestamp NULL DEFAULT NULL,
  `updated_at` timestamp NULL DEFAULT NULL,
  PRIMARY KEY (`id`),
  UNIQUE KEY `tbm_deduction_types_unique` (`code`),
  UNIQUE KEY `tbm_deduction_types_unique_1` (`name`)
) ENGINE=InnoDB DEFAULT CHARSET=utf8mb4 COLLATE=utf8mb4_general_ci;

--
-- Dumping data for table `tbm_deduction_types`
--


--
-- Table structure for table `tbm_earning_defs`
--

CREATE TABLE `tbm_earning_defs` (
  `id` int(10) unsigned NOT NULL AUTO_INCREMENT,
  `staff_category_id` int(10) unsigned NOT NULL,
  `code` varchar(255) NOT NULL,
  `general_ledger_code` varchar(255) NOT NULL,
  `name` varchar(255) NOT NULL,
  `earning_type_id` int(10) unsigned NOT NULL,
  `earning_type_code` varchar(255) NOT NULL,
  `rate` decimal(8,2) NOT NULL,
  `number_of_years_from` int(10) unsigned DEFAULT NULL,
  `number_of_years_to` int(10) unsigned DEFAULT NULL,
  `created_by` int(10) unsigned NOT NULL,
  `updated_by` int(10) unsigned NOT NULL,
  `created_at` datetime DEFAULT NULL,
  `updated_at` datetime DEFAULT NULL,
  `contract_type_id` int(10) unsigned NOT NULL,
  `factor` varchar(100) DEFAULT NULL,
  `status` varchar(100) NOT NULL,
  `taxable` int(10) unsigned NOT NULL DEFAULT 0 COMMENT '0 for no and 1 for yes',
  `years_served_factor` int(1) DEFAULT NULL,
  PRIMARY KEY (`id`),
  KEY `tbm_earning_defs_staff_categories_FK` (`staff_category_id`),
  KEY `tbm_earning_defs_tbm_earning_types_FK` (`earning_type_id`),
  KEY `tbm_earning_defs_users_FK` (`created_by`),
  KEY `tbm_earning_defs_users_FK_1` (`updated_by`),
  KEY `tbm_earning_defs_contracts_FK` (`contract_type_id`),
  CONSTRAINT `tbm_earning_defs_contracts_FK` FOREIGN KEY (`contract_type_id`) REFERENCES `contracts` (`id`),
  CONSTRAINT `tbm_earning_defs_staff_categories_FK` FOREIGN KEY (`staff_category_id`) REFERENCES `staff_categories` (`id`),
  CONSTRAINT `tbm_earning_defs_tbm_earning_types_FK` FOREIGN KEY (`earning_type_id`) REFERENCES `tbm_earning_types` (`id`),
  CONSTRAINT `tbm_earning_defs_users_FK` FOREIGN KEY (`created_by`) REFERENCES `users` (`id`),
  CONSTRAINT `tbm_earning_defs_users_FK_1` FOREIGN KEY (`updated_by`) REFERENCES `users` (`id`)
) ENGINE=InnoDB DEFAULT CHARSET=utf8mb4 COLLATE=utf8mb4_unicode_ci;

--
-- Dumping data for table `tbm_earning_defs`
--


--
-- Table structure for table `tbm_earning_types`
--

CREATE TABLE `tbm_earning_types` (
  `id` int(10) unsigned NOT NULL,
  `code` varchar(255) DEFAULT NULL,
  `name` varchar(255) DEFAULT NULL,
  `status` varchar(255) DEFAULT NULL,
  `created_by` bigint(20) unsigned DEFAULT NULL,
  `updated_by` bigint(20) unsigned DEFAULT NULL,
  `created_at` timestamp NULL DEFAULT NULL,
  `updated_at` timestamp NULL DEFAULT NULL,
  PRIMARY KEY (`id`),
  UNIQUE KEY `tbm_earning_types_unique` (`code`),
  UNIQUE KEY `tbm_earning_types_unique_1` (`name`)
) ENGINE=InnoDB DEFAULT CHARSET=utf8mb4 COLLATE=utf8mb4_general_ci;

--
-- Dumping data for table `tbm_earning_types`
--


--
-- Table structure for table `tbm_entitlement_items`
--

CREATE TABLE `tbm_entitlement_items` (
  `id` int(10) unsigned NOT NULL AUTO_INCREMENT,
  `entitlement_id` int(10) unsigned NOT NULL,
  `earning_id` int(10) unsigned NOT NULL,
  `units` decimal(20,2) NOT NULL,
  `rate` decimal(20,2) DEFAULT NULL,
  `amount` decimal(20,2) NOT NULL,
  `created_by` int(10) unsigned NOT NULL,
  `updated_by` int(10) unsigned NOT NULL,
  `created_at` datetime DEFAULT NULL,
  `updated_at` datetime DEFAULT NULL,
  PRIMARY KEY (`id`),
  KEY `tbm_entitlements_items_tbm_entitlements_FK` (`entitlement_id`),
  KEY `tbm_entitlement_items_tbm_earning_defs_FK` (`earning_id`),
  KEY `tbm_entitlement_items_users_FK` (`created_by`),
  KEY `tbm_entitlements_items_users_FK_1` (`updated_by`),
  CONSTRAINT `tbm_entitlement_items_tbm_earning_defs_FK` FOREIGN KEY (`earning_id`) REFERENCES `tbm_earning_defs` (`id`),
  CONSTRAINT `tbm_entitlement_items_tbm_entitlement_letters_FK` FOREIGN KEY (`entitlement_id`) REFERENCES `tbm_entitlements` (`id`),
  CONSTRAINT `tbm_entitlement_items_users_FK` FOREIGN KEY (`created_by`) REFERENCES `users` (`id`),
  CONSTRAINT `tbm_entitlement_items_users_FK_1` FOREIGN KEY (`updated_by`) REFERENCES `users` (`id`)
) ENGINE=InnoDB DEFAULT CHARSET=utf8mb4 COLLATE=utf8mb4_unicode_ci;

--
-- Dumping data for table `tbm_entitlement_items`
--


--
-- Table structure for table `tbm_entitlements`
--

CREATE TABLE `tbm_entitlements` (
  `id` int(10) unsigned NOT NULL AUTO_INCREMENT,
  `emp_id` int(10) unsigned NOT NULL,
  `man_number` varchar(10) NOT NULL,
  `department_id` int(10) unsigned NOT NULL,
  `position_id` int(10) unsigned NOT NULL,
  `salary_scale_notch_id` int(10) unsigned NOT NULL,
  `contract_type_id` int(10) unsigned NOT NULL,
  `reason_for_separation` varchar(255) NOT NULL,
  `date_of_separation` date NOT NULL,
  `status` varchar(45) NOT NULL,
  `created_by` int(10) unsigned NOT NULL,
  `updated_by` int(10) unsigned NOT NULL,
  `created_at` datetime DEFAULT NULL,
  `updated_at` datetime DEFAULT NULL,
  `date_of_appointment` date NOT NULL,
  `retirement_notice_id` int(10) unsigned NOT NULL,
  `entitlement_letter` varchar(255) NOT NULL,
  `staff_category_id` int(10) unsigned NOT NULL,
  `computation_id` int(10) unsigned DEFAULT NULL,
  PRIMARY KEY (`id`),
  KEY `tbm_entitlements_tbm_retirement_notices_FK` (`retirement_notice_id`),
  KEY `tbm_entitlements_users_FK` (`emp_id`),
  KEY `tbm_entitlements_departments_FK` (`department_id`),
  KEY `tbm_entitlements_job_positions_FK` (`position_id`),
  KEY `tbm_entitlements_salary_scale_notches_FK` (`salary_scale_notch_id`),
  KEY `tbm_entitlements_contracts_FK` (`contract_type_id`),
  KEY `tbm_entitlements_users_FK_1` (`created_by`),
  KEY `tbm_entitlements_users_FK_2` (`updated_by`),
  KEY `tbm_entitlements_staff_categories_FK` (`staff_category_id`),
  KEY `tbm_entitlements_tbm_computations_FK` (`computation_id`),
  CONSTRAINT `tbm_entitlements_contracts_FK` FOREIGN KEY (`contract_type_id`) REFERENCES `contracts` (`id`),
  CONSTRAINT `tbm_entitlements_departments_FK` FOREIGN KEY (`department_id`) REFERENCES `departments` (`id`),
  CONSTRAINT `tbm_entitlements_job_positions_FK` FOREIGN KEY (`position_id`) REFERENCES `job_positions` (`id`),
  CONSTRAINT `tbm_entitlements_salary_scale_notches_FK` FOREIGN KEY (`salary_scale_notch_id`) REFERENCES `salary_scale_notches` (`id`),
  CONSTRAINT `tbm_entitlements_staff_categories_FK` FOREIGN KEY (`staff_category_id`) REFERENCES `staff_categories` (`id`),
  CONSTRAINT `tbm_entitlements_tbm_retirement_notices_FK` FOREIGN KEY (`retirement_notice_id`) REFERENCES `tbm_retirement_notices` (`id`),
  CONSTRAINT `tbm_entitlements_users_FK` FOREIGN KEY (`emp_id`) REFERENCES `users` (`id`),
  CONSTRAINT `tbm_entitlements_users_FK_1` FOREIGN KEY (`created_by`) REFERENCES `users` (`id`),
  CONSTRAINT `tbm_entitlements_users_FK_2` FOREIGN KEY (`updated_by`) REFERENCES `users` (`id`)
) ENGINE=InnoDB DEFAULT CHARSET=utf8mb4 COLLATE=utf8mb4_unicode_ci;

--
-- Dumping data for table `tbm_entitlements`
--


--
-- Table structure for table `tbm_final_payment_payees`
--

CREATE TABLE `tbm_final_payment_payees` (
  `id` int(10) unsigned NOT NULL AUTO_INCREMENT,
  `payment_id` int(10) unsigned DEFAULT NULL,
  `first_name` varchar(255) NOT NULL,
  `last_name` varchar(255) NOT NULL,
  `other_name` varchar(255) DEFAULT NULL,
  `title` varchar(15) NOT NULL,
  `phone` varchar(45) NOT NULL,
  `email` varchar(255) NOT NULL,
  `national_id` varchar(45) DEFAULT NULL,
  `postal_address` text NOT NULL,
  `bank_branch_id` int(10) unsigned NOT NULL,
  `bank_account` varchar(20) NOT NULL,
  `amount` decimal(20,2) NOT NULL,
  `created_by` int(10) unsigned DEFAULT NULL,
  `created_at` datetime NOT NULL,
  `updated_at` datetime NOT NULL,
  `updated_by` int(10) unsigned DEFAULT NULL,
  `national_id_type` varchar(255) NOT NULL,
  `computation_id` int(10) unsigned NOT NULL,
  `order_of_appointment` varchar(255) DEFAULT NULL,
  PRIMARY KEY (`id`),
  KEY `tbm_final_payment_payees_users_FK` (`created_by`),
  KEY `tbm_final_payment_payees_users_FK_1` (`updated_by`),
  KEY `tbm_final_payment_payees_tbm_final_payments_FK` (`payment_id`),
  KEY `tbm_final_payment_payees_pam_bank_branches_FK` (`bank_branch_id`),
  KEY `tbm_final_payment_payees_tbm_computations_FK` (`computation_id`),
  CONSTRAINT `tbm_final_payment_payees_pam_bank_branches_FK` FOREIGN KEY (`bank_branch_id`) REFERENCES `pam_bank_branches` (`id`),
  CONSTRAINT `tbm_final_payment_payees_tbm_computations_FK` FOREIGN KEY (`computation_id`) REFERENCES `tbm_computations` (`id`),
  CONSTRAINT `tbm_final_payment_payees_tbm_final_payments_FK` FOREIGN KEY (`payment_id`) REFERENCES `tbm_final_payments` (`id`),
  CONSTRAINT `tbm_final_payment_payees_users_FK` FOREIGN KEY (`created_by`) REFERENCES `users` (`id`),
  CONSTRAINT `tbm_final_payment_payees_users_FK_1` FOREIGN KEY (`updated_by`) REFERENCES `users` (`id`)
) ENGINE=InnoDB DEFAULT CHARSET=utf8mb3 COLLATE=utf8mb3_general_ci;

--
-- Dumping data for table `tbm_final_payment_payees`
--


--
-- Table structure for table `tbm_final_payments`
--

CREATE TABLE `tbm_final_payments` (
  `id` int(10) unsigned NOT NULL AUTO_INCREMENT,
  `computation_id` int(10) unsigned NOT NULL,
  `amount` decimal(20,2) NOT NULL,
  `payment_to` varchar(100) NOT NULL,
  `status` varchar(100) NOT NULL,
  `created_by` int(10) unsigned NOT NULL,
  `updated_by` int(10) unsigned NOT NULL,
  `created_at` datetime DEFAULT NULL,
  `updated_at` datetime DEFAULT NULL,
  `bank_branch_id` int(10) unsigned DEFAULT NULL,
  `bank_account` varchar(20) DEFAULT NULL,
  PRIMARY KEY (`id`),
  KEY `tbm_final_payments_tbm_computations_FK` (`computation_id`),
  KEY `tbm_final_payments_users_FK` (`created_by`),
  KEY `tbm_final_payments_users_FK_1` (`updated_by`),
  CONSTRAINT `tbm_final_payments_tbm_computations_FK` FOREIGN KEY (`computation_id`) REFERENCES `tbm_computations` (`id`),
  CONSTRAINT `tbm_final_payments_users_FK` FOREIGN KEY (`created_by`) REFERENCES `users` (`id`),
  CONSTRAINT `tbm_final_payments_users_FK_1` FOREIGN KEY (`updated_by`) REFERENCES `users` (`id`)
) ENGINE=InnoDB DEFAULT CHARSET=utf8mb4 COLLATE=utf8mb4_unicode_ci;

--
-- Dumping data for table `tbm_final_payments`
--


--
-- Table structure for table `tbm_retirement_applications`
--

CREATE TABLE `tbm_retirement_applications` (
  `id` int(10) unsigned NOT NULL AUTO_INCREMENT,
  `emp_id` int(10) unsigned NOT NULL,
  `man_number` varchar(10) CHARACTER SET utf8mb4 COLLATE utf8mb4_unicode_ci NOT NULL,
  `department_id` int(10) unsigned NOT NULL,
  `position_id` int(10) unsigned NOT NULL,
  `salary_scale_notch_id` int(10) unsigned DEFAULT NULL,
  `contract_type_id` int(10) unsigned NOT NULL,
  `type_of_retirement` varchar(255) CHARACTER SET utf8mb4 COLLATE utf8mb4_unicode_ci NOT NULL,
  `date_of_separation` date NOT NULL,
  `status` varchar(45) CHARACTER SET utf8mb4 COLLATE utf8mb4_unicode_ci NOT NULL,
  `created_by` int(10) unsigned NOT NULL,
  `updated_by` int(10) unsigned NOT NULL,
  `created_at` datetime DEFAULT NULL,
  `updated_at` datetime DEFAULT NULL,
  `date_of_appointment` date NOT NULL,
  `application_letter` varchar(255) CHARACTER SET utf8mb4 COLLATE utf8mb4_unicode_ci NOT NULL,
  `response_letter` varchar(255) CHARACTER SET utf8mb4 COLLATE utf8mb4_unicode_ci DEFAULT NULL,
  PRIMARY KEY (`id`),
  KEY `tbm_retirement_applications_users_FK` (`emp_id`),
  KEY `tbm_retirement_applications_users_FK_1` (`created_by`),
  KEY `tbm_retirement_applications_users_FK_2` (`updated_by`),
  KEY `tbm_retirement_applications_departments_FK` (`department_id`),
  KEY `tbm_retirement_applications_job_positions_FK` (`position_id`),
  KEY `tbm_retirement_applications_salary_scale_notches_FK` (`salary_scale_notch_id`),
  KEY `tbm_retirement_applications_contracts_FK` (`contract_type_id`),
  CONSTRAINT `tbm_retirement_applications_contracts_FK` FOREIGN KEY (`contract_type_id`) REFERENCES `contracts` (`id`),
  CONSTRAINT `tbm_retirement_applications_departments_FK` FOREIGN KEY (`department_id`) REFERENCES `departments` (`id`),
  CONSTRAINT `tbm_retirement_applications_job_positions_FK` FOREIGN KEY (`position_id`) REFERENCES `job_positions` (`id`),
  CONSTRAINT `tbm_retirement_applications_salary_scale_notches_FK` FOREIGN KEY (`salary_scale_notch_id`) REFERENCES `salary_scale_notches` (`id`),
  CONSTRAINT `tbm_retirement_applications_users_FK` FOREIGN KEY (`emp_id`) REFERENCES `users` (`id`),
  CONSTRAINT `tbm_retirement_applications_users_FK_1` FOREIGN KEY (`created_by`) REFERENCES `users` (`id`),
  CONSTRAINT `tbm_retirement_applications_users_FK_2` FOREIGN KEY (`updated_by`) REFERENCES `users` (`id`)
) ENGINE=InnoDB DEFAULT CHARSET=utf8mb4 COLLATE=utf8mb4_vietnamese_ci;

--
-- Dumping data for table `tbm_retirement_applications`
--


--
-- Table structure for table `tbm_retirement_notices`
--

CREATE TABLE `tbm_retirement_notices` (
  `id` int(10) unsigned NOT NULL AUTO_INCREMENT,
  `emp_id` int(10) unsigned NOT NULL,
  `man_number` varchar(10) NOT NULL,
  `department_id` int(10) unsigned NOT NULL,
  `position_id` int(10) unsigned NOT NULL,
  `salary_scale_notch_id` int(10) unsigned DEFAULT NULL,
  `contract_type_id` int(10) unsigned NOT NULL,
  `type_of_retirement` varchar(255) NOT NULL,
  `date_of_separation` date NOT NULL,
  `status` varchar(45) NOT NULL,
  `created_by` int(10) unsigned NOT NULL,
  `updated_by` int(10) unsigned NOT NULL,
  `created_at` datetime DEFAULT NULL,
  `updated_at` datetime DEFAULT NULL,
  `date_of_appointment` date NOT NULL,
  `dob` date DEFAULT NULL,
  `notice_letter` varchar(255) DEFAULT NULL,
  `retirement_application_id` int(10) unsigned DEFAULT NULL,
  `reason_for_separation` varchar(255) DEFAULT NULL,
  PRIMARY KEY (`id`),
  KEY `tbm_retirement_notices_users_FK` (`emp_id`),
  KEY `tbm_retirement_notices_users_FK_1` (`created_by`),
  KEY `tbm_retirement_notices_users_FK_2` (`updated_by`),
  KEY `tbm_retirement_notices_departments_FK` (`department_id`),
  KEY `tbm_retirement_notices_contracts_FK` (`contract_type_id`),
  KEY `tbm_retirement_notices_job_positions_FK` (`position_id`),
  KEY `tbm_retirement_notices_salary_scale_notches_FK` (`salary_scale_notch_id`),
  KEY `tbm_retirement_notices_tbm_retirement_applications_FK` (`retirement_application_id`),
  CONSTRAINT `tbm_retirement_notices_contracts_FK` FOREIGN KEY (`contract_type_id`) REFERENCES `contracts` (`id`),
  CONSTRAINT `tbm_retirement_notices_departments_FK` FOREIGN KEY (`department_id`) REFERENCES `departments` (`id`),
  CONSTRAINT `tbm_retirement_notices_job_positions_FK` FOREIGN KEY (`position_id`) REFERENCES `job_positions` (`id`),
  CONSTRAINT `tbm_retirement_notices_salary_scale_notches_FK` FOREIGN KEY (`salary_scale_notch_id`) REFERENCES `salary_scale_notches` (`id`),
  CONSTRAINT `tbm_retirement_notices_tbm_retirement_applications_FK` FOREIGN KEY (`retirement_application_id`) REFERENCES `tbm_retirement_applications` (`id`),
  CONSTRAINT `tbm_retirement_notices_users_FK` FOREIGN KEY (`emp_id`) REFERENCES `users` (`id`),
  CONSTRAINT `tbm_retirement_notices_users_FK_1` FOREIGN KEY (`created_by`) REFERENCES `users` (`id`),
  CONSTRAINT `tbm_retirement_notices_users_FK_2` FOREIGN KEY (`updated_by`) REFERENCES `users` (`id`)
) ENGINE=InnoDB DEFAULT CHARSET=utf8mb4 COLLATE=utf8mb4_unicode_ci;

--
-- Dumping data for table `tbm_retirement_notices`
--


--
-- Table structure for table `tbm_tax_bands`
--

CREATE TABLE `tbm_tax_bands` (
  `id` int(10) unsigned NOT NULL AUTO_INCREMENT,
  `tax_table_id` int(10) unsigned DEFAULT NULL,
  `tax_table_code` varchar(255) DEFAULT NULL,
  `from_amount` decimal(15,2) DEFAULT NULL,
  `to_amount` decimal(15,2) DEFAULT NULL,
  `taxable_amount` decimal(15,2) DEFAULT NULL,
  `tax_percentage` decimal(8,2) DEFAULT NULL,
  `status` varchar(255) DEFAULT NULL,
  `created_by` int(10) unsigned DEFAULT NULL,
  `updated_by` int(10) unsigned DEFAULT NULL,
  `created_at` timestamp NULL DEFAULT NULL,
  `updated_at` timestamp NULL DEFAULT NULL,
  PRIMARY KEY (`id`),
  KEY `tbm_tax_bands_tbm_tax_tables_FK` (`tax_table_id`),
  KEY `tbm_tax_bands_users_FK` (`created_by`),
  KEY `tbm_tax_bands_users_FK_1` (`updated_by`),
  CONSTRAINT `tbm_tax_bands_tbm_tax_tables_FK` FOREIGN KEY (`tax_table_id`) REFERENCES `tbm_tax_tables` (`id`),
  CONSTRAINT `tbm_tax_bands_users_FK` FOREIGN KEY (`created_by`) REFERENCES `users` (`id`),
  CONSTRAINT `tbm_tax_bands_users_FK_1` FOREIGN KEY (`updated_by`) REFERENCES `users` (`id`)
) ENGINE=InnoDB DEFAULT CHARSET=utf8mb4 COLLATE=utf8mb4_general_ci;

--
-- Dumping data for table `tbm_tax_bands`
--


--
-- Table structure for table `tbm_tax_tables`
--

CREATE TABLE `tbm_tax_tables` (
  `id` int(10) unsigned NOT NULL AUTO_INCREMENT,
  `code` varchar(255) NOT NULL,
  `name` varchar(255) NOT NULL,
  `start_date` date NOT NULL,
  `end_date` date NOT NULL,
  `status` varchar(255) DEFAULT NULL,
  `created_by` int(10) unsigned DEFAULT NULL,
  `updated_by` int(10) unsigned DEFAULT NULL,
  `created_at` timestamp NULL DEFAULT NULL,
  `updated_at` timestamp NULL DEFAULT NULL,
  PRIMARY KEY (`id`),
  KEY `tbm_tax_tables_users_FK` (`created_by`),
  KEY `tbm_tax_tables_users_FK_1` (`updated_by`),
  CONSTRAINT `tbm_tax_tables_users_FK` FOREIGN KEY (`created_by`) REFERENCES `users` (`id`),
  CONSTRAINT `tbm_tax_tables_users_FK_1` FOREIGN KEY (`updated_by`) REFERENCES `users` (`id`)
) ENGINE=InnoDB DEFAULT CHARSET=utf8mb4 COLLATE=utf8mb4_general_ci;

--
-- Dumping data for table `tbm_tax_tables`
--


--
-- Table structure for table `temp_personal_details`
--

CREATE TABLE `temp_personal_details` (
  `id` int(11) NOT NULL AUTO_INCREMENT,
  `user` int(10) unsigned NOT NULL,
  `first_name` varchar(255) NOT NULL,
  `last_name` varchar(255) NOT NULL,
  `other_name` varchar(255) DEFAULT '',
  `title` varchar(15) NOT NULL,
  `sex` enum('Male','Female') DEFAULT 'Male',
  `phone` varchar(45) DEFAULT NULL,
  `nrc` varchar(45) DEFAULT NULL,
  `social_security_number` varchar(45) DEFAULT NULL,
  `passport_no` varchar(45) DEFAULT NULL,
  `dob` date DEFAULT NULL,
  `house_number` text DEFAULT NULL,
  `tpin` varchar(45) DEFAULT NULL,
  `marital_status` varchar(45) DEFAULT NULL,
  `nhima_no` varchar(90) DEFAULT NULL,
  `nationality` int(10) unsigned DEFAULT NULL,
  `action` enum('UPDATE','ADD') DEFAULT NULL,
  `area` text DEFAULT NULL,
  `street` text DEFAULT NULL,
  `status` varchar(45) NOT NULL COMMENT 'PENDING, APPROVED,REJECTED',
  `district` int(10) unsigned DEFAULT NULL,
  `created_at` timestamp NOT NULL DEFAULT current_timestamp() ON UPDATE current_timestamp(),
  `updated_at` datetime DEFAULT NULL,
  PRIMARY KEY (`id`),
  KEY `fk_temp_personal_details_1_idx` (`user`),
  CONSTRAINT `fk_temp_personal_details_1` FOREIGN KEY (`user`) REFERENCES `users` (`id`)
) ENGINE=InnoDB DEFAULT CHARSET=utf8mb3 COLLATE=utf8mb3_general_ci;

--
-- Dumping data for table `temp_personal_details`
--


--
-- Table structure for table `training`
--

CREATE TABLE `training` (
  `id` int(10) unsigned NOT NULL AUTO_INCREMENT,
  `school_id` int(10) unsigned DEFAULT NULL,
  `user` int(15) unsigned DEFAULT NULL,
  `program` int(10) unsigned DEFAULT NULL,
  `mode` varchar(255) DEFAULT NULL,
  `duration` varchar(50) DEFAULT NULL,
  `extension_1` varchar(50) DEFAULT NULL,
  `extension_2` varchar(50) DEFAULT NULL,
  `extension_3` varchar(50) DEFAULT NULL,
  `extension_4` varchar(50) DEFAULT NULL,
  `extension_5` varchar(50) DEFAULT NULL,
  `progress_report` varchar(255) DEFAULT NULL,
  `institution_id` int(10) unsigned DEFAULT NULL,
  `sponsor` int(10) unsigned DEFAULT NULL,
  `duration_of_years_spent` varchar(255) DEFAULT NULL,
  `tuition_fees` varchar(255) DEFAULT NULL,
  `book_allowance` varchar(255) DEFAULT NULL,
  `examination_fee` varchar(255) DEFAULT NULL,
  `registration_fee` varchar(255) DEFAULT NULL,
  `travel_expense` varchar(255) DEFAULT NULL,
  `total` varchar(255) DEFAULT NULL,
  `status` int(10) DEFAULT 0,
  `created_at` timestamp NOT NULL DEFAULT current_timestamp(),
  `updated_at` timestamp NOT NULL DEFAULT current_timestamp() ON UPDATE current_timestamp(),
  `created_by` int(10) unsigned DEFAULT NULL,
  `updated_by` int(10) unsigned DEFAULT NULL,
  PRIMARY KEY (`id`),
  KEY `user` (`user`),
  KEY `school_id` (`school_id`),
  KEY `program` (`program`),
  KEY `institution_id` (`institution_id`),
  KEY `sponsor` (`sponsor`),
  KEY `created_by` (`created_by`),
  KEY `updated_by` (`updated_by`),
  CONSTRAINT `training_ibfk_1` FOREIGN KEY (`user`) REFERENCES `users` (`id`),
  CONSTRAINT `training_ibfk_2` FOREIGN KEY (`school_id`) REFERENCES `units` (`id`),
  CONSTRAINT `training_ibfk_3` FOREIGN KEY (`program`) REFERENCES `training_program` (`id`),
  CONSTRAINT `training_ibfk_4` FOREIGN KEY (`institution_id`) REFERENCES `training_institution` (`id`),
  CONSTRAINT `training_ibfk_5` FOREIGN KEY (`sponsor`) REFERENCES `training_sponsor` (`id`),
  CONSTRAINT `training_ibfk_6` FOREIGN KEY (`created_by`) REFERENCES `users` (`id`),
  CONSTRAINT `training_ibfk_7` FOREIGN KEY (`updated_by`) REFERENCES `users` (`id`)
) ENGINE=InnoDB DEFAULT CHARSET=utf8mb4 COLLATE=utf8mb4_general_ci;

--
-- Dumping data for table `training`
--


--
-- Table structure for table `training_application_files`
--

CREATE TABLE `training_application_files` (
  `id` int(10) unsigned NOT NULL AUTO_INCREMENT,
  `application` int(11) NOT NULL,
  `name` varchar(255) NOT NULL,
  `file` varchar(255) NOT NULL,
  PRIMARY KEY (`id`),
  KEY `fk_new_table_1_idx` (`application`),
  CONSTRAINT `fk_new_table_1` FOREIGN KEY (`application`) REFERENCES `training_applications` (`id`)
) ENGINE=InnoDB AUTO_INCREMENT=6 DEFAULT CHARSET=utf8mb3 COLLATE=utf8mb3_general_ci;

--
-- Dumping data for table `training_application_files`
--

INSERT INTO `training_application_files` VALUES (1,1,'ACCEPTANCE_LETTER','acceptance_letter_21271.pdf'),(2,1,'APPLICATION_LETTER','application_letter_21271.pdf'),(3,1,'SCHOOL_MINUTES','school_minutes_21271.pdf'),(4,1,'DEANS_RECOMMENDATION','deans_recommendation_21271.pdf'),(5,1,'STAFFTRAININGCOMMITEE_MINUTES','stafftrainingcommitee_minutes_21271.pdf');

--
-- Table structure for table `training_applications`
--

CREATE TABLE `training_applications` (
  `id` int(11) NOT NULL AUTO_INCREMENT,
  `user` int(10) unsigned NOT NULL,
  `institution` int(10) unsigned NOT NULL,
  `program_type` varchar(45) NOT NULL COMMENT 'PhD, Masters, Diploma, Certificate etc',
  `program` text NOT NULL,
  `other_porgram_names` varchar(45) DEFAULT NULL COMMENT 'In the case of PhD by research',
  `duration` int(11) NOT NULL,
  `mode_of_study` varchar(45) NOT NULL COMMENT 'Full time, Part time, Distance, Sandwich',
  `sponsorship_type` varchar(255) NOT NULL COMMENT 'Self or Sponsored',
  `sponsor` int(10) unsigned DEFAULT NULL,
  `expected_start_date` date NOT NULL,
  `expected_end_date` date DEFAULT NULL,
  `status` varchar(45) NOT NULL COMMENT 'Approved, Pending,Terminated, Completed',
  `fellowship_termination_reasons` varchar(45) DEFAULT NULL,
  `date_of_termination` date DEFAULT NULL,
  `terminated_by` int(11) DEFAULT NULL,
  `created_at` timestamp NOT NULL DEFAULT current_timestamp(),
  `updated_at` timestamp NOT NULL DEFAULT current_timestamp() ON UPDATE current_timestamp(),
  `created_by` int(10) unsigned DEFAULT NULL,
  `updated_by` int(10) unsigned DEFAULT NULL,
  `unit` int(11) DEFAULT NULL,
  PRIMARY KEY (`id`),
  KEY `fk_training_applications_1_idx` (`user`),
  KEY `fk_training_applications_2_idx` (`institution`),
  KEY `fk_training_applications_3_idx` (`sponsor`),
  CONSTRAINT `fk_training_applications_1` FOREIGN KEY (`user`) REFERENCES `users` (`id`),
  CONSTRAINT `fk_training_applications_2` FOREIGN KEY (`institution`) REFERENCES `training_institution` (`id`),
  CONSTRAINT `fk_training_applications_3` FOREIGN KEY (`sponsor`) REFERENCES `training_sponsor` (`id`)
) ENGINE=InnoDB AUTO_INCREMENT=2 DEFAULT CHARSET=utf8mb3 COLLATE=utf8mb3_general_ci;

--
-- Dumping data for table `training_applications`
--

INSERT INTO `training_applications` VALUES (1,2127,1,'Masters Degree','Computer science ','',24,'Full time','Sponsored',1,'2025-05-01','2027-05-01','Approved',NULL,NULL,NULL,'2025-02-05 09:03:59','2025-02-05 09:29:52',2127,2196,19);

--
-- Table structure for table `training_extensions`
--

CREATE TABLE `training_extensions` (
  `id` int(10) unsigned NOT NULL AUTO_INCREMENT,
  `application` int(11) NOT NULL,
  `reason` text NOT NULL COMMENT 'Valid extension reason',
  `start_date` date NOT NULL,
  `end_date` date NOT NULL,
  `actual_application_start_date` date DEFAULT NULL,
  `actual_application_end_date` date DEFAULT NULL,
  `supervisor_recomendation_letter` varchar(45) NOT NULL,
  `hod_recomendation_letter` varchar(45) NOT NULL,
  `status` varchar(45) NOT NULL DEFAULT 'Pending' COMMENT 'Pending,Approved,Rejected',
  `created_at` timestamp NOT NULL DEFAULT current_timestamp(),
  `updated_at` timestamp NOT NULL DEFAULT current_timestamp() ON UPDATE current_timestamp(),
  `created_by` int(10) unsigned DEFAULT NULL,
  PRIMARY KEY (`id`),
  KEY `fk_training_extensions_1_idx` (`application`),
  CONSTRAINT `fk_training_extensions_1` FOREIGN KEY (`application`) REFERENCES `training_applications` (`id`)
) ENGINE=InnoDB DEFAULT CHARSET=utf8mb3 COLLATE=utf8mb3_general_ci;

--
-- Dumping data for table `training_extensions`
--


--
-- Table structure for table `training_institution`
--

CREATE TABLE `training_institution` (
  `id` int(10) unsigned NOT NULL AUTO_INCREMENT,
  `name` varchar(255) NOT NULL,
  `type_of_institution` varchar(255) DEFAULT NULL,
  `email` varchar(255) DEFAULT NULL,
  `phone` varchar(45) DEFAULT NULL,
  `physical_postal_address` varchar(255) DEFAULT NULL,
  `country_id` int(10) unsigned DEFAULT NULL,
  `created_at` timestamp NOT NULL DEFAULT current_timestamp(),
  `updated_at` timestamp NOT NULL DEFAULT current_timestamp() ON UPDATE current_timestamp(),
  `created_by` int(10) unsigned DEFAULT NULL,
  `updated_by` int(10) unsigned DEFAULT NULL,
  PRIMARY KEY (`id`),
  KEY `country_id` (`country_id`),
  KEY `created_by` (`created_by`),
  KEY `updated_by` (`updated_by`),
  CONSTRAINT `training_institution_ibfk_1` FOREIGN KEY (`country_id`) REFERENCES `countries` (`id`),
  CONSTRAINT `training_institution_ibfk_2` FOREIGN KEY (`created_by`) REFERENCES `users` (`id`),
  CONSTRAINT `training_institution_ibfk_3` FOREIGN KEY (`updated_by`) REFERENCES `users` (`id`)
) ENGINE=InnoDB AUTO_INCREMENT=2 DEFAULT CHARSET=utf8mb4 COLLATE=utf8mb4_general_ci;

--
-- Dumping data for table `training_institution`
--

INSERT INTO `training_institution` VALUES (1,'University of Cape Town','Academic','','','',207,'2025-01-27 13:11:33','2025-01-27 13:11:33',1,1);

--
-- Table structure for table `training_needs`
--

CREATE TABLE `training_needs` (
  `id` int(10) unsigned NOT NULL AUTO_INCREMENT,
  `school` int(10) unsigned DEFAULT NULL,
  `department` int(10) unsigned DEFAULT NULL,
  `program` int(10) unsigned DEFAULT NULL,
  `type` varchar(255) DEFAULT NULL,
  `category` varchar(45) NOT NULL,
  `duration` varchar(45) NOT NULL,
  `area_of_study` varchar(255) DEFAULT NULL,
  `number_of_staff` int(10) DEFAULT NULL,
  `year` varchar(45) DEFAULT NULL,
  `status` int(10) DEFAULT 0,
  `created_at` timestamp NOT NULL DEFAULT current_timestamp(),
  `updated_at` timestamp NOT NULL DEFAULT current_timestamp() ON UPDATE current_timestamp(),
  `created_by` int(10) unsigned DEFAULT NULL,
  `updated_by` int(10) unsigned DEFAULT NULL,
  PRIMARY KEY (`id`),
  KEY `program` (`program`),
  KEY `created_by` (`created_by`),
  KEY `updated_by` (`updated_by`),
  KEY `training_needs_ibfk_1` (`school`),
  KEY `department` (`department`),
  CONSTRAINT `training_needs_ibfk_1` FOREIGN KEY (`school`) REFERENCES `units` (`id`),
  CONSTRAINT `training_needs_ibfk_2` FOREIGN KEY (`program`) REFERENCES `training_program` (`id`),
  CONSTRAINT `training_needs_ibfk_3` FOREIGN KEY (`created_by`) REFERENCES `users` (`id`),
  CONSTRAINT `training_needs_ibfk_4` FOREIGN KEY (`updated_by`) REFERENCES `users` (`id`),
  CONSTRAINT `training_needs_ibfk_5` FOREIGN KEY (`department`) REFERENCES `departments` (`id`)
) ENGINE=InnoDB DEFAULT CHARSET=utf8mb4 COLLATE=utf8mb4_general_ci;

--
-- Dumping data for table `training_needs`
--


--
-- Table structure for table `training_program`
--

CREATE TABLE `training_program` (
  `id` int(10) unsigned NOT NULL AUTO_INCREMENT,
  `name` varchar(255) NOT NULL,
  `category` varchar(255) DEFAULT NULL,
  `type` varchar(255) DEFAULT NULL,
  `created_at` timestamp NOT NULL DEFAULT current_timestamp(),
  `updated_at` timestamp NOT NULL DEFAULT current_timestamp() ON UPDATE current_timestamp(),
  `created_by` int(10) unsigned DEFAULT NULL,
  `updated_by` int(10) unsigned DEFAULT NULL,
  PRIMARY KEY (`id`),
  KEY `created_by` (`created_by`),
  KEY `updated_by` (`updated_by`),
  CONSTRAINT `training_program_ibfk_1` FOREIGN KEY (`created_by`) REFERENCES `users` (`id`),
  CONSTRAINT `training_program_ibfk_2` FOREIGN KEY (`updated_by`) REFERENCES `users` (`id`)
) ENGINE=InnoDB AUTO_INCREMENT=2 DEFAULT CHARSET=utf8mb4 COLLATE=utf8mb4_general_ci;

--
-- Dumping data for table `training_program`
--

INSERT INTO `training_program` VALUES (1,'Computer science ',NULL,NULL,'2024-10-18 13:31:24','2024-10-18 13:31:24',3,3);

--
-- Table structure for table `training_progress_reports`
--

CREATE TABLE `training_progress_reports` (
  `id` int(10) unsigned NOT NULL AUTO_INCREMENT,
  `application` int(11) NOT NULL,
  `year` int(11) NOT NULL,
  `report` varchar(255) NOT NULL,
  `created_at` timestamp NOT NULL DEFAULT current_timestamp(),
  `updated_at` timestamp NOT NULL DEFAULT current_timestamp() ON UPDATE current_timestamp(),
  `created_by` int(10) unsigned DEFAULT NULL,
  `updated_by` int(10) unsigned DEFAULT NULL,
  `sdf_status` varchar(45) DEFAULT NULL COMMENT 'OK,NOT OK, Pending',
  PRIMARY KEY (`id`),
  KEY `fk_training_progress_reports_1_idx` (`application`),
  CONSTRAINT `fk_training_progress_reports_1` FOREIGN KEY (`application`) REFERENCES `training_applications` (`id`)
) ENGINE=InnoDB DEFAULT CHARSET=utf8mb3 COLLATE=utf8mb3_general_ci;

--
-- Dumping data for table `training_progress_reports`
--


--
-- Table structure for table `training_scholarship`
--

CREATE TABLE `training_scholarship` (
  `id` int(10) unsigned NOT NULL AUTO_INCREMENT,
  `type` varchar(255) NOT NULL,
  `name` varchar(255) NOT NULL,
  `date_received` date DEFAULT NULL,
  `disseminated` varchar(512) DEFAULT NULL,
  `comment` text DEFAULT NULL,
  `created_at` timestamp NOT NULL DEFAULT current_timestamp(),
  `updated_at` timestamp NOT NULL DEFAULT current_timestamp() ON UPDATE current_timestamp(),
  `created_by` int(10) unsigned DEFAULT NULL,
  `updated_by` int(10) unsigned DEFAULT NULL,
  PRIMARY KEY (`id`),
  KEY `created_by` (`created_by`),
  KEY `updated_by` (`updated_by`),
  CONSTRAINT `training_scholarship_ibfk_1` FOREIGN KEY (`created_by`) REFERENCES `users` (`id`),
  CONSTRAINT `training_scholarship_ibfk_2` FOREIGN KEY (`updated_by`) REFERENCES `users` (`id`)
) ENGINE=InnoDB AUTO_INCREMENT=4 DEFAULT CHARSET=utf8mb4 COLLATE=utf8mb4_general_ci;

--
-- Dumping data for table `training_scholarship`
--

INSERT INTO `training_scholarship` VALUES (1,'Full scholarship','Government sponsorship  ','2024-10-16','Law','','2024-10-18 13:32:40','2024-10-18 13:32:40',3,NULL),(3,'Full scholarship','Commonwealth','2025-01-01','Agriculture Sciences,Education,Engineering,Graduate School of Business,Law,Natural Sciences,Health Sciences,Humanities and Social Sciences,Medicine,Mines,Nursing Sciences,Public Health,Veterinary Medicine','','2025-01-27 13:12:28','2025-01-27 13:12:28',1,NULL);

--
-- Table structure for table `training_short_term`
--

CREATE TABLE `training_short_term` (
  `id` int(10) unsigned NOT NULL AUTO_INCREMENT,
  `user` int(10) unsigned NOT NULL,
  `training` int(10) unsigned NOT NULL,
  `institution` int(10) unsigned NOT NULL,
  `trainers` text DEFAULT NULL,
  `year` int(11) DEFAULT NULL,
  `date_of_training` date NOT NULL,
  `source_of_funds` text DEFAULT NULL,
  `created_by` int(11) DEFAULT NULL,
  `updated_by` int(11) DEFAULT NULL,
  `created_at` datetime DEFAULT NULL,
  `updated_at` datetime DEFAULT NULL,
  `unit` int(10) unsigned NOT NULL,
  PRIMARY KEY (`id`),
  KEY `trainingshort_user_fk_idx` (`user`),
  KEY `trainingshort_trainingprogram_fk_idx` (`training`),
  KEY `trainingshort_institution_fk_idx` (`institution`),
  CONSTRAINT `trainingshort_institution_fk` FOREIGN KEY (`institution`) REFERENCES `training_institution` (`id`),
  CONSTRAINT `trainingshort_trainingprogram_fk` FOREIGN KEY (`training`) REFERENCES `training_program` (`id`),
  CONSTRAINT `trainingshort_user_fk` FOREIGN KEY (`user`) REFERENCES `users` (`id`)
) ENGINE=InnoDB DEFAULT CHARSET=utf8mb4 COLLATE=utf8mb4_general_ci;

--
-- Dumping data for table `training_short_term`
--


--
-- Table structure for table `training_sponsor`
--

CREATE TABLE `training_sponsor` (
  `id` int(10) unsigned NOT NULL AUTO_INCREMENT,
  `name` varchar(255) DEFAULT NULL,
  `country_id` int(10) unsigned DEFAULT NULL,
  `description` text DEFAULT NULL,
  `created_at` timestamp NOT NULL DEFAULT current_timestamp(),
  `updated_at` timestamp NOT NULL DEFAULT current_timestamp() ON UPDATE current_timestamp(),
  `created_by` int(10) unsigned DEFAULT NULL,
  `updated_by` int(10) unsigned DEFAULT NULL,
  PRIMARY KEY (`id`),
  KEY `created_by` (`created_by`),
  KEY `updated_by` (`updated_by`),
  KEY `country_id` (`country_id`),
  CONSTRAINT `training_sponsor_ibfk_1` FOREIGN KEY (`created_by`) REFERENCES `users` (`id`),
  CONSTRAINT `training_sponsor_ibfk_2` FOREIGN KEY (`updated_by`) REFERENCES `users` (`id`),
  CONSTRAINT `training_sponsor_ibfk_3` FOREIGN KEY (`country_id`) REFERENCES `countries` (`id`)
) ENGINE=InnoDB AUTO_INCREMENT=2 DEFAULT CHARSET=utf8mb4 COLLATE=utf8mb4_general_ci;

--
-- Dumping data for table `training_sponsor`
--

INSERT INTO `training_sponsor` VALUES (1,'Sponsor A',246,'description','2025-01-27 13:13:13','2025-01-27 13:13:13',1,1);

--
-- Table structure for table `training_study_leave`
--

CREATE TABLE `training_study_leave` (
  `id` int(10) unsigned NOT NULL AUTO_INCREMENT,
  `application` int(11) NOT NULL,
  `status` int(11) DEFAULT NULL,
  `created_by` int(10) unsigned DEFAULT NULL,
  `updated_by` int(10) unsigned DEFAULT NULL,
  `created_at` timestamp NULL DEFAULT NULL,
  `updated_at` timestamp NULL DEFAULT NULL,
  PRIMARY KEY (`id`),
  KEY `fk_training_study_leave_1_idx` (`application`),
  KEY `fk_training_study_leave_2_idx` (`created_by`),
  CONSTRAINT `fk_training_study_leave_1` FOREIGN KEY (`application`) REFERENCES `training_applications` (`id`),
  CONSTRAINT `fk_training_study_leave_2` FOREIGN KEY (`created_by`) REFERENCES `users` (`id`)
) ENGINE=InnoDB AUTO_INCREMENT=2 DEFAULT CHARSET=utf8mb3 COLLATE=utf8mb3_general_ci;

--
-- Dumping data for table `training_study_leave`
--

INSERT INTO `training_study_leave` VALUES (1,1,1,2127,2196,'2025-02-05 09:32:04','2025-02-05 09:34:06');

--
-- Table structure for table `training_withdraw_details`
--

CREATE TABLE `training_withdraw_details` (
  `id` int(11) NOT NULL AUTO_INCREMENT,
  `application` int(11) NOT NULL,
  `reason` text NOT NULL,
  `sdf_approval` varchar(45) NOT NULL,
  `sdf_approved_by` int(11) DEFAULT NULL,
  `attachment_one` varchar(255) NOT NULL,
  `attachment_two` varchar(255) DEFAULT NULL,
  `created_at` timestamp NOT NULL DEFAULT current_timestamp(),
  `updated_at` timestamp NOT NULL DEFAULT current_timestamp() ON UPDATE current_timestamp(),
  `created_by` int(10) unsigned DEFAULT NULL,
  `updated_by` int(10) unsigned DEFAULT NULL,
  PRIMARY KEY (`id`),
  KEY `fk_training_withdraw_details_1_idx` (`application`),
  CONSTRAINT `fk_training_withdraw_details_1` FOREIGN KEY (`application`) REFERENCES `training_applications` (`id`)
) ENGINE=InnoDB DEFAULT CHARSET=utf8mb3 COLLATE=utf8mb3_general_ci;

--
-- Dumping data for table `training_withdraw_details`
--


--
-- Table structure for table `units`
--

CREATE TABLE `units` (
  `id` int(10) unsigned NOT NULL AUTO_INCREMENT,
  `name` varchar(100) NOT NULL,
  `head` int(10) unsigned DEFAULT NULL,
  `created_at` timestamp NULL DEFAULT NULL,
  `updated_at` datetime DEFAULT current_timestamp(),
  `created_by` int(10) unsigned DEFAULT NULL,
  `updated_by` int(10) unsigned DEFAULT NULL,
  PRIMARY KEY (`id`),
  UNIQUE KEY `unit_name` (`name`),
  KEY `unit_createdby_fk_idx` (`created_by`),
  KEY `unit_head_fk_idx` (`head`),
  KEY `unit_updatedby_fk_idx` (`updated_by`),
  CONSTRAINT `unit_createdby_fk` FOREIGN KEY (`created_by`) REFERENCES `users` (`id`),
  CONSTRAINT `unit_head_fk` FOREIGN KEY (`head`) REFERENCES `users` (`id`),
  CONSTRAINT `unit_updatedby_fk` FOREIGN KEY (`updated_by`) REFERENCES `users` (`id`)
) ENGINE=InnoDB AUTO_INCREMENT=26 DEFAULT CHARSET=utf8mb4 COLLATE=utf8mb4_unicode_ci;

--
-- Dumping data for table `units`
--

INSERT INTO `units` VALUES (1,'AGRICULTURAL SCIENCES',56,NULL,'2024-10-18 09:47:03',NULL,3),(2,'EDUCATION',453,NULL,'2024-10-18 09:48:19',NULL,3),(3,'ENGINEERING',11,NULL,'2024-10-18 09:49:13',NULL,3),(4,'HUMANITIES AND SOCIAL SCIENCES',73,NULL,'2024-10-18 09:50:12',NULL,3),(5,'LAW',471,NULL,'2024-10-18 09:51:08',NULL,3),(6,'MEDICINE',662,NULL,'2024-10-18 09:51:32',NULL,3),(7,'NURSING SCIENCES',1043,NULL,'2024-10-18 09:54:15',NULL,3),(8,'HEALTH SCIENCES',418,NULL,'2024-10-18 09:54:33',NULL,3),(9,'PUBLIC HEALTH',261,NULL,'2024-10-18 09:55:39',NULL,3),(10,'MINES',2230,NULL,'2024-10-18 09:56:42',NULL,3),(11,'NATURAL SCIENCES',459,NULL,'2024-10-18 09:57:11',NULL,3),(12,'VERTERINARY MEDICINE',96,NULL,'2024-10-18 09:57:54',NULL,3),(13,'GRADUATE SCHOOL OF BUSINESS',1964,NULL,'2024-10-18 09:58:23',NULL,3),(14,'VICE-CHANCELLOR',35,NULL,'2024-10-18 09:58:43',NULL,3),(15,'LIBRARY',2325,NULL,'2024-10-18 09:59:07',NULL,3),(16,'DEAN OF STUDENT AFFAIRS',1517,NULL,'2024-10-18 09:59:52',NULL,3),(17,'REGISTRAR',2446,NULL,'2024-10-18 10:00:27',NULL,3),(18,'FINANCE',1822,NULL,'2024-10-18 10:00:50',NULL,3),(19,'CENTRE FOR INFORMATION AND COMMUNICATION TECHNOLOGIES (CICT)',1269,NULL,'2024-10-19 14:25:55',NULL,1),(20,'COMMUNICATION AND MARKETING',1727,NULL,'2024-10-18 10:01:30',NULL,3),(21,'RESIDENT ENGINEERING',750,NULL,'2024-10-18 10:02:02',NULL,3),(22,'BUSINESS DEVELOPMENT',1746,NULL,'2024-10-18 10:02:22',NULL,3),(23,'INSTITUTE OF DISTANCE EDUCATION',1068,NULL,'2024-10-18 10:02:41',NULL,3),(24,'CONFUCIUS INSTITUTE',1131,NULL,'2024-10-18 10:06:03',NULL,3),(25,'DIRECTORATE OF RESEARCH AND INNOVATIONS DEVELOPMENT',775,NULL,'2024-10-18 10:08:07',NULL,3);

--
-- Table structure for table `user_to_role`
--

CREATE TABLE `user_to_role` (
  `id` int(10) unsigned NOT NULL AUTO_INCREMENT,
  `user` int(10) unsigned NOT NULL,
  `role` int(10) unsigned NOT NULL,
  `status` tinyint(3) unsigned DEFAULT 0,
  `created_at` datetime DEFAULT NULL,
  `updated_at` datetime DEFAULT NULL,
  `created_by` int(10) unsigned DEFAULT NULL,
  `updated_by` int(10) unsigned DEFAULT NULL,
  PRIMARY KEY (`id`),
  KEY `user_to_role_user_fk_idx` (`user`),
  KEY `user_to_role_createdby_fk_idx` (`created_by`),
  KEY `user_to_role_updatedby_fk_idx` (`updated_by`),
  KEY `user_to_role_role_fk_idx` (`role`),
  CONSTRAINT `user_to_role_createdby_fk` FOREIGN KEY (`created_by`) REFERENCES `users` (`id`),
  CONSTRAINT `user_to_role_role_fk` FOREIGN KEY (`role`) REFERENCES `roles` (`id`),
  CONSTRAINT `user_to_role_updatedby_fk` FOREIGN KEY (`updated_by`) REFERENCES `users` (`id`),
  CONSTRAINT `user_to_role_user_fk` FOREIGN KEY (`user`) REFERENCES `users` (`id`)
) ENGINE=InnoDB DEFAULT CHARSET=utf8mb4 COLLATE=utf8mb4_unicode_ci;

--
-- Dumping data for table `user_to_role`
--


--
-- Table structure for table `users`
--

CREATE TABLE `users` (
  `id` int(10) unsigned NOT NULL AUTO_INCREMENT,
  `role` int(10) unsigned NOT NULL,
  `man_number` varchar(15) NOT NULL,
  `first_name` varchar(255) NOT NULL,
  `last_name` varchar(255) NOT NULL,
  `other_name` varchar(255) DEFAULT '',
  `title` varchar(15) DEFAULT NULL,
  `sex` enum('Male','Female') DEFAULT 'Male',
  `phone` varchar(45) DEFAULT NULL,
  `username` varchar(255) DEFAULT NULL,
  `email` varchar(255) DEFAULT NULL,
  `nrc` varchar(45) DEFAULT NULL,
  `social_security_number` varchar(45) DEFAULT NULL,
  `passport_no` varchar(45) DEFAULT NULL,
  `status` smallint(6) NOT NULL DEFAULT 10,
  `auth_key` varchar(150) NOT NULL,
  `password` varchar(255) NOT NULL DEFAULT '',
  `password_reset_token` varchar(255) DEFAULT NULL,
  `nationality` int(10) unsigned DEFAULT NULL,
  `dob` date DEFAULT NULL,
  `verification_token` varchar(255) DEFAULT NULL,
  `district` int(10) unsigned DEFAULT NULL,
  `area` text DEFAULT NULL,
  `street` text DEFAULT NULL,
  `house_number` text DEFAULT NULL,
  `profile` varchar(255) DEFAULT NULL,
  `tpin` varchar(45) DEFAULT NULL,
  `created_by` int(11) DEFAULT NULL,
  `created_at` datetime DEFAULT NULL,
  `updated_at` datetime DEFAULT NULL,
  `updated_by` int(11) DEFAULT NULL,
  `marital_status` varchar(45) DEFAULT NULL,
  `nhima_no` varchar(90) DEFAULT NULL,
  `place_of_birth` varchar(255) DEFAULT NULL,
  `alternative_email` varchar(255) DEFAULT NULL,
  PRIMARY KEY (`id`),
  UNIQUE KEY `man_number` (`man_number`),
  KEY `fk_users_1_idx` (`role`),
  KEY `fk_users_nationality_idx` (`nationality`),
  CONSTRAINT `fk_contries` FOREIGN KEY (`nationality`) REFERENCES `countries` (`id`),
  CONSTRAINT `fk_users_1` FOREIGN KEY (`role`) REFERENCES `roles` (`id`)
) ENGINE=InnoDB AUTO_INCREMENT=6569 DEFAULT CHARSET=utf8mb3 COLLATE=utf8mb3_general_ci;

--
-- Dumping data for table `users`
--

INSERT INTO `users` VALUES (1,1,'000001','SD','MANAGER','CICT','Mr','Male',NULL,'managersd@unza.zm','managersd@unza.zm','000000/00/1',NULL,NULL,1,'Dv5drskpd7Lnbwe-V9Y5svA_7nC_L7up','$2y$13$9BLTMUUnVCQf9jrf1IavJOp88s8B.R6apqjFAgAfDEPYYL/f4K14C',NULL,246,'2024-08-30',NULL,NULL,NULL,NULL,NULL,NULL,NULL,NULL,NULL,NULL,NULL,NULL,NULL,NULL,NULL),(2,1,'000002','CICT','DIRECTOR',NULL,'Mr','Male',NULL,'dcomputer@unza.zm','dcomputer@unza.zm','000000/00/2',NULL,NULL,1,'Dv5drskpd7Lnbwe-V9Y5svA_7nC_L7up','$2y$13$9BLTMUUnVCQf9jrf1IavJOp88s8B.R6apqjFAgAfDEPYYL/f4K14C',NULL,246,'2024-08-30',NULL,NULL,NULL,NULL,NULL,NULL,NULL,NULL,NULL,NULL,NULL,NULL,NULL,NULL,NULL),(3,1,'000003','HR','UNZA','ADMIN','Mr','Male',NULL,'hr@unza.zm','hr@unza.zm','000000/00/3',NULL,NULL,1,'Dv5drskpd7Lnbwe-V9Y5svA_7nC_L7up','$2y$13$9BLTMUUnVCQf9jrf1IavJOp88s8B.R6apqjFAgAfDEPYYL/f4K14C',NULL,246,'2024-08-30',NULL,NULL,NULL,NULL,NULL,NULL,NULL,NULL,NULL,NULL,NULL,NULL,NULL,NULL,NULL),(4,2,'000562','RAM','KAPOORIA','GOPAL','Prof','Male','0955476145','ram.kapooria@unza.zm','ram.kapooria@unza.zm','571857/99/3','107549473',NULL,0,'Dv5drskpd7Lnbwe-V9Y5svA_7nC_L7up','$2y$13$LC2gjIbu8PlPP.qYAoA2Ee1bnllaMEgSpVV3WSkgz0RpGHVfgBwcu',NULL,246,'1940-01-01',NULL,NULL,NULL,NULL,NULL,NULL,'1003421502',NULL,NULL,NULL,NULL,'Married','13068736110117',NULL,NULL),(5,2,'000793','PREM','JAIN','CHAND','Prof','Male','0955991537','pjain@unza.zm','pjain@unza.zm','597180/10/1','102049478','ZP025460',1,'Dv5drskpd7Lnbwe-V9Y5svA_7nC_L7up','$2y$13$LC2gjIbu8PlPP.qYAoA2Ee1bnllaMEgSpVV3WSkgz0RpGHVfgBwcu',NULL,246,'1944-07-02',NULL,NULL,NULL,NULL,NULL,NULL,'1004194302',NULL,NULL,NULL,NULL,'Married','13067937110115',NULL,NULL),(6,2,'000895','SUMAN','JAIN',NULL,'Mrs','Female','0977 626991','sjain@unza.zm','sjain@unza.zm','597186/10/1','102049478','Z2279038',1,'Dv5drskpd7Lnbwe-V9Y5svA_7nC_L7up','$2y$13$LC2gjIbu8PlPP.qYAoA2Ee1bnllaMEgSpVV3WSkgz0RpGHVfgBwcu',NULL,246,'1952-12-18',NULL,NULL,NULL,NULL,NULL,NULL,'1004183532',NULL,NULL,NULL,NULL,'Married','13038494110122',NULL,NULL),(7,2,'001177','S GIRJA','PANDEY',NULL,'Prof','Male','0971758264','gpandey@unza.zm','gpandey@unza.zm','974757/11/2','112223167P',NULL,1,'Dv5drskpd7Lnbwe-V9Y5svA_7nC_L7up','$2y$13$LC2gjIbu8PlPP.qYAoA2Ee1bnllaMEgSpVV3WSkgz0RpGHVfgBwcu',NULL,103,'1945-01-08',NULL,NULL,NULL,NULL,NULL,NULL,'1002900840',NULL,NULL,NULL,NULL,'Married','13066311110116',NULL,NULL),(8,2,'001267','ONESMUS','MUNYATI','MUVANGA','Dr','Male','0966754245','omunyati@unza.zm','omunyati@unza.zm','235041/74/1','121696874',NULL,1,'Dv5drskpd7Lnbwe-V9Y5svA_7nC_L7up','$2y$13$LC2gjIbu8PlPP.qYAoA2Ee1bnllaMEgSpVV3WSkgz0RpGHVfgBwcu',NULL,246,'1964-01-24',NULL,NULL,NULL,NULL,NULL,NULL,'1018927732',NULL,NULL,NULL,NULL,'Married','13063787110111',NULL,NULL),(9,2,'001283','ENALA','MWASE','TEMBO','Dr','Female','0977858000','emwase@unza.zm','emwase@unza.zm','315591/11/1','809292290','ZK 036038',1,'Dv5drskpd7Lnbwe-V9Y5svA_7nC_L7up','$2y$13$LC2gjIbu8PlPP.qYAoA2Ee1bnllaMEgSpVV3WSkgz0RpGHVfgBwcu',NULL,246,'1958-07-13',NULL,NULL,NULL,NULL,NULL,NULL,'1000679274',NULL,NULL,NULL,NULL,'Single','13041423110128',NULL,NULL),(10,2,'001585','VICTOR','SHITUMBANUMA',NULL,'Mr','Male',NULL,'vshitumbanuma@unza.zm','vshitumbanuma@unza.zm','164633/32/1','116168997',NULL,1,'Dv5drskpd7Lnbwe-V9Y5svA_7nC_L7up','$2y$13$LC2gjIbu8PlPP.qYAoA2Ee1bnllaMEgSpVV3WSkgz0RpGHVfgBwcu',NULL,246,'1962-03-15',NULL,NULL,NULL,NULL,NULL,NULL,'1009281869',NULL,NULL,NULL,NULL,'Married','13064841110116',NULL,NULL),(11,7,'001758','MICHEAL N','MULENGA',NULL,'Dr','Male',NULL,'mnmulenga@unza.zm','mnmulenga@unza.zm','166333/43/1','704234657',NULL,1,'Dv5drskpd7Lnbwe-V9Y5svA_7nC_L7up','$2y$13$LC2gjIbu8PlPP.qYAoA2Ee1bnllaMEgSpVV3WSkgz0RpGHVfgBwcu',NULL,246,'1958-02-07',NULL,NULL,NULL,NULL,NULL,NULL,'1000047217',NULL,NULL,NULL,NULL,'Married','13068752110111',NULL,NULL),(12,2,'001856','WEBBY','KALIKITI','SILUPYA ','Dr','Male','0977854187','webby.kalikiti@unza.zm','webby.kalikiti@unza.zm','215025/61/1','107511882',NULL,1,'Dv5drskpd7Lnbwe-V9Y5svA_7nC_L7up','$2y$13$LC2gjIbu8PlPP.qYAoA2Ee1bnllaMEgSpVV3WSkgz0RpGHVfgBwcu',NULL,246,'1958-10-24',NULL,NULL,NULL,NULL,NULL,NULL,'1006765161',NULL,NULL,NULL,NULL,'Married','13069837110118',NULL,NULL),(13,2,'002214','FIDELIS','MUZYAMBA H',NULL,'Mr','Male','0977 751444','fmuzyamba@unza.zm','fmuzyamba@unza.zm','216443/84/1','116170542',NULL,1,'Dv5drskpd7Lnbwe-V9Y5svA_7nC_L7up','$2y$13$LC2gjIbu8PlPP.qYAoA2Ee1bnllaMEgSpVV3WSkgz0RpGHVfgBwcu',NULL,246,'1959-04-19',NULL,NULL,NULL,NULL,NULL,NULL,'1006765161',NULL,NULL,NULL,NULL,'Married','13066719110113',NULL,NULL),(14,2,'004471','LYFORD','SAKALA',NULL,'Mr','Male','0975209130','lyford.sakala@unza.zm','lyford.sakala@unza.zm','211746/53/1','305391428',NULL,0,'Dv5drskpd7Lnbwe-V9Y5svA_7nC_L7up','$2y$13$LC2gjIbu8PlPP.qYAoA2Ee1bnllaMEgSpVV3WSkgz0RpGHVfgBwcu',NULL,246,'1961-11-27',NULL,NULL,NULL,NULL,NULL,NULL,'1000749597',NULL,NULL,NULL,NULL,'Married','13067915110113',NULL,NULL),(15,2,'004472','MUBANGA','MWANSA',NULL,'Mr','Male',NULL,'mubanga.mwansa@unza.zm','mubanga.mwansa@unza.zm','177355/13/1','116181907',NULL,1,'Dv5drskpd7Lnbwe-V9Y5svA_7nC_L7up','$2y$13$LC2gjIbu8PlPP.qYAoA2Ee1bnllaMEgSpVV3WSkgz0RpGHVfgBwcu',NULL,246,'1965-10-05',NULL,NULL,NULL,NULL,NULL,NULL,'1000695253',NULL,NULL,NULL,NULL,'Married','13069938110115',NULL,NULL),(16,2,'004495','MICHAEL','KALUBA','CLEMENT','Mr','Male','0966751544','michael.kaluba@unza.zm','michael.kaluba@unza.zm','180701/68/1','111618353',NULL,0,'Dv5drskpd7Lnbwe-V9Y5svA_7nC_L7up','$2y$13$LC2gjIbu8PlPP.qYAoA2Ee1bnllaMEgSpVV3WSkgz0RpGHVfgBwcu',NULL,246,'1963-10-23',NULL,NULL,NULL,NULL,NULL,NULL,'1001345864',NULL,NULL,NULL,NULL,'Married','13070182110113',NULL,NULL),(17,2,'004768','AMOS S','CHOTA',NULL,'Mr','Male','0977419941','a.chota@unza.zm','a.chota@unza.zm','247121/67/1','107560837',NULL,0,'Dv5drskpd7Lnbwe-V9Y5svA_7nC_L7up','$2y$13$LC2gjIbu8PlPP.qYAoA2Ee1bnllaMEgSpVV3WSkgz0RpGHVfgBwcu',NULL,246,'1963-10-24',NULL,NULL,NULL,NULL,NULL,NULL,'1002953789',NULL,NULL,NULL,NULL,'Married','13069832110112',NULL,NULL),(18,2,'004894','EVARISTO','CHISALA','SAKENI','Mr','Male','0955888917','evaristochisala81@gmail.com','evaristochisala81@gmail.com','207163/16/1','107560899',NULL,0,'Dv5drskpd7Lnbwe-V9Y5svA_7nC_L7up','$2y$13$LC2gjIbu8PlPP.qYAoA2Ee1bnllaMEgSpVV3WSkgz0RpGHVfgBwcu',NULL,246,'1964-03-25',NULL,NULL,NULL,NULL,NULL,NULL,'1001554666',NULL,NULL,NULL,NULL,'Married','13071449110114',NULL,NULL),(19,2,'004895','LOVELEE','MWENGWE',NULL,'Mr','Male','0955576197 / 09','lmwengwe@unza.zm','lmwengwe@unza.zm','237033/67/1','108489961',NULL,0,'Dv5drskpd7Lnbwe-V9Y5svA_7nC_L7up','$2y$13$LC2gjIbu8PlPP.qYAoA2Ee1bnllaMEgSpVV3WSkgz0RpGHVfgBwcu',NULL,246,'1961-10-10',NULL,NULL,NULL,NULL,NULL,NULL,'1001093205',NULL,NULL,NULL,NULL,'Married','13065951110115',NULL,NULL),(20,2,'004943','PATRICIA','NKHATA',NULL,'Miss','Female','0966 457061','patricia.nkhata@unza.zm','patricia.nkhata@unza.zm','173849/51/1','108426323',NULL,0,'Dv5drskpd7Lnbwe-V9Y5svA_7nC_L7up','$2y$13$LC2gjIbu8PlPP.qYAoA2Ee1bnllaMEgSpVV3WSkgz0RpGHVfgBwcu',NULL,246,'1962-04-22',NULL,NULL,NULL,NULL,NULL,NULL,'2522309863',NULL,NULL,NULL,NULL,'Widowed','13068594110115',NULL,NULL),(21,2,'004944','MAVIS','MITTI',NULL,'Miss','Female',NULL,'mavis.miti@unza.zm','mavis.miti@unza.zm','462143/11/1','311993208',NULL,0,'Dv5drskpd7Lnbwe-V9Y5svA_7nC_L7up','$2y$13$LC2gjIbu8PlPP.qYAoA2Ee1bnllaMEgSpVV3WSkgz0RpGHVfgBwcu',NULL,246,'1968-02-18',NULL,NULL,NULL,NULL,NULL,NULL,'1006449704',NULL,NULL,NULL,NULL,'Single','13039784110125',NULL,NULL),(22,2,'004979','ROBBIE','PHIRI',NULL,'Mr','Male','+260977205136','robbie.phiri@unza.zm','robbie.phiri@unza.zm','426701/11/1','107506972',NULL,1,'Dv5drskpd7Lnbwe-V9Y5svA_7nC_L7up','$2y$13$LC2gjIbu8PlPP.qYAoA2Ee1bnllaMEgSpVV3WSkgz0RpGHVfgBwcu',NULL,246,'1964-12-21',NULL,NULL,NULL,NULL,NULL,NULL,'1000833283',NULL,NULL,NULL,NULL,'Married','13068622110111',NULL,NULL),(23,2,'006014','JOAN','KASANDA','MWENYA M','Mrs','Female',NULL,'jkasanda@unza.zm','jkasanda@unza.zm','128964/63/1','103684063',NULL,0,'Dv5drskpd7Lnbwe-V9Y5svA_7nC_L7up','$2y$13$LC2gjIbu8PlPP.qYAoA2Ee1bnllaMEgSpVV3WSkgz0RpGHVfgBwcu',NULL,246,'1962-01-05',NULL,NULL,NULL,NULL,NULL,NULL,'1001307261',NULL,NULL,NULL,NULL,'Married','13042093110124',NULL,NULL),(24,2,'006027','SHILALUKEY  MARY ','NGOMA',' P','Prof','Female',NULL,'shilalukey.ngoma@unza.zm','shilalukey.ngoma@unza.zm','304857/11/1','120244750',NULL,1,'Dv5drskpd7Lnbwe-V9Y5svA_7nC_L7up','$2y$13$LC2gjIbu8PlPP.qYAoA2Ee1bnllaMEgSpVV3WSkgz0RpGHVfgBwcu',NULL,246,'1955-10-25',NULL,NULL,NULL,NULL,NULL,NULL,'1000297767',NULL,NULL,NULL,NULL,'Married','13063159110116',NULL,NULL),(25,2,'006062','SAMSON','ZIMBA',NULL,'Mr','Male','097741411','samson.zimba@unza.zm','samson.zimba@unza.zm','449661/11/1','105515092',NULL,0,'Dv5drskpd7Lnbwe-V9Y5svA_7nC_L7up','$2y$13$LC2gjIbu8PlPP.qYAoA2Ee1bnllaMEgSpVV3WSkgz0RpGHVfgBwcu',NULL,246,'1966-01-01',NULL,NULL,NULL,NULL,NULL,NULL,'1008281492',NULL,NULL,NULL,NULL,'Married','13070533110116',NULL,NULL),(26,2,'006064','ABRAHAM','MWANAMAINDA',NULL,'Mr','Male','0977132449','a.mwanamainda@unza.zm','a.mwanamainda@unza.zm','164816/17/1','116181957',NULL,0,'Dv5drskpd7Lnbwe-V9Y5svA_7nC_L7up','$2y$13$LC2gjIbu8PlPP.qYAoA2Ee1bnllaMEgSpVV3WSkgz0RpGHVfgBwcu',NULL,246,'1966-12-30',NULL,NULL,NULL,NULL,NULL,NULL,'1008001490',NULL,NULL,NULL,NULL,'Married','13066318110113',NULL,NULL),(27,2,'006105','ELIZABETH M','CHAMWAKA',NULL,'Miss','Female',NULL,'elizabeth.chamwaka@unza.zm','elizabeth.chamwaka@unza.zm','437407/11/1','111129465',NULL,0,'Dv5drskpd7Lnbwe-V9Y5svA_7nC_L7up','$2y$13$LC2gjIbu8PlPP.qYAoA2Ee1bnllaMEgSpVV3WSkgz0RpGHVfgBwcu',NULL,246,'1962-10-23',NULL,NULL,NULL,NULL,NULL,NULL,'1006558986',NULL,NULL,NULL,NULL,'Single','13071438110119',NULL,NULL),(28,2,'006112','CATHERINE','KAYUMBA','PHIRI','Mrs','Female','0955 530205','cathyjphiri@gmail.com','cathyjphiri@gmail.com','399831/11/1','103934202',NULL,0,'Dv5drskpd7Lnbwe-V9Y5svA_7nC_L7up','$2y$13$LC2gjIbu8PlPP.qYAoA2Ee1bnllaMEgSpVV3WSkgz0RpGHVfgBwcu',NULL,246,'1962-12-25',NULL,NULL,NULL,NULL,NULL,NULL,'1005053066',NULL,NULL,NULL,NULL,'Widowed','13066197110117',NULL,NULL),(29,2,'006118','FREDRICK','MUKUKA',NULL,'Mr','Male','0977636227','fredrick.mukuka@unza.zm','fredrick.mukuka@unza.zm','419164/11/1','100205246',NULL,1,'Dv5drskpd7Lnbwe-V9Y5svA_7nC_L7up','$2y$13$LC2gjIbu8PlPP.qYAoA2Ee1bnllaMEgSpVV3WSkgz0RpGHVfgBwcu',NULL,246,'1964-10-02',NULL,NULL,NULL,NULL,NULL,NULL,'1004745072',NULL,NULL,NULL,NULL,'Married','13067275110117',NULL,NULL),(30,2,'006134','SHADRECK','ZULU',NULL,'Mr','Male','0977 - 518426','shadreck.zulu@unza.zm','shadreck.zulu@unza.zm','411085/11/1','107548473','09700 - ZM',0,'Dv5drskpd7Lnbwe-V9Y5svA_7nC_L7up','$2y$13$LC2gjIbu8PlPP.qYAoA2Ee1bnllaMEgSpVV3WSkgz0RpGHVfgBwcu',NULL,246,'1963-10-27',NULL,NULL,NULL,NULL,NULL,NULL,'1007590838',NULL,NULL,NULL,NULL,'Married','13070297110112',NULL,NULL),(31,2,'006136','RODGER','TEMBO',NULL,'Mr','Male',NULL,NULL,NULL,'420307/11/1','101091553','ZH38432',0,'Dv5drskpd7Lnbwe-V9Y5svA_7nC_L7up','$2y$13$LC2gjIbu8PlPP.qYAoA2Ee1bnllaMEgSpVV3WSkgz0RpGHVfgBwcu',NULL,246,'1963-12-19',NULL,NULL,NULL,NULL,NULL,NULL,'1007788925',NULL,NULL,NULL,NULL,'Married','13067275110117',NULL,NULL),(32,2,'006143','BERNARD','MBEWE',NULL,'Mr','Male','0977403111','bbmbewe@unza.zm','bbmbewe@unza.zm','265235/67/1',NULL,NULL,0,'Dv5drskpd7Lnbwe-V9Y5svA_7nC_L7up','$2y$13$LC2gjIbu8PlPP.qYAoA2Ee1bnllaMEgSpVV3WSkgz0RpGHVfgBwcu',NULL,246,'1962-08-06',NULL,NULL,NULL,NULL,NULL,NULL,'1000590645',NULL,NULL,NULL,NULL,'Married','13066322110115',NULL,NULL),(33,2,'006148',' RHODAH','CHISANGA ','MVULA','Mrs','Female','0977519226','rhodachi8@gmail.com','rhodachi8@gmail.com','222044/61/1','107549156',NULL,0,'Dv5drskpd7Lnbwe-V9Y5svA_7nC_L7up','$2y$13$LC2gjIbu8PlPP.qYAoA2Ee1bnllaMEgSpVV3WSkgz0RpGHVfgBwcu',NULL,246,'1963-09-07',NULL,NULL,NULL,NULL,NULL,NULL,'1000548348',NULL,NULL,NULL,NULL,'Married','13070298110113',NULL,NULL),(34,2,'006181','EDWARD','LUSAMBO',NULL,'Dr','Male','0955761998','edward.lusambo@unza.zm','edward.lusambo@unza.zm','144989/45/1','107510882',NULL,0,'Dv5drskpd7Lnbwe-V9Y5svA_7nC_L7up','$2y$13$LC2gjIbu8PlPP.qYAoA2Ee1bnllaMEgSpVV3WSkgz0RpGHVfgBwcu',NULL,246,'1963-12-10',NULL,NULL,NULL,NULL,NULL,NULL,'1000316632',NULL,NULL,NULL,NULL,'Married','13067007110112',NULL,NULL),(35,16,'006182','MUNDIA','MUYA',NULL,'Prof','Male','260966 458 096','mmuya@unza.zm','mmuya@unza.zm','172245/83/1','116182971',NULL,1,'Dv5drskpd7Lnbwe-V9Y5svA_7nC_L7up','$2y$13$LC2gjIbu8PlPP.qYAoA2Ee1bnllaMEgSpVV3WSkgz0RpGHVfgBwcu',NULL,246,'1960-08-08',NULL,NULL,NULL,NULL,NULL,NULL,'2207721812',NULL,NULL,NULL,NULL,'Married','13063266110117',NULL,NULL),(36,2,'006267','ACKSON','MTONGA',NULL,'Mr','Male','097 9 933166','ackson.mtonga@unza.zm','ackson.mtonga@unza.zm','203115/66/1','100192845',NULL,0,'Dv5drskpd7Lnbwe-V9Y5svA_7nC_L7up','$2y$13$LC2gjIbu8PlPP.qYAoA2Ee1bnllaMEgSpVV3WSkgz0RpGHVfgBwcu',NULL,246,'1964-02-28',NULL,NULL,NULL,NULL,NULL,NULL,'1005612870',NULL,NULL,NULL,NULL,'Married','13063834110118',NULL,NULL),(37,2,'006275','QUEEN','ISONI',NULL,'Miss','Female',NULL,'queen.isoni@unza.zm','queen.isoni@unza.zm','396908/11/1','100195516',NULL,1,'Dv5drskpd7Lnbwe-V9Y5svA_7nC_L7up','$2y$13$LC2gjIbu8PlPP.qYAoA2Ee1bnllaMEgSpVV3WSkgz0RpGHVfgBwcu',NULL,246,'1965-08-24',NULL,NULL,NULL,NULL,NULL,NULL,'1006835322',NULL,NULL,NULL,NULL,'Single','13040886110121',NULL,NULL),(38,2,'006280','PATSON ','MTONGA','NELSON','Mr','Male','0979307994','patson.mtonga@unza.zm','patson.mtonga@unza.zm','220967/51/1','114988135',NULL,0,'Dv5drskpd7Lnbwe-V9Y5svA_7nC_L7up','$2y$13$LC2gjIbu8PlPP.qYAoA2Ee1bnllaMEgSpVV3WSkgz0RpGHVfgBwcu',NULL,246,'1963-01-01',NULL,NULL,NULL,NULL,NULL,NULL,'1004775484',NULL,NULL,NULL,NULL,'Married','11787605110120',NULL,NULL),(39,2,'006295','ISAAC','PHIRI','K','Prof','Male','+260966822679','igkphiri@unza.zm','igkphiri@unza.zm','126912/51/1','106792883',NULL,1,'Dv5drskpd7Lnbwe-V9Y5svA_7nC_L7up','$2y$13$LC2gjIbu8PlPP.qYAoA2Ee1bnllaMEgSpVV3WSkgz0RpGHVfgBwcu',NULL,246,'1957-12-28',NULL,NULL,NULL,NULL,NULL,NULL,'1001223030',NULL,NULL,NULL,NULL,'Married','13637048110112',NULL,NULL),(40,2,'006310','B.STUART','HIRST',NULL,'Mr','Male','0979323069','stuart.hirst@unza.zm','stuart.hirst@unza.zm','334433/21/2','116188173','GBR525694520',0,'Dv5drskpd7Lnbwe-V9Y5svA_7nC_L7up','$2y$13$LC2gjIbu8PlPP.qYAoA2Ee1bnllaMEgSpVV3WSkgz0RpGHVfgBwcu',NULL,33,'1939-09-11',NULL,NULL,NULL,NULL,NULL,NULL,'1013107228',NULL,NULL,NULL,NULL,'Single','13066325110112',NULL,NULL),(41,2,'006314','S.CHALWE','MWABA',NULL,'Mr','Male',NULL,'stephen.mwaba@unza.zm','stephen.mwaba@unza.zm','173866/41/1','114170485',NULL,0,'Dv5drskpd7Lnbwe-V9Y5svA_7nC_L7up','$2y$13$LC2gjIbu8PlPP.qYAoA2Ee1bnllaMEgSpVV3WSkgz0RpGHVfgBwcu',NULL,246,'1965-06-26',NULL,NULL,NULL,NULL,NULL,NULL,'1001111704',NULL,NULL,NULL,NULL,'Married','13068594110115',NULL,NULL),(42,2,'006328','DAVISON','CHIBWE',NULL,'Mr','Male','0977 679012','davison.chibwe@unza.zm','davison.chibwe@unza.zm','168545/73/1','100194302',NULL,0,'Dv5drskpd7Lnbwe-V9Y5svA_7nC_L7up','$2y$13$LC2gjIbu8PlPP.qYAoA2Ee1bnllaMEgSpVV3WSkgz0RpGHVfgBwcu',NULL,246,'1961-01-01',NULL,NULL,NULL,NULL,NULL,NULL,'1001384633',NULL,NULL,NULL,NULL,'Married','13063833110114',NULL,NULL),(43,2,'006329','NETSON SAINI','NDASHE',NULL,'Mr','Male','0978218710','netson.ndashe@unza.zm','netson.ndashe@unza.zm','455453/11/1','107454462',NULL,1,'Dv5drskpd7Lnbwe-V9Y5svA_7nC_L7up','$2y$13$LC2gjIbu8PlPP.qYAoA2Ee1bnllaMEgSpVV3WSkgz0RpGHVfgBwcu',NULL,246,'1969-12-28',NULL,NULL,NULL,NULL,NULL,NULL,'1005248844',NULL,NULL,NULL,NULL,'Married','13067280110111',NULL,NULL),(44,2,'006330','SIWA','MWALE',NULL,'Mr','Male','0966 455813','siwa.mwale@unza.zm','siwa.mwale@unza.zm','476214/11/1','107549461',NULL,1,'Dv5drskpd7Lnbwe-V9Y5svA_7nC_L7up','$2y$13$LC2gjIbu8PlPP.qYAoA2Ee1bnllaMEgSpVV3WSkgz0RpGHVfgBwcu',NULL,246,'1965-07-11',NULL,NULL,NULL,NULL,NULL,NULL,'1001141781',NULL,NULL,NULL,NULL,'Married','13040967110119',NULL,NULL),(45,2,'006341','CHEPI','MWANSA','E.','Mr','Male','0979566909','chepi.mwansa@unza.zm','chepi.mwansa@unza.zm','284962/33/1','100203967',NULL,1,'Dv5drskpd7Lnbwe-V9Y5svA_7nC_L7up','$2y$13$LC2gjIbu8PlPP.qYAoA2Ee1bnllaMEgSpVV3WSkgz0RpGHVfgBwcu',NULL,246,'1968-01-01',NULL,NULL,NULL,NULL,NULL,NULL,'1007793568',NULL,NULL,NULL,NULL,'Married','13067946110113',NULL,NULL),(46,2,'006372','LEONARD','NGOMA',NULL,'Mr','Male',NULL,'leonard.ngoma@unza.zm','leonard.ngoma@unza.zm','469961/11/1','107560762',NULL,0,'Dv5drskpd7Lnbwe-V9Y5svA_7nC_L7up','$2y$13$LC2gjIbu8PlPP.qYAoA2Ee1bnllaMEgSpVV3WSkgz0RpGHVfgBwcu',NULL,246,'1969-03-03',NULL,NULL,NULL,NULL,NULL,NULL,'1005276808',NULL,NULL,NULL,NULL,'Married','13063165110112',NULL,NULL),(47,2,'006381','MARY','PHIRI',NULL,'Mrs','Female','0977916529','mary.phiri@unza.zm','mary.phiri@unza.zm','423555/11/1','108489050',NULL,1,'Dv5drskpd7Lnbwe-V9Y5svA_7nC_L7up','$2y$13$LC2gjIbu8PlPP.qYAoA2Ee1bnllaMEgSpVV3WSkgz0RpGHVfgBwcu',NULL,246,'1966-08-14',NULL,NULL,NULL,NULL,NULL,NULL,'1005276808',NULL,NULL,NULL,NULL,'Widowed','13035343110126',NULL,NULL),(48,2,'006383','SYLVIA','MUSUKWA ','KALONDE','Mrs','Female','0977851543','sylvia.musukwa@unza.zm','sylvia.musukwa@unza.zm','166773/31/1','107512630','ZJ43613',1,'Dv5drskpd7Lnbwe-V9Y5svA_7nC_L7up','$2y$13$LC2gjIbu8PlPP.qYAoA2Ee1bnllaMEgSpVV3WSkgz0RpGHVfgBwcu',NULL,246,'1968-09-22',NULL,NULL,NULL,NULL,NULL,NULL,'1005406857',NULL,NULL,NULL,NULL,'Married','13040790110123',NULL,NULL),(49,2,'006424','CHIBUTA','SAMBO','CHRISTABEL CHANSA','Mrs','Female',NULL,'chibbsics@gmail.com','chibbsics@gmail.com','339263/11/1','107507756',NULL,0,'Dv5drskpd7Lnbwe-V9Y5svA_7nC_L7up','$2y$13$LC2gjIbu8PlPP.qYAoA2Ee1bnllaMEgSpVV3WSkgz0RpGHVfgBwcu',NULL,246,'1968-06-22',NULL,NULL,NULL,NULL,NULL,NULL,'1006890032',NULL,NULL,NULL,NULL,'Married','13040949110125',NULL,NULL),(50,2,'006427','GIFT KAOMA','ZULU',NULL,'Mrs','Female','0966/0979127795','gkaoma@unza.zm','gkaoma@unza.zm','476839/11/1','107509047',NULL,0,'Dv5drskpd7Lnbwe-V9Y5svA_7nC_L7up','$2y$13$LC2gjIbu8PlPP.qYAoA2Ee1bnllaMEgSpVV3WSkgz0RpGHVfgBwcu',NULL,246,'1969-01-18',NULL,NULL,NULL,NULL,NULL,NULL,'1001058910',NULL,NULL,NULL,NULL,'Widowed','13066984110111',NULL,NULL),(51,2,'006443','ROBERT','TEMBO',NULL,'Mr','Male','+260974185510','robert.tembo@unza.zm','robert.tembo@unza.zm','152952/45/1','108489454',NULL,1,'Dv5drskpd7Lnbwe-V9Y5svA_7nC_L7up','$2y$13$LC2gjIbu8PlPP.qYAoA2Ee1bnllaMEgSpVV3WSkgz0RpGHVfgBwcu',NULL,246,'1965-06-05',NULL,NULL,NULL,NULL,NULL,NULL,'1002457277',NULL,NULL,NULL,NULL,'Married','13039466110115',NULL,NULL),(52,2,'006444','JOHN','SIMWINGA',NULL,'Dr','Male','0955245675','j.simwinga@unza.zm','j.simwinga@unza.zm','245083/61/1','102571867',NULL,0,'Dv5drskpd7Lnbwe-V9Y5svA_7nC_L7up','$2y$13$LC2gjIbu8PlPP.qYAoA2Ee1bnllaMEgSpVV3WSkgz0RpGHVfgBwcu',NULL,246,'1967-06-09',NULL,NULL,NULL,NULL,NULL,NULL,'1001528918',NULL,NULL,NULL,NULL,'Married','13057506110114',NULL,NULL),(53,2,'006450','JUSTIN','CHAMBANENGE',NULL,'Mr','Male',NULL,'justin.chambanenge@unza.zm','justin.chambanenge@unza.zm','195030/64/1','116181919',NULL,0,'Dv5drskpd7Lnbwe-V9Y5svA_7nC_L7up','$2y$13$LC2gjIbu8PlPP.qYAoA2Ee1bnllaMEgSpVV3WSkgz0RpGHVfgBwcu',NULL,246,'1964-01-29',NULL,NULL,NULL,NULL,NULL,NULL,'1009310182',NULL,NULL,NULL,NULL,'Widowed','13068740110111',NULL,NULL),(54,2,'006470','BULETI','NSEMUKILA',NULL,'Dr','Male','0977 791 126','bnsemukila@unza.zm','bnsemukila@unza.zm','206283/16/1','112878677',NULL,1,'Dv5drskpd7Lnbwe-V9Y5svA_7nC_L7up','$2y$13$LC2gjIbu8PlPP.qYAoA2Ee1bnllaMEgSpVV3WSkgz0RpGHVfgBwcu',NULL,246,'1965-12-07',NULL,NULL,NULL,NULL,NULL,NULL,'1000519797',NULL,NULL,NULL,NULL,'Married','13068293110114',NULL,NULL),(55,2,'006479','JOLLY','KAMWANGA',NULL,'Mr','Male',NULL,'jolly.kamwanga@unza.zm','jolly.kamwanga@unza.zm','194271/64/1','108484062',NULL,0,'Dv5drskpd7Lnbwe-V9Y5svA_7nC_L7up','$2y$13$LC2gjIbu8PlPP.qYAoA2Ee1bnllaMEgSpVV3WSkgz0RpGHVfgBwcu',NULL,246,'1964-04-24',NULL,NULL,NULL,NULL,NULL,NULL,'1001199515',NULL,NULL,NULL,NULL,'Married','13068298110117',NULL,NULL),(56,7,'006515','THOMSON','KALINDA','HAAMUTETE','Prof','Male','0966454366','thkalinda@unza.zm','thkalinda@unza.zm','256212/67/1','120653736','ZN 10506',1,'Dv5drskpd7Lnbwe-V9Y5svA_7nC_L7up','$2y$13$LC2gjIbu8PlPP.qYAoA2Ee1bnllaMEgSpVV3WSkgz0RpGHVfgBwcu',NULL,246,'1965-10-10',NULL,NULL,NULL,NULL,NULL,NULL,'1000290991',NULL,NULL,NULL,NULL,'Married','13063291110111',NULL,NULL),(57,2,'006521','JOYCE','PHIRI',NULL,'Miss','Female','0977403225','joyce.phiri@unza.zm','joyce.phiri@unza.zm','454817/11/1','100204183',NULL,1,'Dv5drskpd7Lnbwe-V9Y5svA_7nC_L7up','$2y$13$LC2gjIbu8PlPP.qYAoA2Ee1bnllaMEgSpVV3WSkgz0RpGHVfgBwcu',NULL,246,'1968-01-01',NULL,NULL,NULL,NULL,NULL,NULL,'1005769033',NULL,NULL,NULL,NULL,'Single','13039799110127',NULL,NULL),(58,2,'006525','KENNEDY','CHOONGO',NULL,'Dr','Male','0966728736','k.choongo@unza.zm','k.choongo@unza.zm','391138/11/1','116181921',NULL,0,'Dv5drskpd7Lnbwe-V9Y5svA_7nC_L7up','$2y$13$LC2gjIbu8PlPP.qYAoA2Ee1bnllaMEgSpVV3WSkgz0RpGHVfgBwcu',NULL,246,'1963-10-24',NULL,NULL,NULL,NULL,NULL,NULL,'1001210154',NULL,NULL,NULL,NULL,'Married','13065141110116',NULL,NULL),(59,2,'006530','ELLIOT','KAFUMUKACHE','BUFUKU','Dr','Male','0979470043','elliot.kafumukache@unza.zm','elliot.kafumukache@unza.zm','198158/66/1','102418978',NULL,0,'Dv5drskpd7Lnbwe-V9Y5svA_7nC_L7up','$2y$13$LC2gjIbu8PlPP.qYAoA2Ee1bnllaMEgSpVV3WSkgz0RpGHVfgBwcu',NULL,246,'1963-06-20',NULL,NULL,NULL,NULL,NULL,NULL,'1000580793',NULL,NULL,NULL,NULL,'Married','13038485110122',NULL,NULL),(60,2,'006544','TREVOR','KAILE',NULL,'Prof','Male','0977 985772','t.kaile@unza.zm','t.kaile@unza.zm','223137/74/1','102611859','ZP 223137/74/1',0,'Dv5drskpd7Lnbwe-V9Y5svA_7nC_L7up','$2y$13$LC2gjIbu8PlPP.qYAoA2Ee1bnllaMEgSpVV3WSkgz0RpGHVfgBwcu',NULL,246,'1961-09-13',NULL,NULL,NULL,NULL,NULL,NULL,'1000514077',NULL,NULL,NULL,NULL,'Married','13069083110116',NULL,NULL),(61,2,'006563','MICHELO S','SYAKALIMA',NULL,'Dr','Male','0966455400','michelo.syakalima@unza.zm','michelo.syakalima@unza.zm','169084/75/1','107581621',NULL,1,'Dv5drskpd7Lnbwe-V9Y5svA_7nC_L7up','$2y$13$LC2gjIbu8PlPP.qYAoA2Ee1bnllaMEgSpVV3WSkgz0RpGHVfgBwcu',NULL,246,'1965-12-28',NULL,NULL,NULL,NULL,NULL,NULL,'1003152995',NULL,NULL,NULL,NULL,'Married','13064140110115',NULL,NULL),(62,2,'006564','C.EDWARD','SILWAMBA',NULL,'Mr','Male',NULL,'esilwamba@unza.zm','esilwamba@unza.zm','183030/47/1','314025127',NULL,1,'Dv5drskpd7Lnbwe-V9Y5svA_7nC_L7up','$2y$13$LC2gjIbu8PlPP.qYAoA2Ee1bnllaMEgSpVV3WSkgz0RpGHVfgBwcu',NULL,246,'1969-12-20',NULL,NULL,NULL,NULL,NULL,NULL,'1000531934',NULL,NULL,NULL,NULL,'Married','13068717110118',NULL,NULL),(63,2,'006581','LUBASI','NYAMBE LIYANDA G',NULL,'Mrs','Female','0977679240','g.liyanda@unza.zm','g.liyanda@unza.zm','384975/11/1','102512623',NULL,0,'Dv5drskpd7Lnbwe-V9Y5svA_7nC_L7up','$2y$13$LC2gjIbu8PlPP.qYAoA2Ee1bnllaMEgSpVV3WSkgz0RpGHVfgBwcu',NULL,246,'1963-07-19',NULL,NULL,NULL,NULL,NULL,NULL,'1005870331',NULL,NULL,NULL,NULL,'Married','13039840110122',NULL,NULL),(64,2,'006587','JOHN','MULENGA',NULL,'Mr','Male','0979 215 601','john.mulenga@unza.zm','john.mulenga@unza.zm','238718/67/1','111430127',NULL,0,'Dv5drskpd7Lnbwe-V9Y5svA_7nC_L7up','$2y$13$LC2gjIbu8PlPP.qYAoA2Ee1bnllaMEgSpVV3WSkgz0RpGHVfgBwcu',NULL,246,'1962-09-07',NULL,NULL,NULL,NULL,NULL,NULL,'1017928449',NULL,NULL,NULL,NULL,'Married','13065954110111',NULL,NULL),(65,2,'006613','OSBERT','SIKAZWE',' NTINDA','Dr','Male','0977 - 767204','osikazwe@unza.zm','osikazwe@unza.zm','167460/42/1','301741314',NULL,0,'Dv5drskpd7Lnbwe-V9Y5svA_7nC_L7up','$2y$13$LC2gjIbu8PlPP.qYAoA2Ee1bnllaMEgSpVV3WSkgz0RpGHVfgBwcu',NULL,246,'1963-01-04',NULL,NULL,NULL,NULL,NULL,NULL,'1003372567',NULL,NULL,NULL,NULL,'Married','13065521110116',NULL,NULL),(66,2,'006624','BONIFACE','MBEWE',NULL,'Dr','Male','0975497143','boniface.mbewe@unza.zm','boniface.mbewe@unza.zm','337954/52/1','110402301','ZN 000407',0,'Dv5drskpd7Lnbwe-V9Y5svA_7nC_L7up','$2y$13$LC2gjIbu8PlPP.qYAoA2Ee1bnllaMEgSpVV3WSkgz0RpGHVfgBwcu',NULL,246,'1963-01-01',NULL,NULL,NULL,NULL,NULL,NULL,'1000957474',NULL,NULL,NULL,NULL,'Married','13055061110115',NULL,NULL),(67,2,'006632','BELLINGTON','CHANGWE',NULL,'Mr','Male','0977873324','bchangwe@unza.zm','bchangwe@unza.zm','467965/11/1','109713034',NULL,0,'Dv5drskpd7Lnbwe-V9Y5svA_7nC_L7up','$2y$13$LC2gjIbu8PlPP.qYAoA2Ee1bnllaMEgSpVV3WSkgz0RpGHVfgBwcu',NULL,246,'1967-01-01',NULL,NULL,NULL,NULL,NULL,NULL,'1000989477',NULL,NULL,NULL,NULL,'Married','13065226110119',NULL,NULL),(68,2,'006649','CLARA','CHONGWE  KAPEMBWA',NULL,'Mrs','Female','0966459994','clara.chongwe@unza.zm','clara.chongwe@unza.zm','199789/68/1','105481833','ZH 47501',0,'Dv5drskpd7Lnbwe-V9Y5svA_7nC_L7up','$2y$13$LC2gjIbu8PlPP.qYAoA2Ee1bnllaMEgSpVV3WSkgz0RpGHVfgBwcu',NULL,246,'1969-05-28',NULL,NULL,NULL,NULL,NULL,NULL,'1001398624',NULL,NULL,NULL,NULL,'Married','13041463110125',NULL,NULL),(69,2,'006651','V.C.','TEMBO-MUSONDA',NULL,'Mrs','Female',NULL,'velentina.tembo@unza.zm','velentina.tembo@unza.zm','365685/52/1','116170388',NULL,1,'Dv5drskpd7Lnbwe-V9Y5svA_7nC_L7up','$2y$13$LC2gjIbu8PlPP.qYAoA2Ee1bnllaMEgSpVV3WSkgz0RpGHVfgBwcu',NULL,246,'1968-12-28',NULL,NULL,NULL,NULL,NULL,NULL,'1018062644',NULL,NULL,NULL,NULL,'Married','13037177110121',NULL,NULL),(70,2,'006664','EVANS','LAMPI',NULL,'Mr','Male',NULL,'elampi@unza.zm','elampi@unza.zm','468876/11/1','116181933',NULL,1,'Dv5drskpd7Lnbwe-V9Y5svA_7nC_L7up','$2y$13$LC2gjIbu8PlPP.qYAoA2Ee1bnllaMEgSpVV3WSkgz0RpGHVfgBwcu',NULL,246,'1967-08-23',NULL,NULL,NULL,NULL,NULL,NULL,'1001213033',NULL,NULL,NULL,NULL,'Married','13063098110115',NULL,NULL),(71,2,'006665','ANTHONY','MUSONDA',NULL,'Dr','Male','0955564852','anthony.musonda@unza.zm','anthony.musonda@unza.zm','154705/44/1','107752416','ZG 53590',0,'Dv5drskpd7Lnbwe-V9Y5svA_7nC_L7up','$2y$13$LC2gjIbu8PlPP.qYAoA2Ee1bnllaMEgSpVV3WSkgz0RpGHVfgBwcu',NULL,246,'1963-10-11',NULL,NULL,NULL,NULL,NULL,NULL,'1011470693',NULL,NULL,NULL,NULL,'Married','13467328110123',NULL,NULL),(72,2,'006695',' ROY','KALINDA','MWEEBO','Mr','Male','0977882515','roy.kalinda@unza.zm','roy.kalinda@unza.zm','260225/74/1','108489098',NULL,1,'Dv5drskpd7Lnbwe-V9Y5svA_7nC_L7up','$2y$13$LC2gjIbu8PlPP.qYAoA2Ee1bnllaMEgSpVV3WSkgz0RpGHVfgBwcu',NULL,246,'1965-01-01',NULL,NULL,NULL,NULL,NULL,NULL,'1000381750',NULL,NULL,NULL,NULL,'Married','13071230110115',NULL,NULL),(73,7,'006696','JACOB ','MALUNGO','SHAKUMENZYA RECORD','Prof','Male','0977805997','jacob.malungo@unza.zm','jacob.malungo@unza.zm','247918/74/1','912632156','ZN011401',1,'Dv5drskpd7Lnbwe-V9Y5svA_7nC_L7up','$2y$13$LC2gjIbu8PlPP.qYAoA2Ee1bnllaMEgSpVV3WSkgz0RpGHVfgBwcu',NULL,246,'1965-04-08',NULL,NULL,NULL,NULL,NULL,NULL,'1012878063',NULL,NULL,NULL,NULL,'Married','12969715110115',NULL,NULL),(74,2,'006723','EVAH','MUDENDA',NULL,'Miss','Female',NULL,'emudenda@unza.zm','emudenda@unza.zm','168540/76/1','100194302',NULL,0,'Dv5drskpd7Lnbwe-V9Y5svA_7nC_L7up','$2y$13$LC2gjIbu8PlPP.qYAoA2Ee1bnllaMEgSpVV3WSkgz0RpGHVfgBwcu',NULL,246,'1963-06-10',NULL,NULL,NULL,NULL,NULL,NULL,'1005936246',NULL,NULL,NULL,NULL,'Single','13041108110128',NULL,NULL),(75,2,'006726','MAXWELL','MASUKU',NULL,'Mr','Male','0977 867829096','maxwell.masuku@unza.zm','maxwell.masuku@unza.zm','515352/11/1','107582277','ZP 515352/11/1',1,'Dv5drskpd7Lnbwe-V9Y5svA_7nC_L7up','$2y$13$LC2gjIbu8PlPP.qYAoA2Ee1bnllaMEgSpVV3WSkgz0RpGHVfgBwcu',NULL,246,'1969-06-30',NULL,NULL,NULL,NULL,NULL,NULL,'1006382263',NULL,NULL,NULL,NULL,'Married','13055079110113',NULL,NULL),(76,2,'006729','BENTRY','NKHATA',NULL,'Dr','Male',NULL,'bnkhata@unza.zm','bnkhata@unza.zm','248172/52/1','116186678',NULL,1,'Dv5drskpd7Lnbwe-V9Y5svA_7nC_L7up','$2y$13$LC2gjIbu8PlPP.qYAoA2Ee1bnllaMEgSpVV3WSkgz0RpGHVfgBwcu',NULL,246,'1956-01-09',NULL,NULL,NULL,NULL,NULL,NULL,'1002517110',NULL,NULL,NULL,NULL,'Married','13040556110122',NULL,NULL),(77,2,'006732','LEVY','SIAMINWE',NULL,'Prof','Male',NULL,'lsiaminwe@unza.zm','lsiaminwe@unza.zm','204135/66/1','107512301',NULL,1,'Dv5drskpd7Lnbwe-V9Y5svA_7nC_L7up','$2y$13$LC2gjIbu8PlPP.qYAoA2Ee1bnllaMEgSpVV3WSkgz0RpGHVfgBwcu',NULL,246,'1965-01-01',NULL,NULL,NULL,NULL,NULL,NULL,'1012082366',NULL,NULL,NULL,NULL,'Married','13064682110116',NULL,NULL),(78,2,'006736','ELIJAH','MUNTANGA S',NULL,'Mr','Male','0978989337,','elijah.muntanga@unza.zm','elijah.muntanga@unza.zm','476922/11/1','107509237',NULL,1,'Dv5drskpd7Lnbwe-V9Y5svA_7nC_L7up','$2y$13$LC2gjIbu8PlPP.qYAoA2Ee1bnllaMEgSpVV3WSkgz0RpGHVfgBwcu',NULL,246,'1968-08-14',NULL,NULL,NULL,NULL,NULL,NULL,'1008021594',NULL,NULL,NULL,NULL,'Married','13062694110117',NULL,NULL),(79,2,'006739','KAMANGA','CHIMANGENI',NULL,'Mr','Male','+260977781373','ckamanga@unza.zm','ckamanga@unza.zm','228926/51/1','108303834',NULL,0,'Dv5drskpd7Lnbwe-V9Y5svA_7nC_L7up','$2y$13$LC2gjIbu8PlPP.qYAoA2Ee1bnllaMEgSpVV3WSkgz0RpGHVfgBwcu',NULL,246,'1966-10-07',NULL,NULL,NULL,NULL,NULL,NULL,'1001310492',NULL,NULL,NULL,NULL,'Married','13059646110112',NULL,NULL),(80,2,'006770','MERCY. C .','ZULU ',NULL,'Mrs','Female','0966 831895','lindizya.chuba@unza.zm','lindizya.chuba@unza.zm','406636/11/1','120351386',NULL,1,'Dv5drskpd7Lnbwe-V9Y5svA_7nC_L7up','$2y$13$LC2gjIbu8PlPP.qYAoA2Ee1bnllaMEgSpVV3WSkgz0RpGHVfgBwcu',NULL,246,'1967-10-07',NULL,NULL,NULL,NULL,NULL,NULL,'1000579785',NULL,NULL,NULL,NULL,'Single','13040262110126',NULL,NULL),(81,2,'006777','HOWARD','ZULU',NULL,'Mr','Male',NULL,NULL,NULL,'383587/52/1','107507023','ZJ 40005',0,'Dv5drskpd7Lnbwe-V9Y5svA_7nC_L7up','$2y$13$LC2gjIbu8PlPP.qYAoA2Ee1bnllaMEgSpVV3WSkgz0RpGHVfgBwcu',NULL,246,'1969-09-01',NULL,NULL,NULL,NULL,NULL,NULL,'1006034261',NULL,NULL,NULL,NULL,'Married','13038533110117',NULL,NULL),(82,2,'006787','SEKELANI','BANDA ','STANLEY','Dr','Male','0966 758833','sekelani.banda@unza.zm','sekelani.banda@unza.zm','337863/52/1','110402301','ZP 33863/52/1',1,'Dv5drskpd7Lnbwe-V9Y5svA_7nC_L7up','$2y$13$LC2gjIbu8PlPP.qYAoA2Ee1bnllaMEgSpVV3WSkgz0RpGHVfgBwcu',NULL,246,'1966-01-01',NULL,NULL,NULL,NULL,NULL,NULL,'1001332598',NULL,NULL,NULL,NULL,'Married','13055061110115',NULL,NULL),(83,2,'006811','SUSAN','ILUNGA MSHANGA',NULL,'Mrs','Female','097 8 510565','susan.ilunga@unza.zm','susan.ilunga@unza.zm','461352/11/1','102512990',NULL,0,'Dv5drskpd7Lnbwe-V9Y5svA_7nC_L7up','$2y$13$LC2gjIbu8PlPP.qYAoA2Ee1bnllaMEgSpVV3WSkgz0RpGHVfgBwcu',NULL,246,'1967-11-09',NULL,NULL,NULL,NULL,NULL,NULL,'1007440785',NULL,NULL,NULL,NULL,'Widowed','13036356110123',NULL,NULL),(84,2,'006814','GRAYSON','HIMUNZOWA',NULL,'Dr','Male','097261420','ghimunzowa@unza.zm','ghimunzowa@unza.zm','225046/74/1','101857183',NULL,1,'Dv5drskpd7Lnbwe-V9Y5svA_7nC_L7up','$2y$13$LC2gjIbu8PlPP.qYAoA2Ee1bnllaMEgSpVV3WSkgz0RpGHVfgBwcu',NULL,246,'1961-01-01',NULL,NULL,NULL,NULL,NULL,NULL,'1000161746',NULL,NULL,NULL,NULL,'Married','13069072110112',NULL,NULL),(85,2,'006824','LUPIYA','ZIMBA',NULL,'Mr','Male','0977457035','lupiya.zimba@unza.zm','lupiya.zimba@unza.zm','393633/52/1','314025254',NULL,0,'Dv5drskpd7Lnbwe-V9Y5svA_7nC_L7up','$2y$13$LC2gjIbu8PlPP.qYAoA2Ee1bnllaMEgSpVV3WSkgz0RpGHVfgBwcu',NULL,246,'1969-02-28',NULL,NULL,NULL,NULL,NULL,NULL,'1004542501',NULL,NULL,NULL,NULL,'Married','13068718110112',NULL,NULL),(86,2,'006831','ELICO K','CHITEBE',NULL,'Mr','Male','097 8 032345','chitebe.elico@unza.zm','chitebe.elico@unza.zm','135833/72/1','107507415',NULL,0,'Dv5drskpd7Lnbwe-V9Y5svA_7nC_L7up','$2y$13$LC2gjIbu8PlPP.qYAoA2Ee1bnllaMEgSpVV3WSkgz0RpGHVfgBwcu',NULL,246,'1964-01-01',NULL,NULL,NULL,NULL,NULL,NULL,'1004395413',NULL,NULL,NULL,NULL,'Married','13071502110111',NULL,NULL),(87,2,'006854','PAUL','KAMOCHA',NULL,'Mr','Male','0953741758','kamocha.paul@unza.zm','kamocha.paul@unza.zm','437499/11/1','111129465',NULL,0,'Dv5drskpd7Lnbwe-V9Y5svA_7nC_L7up','$2y$13$LC2gjIbu8PlPP.qYAoA2Ee1bnllaMEgSpVV3WSkgz0RpGHVfgBwcu',NULL,246,'1961-11-11',NULL,NULL,NULL,NULL,NULL,NULL,'1004962069',NULL,NULL,NULL,NULL,'Married','13063167110113',NULL,NULL),(88,2,'006867','OYIWOLE','GOMA MTUMBI',NULL,'Mr','Male',NULL,'mtumbi.goma@unza.zm','mtumbi.goma@unza.zm','455811/11/1','116181945',NULL,1,'Dv5drskpd7Lnbwe-V9Y5svA_7nC_L7up','$2y$13$LC2gjIbu8PlPP.qYAoA2Ee1bnllaMEgSpVV3WSkgz0RpGHVfgBwcu',NULL,246,'1969-05-29',NULL,NULL,NULL,NULL,NULL,NULL,'2001913599',NULL,NULL,NULL,NULL,'Married','13059655110116',NULL,NULL),(89,2,'006873','WILMA','NCHITO SICHOMBO',NULL,'Mrs','Female','0955807851','wnchito@unza.zm','wnchito@unza.zm','164653/71/1','116181957','ZN590927',0,'Dv5drskpd7Lnbwe-V9Y5svA_7nC_L7up','$2y$13$LC2gjIbu8PlPP.qYAoA2Ee1bnllaMEgSpVV3WSkgz0RpGHVfgBwcu',NULL,246,'1968-07-09',NULL,NULL,NULL,NULL,NULL,NULL,'1003134772',NULL,NULL,NULL,NULL,'Married','13039331110128',NULL,NULL),(90,2,'006881','OSWARD','MUSONDA',NULL,'Mr','Male','0977728957','omusonda@unza.zm','omusonda@unza.zm','198340/64/1','107508097',NULL,1,'Dv5drskpd7Lnbwe-V9Y5svA_7nC_L7up','$2y$13$LC2gjIbu8PlPP.qYAoA2Ee1bnllaMEgSpVV3WSkgz0RpGHVfgBwcu',NULL,246,'1968-10-02',NULL,NULL,NULL,NULL,NULL,NULL,'1001339692',NULL,NULL,NULL,NULL,'Married','13070508110119',NULL,NULL),(91,2,'006882','BWALYA LOMBE P ','MUSONDA',NULL,'Mr','Male','0966374001','lombebwalya.musonda@unza.zm','lombebwalya.musonda@unza.zm','196580/43/1','107581099',NULL,1,'Dv5drskpd7Lnbwe-V9Y5svA_7nC_L7up','$2y$13$LC2gjIbu8PlPP.qYAoA2Ee1bnllaMEgSpVV3WSkgz0RpGHVfgBwcu',NULL,246,'1966-06-17',NULL,NULL,NULL,NULL,NULL,NULL,'1001038664',NULL,NULL,NULL,NULL,'Married','13035171110124',NULL,NULL),(92,2,'006887','JOSEPH','CHILESHE ','MWAPE','Dr','Male','0977 804256','mwapejc@unza.zm','mwapejc@unza.zm','454017/11/1','116181969',NULL,1,'Dv5drskpd7Lnbwe-V9Y5svA_7nC_L7up','$2y$13$LC2gjIbu8PlPP.qYAoA2Ee1bnllaMEgSpVV3WSkgz0RpGHVfgBwcu',NULL,246,'1968-11-02',NULL,NULL,NULL,NULL,NULL,NULL,'1001167467',NULL,NULL,NULL,NULL,'Married','13067802110113',NULL,NULL),(93,2,'006901','M. ROYD','KAPULA',NULL,'Mr','Male','097 8 304350','royd.kapula@unza.zm','royd.kapula@unza.zm','956282/11/1','100194061',NULL,1,'Dv5drskpd7Lnbwe-V9Y5svA_7nC_L7up','$2y$13$LC2gjIbu8PlPP.qYAoA2Ee1bnllaMEgSpVV3WSkgz0RpGHVfgBwcu',NULL,246,'1970-05-23',NULL,NULL,NULL,NULL,NULL,NULL,'1005476856',NULL,NULL,NULL,NULL,'Married','13069311110113',NULL,NULL),(94,2,'006911','NYAMBE','MWINGAANA',NULL,'Mr','Male','096 8 481290','nyambe.mwingaana@unza.zm','nyambe.mwingaana@unza.zm','184856/84/1','108491441',NULL,0,'Dv5drskpd7Lnbwe-V9Y5svA_7nC_L7up','$2y$13$LC2gjIbu8PlPP.qYAoA2Ee1bnllaMEgSpVV3WSkgz0RpGHVfgBwcu',NULL,246,'1963-11-24',NULL,NULL,NULL,NULL,NULL,NULL,'1005501168',NULL,NULL,NULL,NULL,'Married','13467211110115',NULL,NULL),(95,2,'006916','OCHARD','MUNSANJE',NULL,'Mr','Male','097 7 476110','orchard.munsanje@unza.zm','orchard.munsanje@unza.zm','171650/73/1','107464512',NULL,1,'Dv5drskpd7Lnbwe-V9Y5svA_7nC_L7up','$2y$13$LC2gjIbu8PlPP.qYAoA2Ee1bnllaMEgSpVV3WSkgz0RpGHVfgBwcu',NULL,246,'1965-04-03',NULL,NULL,NULL,NULL,NULL,NULL,'1005496905',NULL,NULL,NULL,NULL,'Married','13066363110114',NULL,NULL),(96,7,'006918','VICTOR','ZULU','CHISHA ','Dr','Male','+260955 880422','victor.zulu@unza.zm','victor.zulu@unza.zm','243739/61/1','107581986','ZN665995',1,'Dv5drskpd7Lnbwe-V9Y5svA_7nC_L7up','$2y$13$LC2gjIbu8PlPP.qYAoA2Ee1bnllaMEgSpVV3WSkgz0RpGHVfgBwcu',NULL,246,'1967-12-05',NULL,NULL,NULL,NULL,NULL,'2fE7NbOuI5tUFmyky9vKBzu4EU4XGzjR.jpg','1002277385',NULL,NULL,'2025-02-04 11:12:50',NULL,'Married','13065537110119',NULL,NULL),(97,2,'006921','EMMANUEL','CHINYAMA',NULL,'Mr','Male','0977155117','emmanuel.chinyama@unza.zm','emmanuel.chinyama@unza.zm','301918/74/1','108491477',NULL,1,'Dv5drskpd7Lnbwe-V9Y5svA_7nC_L7up','$2y$13$LC2gjIbu8PlPP.qYAoA2Ee1bnllaMEgSpVV3WSkgz0RpGHVfgBwcu',NULL,246,'1972-12-16',NULL,NULL,NULL,NULL,NULL,NULL,'1004447020',NULL,NULL,NULL,NULL,'Married','13065221110113',NULL,NULL),(98,2,'006923','MABVUTO','PHIRI',NULL,'Mr','Male','0955880453','mabvuto.phiri@unza.zm','mabvuto.phiri@unza.zm','536943/11/1','107507908',NULL,1,'Dv5drskpd7Lnbwe-V9Y5svA_7nC_L7up','$2y$13$LC2gjIbu8PlPP.qYAoA2Ee1bnllaMEgSpVV3WSkgz0RpGHVfgBwcu',NULL,246,'1970-05-28',NULL,NULL,NULL,NULL,NULL,NULL,'1003068522',NULL,NULL,NULL,NULL,'Single','13064488110119',NULL,NULL),(99,2,'006926','JOSEPH','SAKALA',NULL,'Mr','Male','0979367782',NULL,NULL,'345825/52/1','116181971',NULL,1,'Dv5drskpd7Lnbwe-V9Y5svA_7nC_L7up','$2y$13$LC2gjIbu8PlPP.qYAoA2Ee1bnllaMEgSpVV3WSkgz0RpGHVfgBwcu',NULL,246,'1965-07-21',NULL,NULL,NULL,NULL,NULL,NULL,'2001206808',NULL,NULL,NULL,NULL,'Married','13038819110112',NULL,NULL),(100,2,'006929','RICHARD','KALUSA',NULL,'Mr','Male','0977 532675','richard.kalusa@unza.zm','richard.kalusa@unza.zm','141645/15/1','107603538',NULL,0,'Dv5drskpd7Lnbwe-V9Y5svA_7nC_L7up','$2y$13$LC2gjIbu8PlPP.qYAoA2Ee1bnllaMEgSpVV3WSkgz0RpGHVfgBwcu',NULL,246,'1969-01-01',NULL,NULL,NULL,NULL,NULL,NULL,'1004572267',NULL,NULL,NULL,NULL,'Married','13467266110119',NULL,NULL),(101,2,'006932','GOLDEN','ZYAMBO',NULL,'Mr','Male','0977887278','gzyambo@unza.zm','gzyambo@unza.zm','206054/73/1','112878677',NULL,1,'Dv5drskpd7Lnbwe-V9Y5svA_7nC_L7up','$2y$13$LC2gjIbu8PlPP.qYAoA2Ee1bnllaMEgSpVV3WSkgz0RpGHVfgBwcu',NULL,246,'1971-11-25',NULL,NULL,NULL,NULL,NULL,NULL,'1001355319',NULL,NULL,NULL,NULL,'Married','13067933110119',NULL,NULL),(102,2,'006936','ELIOT','SIATONTOLA',NULL,'Mr','Male','0977 531205','eliot.siatontola@unza.zm','eliot.siatontola@unza.zm','194217/73/1','108484062',NULL,0,'Dv5drskpd7Lnbwe-V9Y5svA_7nC_L7up','$2y$13$LC2gjIbu8PlPP.qYAoA2Ee1bnllaMEgSpVV3WSkgz0RpGHVfgBwcu',NULL,246,'1967-07-08',NULL,NULL,NULL,NULL,NULL,NULL,'1007907189',NULL,NULL,NULL,NULL,'Single','13063800110114',NULL,NULL),(103,2,'006937','OLIVER','MUNGONI',NULL,'Mr','Male','0966 392464','oliver.mungoni@unza.zm','oliver.mungoni@unza.zm','251013/74/1','107507972',NULL,0,'Dv5drskpd7Lnbwe-V9Y5svA_7nC_L7up','$2y$13$LC2gjIbu8PlPP.qYAoA2Ee1bnllaMEgSpVV3WSkgz0RpGHVfgBwcu',NULL,246,'1964-01-01',NULL,NULL,NULL,NULL,NULL,NULL,'1002643555',NULL,NULL,NULL,NULL,'Single','13041774110118',NULL,NULL),(104,2,'006940','BONIFACE','NAMANGALA',NULL,'Prof','Male','0979773896','b.namangala@unza.zm','b.namangala@unza.zm','238874/74/1','107560786','ZP003842',1,'Dv5drskpd7Lnbwe-V9Y5svA_7nC_L7up','$2y$13$LC2gjIbu8PlPP.qYAoA2Ee1bnllaMEgSpVV3WSkgz0RpGHVfgBwcu',NULL,246,'1964-11-27',NULL,NULL,NULL,NULL,NULL,NULL,'1000392810',NULL,NULL,NULL,NULL,'Married','13067599110115',NULL,NULL),(105,2,'006946','DRYSON','ZULU',NULL,'Mr','Male','0979485896','dryson.zulu@unza.zm','dryson.zulu@unza.zm','205262/53/1','902451087',NULL,0,'Dv5drskpd7Lnbwe-V9Y5svA_7nC_L7up','$2y$13$LC2gjIbu8PlPP.qYAoA2Ee1bnllaMEgSpVV3WSkgz0RpGHVfgBwcu',NULL,246,'1962-01-01',NULL,NULL,NULL,NULL,NULL,NULL,'1005042586',NULL,NULL,NULL,NULL,'Married','13063995110113',NULL,NULL),(106,2,'006947','EDWARD','BANDA',NULL,'Mr','Male','0977371113','edward.banda@unza.zm','edward.banda@unza.zm','218610/53/1','100217978',NULL,0,'Dv5drskpd7Lnbwe-V9Y5svA_7nC_L7up','$2y$13$LC2gjIbu8PlPP.qYAoA2Ee1bnllaMEgSpVV3WSkgz0RpGHVfgBwcu',NULL,246,'1964-04-10',NULL,NULL,NULL,NULL,NULL,NULL,'1007665870',NULL,NULL,NULL,NULL,'Married','13068734110111',NULL,NULL),(107,2,'006948','ZANZINI','NDHLOVU','BRUCE','Dr','Male','+260976297877','zanzini.ndhlovu@unza.zm','zanzini.ndhlovu@unza.zm','177615/51/1','107603590','ZN 038782',1,'Dv5drskpd7Lnbwe-V9Y5svA_7nC_L7up','$2y$13$LC2gjIbu8PlPP.qYAoA2Ee1bnllaMEgSpVV3WSkgz0RpGHVfgBwcu',NULL,246,'1962-09-30',NULL,NULL,NULL,NULL,NULL,NULL,'1000027700',NULL,NULL,NULL,NULL,'Married','13063112110115',NULL,NULL),(108,2,'006952','SEPO ','KUSIYO','K.M','Mrs','Female','0977 - 889197, ','skusiyo@unza.zm','skusiyo@unza.zm','439191/11/1','106914471',NULL,0,'Dv5drskpd7Lnbwe-V9Y5svA_7nC_L7up','$2y$13$LC2gjIbu8PlPP.qYAoA2Ee1bnllaMEgSpVV3WSkgz0RpGHVfgBwcu',NULL,246,'1966-05-16',NULL,NULL,NULL,NULL,NULL,NULL,'1001429733',NULL,NULL,NULL,NULL,'Widowed','NHA2002761667',NULL,NULL),(109,2,'006953','PATRICK','KHUNGA',NULL,'Mr','Male','09770967-49170','pkhunga@unza.zm','pkhunga@unza.zm','143192/71/1','116169719',NULL,0,'Dv5drskpd7Lnbwe-V9Y5svA_7nC_L7up','$2y$13$LC2gjIbu8PlPP.qYAoA2Ee1bnllaMEgSpVV3WSkgz0RpGHVfgBwcu',NULL,246,'1967-07-26',NULL,NULL,NULL,NULL,NULL,NULL,'1000959811',NULL,NULL,NULL,NULL,'Married','13063099110111',NULL,NULL),(110,2,'006975','IREEN','LIBANDA SUBULWA','SUBULWA','Mrs','Female','0977807860',NULL,NULL,'449381/11/1','105515092','ZN 003329',0,'Dv5drskpd7Lnbwe-V9Y5svA_7nC_L7up','$2y$13$LC2gjIbu8PlPP.qYAoA2Ee1bnllaMEgSpVV3WSkgz0RpGHVfgBwcu',NULL,246,'1968-11-04',NULL,NULL,NULL,NULL,NULL,NULL,'1000531827',NULL,NULL,NULL,NULL,'Widowed','13041648110125',NULL,NULL),(111,2,'006977',' ROSEMARY','NACHELA  NJOBVU',NULL,'Mrs','Female',NULL,'rosemary.nachela@unza.zm','rosemary.nachela@unza.zm','165270/43/1','116181957',NULL,0,'Dv5drskpd7Lnbwe-V9Y5svA_7nC_L7up','$2y$13$LC2gjIbu8PlPP.qYAoA2Ee1bnllaMEgSpVV3WSkgz0RpGHVfgBwcu',NULL,246,'1961-09-03',NULL,NULL,NULL,NULL,NULL,NULL,'1000634112',NULL,NULL,NULL,NULL,'Widowed','13069819110111',NULL,NULL),(112,2,'006979','KABWE','CHIMBA',NULL,'Mr','Male','0977 - 544588','kabwe.chimba@unza.zm','kabwe.chimba@unza.zm','506211/12/1','107550369',NULL,0,'Dv5drskpd7Lnbwe-V9Y5svA_7nC_L7up','$2y$13$LC2gjIbu8PlPP.qYAoA2Ee1bnllaMEgSpVV3WSkgz0RpGHVfgBwcu',NULL,246,'1970-05-24',NULL,NULL,NULL,NULL,NULL,NULL,'1008642487',NULL,NULL,NULL,NULL,'Married','13068737110115',NULL,NULL),(113,2,'006980','JULIET','SOLOMONI MULENGA',NULL,'Mrs','Female','0977784046','juliet.mulenga@unza.zm','juliet.mulenga@unza.zm','153258/23/1','107549120',NULL,0,'Dv5drskpd7Lnbwe-V9Y5svA_7nC_L7up','$2y$13$LC2gjIbu8PlPP.qYAoA2Ee1bnllaMEgSpVV3WSkgz0RpGHVfgBwcu',NULL,246,'1964-04-08',NULL,NULL,NULL,NULL,NULL,NULL,'1004792557',NULL,NULL,NULL,NULL,'Married','13040485110122',NULL,NULL),(114,2,'006991','ANNIE','CHITOSHI',NULL,'Miss','Female','0977403063','annie.chitoshi@unza.zm','annie.chitoshi@unza.zm','166178/44/1','107512616',NULL,1,'Dv5drskpd7Lnbwe-V9Y5svA_7nC_L7up','$2y$13$LC2gjIbu8PlPP.qYAoA2Ee1bnllaMEgSpVV3WSkgz0RpGHVfgBwcu',NULL,246,'1965-11-01',NULL,NULL,NULL,NULL,NULL,NULL,'1004631858',NULL,NULL,NULL,NULL,'Divorced','13038632110122',NULL,NULL),(115,2,'006994','JOSEPH','KAPOTWE',NULL,'Mr','Male','0977266098','joseph.kapotwe@unza.zm','joseph.kapotwe@unza.zm','201829/68/1','108278322',NULL,0,'Dv5drskpd7Lnbwe-V9Y5svA_7nC_L7up','$2y$13$LC2gjIbu8PlPP.qYAoA2Ee1bnllaMEgSpVV3WSkgz0RpGHVfgBwcu',NULL,246,'1971-01-15',NULL,NULL,NULL,NULL,NULL,NULL,'1007979197',NULL,NULL,NULL,NULL,'Married','13066282110113',NULL,NULL),(116,2,'007010','MUTALE  A','KUYELA',NULL,'Miss','Female','0978290187','anastasia.kuyela@unza.zm','anastasia.kuyela@unza.zm','158264/41/1','107550597',NULL,0,'Dv5drskpd7Lnbwe-V9Y5svA_7nC_L7up','$2y$13$LC2gjIbu8PlPP.qYAoA2Ee1bnllaMEgSpVV3WSkgz0RpGHVfgBwcu',NULL,246,'1963-10-28',NULL,NULL,NULL,NULL,NULL,NULL,'1005047598',NULL,NULL,NULL,NULL,'Single','13039798110128',NULL,NULL),(117,2,'007014','EMELDA','MBEWE',NULL,'Mrs','Female','0977 179678','emelda.mbewe@unza.zm','emelda.mbewe@unza.zm','397917/11/1','100195516','ZP 397917/11/1',0,'Dv5drskpd7Lnbwe-V9Y5svA_7nC_L7up','$2y$13$LC2gjIbu8PlPP.qYAoA2Ee1bnllaMEgSpVV3WSkgz0RpGHVfgBwcu',NULL,246,'1962-12-27',NULL,NULL,NULL,NULL,NULL,NULL,'1009406143',NULL,NULL,NULL,NULL,'Married','NHA2002898136',NULL,NULL),(118,2,'007015','NAOMI','BANDA',NULL,'Miss','Female','0977 134761','naomi.banda@unza.zm','naomi.banda@unza.zm','361291/11/1','312185783','ZP 361291/11/1',0,'Dv5drskpd7Lnbwe-V9Y5svA_7nC_L7up','$2y$13$LC2gjIbu8PlPP.qYAoA2Ee1bnllaMEgSpVV3WSkgz0RpGHVfgBwcu',NULL,246,'1961-06-01',NULL,NULL,NULL,NULL,NULL,NULL,'1001513077',NULL,NULL,NULL,NULL,'Single','13063079110112',NULL,NULL),(119,2,'007025','WILSON','CHIBWE',NULL,'Mr','Male','0977820347','wchibwe@unza.zm','wchibwe@unza.zm','191281/64/1','107511503','ZG 52220',0,'Dv5drskpd7Lnbwe-V9Y5svA_7nC_L7up','$2y$13$LC2gjIbu8PlPP.qYAoA2Ee1bnllaMEgSpVV3WSkgz0RpGHVfgBwcu',NULL,246,'1964-04-25',NULL,NULL,NULL,NULL,NULL,NULL,'1004141625',NULL,NULL,NULL,NULL,'Married','13063068110114',NULL,NULL),(120,2,'007026','ACKIM','ZULU',NULL,'Dr','Male','+260975618082','ackim.zulu@unza.zm','ackim.zulu@unza.zm','277254/67/1','116181983','ZP022385',1,'Dv5drskpd7Lnbwe-V9Y5svA_7nC_L7up','$2y$13$LC2gjIbu8PlPP.qYAoA2Ee1bnllaMEgSpVV3WSkgz0RpGHVfgBwcu',NULL,246,'1967-11-04',NULL,NULL,NULL,NULL,NULL,NULL,'1000833756',NULL,NULL,NULL,NULL,'Married','13065538110116',NULL,NULL),(121,2,'007027','JOHNSON','MANGALASHI',NULL,'Mr','Male','097 7 305596','johnson.mangalashi@unza.zm','johnson.mangalashi@unza.zm','114567/14/1','102512659',NULL,0,'Dv5drskpd7Lnbwe-V9Y5svA_7nC_L7up','$2y$13$LC2gjIbu8PlPP.qYAoA2Ee1bnllaMEgSpVV3WSkgz0RpGHVfgBwcu',NULL,246,'1970-03-08',NULL,NULL,NULL,NULL,NULL,NULL,'1005802227',NULL,NULL,NULL,NULL,'Married','13064681110115',NULL,NULL),(122,2,'007037','ROBERT','MUWEMA',NULL,'Mr','Male','0977 629928','robert.muwema@unza.zm','robert.muwema@unza.zm','481056/11/1','100193465','ZP 481056/11/1',1,'Dv5drskpd7Lnbwe-V9Y5svA_7nC_L7up','$2y$13$LC2gjIbu8PlPP.qYAoA2Ee1bnllaMEgSpVV3WSkgz0RpGHVfgBwcu',NULL,246,'1968-06-28',NULL,NULL,NULL,NULL,NULL,NULL,'1005317983',NULL,NULL,NULL,NULL,'Married','13040961110118',NULL,NULL),(123,2,'007041','ESNART','CHULU','CHIRWA','Mrs','Female','0978 303721','esnart.chulu@unza.zm','esnart.chulu@unza.zm','493736/11/1','100203501','ZJ 64600',0,'Dv5drskpd7Lnbwe-V9Y5svA_7nC_L7up','$2y$13$LC2gjIbu8PlPP.qYAoA2Ee1bnllaMEgSpVV3WSkgz0RpGHVfgBwcu',NULL,246,'1970-06-06',NULL,NULL,NULL,NULL,NULL,NULL,'1005555692',NULL,NULL,NULL,NULL,'Married','13039381110125',NULL,NULL),(124,2,'007044','GEOFFREY','SAKALA',NULL,'Mr','Male','0977 246028','geofrey.sakala@unza.zm','geofrey.sakala@unza.zm','379669/11/1','304269630','ZP 379669/11/1',0,'Dv5drskpd7Lnbwe-V9Y5svA_7nC_L7up','$2y$13$LC2gjIbu8PlPP.qYAoA2Ee1bnllaMEgSpVV3WSkgz0RpGHVfgBwcu',NULL,246,'1962-10-04',NULL,NULL,NULL,NULL,NULL,NULL,'1006448019',NULL,NULL,NULL,NULL,'Married','13035342110121',NULL,NULL),(125,2,'007047','CHRISTIN','ZULU',NULL,'Miss','Female','0978 954911','christine.zulu@unza.zm','christine.zulu@unza.zm','353396/52/1','107510161','ZP 353396/52/1',1,'Dv5drskpd7Lnbwe-V9Y5svA_7nC_L7up','$2y$13$LC2gjIbu8PlPP.qYAoA2Ee1bnllaMEgSpVV3WSkgz0RpGHVfgBwcu',NULL,246,'1965-01-01',NULL,NULL,NULL,NULL,NULL,NULL,'1005931979',NULL,NULL,NULL,NULL,'Single','13040941110127',NULL,NULL),(126,2,'007050','JOHN','NYIRENDA',NULL,'Pastor','Male','0977 308136','john.nyirenda@unza.zm','john.nyirenda@unza.zm','372426/52/1','107506869','ZP 372426/52/1',1,'Dv5drskpd7Lnbwe-V9Y5svA_7nC_L7up','$2y$13$LC2gjIbu8PlPP.qYAoA2Ee1bnllaMEgSpVV3WSkgz0RpGHVfgBwcu',NULL,246,'1965-01-01',NULL,NULL,NULL,NULL,NULL,NULL,'1004903890',NULL,NULL,NULL,NULL,'Married','13070568110112',NULL,NULL),(127,2,'007051','VICTOR','MWANAUMO ','NAMAYA','Mr','Male','0977 860835','mwanaumo.victor@unza.zm','mwanaumo.victor@unza.zm','507824/11/1','107509148','ZP 507824/11/1',1,'Dv5drskpd7Lnbwe-V9Y5svA_7nC_L7up','$2y$13$LC2gjIbu8PlPP.qYAoA2Ee1bnllaMEgSpVV3WSkgz0RpGHVfgBwcu',NULL,246,'1970-01-05',NULL,NULL,NULL,NULL,NULL,NULL,'1005613726',NULL,NULL,NULL,NULL,'Married','13068745110111',NULL,NULL),(128,2,'007052','STELLA','LUNGU',NULL,'Miss','Female','0977 707932','stella.lungu@unza.zm','stella.lungu@unza.zm','577816/10/1','107519438',NULL,1,'Dv5drskpd7Lnbwe-V9Y5svA_7nC_L7up','$2y$13$LC2gjIbu8PlPP.qYAoA2Ee1bnllaMEgSpVV3WSkgz0RpGHVfgBwcu',NULL,246,'1970-10-22',NULL,NULL,NULL,NULL,NULL,NULL,'1005613726',NULL,NULL,NULL,NULL,'Single','13039340110124',NULL,NULL),(129,2,'007059','NORAH','SIAMULANGA',NULL,'Miss','Female','0977 110944','norah.siamulanga@unza.zm','norah.siamulanga@unza.zm','139041/10/1','107510820','ZN 621536',1,'Dv5drskpd7Lnbwe-V9Y5svA_7nC_L7up','$2y$13$LC2gjIbu8PlPP.qYAoA2Ee1bnllaMEgSpVV3WSkgz0RpGHVfgBwcu',NULL,246,'1969-08-05',NULL,NULL,NULL,NULL,NULL,NULL,'1007768293',NULL,NULL,NULL,NULL,'Married','13040549110121',NULL,NULL),(130,2,'007065','ENISON','KABAGHE',NULL,'Mr','Male','0977343007','enison.kabaghe@unza.zm','enison.kabaghe@unza.zm','422978/11/1','126525450',NULL,0,'Dv5drskpd7Lnbwe-V9Y5svA_7nC_L7up','$2y$13$LC2gjIbu8PlPP.qYAoA2Ee1bnllaMEgSpVV3WSkgz0RpGHVfgBwcu',NULL,246,'1965-11-08',NULL,NULL,NULL,NULL,NULL,NULL,'1005039586',NULL,NULL,NULL,NULL,'Widowed','13055271110114',NULL,NULL),(131,2,'007071','BEATRICE','CHULU PHIRI','PHIRI','Mrs','Female',NULL,'beatrice.cphiri@unza.zm','beatrice.cphiri@unza.zm','460768/11/1','102512990',NULL,0,'Dv5drskpd7Lnbwe-V9Y5svA_7nC_L7up','$2y$13$LC2gjIbu8PlPP.qYAoA2Ee1bnllaMEgSpVV3WSkgz0RpGHVfgBwcu',NULL,246,'1968-01-11',NULL,NULL,NULL,NULL,NULL,NULL,'1006208909',NULL,NULL,NULL,NULL,'Married','13036356110123',NULL,NULL),(132,2,'007073','AGNESS','BANDA',NULL,'Miss','Female','09558531770978','a.banda@unza.zm','a.banda@unza.zm','411237/52/1','107548473',NULL,1,'Dv5drskpd7Lnbwe-V9Y5svA_7nC_L7up','$2y$13$LC2gjIbu8PlPP.qYAoA2Ee1bnllaMEgSpVV3WSkgz0RpGHVfgBwcu',NULL,246,'1970-02-28',NULL,NULL,NULL,NULL,NULL,NULL,'1005776210',NULL,NULL,NULL,NULL,'Single','13040570110128',NULL,NULL),(133,2,'007074','PENELOPE','SIAME  - MUSIWA','MWEWA','Mrs','Female',NULL,'malita.nakamba@unza.zm','malita.nakamba@unza.zm','542386/11/1','107599377',NULL,1,'Dv5drskpd7Lnbwe-V9Y5svA_7nC_L7up','$2y$13$LC2gjIbu8PlPP.qYAoA2Ee1bnllaMEgSpVV3WSkgz0RpGHVfgBwcu',NULL,246,'1970-03-06',NULL,NULL,NULL,NULL,NULL,NULL,'1001112643',NULL,NULL,NULL,NULL,'Married','13041217110126',NULL,NULL),(134,2,'007077','JANE','PHIRI','MWANSA','Mrs','Female',NULL,'jane.mwansa@unza.zm','jane.mwansa@unza.zm','461657/11/1','311993208',NULL,1,'Dv5drskpd7Lnbwe-V9Y5svA_7nC_L7up','$2y$13$LC2gjIbu8PlPP.qYAoA2Ee1bnllaMEgSpVV3WSkgz0RpGHVfgBwcu',NULL,246,'1969-12-18',NULL,NULL,NULL,NULL,NULL,NULL,'1000895249',NULL,NULL,NULL,NULL,'Married','13039784110125',NULL,NULL),(135,2,'007086','OLGA','KAMANGA','NAOMI','Miss','Female','0966841192','okamanga@unza.zm','okamanga@unza.zm','475290/11/1','107506441','ZH 32274',1,'Dv5drskpd7Lnbwe-V9Y5svA_7nC_L7up','$2y$13$LC2gjIbu8PlPP.qYAoA2Ee1bnllaMEgSpVV3WSkgz0RpGHVfgBwcu',NULL,246,'1968-07-01',NULL,NULL,NULL,NULL,NULL,NULL,'1001389856',NULL,NULL,NULL,NULL,'Single','13039841110128',NULL,NULL),(136,2,'007100','JAMES','MUNTHALI',NULL,'Dr','Male','0966 765422','james.munthali@unza.zm','james.munthali@unza.zm','399237/11/1','107511161','ZP 003183',1,'Dv5drskpd7Lnbwe-V9Y5svA_7nC_L7up','$2y$13$LC2gjIbu8PlPP.qYAoA2Ee1bnllaMEgSpVV3WSkgz0RpGHVfgBwcu',NULL,246,'1966-01-01',NULL,NULL,NULL,NULL,NULL,NULL,'1001447959',NULL,NULL,NULL,NULL,'Married','13063097110113',NULL,NULL),(137,2,'007116','JOHN','CHANDA KALUBA',NULL,'Mr','Male','0979 171470, 09','jchanda@unza.zm','jchanda@unza.zm','716273/11/1','116181995',NULL,0,'Dv5drskpd7Lnbwe-V9Y5svA_7nC_L7up','$2y$13$LC2gjIbu8PlPP.qYAoA2Ee1bnllaMEgSpVV3WSkgz0RpGHVfgBwcu',NULL,246,'1964-09-27',NULL,NULL,NULL,NULL,NULL,NULL,'1005904602',NULL,NULL,NULL,NULL,'Married','13065135110114',NULL,NULL),(138,2,'007119','STEPHEN','CHIPETA',NULL,'Mr','Male','0977 624986','schipeta@unza.zm','schipeta@unza.zm','170255/64/1','112388094',NULL,0,'Dv5drskpd7Lnbwe-V9Y5svA_7nC_L7up','$2y$13$LC2gjIbu8PlPP.qYAoA2Ee1bnllaMEgSpVV3WSkgz0RpGHVfgBwcu',NULL,246,'1957-12-12',NULL,NULL,NULL,NULL,NULL,NULL,'1005904602',NULL,NULL,NULL,NULL,'Married','13068383110119',NULL,NULL),(139,11,'007123','TOMAIDA','MILINGO KAULULE','CHILUMBU ','Dr','Female',NULL,'t.milingo@unza.zm','t.milingo@unza.zm','417254/11/1','107509807',NULL,1,'Dv5drskpd7Lnbwe-V9Y5svA_7nC_L7up','$2y$13$LC2gjIbu8PlPP.qYAoA2Ee1bnllaMEgSpVV3WSkgz0RpGHVfgBwcu',NULL,246,'1962-09-01',NULL,NULL,NULL,NULL,NULL,NULL,'1000236695',NULL,NULL,NULL,NULL,'Married','13069296110112',NULL,NULL),(140,2,'007130','CAREEN','HANKANGA MALOMBOLA',NULL,'Dr','Female','0978 375481','careen.hankanga@unza.zm','careen.hankanga@unza.zm','469253/11/1','107582013','ZP 469253/11/1',1,'Dv5drskpd7Lnbwe-V9Y5svA_7nC_L7up','$2y$13$LC2gjIbu8PlPP.qYAoA2Ee1bnllaMEgSpVV3WSkgz0RpGHVfgBwcu',NULL,246,'1968-06-01',NULL,NULL,NULL,NULL,NULL,NULL,'1001282386',NULL,NULL,NULL,NULL,'Married','13038481110121',NULL,NULL),(141,2,'007132','JOHN','VOLK',NULL,'Dr','Male','0966 855238','jvolk@unza.zm','jvolk@unza.zm','310007/52/1','114088828',NULL,0,'Dv5drskpd7Lnbwe-V9Y5svA_7nC_L7up','$2y$13$LC2gjIbu8PlPP.qYAoA2Ee1bnllaMEgSpVV3WSkgz0RpGHVfgBwcu',NULL,246,'1962-03-12',NULL,NULL,NULL,NULL,NULL,NULL,'1000222625',NULL,NULL,NULL,NULL,'Married','13467202110116',NULL,NULL),(142,2,'007135','YUSUF','AHMED',NULL,'Dr','Male','0975776718','yahmed@unza.zm','yahmed@unza.zm','299444/11/1','104886751',NULL,0,'Dv5drskpd7Lnbwe-V9Y5svA_7nC_L7up','$2y$13$LC2gjIbu8PlPP.qYAoA2Ee1bnllaMEgSpVV3WSkgz0RpGHVfgBwcu',NULL,105,'1957-08-21',NULL,NULL,NULL,NULL,NULL,NULL,'1000660937',NULL,NULL,NULL,NULL,NULL,'13042071110126',NULL,NULL),(143,2,'007137','LUBINGA','HANDIA',NULL,'Mr','Male','0955-901974','lhandia@unza.zm','lhandia@unza.zm','254923/74/1','105698092',NULL,1,'Dv5drskpd7Lnbwe-V9Y5svA_7nC_L7up','$2y$13$LC2gjIbu8PlPP.qYAoA2Ee1bnllaMEgSpVV3WSkgz0RpGHVfgBwcu',NULL,246,'1966-07-26',NULL,NULL,NULL,NULL,NULL,NULL,'1001124756',NULL,NULL,NULL,NULL,'Married','13070125110117',NULL,NULL),(144,2,'007152','MUTUMBA','NAMAFE','MABOSHE','Mrs','Female','0977 875813','mnamafe@unza.zm','mnamafe@unza.zm','217218/82/1','107548562','zp 217218/82/1',0,'Dv5drskpd7Lnbwe-V9Y5svA_7nC_L7up','$2y$13$LC2gjIbu8PlPP.qYAoA2Ee1bnllaMEgSpVV3WSkgz0RpGHVfgBwcu',NULL,246,'1964-09-01',NULL,NULL,NULL,NULL,NULL,NULL,'1005300019',NULL,NULL,NULL,NULL,'Married','13039326110122',NULL,NULL),(145,2,'007161','AHMED','AHMED','HUSSEIN ','Dr','Male','0978289796','aahmed@unza.zm','aahmed@unza.zm','909698/65/2','105951545','P1443239',0,'Dv5drskpd7Lnbwe-V9Y5svA_7nC_L7up','$2y$13$LC2gjIbu8PlPP.qYAoA2Ee1bnllaMEgSpVV3WSkgz0RpGHVfgBwcu',NULL,210,'1952-01-01',NULL,NULL,NULL,NULL,NULL,NULL,'1005300019',NULL,NULL,NULL,NULL,'Married','13063296110116',NULL,NULL),(146,2,'007168','ELIJAH','PHIRI',NULL,'Dr','Male',NULL,'ephiri@unza.zm','ephiri@unza.zm','333515/52/1','122280936',NULL,1,'Dv5drskpd7Lnbwe-V9Y5svA_7nC_L7up','$2y$13$LC2gjIbu8PlPP.qYAoA2Ee1bnllaMEgSpVV3WSkgz0RpGHVfgBwcu','F6y0xCgfvlwcWunedtM5mOVHblPoIcIG_1738140967',246,'1962-02-17',NULL,NULL,NULL,NULL,NULL,NULL,'1001417613',NULL,NULL,'2025-01-29 10:56:07',NULL,'Married','13063802110119',NULL,NULL),(147,2,'007177','RAPHAEL ','MALAMO','MUMEKA','Dr','Male','0976 806828','mmalamo@unza.zm','mmalamo@unza.zm','214850/82/1','116182008','ZG 31165',1,'Dv5drskpd7Lnbwe-V9Y5svA_7nC_L7up','$2y$13$LC2gjIbu8PlPP.qYAoA2Ee1bnllaMEgSpVV3WSkgz0RpGHVfgBwcu',NULL,246,'1966-04-17',NULL,NULL,NULL,NULL,NULL,NULL,'1001324517',NULL,NULL,NULL,NULL,'Married','13070224110116',NULL,NULL),(148,2,'007178','CYPRIAN','KATONGO',NULL,'Prof','Male','0977651266','ckatongo@unza.zm','ckatongo@unza.zm','150867/31/1','104166733',NULL,1,'Dv5drskpd7Lnbwe-V9Y5svA_7nC_L7up','$2y$13$LC2gjIbu8PlPP.qYAoA2Ee1bnllaMEgSpVV3WSkgz0RpGHVfgBwcu',NULL,246,'1960-02-12',NULL,NULL,NULL,NULL,NULL,NULL,'1001324517',NULL,NULL,NULL,NULL,'Married','13038528110121',NULL,NULL),(149,2,'007180','CHARITY','WITOLA KAULULE',NULL,'Mrs','Female','0977689215','charity.kaulule@unza.zm','charity.kaulule@unza.zm','187912/42/1','107509100',NULL,1,'Dv5drskpd7Lnbwe-V9Y5svA_7nC_L7up','$2y$13$LC2gjIbu8PlPP.qYAoA2Ee1bnllaMEgSpVV3WSkgz0RpGHVfgBwcu',NULL,246,'1968-11-24',NULL,NULL,NULL,NULL,NULL,NULL,'1006075070',NULL,NULL,NULL,NULL,NULL,'13040486110125',NULL,NULL),(150,2,'007181',' AUSTIN','CHEYEKA','MUMBA','Prof','Male','0977802892','austin.cheyeka@unza.zm','austin.cheyeka@unza.zm','140023/12/1','107550547',NULL,1,'Dv5drskpd7Lnbwe-V9Y5svA_7nC_L7up','$2y$13$LC2gjIbu8PlPP.qYAoA2Ee1bnllaMEgSpVV3WSkgz0RpGHVfgBwcu',NULL,246,'1960-09-08',NULL,NULL,NULL,NULL,NULL,NULL,'1001066725',NULL,NULL,NULL,NULL,'Married','13063954110111',NULL,NULL),(151,2,'007185','EUNICE','LUNGU MWALE',NULL,'Mrs','Female',NULL,'nzovua67@gmail.com','nzovua67@gmail.com','213143/16/1','109375187',NULL,0,'Dv5drskpd7Lnbwe-V9Y5svA_7nC_L7up','$2y$13$LC2gjIbu8PlPP.qYAoA2Ee1bnllaMEgSpVV3WSkgz0RpGHVfgBwcu',NULL,246,'1968-11-18',NULL,NULL,NULL,NULL,NULL,NULL,'1002403171',NULL,NULL,NULL,NULL,'Married','13061817110117',NULL,NULL),(152,2,'007193','KING','NALUBAMBA','SHIMUMBO ','Prof','Male','0977 848947','king.nalubamba@unza.zm','king.nalubamba@unza.zm','115564/72/1','107582037','ZP 115564/72/1',0,'Dv5drskpd7Lnbwe-V9Y5svA_7nC_L7up','$2y$13$LC2gjIbu8PlPP.qYAoA2Ee1bnllaMEgSpVV3WSkgz0RpGHVfgBwcu',NULL,246,'1969-03-24',NULL,NULL,NULL,NULL,NULL,NULL,'1000013540',NULL,NULL,NULL,NULL,'Married','13065371110119',NULL,NULL),(153,2,'007195','VICTOR','MOONGA',NULL,'Mr','Male',NULL,'victor.moonga@unza.zm','victor.moonga@unza.zm','592794/11/1','116170403',NULL,1,'Dv5drskpd7Lnbwe-V9Y5svA_7nC_L7up','$2y$13$LC2gjIbu8PlPP.qYAoA2Ee1bnllaMEgSpVV3WSkgz0RpGHVfgBwcu',NULL,246,'1971-01-01',NULL,NULL,NULL,NULL,NULL,NULL,'1005927219',NULL,NULL,NULL,NULL,'Married','13066998110117',NULL,NULL),(154,2,'007196','INONGE','IMASIKU',NULL,'Ms','Female','0955 791590','iimasiku@unza.zm','iimasiku@unza.zm','470803/11/1','107510983','ZP 470803/11/1',1,'Dv5drskpd7Lnbwe-V9Y5svA_7nC_L7up','$2y$13$LC2gjIbu8PlPP.qYAoA2Ee1bnllaMEgSpVV3WSkgz0RpGHVfgBwcu',NULL,246,'1970-01-01',NULL,NULL,NULL,NULL,NULL,NULL,'1004757085',NULL,NULL,NULL,NULL,'Single','13042178110121',NULL,NULL),(155,2,'007206','JOFFREY','SICHULA',NULL,'Mr','Male',NULL,NULL,NULL,'473994/11/1','116170415',NULL,1,'Dv5drskpd7Lnbwe-V9Y5svA_7nC_L7up','$2y$13$LC2gjIbu8PlPP.qYAoA2Ee1bnllaMEgSpVV3WSkgz0RpGHVfgBwcu',NULL,246,'1969-03-03',NULL,NULL,NULL,NULL,NULL,NULL,'1002491548',NULL,NULL,NULL,NULL,'Married','13067008110111',NULL,NULL),(156,2,'007235','CLAIRE','KAOMA',NULL,'Miss','Female',NULL,'clare.kaoma@unza.zm','clare.kaoma@unza.zm','222314/66/1','104729494',NULL,1,'Dv5drskpd7Lnbwe-V9Y5svA_7nC_L7up','$2y$13$LC2gjIbu8PlPP.qYAoA2Ee1bnllaMEgSpVV3WSkgz0RpGHVfgBwcu',NULL,246,'1968-02-17',NULL,NULL,NULL,NULL,NULL,NULL,'1003510987',NULL,NULL,NULL,NULL,'Single','13041216110123',NULL,NULL),(157,2,'007237','ANNUEL ','MPHANDE','MOSES','Mr','Male','0977241961','annuel.mpande@unza.zm','annuel.mpande@unza.zm','250540/51/1','107507972',NULL,1,'Dv5drskpd7Lnbwe-V9Y5svA_7nC_L7up','$2y$13$LC2gjIbu8PlPP.qYAoA2Ee1bnllaMEgSpVV3WSkgz0RpGHVfgBwcu',NULL,246,'1968-01-06',NULL,NULL,NULL,NULL,NULL,NULL,'1001212750',NULL,NULL,NULL,NULL,'Married','13070507110119',NULL,NULL),(158,11,'007246','GLORIA  I','SONGOLO ',NULL,'Miss','Female',NULL,'gloria.songolo@unza.zm','gloria.songolo@unza.zm','540162/11/1','107507201',NULL,1,'Dv5drskpd7Lnbwe-V9Y5svA_7nC_L7up','$2y$13$LC2gjIbu8PlPP.qYAoA2Ee1bnllaMEgSpVV3WSkgz0RpGHVfgBwcu',NULL,246,'1971-02-15',NULL,NULL,NULL,NULL,NULL,NULL,'1003779104',NULL,NULL,NULL,NULL,'Divorced','13035058110129',NULL,NULL),(159,2,'007251','MARTHA','KAMILO',NULL,'Miss','Female',NULL,'martha.kamilo@unza.zm','martha.kamilo@unza.zm','105544/18/1','100193061',NULL,1,'Dv5drskpd7Lnbwe-V9Y5svA_7nC_L7up','$2y$13$LC2gjIbu8PlPP.qYAoA2Ee1bnllaMEgSpVV3WSkgz0RpGHVfgBwcu',NULL,246,'1971-01-01',NULL,NULL,NULL,NULL,NULL,NULL,'1004904328',NULL,NULL,NULL,NULL,'Widowed','13039811110124',NULL,NULL),(160,12,'007256','ABEL','MWAMBA MUTALE',NULL,'Mr','Male','0967-900628','mmutale@unza.zm','mmutale@unza.zm','211882/43/1','107509340',NULL,1,'Dv5drskpd7Lnbwe-V9Y5svA_7nC_L7up','$2y$13$LC2gjIbu8PlPP.qYAoA2Ee1bnllaMEgSpVV3WSkgz0RpGHVfgBwcu',NULL,246,'1972-07-16',NULL,NULL,NULL,NULL,NULL,NULL,'1000879439',NULL,NULL,NULL,NULL,'Married','13067593110114',NULL,NULL),(161,2,'007257','NAZAREN','NYATHI','MAONDE','Mrs','Female','0977822400','nazaren.nyathi@unza.zm','nazaren.nyathi@unza.zm','148376/15/1','107507580','ZJ 65297',1,'Dv5drskpd7Lnbwe-V9Y5svA_7nC_L7up','$2y$13$LC2gjIbu8PlPP.qYAoA2Ee1bnllaMEgSpVV3WSkgz0RpGHVfgBwcu',NULL,246,'1965-01-28',NULL,NULL,NULL,NULL,NULL,NULL,'1001427565',NULL,NULL,NULL,NULL,'Married','13035268110124',NULL,NULL),(162,2,'007270','JANE','MULAMBIA','KAPESA','Miss','Female','0977 351471','jane.mulambia@unza.zm','jane.mulambia@unza.zm','190010/47/1','108487997','ZP 190010/47/1',1,'Dv5drskpd7Lnbwe-V9Y5svA_7nC_L7up','$2y$13$LC2gjIbu8PlPP.qYAoA2Ee1bnllaMEgSpVV3WSkgz0RpGHVfgBwcu',NULL,246,'1971-02-22',NULL,NULL,NULL,NULL,NULL,NULL,'1007883488',NULL,NULL,NULL,NULL,'Married','13040960110128',NULL,NULL),(163,2,'007271','KAMBAI','LIENENO',NULL,'Mr','Male','0977 403486','lieneno.kambai@unza.zm','lieneno.kambai@unza.zm','639632/11/1','108281193',NULL,1,'Dv5drskpd7Lnbwe-V9Y5svA_7nC_L7up','$2y$13$LC2gjIbu8PlPP.qYAoA2Ee1bnllaMEgSpVV3WSkgz0RpGHVfgBwcu',NULL,246,'1972-05-08',NULL,NULL,NULL,NULL,NULL,NULL,'1000312835',NULL,NULL,NULL,NULL,'Married','13070530110112',NULL,NULL),(164,2,'007275','CLEOPATRA','MUMBA','MALESY','Miss','Female','0979253532','cleopatra.mumba@unza.zm','cleopatra.mumba@unza.zm','444036/11/1','107548550','ZP 444036/11/1',1,'Dv5drskpd7Lnbwe-V9Y5svA_7nC_L7up','$2y$13$LC2gjIbu8PlPP.qYAoA2Ee1bnllaMEgSpVV3WSkgz0RpGHVfgBwcu',NULL,246,'1965-11-16',NULL,NULL,NULL,NULL,NULL,NULL,'1001039044',NULL,NULL,NULL,NULL,'Single','13040874110124',NULL,NULL),(165,2,'007276','ABICHI','SHAKANTU',NULL,'Mr','Male','0955 115133097','shakantu.abichi@unza.zm','shakantu.abichi@unza.zm','482349/11/1','108492035','ZP 482349/11/1',0,'Dv5drskpd7Lnbwe-V9Y5svA_7nC_L7up','$2y$13$LC2gjIbu8PlPP.qYAoA2Ee1bnllaMEgSpVV3WSkgz0RpGHVfgBwcu',NULL,246,'1967-06-18',NULL,NULL,NULL,NULL,NULL,NULL,'1006949675',NULL,NULL,NULL,NULL,'Married','13070567110117',NULL,NULL),(166,2,'007278','FRANCIS','MULUKWA',NULL,'Mr','Male',NULL,'francis.mulukwa@unza.zm','francis.mulukwa@unza.zm','265969/74/1','108281218',NULL,1,'Dv5drskpd7Lnbwe-V9Y5svA_7nC_L7up','$2y$13$LC2gjIbu8PlPP.qYAoA2Ee1bnllaMEgSpVV3WSkgz0RpGHVfgBwcu',NULL,246,'1970-10-19',NULL,NULL,NULL,NULL,NULL,NULL,'1005486121',NULL,NULL,NULL,NULL,'Married','13063067110113',NULL,NULL),(167,12,'007283','SIMUSHI','KAONGA',NULL,'Mr','Male','09790963319892','simushi.kaonga@unza.zm','simushi.kaonga@unza.zm','198606/84/1','108281167',NULL,1,'Dv5drskpd7Lnbwe-V9Y5svA_7nC_L7up','$2y$13$LC2gjIbu8PlPP.qYAoA2Ee1bnllaMEgSpVV3WSkgz0RpGHVfgBwcu',NULL,246,'1970-01-01',NULL,NULL,NULL,NULL,NULL,NULL,'1004410567',NULL,NULL,NULL,NULL,'Married','13071504110118',NULL,NULL),(168,2,'007284','MAXWELL','MWASE',NULL,'Dr','Male',NULL,'mmwase@unza.zm','mmwase@unza.zm','390437/11/1','224152074',NULL,0,'Dv5drskpd7Lnbwe-V9Y5svA_7nC_L7up','$2y$13$LC2gjIbu8PlPP.qYAoA2Ee1bnllaMEgSpVV3WSkgz0RpGHVfgBwcu',NULL,246,'1963-06-05',NULL,NULL,NULL,NULL,NULL,NULL,'1006548040',NULL,NULL,NULL,NULL,'Married','13063104110115',NULL,NULL),(169,4,'007285','LUMBAMA','KAMUTUMBA','M','Mr.','Male','+260955819963','kamutumba@unza.zm','kamutumba@unza.zm','201311/24/1','107519767','ZP 201311/24/1',1,'Dv5drskpd7Lnbwe-V9Y5svA_7nC_L7up','$2y$13$LC2gjIbu8PlPP.qYAoA2Ee1bnllaMEgSpVV3WSkgz0RpGHVfgBwcu',NULL,246,'1972-07-26',NULL,NULL,'','','',NULL,'1005203737',NULL,NULL,'2024-10-15 15:06:25',1,'Married','13067953110116',NULL,''),(170,2,'007286','MUFANA','LIPALILE',NULL,'Mr','Male',NULL,'mlipalile@unza.zm','mlipalile@unza.zm','218319/82/1','110493768',NULL,1,'Dv5drskpd7Lnbwe-V9Y5svA_7nC_L7up','$2y$13$LC2gjIbu8PlPP.qYAoA2Ee1bnllaMEgSpVV3WSkgz0RpGHVfgBwcu',NULL,246,'1966-05-16',NULL,NULL,NULL,NULL,NULL,NULL,'1017911852',NULL,NULL,NULL,NULL,'Married','13038491110118',NULL,NULL),(171,2,'007289','DAVID','CHUBA',NULL,'Dr','Male','0974002051','david.chuba@unza.zm','david.chuba@unza.zm','534250/11/1','107508035',NULL,1,'Dv5drskpd7Lnbwe-V9Y5svA_7nC_L7up','$2y$13$CU/Dkc6Uf5FpKeFLMvyqVOglAy2bi4eFraUyBLm87ahSn1OZKxsIi',NULL,246,'1969-07-20',NULL,NULL,NULL,NULL,NULL,NULL,'1000705747',NULL,NULL,'2025-02-04 12:41:21',NULL,'Married','13068611110116',NULL,NULL),(172,2,'007296','ISAAC','TEMBO','DANIEL ','Dr','Male','0978 733071','isaactembo@unza.zm','isaactembo@unza.zm','548398/11/1','108489238',NULL,1,'Dv5drskpd7Lnbwe-V9Y5svA_7nC_L7up','$2y$13$LC2gjIbu8PlPP.qYAoA2Ee1bnllaMEgSpVV3WSkgz0RpGHVfgBwcu',NULL,246,'1970-11-21',NULL,NULL,NULL,NULL,NULL,NULL,'1003502074',NULL,NULL,NULL,NULL,'Married','13057507110119',NULL,NULL),(173,2,'007297','HILDAH','ZULU',NULL,'Ms','Female','0969497675','hildah.zulu@unza.zm','hildah.zulu@unza.zm','538817/11/1','119760548',NULL,1,'Dv5drskpd7Lnbwe-V9Y5svA_7nC_L7up','$2y$13$LC2gjIbu8PlPP.qYAoA2Ee1bnllaMEgSpVV3WSkgz0RpGHVfgBwcu',NULL,246,'1970-01-01',NULL,NULL,NULL,NULL,NULL,NULL,'1005040059',NULL,NULL,NULL,NULL,'Widowed','13040269110124',NULL,NULL),(174,12,'007313','CONSUELA','SIMUKALI','MOONO','Ms','Female','0977 676707','csimuk@unza.zm','csimuk@unza.zm','495972/11/1',NULL,'ZP 495972/11/1',1,'Dv5drskpd7Lnbwe-V9Y5svA_7nC_L7up','$2y$13$LC2gjIbu8PlPP.qYAoA2Ee1bnllaMEgSpVV3WSkgz0RpGHVfgBwcu',NULL,246,'1972-11-21',NULL,NULL,NULL,NULL,NULL,NULL,NULL,NULL,NULL,NULL,NULL,'Married',NULL,NULL,NULL),(175,2,'007317','CHRISPIN ','MATENGA','RADOKA','Mr','Male','0977368414/0955','cmatenga@unza.zm','cmatenga@unza.zm','449391/11/1','105515092',NULL,0,'Dv5drskpd7Lnbwe-V9Y5svA_7nC_L7up','$2y$13$LC2gjIbu8PlPP.qYAoA2Ee1bnllaMEgSpVV3WSkgz0RpGHVfgBwcu',NULL,246,'1966-08-25',NULL,NULL,NULL,NULL,NULL,NULL,'1000599696',NULL,NULL,NULL,NULL,'Married','13041648110125',NULL,NULL),(176,2,'007328','VICTOR','NAWA','MOOTO ','Dr','Male','0977 679133','mnawa@unza.zm','mnawa@unza.zm','195760/83/1','108491706','ZP 195760/8/12',1,'Dv5drskpd7Lnbwe-V9Y5svA_7nC_L7up','$2y$13$LC2gjIbu8PlPP.qYAoA2Ee1bnllaMEgSpVV3WSkgz0RpGHVfgBwcu',NULL,246,'1971-01-25',NULL,NULL,NULL,NULL,NULL,NULL,'1007384121',NULL,NULL,NULL,NULL,'Married','13054864110115',NULL,NULL),(177,2,'007336','ADOLF','LUNGU',NULL,'Mr','Male','0977 430748','alungu@unza.zm','alungu@unza.zm','512347/11/1','107424720',NULL,1,'Dv5drskpd7Lnbwe-V9Y5svA_7nC_L7up','$2y$13$LC2gjIbu8PlPP.qYAoA2Ee1bnllaMEgSpVV3WSkgz0RpGHVfgBwcu',NULL,246,'1969-02-20',NULL,NULL,NULL,NULL,NULL,NULL,'1004052720',NULL,NULL,NULL,NULL,'Married','13070505110115',NULL,NULL),(178,2,'007342','ISAAC','CHOMBA',NULL,'Mr','Male','0977207904','ichomba@unza.zm','ichomba@unza.zm','211089/43/1','107508871',NULL,1,'Dv5drskpd7Lnbwe-V9Y5svA_7nC_L7up','$2y$13$LC2gjIbu8PlPP.qYAoA2Ee1bnllaMEgSpVV3WSkgz0RpGHVfgBwcu',NULL,246,'1970-04-30',NULL,NULL,NULL,NULL,NULL,NULL,'1003020105',NULL,NULL,NULL,NULL,'Married','13063070110113',NULL,NULL),(179,2,'007353','ISAAC W','BANDA',NULL,'Mr','Male',NULL,'isaac.banda@unza.zm','isaac.banda@unza.zm','256364/51/1','107506415',NULL,1,'Dv5drskpd7Lnbwe-V9Y5svA_7nC_L7up','$2y$13$LC2gjIbu8PlPP.qYAoA2Ee1bnllaMEgSpVV3WSkgz0RpGHVfgBwcu',NULL,246,'1973-01-01',NULL,NULL,NULL,NULL,NULL,NULL,'1001259938',NULL,NULL,NULL,NULL,'Married','13041447110112',NULL,NULL),(180,2,'007355','DAVY','LEMBA NYIRENDA',NULL,'Dr','Male','0977829562','lembanyirenda@gmail.com','lembanyirenda@gmail.com','146701/16/1','112515528',NULL,1,'Dv5drskpd7Lnbwe-V9Y5svA_7nC_L7up','$2y$13$LC2gjIbu8PlPP.qYAoA2Ee1bnllaMEgSpVV3WSkgz0RpGHVfgBwcu',NULL,246,'1950-12-31',NULL,NULL,NULL,NULL,NULL,NULL,'1004412652',NULL,NULL,NULL,NULL,'Married','13064480110118',NULL,NULL),(181,2,'007358','ALLAN','SIAMWENYA',NULL,'Mr','Male','0977946167','allan.siamwenya@unza.zm','allan.siamwenya@unza.zm','173489/75/1','107509061',NULL,1,'Dv5drskpd7Lnbwe-V9Y5svA_7nC_L7up','$2y$13$LC2gjIbu8PlPP.qYAoA2Ee1bnllaMEgSpVV3WSkgz0RpGHVfgBwcu',NULL,246,'1970-01-01',NULL,NULL,NULL,NULL,NULL,NULL,'1004519932',NULL,NULL,NULL,NULL,'Married','13065163110114',NULL,NULL),(182,2,'007370','JOHN','MUMA','BWALYA','Prof','Male','0966744355','jmuma@unza.zm','jmuma@unza.zm','182671/31/1','107581378','ZK074679',1,'Dv5drskpd7Lnbwe-V9Y5svA_7nC_L7up','$2y$13$LC2gjIbu8PlPP.qYAoA2Ee1bnllaMEgSpVV3WSkgz0RpGHVfgBwcu',NULL,246,'1970-01-01',NULL,NULL,NULL,NULL,NULL,NULL,'1000943176',NULL,NULL,NULL,NULL,'Married','13064674110113',NULL,NULL),(183,2,'007380','KAKULA','MAYUNGO',NULL,'Mr','Male',NULL,'mayungo.kakula@unza.zm','mayungo.kakula@unza.zm','199762/84/1','105481833',NULL,0,'Dv5drskpd7Lnbwe-V9Y5svA_7nC_L7up','$2y$13$LC2gjIbu8PlPP.qYAoA2Ee1bnllaMEgSpVV3WSkgz0RpGHVfgBwcu',NULL,246,'1971-01-01',NULL,NULL,NULL,NULL,NULL,NULL,'1000427464',NULL,NULL,NULL,NULL,'Married','13069299110116',NULL,NULL),(184,2,'007384','ALICK RIKKIE','MWANZA',NULL,'Dr','Male',NULL,'armwanza@unza.zm','armwanza@unza.zm','228940/53/1','116182010',NULL,1,'Dv5drskpd7Lnbwe-V9Y5svA_7nC_L7up','$2y$13$LC2gjIbu8PlPP.qYAoA2Ee1bnllaMEgSpVV3WSkgz0RpGHVfgBwcu',NULL,246,'1965-03-19',NULL,NULL,NULL,NULL,NULL,NULL,'1000931322',NULL,NULL,NULL,NULL,'Married','13069084110115',NULL,NULL),(185,2,'007398','MUSONDA','LUCHEMBE',NULL,'Dr','Male','0955 799540','musonda.luchembe@unza.zm','musonda.luchembe@unza.zm','130941/41/1','110523220','ZN 017122',0,'Dv5drskpd7Lnbwe-V9Y5svA_7nC_L7up','$2y$13$LC2gjIbu8PlPP.qYAoA2Ee1bnllaMEgSpVV3WSkgz0RpGHVfgBwcu',NULL,246,'1959-01-01',NULL,NULL,NULL,NULL,NULL,NULL,'1003015531',NULL,NULL,NULL,NULL,'Married','13069340110113',NULL,NULL),(186,2,'007410','LABAN WISDOM','MAMBWE',NULL,'Mr','Male','0977728119','laban.mambwe@unza.zm','laban.mambwe@unza.zm','180310/33/1','107506794',NULL,1,'Dv5drskpd7Lnbwe-V9Y5svA_7nC_L7up','$2y$13$LC2gjIbu8PlPP.qYAoA2Ee1bnllaMEgSpVV3WSkgz0RpGHVfgBwcu',NULL,246,'1967-05-22',NULL,NULL,NULL,NULL,NULL,NULL,'1007009014',NULL,NULL,NULL,NULL,'Married','13065876110119',NULL,NULL),(187,2,'007411','MARY','NAWA ','WABEI','Miss','Female','0977968816','mary.nawa@unza.zm','mary.nawa@unza.zm','175065/71/1','100561876',NULL,1,'Dv5drskpd7Lnbwe-V9Y5svA_7nC_L7up','$2y$13$LC2gjIbu8PlPP.qYAoA2Ee1bnllaMEgSpVV3WSkgz0RpGHVfgBwcu',NULL,246,'1971-04-03',NULL,NULL,NULL,NULL,NULL,NULL,'1007687096',NULL,NULL,NULL,NULL,'Single','13039810110124',NULL,NULL),(188,2,'007421','LYDIA','CHIKAMBWE',' LUNGU','Mrs','Female','0955 885872','lchikambwe@unza.zm','lchikambwe@unza.zm','284217/61/1','107549675','ZK 011661',1,'Dv5drskpd7Lnbwe-V9Y5svA_7nC_L7up','$2y$13$LC2gjIbu8PlPP.qYAoA2Ee1bnllaMEgSpVV3WSkgz0RpGHVfgBwcu',NULL,246,'1972-12-31',NULL,NULL,NULL,NULL,NULL,NULL,'1000824249',NULL,NULL,NULL,NULL,'Married','13039786110124',NULL,NULL),(189,12,'007424','SARAH','CHISHIMBA ','SHAWA','Mrs','Female','0955 751930','sara.chishimba@unza.zm','sara.chishimba@unza.zm','512665/11/1','107519224',NULL,1,'Dv5drskpd7Lnbwe-V9Y5svA_7nC_L7up','$2y$13$LC2gjIbu8PlPP.qYAoA2Ee1bnllaMEgSpVV3WSkgz0RpGHVfgBwcu',NULL,246,'1970-02-24',NULL,NULL,NULL,NULL,NULL,NULL,'1005862405',NULL,NULL,NULL,NULL,'Married','13040213110126',NULL,NULL),(190,2,'007432','MAYOVU','MUZANDU','KAAMPWE','Dr','Male','0977134545','kmuzandu@unza.zm','kmuzandu@unza.zm','541028/11/1','107560712',NULL,1,'Dv5drskpd7Lnbwe-V9Y5svA_7nC_L7up','$2y$13$LC2gjIbu8PlPP.qYAoA2Ee1bnllaMEgSpVV3WSkgz0RpGHVfgBwcu',NULL,246,'1971-04-26',NULL,NULL,NULL,NULL,NULL,NULL,'1000310439',NULL,NULL,NULL,NULL,'Married','13065158110119',NULL,NULL),(191,2,'007433','ILYAMUPU','SITUMBEKO',NULL,'Dr','Male','0955786110','isitumbeko@rocketmail.com','isitumbeko@rocketmail.com','196380/84/1','108490439',NULL,0,'Dv5drskpd7Lnbwe-V9Y5svA_7nC_L7up','$2y$13$LC2gjIbu8PlPP.qYAoA2Ee1bnllaMEgSpVV3WSkgz0RpGHVfgBwcu',NULL,246,'1968-07-30',NULL,NULL,NULL,NULL,NULL,NULL,'1000458573',NULL,NULL,NULL,NULL,'Married','13039042110128',NULL,NULL),(192,2,'007436','JAMES','MADALITSO TEMBO ',NULL,'Dr','Male','0979378689','jmtembo@unza.zm','jmtembo@unza.zm','215462/66/1','107600742','ZG 83695',1,'Dv5drskpd7Lnbwe-V9Y5svA_7nC_L7up','$2y$13$LC2gjIbu8PlPP.qYAoA2Ee1bnllaMEgSpVV3WSkgz0RpGHVfgBwcu',NULL,246,'1968-05-02',NULL,NULL,NULL,NULL,NULL,NULL,'1000908080',NULL,NULL,NULL,NULL,'Married','13069843110116',NULL,NULL),(193,2,'007438','MUBANGA','LOMBE',NULL,'Dr','Female','0977 818523','mlombe@unza.zm','mlombe@unza.zm','158216/46/1','108486719','ZP 158216/46/1',1,'Dv5drskpd7Lnbwe-V9Y5svA_7nC_L7up','$2y$13$Tc6HE1TpJD061yWoi3j6ZOLbowkidEs5l6GP4HI/YLSGFV0LyqMt2',NULL,246,'1972-06-01',NULL,NULL,NULL,NULL,NULL,NULL,'1001058575',NULL,NULL,'2025-02-04 10:52:54',NULL,'Single','13041437110122',NULL,NULL),(194,2,'007448','BRENDA','MWENYA','PETRONELLA','Miss','Female','0977676783','brenda.mwenya@unza.zm','brenda.mwenya@unza.zm','105890/49/1','105569225',NULL,1,'Dv5drskpd7Lnbwe-V9Y5svA_7nC_L7up','$2y$13$LC2gjIbu8PlPP.qYAoA2Ee1bnllaMEgSpVV3WSkgz0RpGHVfgBwcu',NULL,246,'1977-05-13',NULL,NULL,NULL,NULL,NULL,NULL,'1000905871',NULL,NULL,NULL,NULL,'Single','13040867110123',NULL,NULL),(195,2,'007450','VICTOR','KAPEMBWA',NULL,'Mr','Male','0966801099','v.kapembwa@unza.zm','v.kapembwa@unza.zm','198527/17/1','100203638',NULL,1,'Dv5drskpd7Lnbwe-V9Y5svA_7nC_L7up','$2y$13$LC2gjIbu8PlPP.qYAoA2Ee1bnllaMEgSpVV3WSkgz0RpGHVfgBwcu',NULL,246,'1972-07-04',NULL,NULL,NULL,NULL,NULL,NULL,'1004718171',NULL,NULL,NULL,NULL,'Married','13066284110118',NULL,NULL),(196,2,'007452','FRANCIS','KUYELA',NULL,'Mr','Male',NULL,'francis.kuyela@unza.zm','francis.kuyela@unza.zm','171914/44/1','100204121',NULL,1,'Dv5drskpd7Lnbwe-V9Y5svA_7nC_L7up','$2y$13$LC2gjIbu8PlPP.qYAoA2Ee1bnllaMEgSpVV3WSkgz0RpGHVfgBwcu',NULL,246,'1966-07-19',NULL,NULL,NULL,NULL,NULL,NULL,'1008613715',NULL,NULL,NULL,NULL,'Single','13069115110113',NULL,NULL),(197,2,'007456','FRED','MBEWE',NULL,'Mr','Male','0977 114556','fred.mbewe@unza.zm','fred.mbewe@unza.zm','607973/11/1','100196477',NULL,1,'Dv5drskpd7Lnbwe-V9Y5svA_7nC_L7up','$2y$13$LC2gjIbu8PlPP.qYAoA2Ee1bnllaMEgSpVV3WSkgz0RpGHVfgBwcu',NULL,246,'1973-01-01',NULL,NULL,NULL,NULL,NULL,NULL,'1005263570',NULL,NULL,NULL,NULL,'Married','13065227110113',NULL,NULL),(198,2,'007459','MWALYE','SAPANOI',NULL,'Mr','Male','0977 231001','mwalye.sapanoi@unza.zm','mwalye.sapanoi@unza.zm','197586/84/1','107549865','ZP 197586/84/1',1,'Dv5drskpd7Lnbwe-V9Y5svA_7nC_L7up','$2y$13$LC2gjIbu8PlPP.qYAoA2Ee1bnllaMEgSpVV3WSkgz0RpGHVfgBwcu',NULL,246,'1970-03-11',NULL,NULL,NULL,NULL,NULL,NULL,'1008498061',NULL,NULL,NULL,NULL,'Married','13040877110117',NULL,NULL),(199,2,'007480','AKAKANDELWA','AKAKANDELWA',NULL,'Dr','Male','0955832599','akakandelwa@unza.zm','akakandelwa@unza.zm','205172/82/1','902451087',NULL,1,'Dv5drskpd7Lnbwe-V9Y5svA_7nC_L7up','$2y$13$LC2gjIbu8PlPP.qYAoA2Ee1bnllaMEgSpVV3WSkgz0RpGHVfgBwcu',NULL,246,'1961-10-10',NULL,NULL,NULL,NULL,NULL,NULL,'1004697214',NULL,NULL,NULL,NULL,'Married','13063078110113',NULL,NULL),(200,2,'007481','DAVIS','MUMBA',NULL,'Mr','Male','0977 571705','davies.mumba@unza.zm','davies.mumba@unza.zm','622907/11/1','105481807',NULL,1,'Dv5drskpd7Lnbwe-V9Y5svA_7nC_L7up','$2y$13$LC2gjIbu8PlPP.qYAoA2Ee1bnllaMEgSpVV3WSkgz0RpGHVfgBwcu',NULL,246,'1973-01-01',NULL,NULL,NULL,NULL,NULL,NULL,'1005337100',NULL,NULL,NULL,NULL,'Married','13069304110113',NULL,NULL),(201,2,'007485','GODFREY','KAMPAMBA',NULL,'Mr','Male','0977 296899','godfrey.kampamba@unza.zm','godfrey.kampamba@unza.zm','490695/11/1','100196580',NULL,1,'Dv5drskpd7Lnbwe-V9Y5svA_7nC_L7up','$2y$13$LC2gjIbu8PlPP.qYAoA2Ee1bnllaMEgSpVV3WSkgz0RpGHVfgBwcu',NULL,246,'1969-08-03',NULL,NULL,NULL,NULL,NULL,NULL,'1004733546',NULL,NULL,NULL,NULL,'Widowed','13063842110119',NULL,NULL),(202,2,'007490','M ABIATHA','KATONGO',NULL,'Mr','Male','097 8 308854','abiathar.katongo@unza.zm','abiathar.katongo@unza.zm','157180/43/1','107550206',NULL,0,'Dv5drskpd7Lnbwe-V9Y5svA_7nC_L7up','$2y$13$LC2gjIbu8PlPP.qYAoA2Ee1bnllaMEgSpVV3WSkgz0RpGHVfgBwcu',NULL,246,'1966-01-15',NULL,NULL,NULL,NULL,NULL,NULL,'1004905488',NULL,NULL,NULL,NULL,'Married','13069290110113',NULL,NULL),(203,2,'007498','GEORGINA','MULUNDU','M','Dr','Female','+260977 788804','gina.mulundu@unza.zm','gina.mulundu@unza.zm','178273/32/1','108492061','ZN075740',1,'Dv5drskpd7Lnbwe-V9Y5svA_7nC_L7up','$2y$13$LC2gjIbu8PlPP.qYAoA2Ee1bnllaMEgSpVV3WSkgz0RpGHVfgBwcu',NULL,246,'1959-04-09',NULL,NULL,NULL,NULL,NULL,NULL,'1004905488',NULL,NULL,NULL,NULL,'Widowed','13039046110129',NULL,NULL),(204,2,'007499','HARRIET','CHAKAINA',NULL,'Miss','Female','0977 497299','harriet.chakaina@unza.zm','harriet.chakaina@unza.zm','192556/17/1','107550321',NULL,1,'Dv5drskpd7Lnbwe-V9Y5svA_7nC_L7up','$2y$13$LC2gjIbu8PlPP.qYAoA2Ee1bnllaMEgSpVV3WSkgz0RpGHVfgBwcu',NULL,246,'1972-01-12',NULL,NULL,NULL,NULL,NULL,NULL,'1007196711',NULL,NULL,NULL,NULL,'Married','13040953110128',NULL,NULL),(205,2,'007502','CYPRIAN','SAKALA D',NULL,'Mr','Male',NULL,'cyprian.sakala@unza.zm','cyprian.sakala@unza.zm','180759/73/1','102490386',NULL,0,'Dv5drskpd7Lnbwe-V9Y5svA_7nC_L7up','$2y$13$LC2gjIbu8PlPP.qYAoA2Ee1bnllaMEgSpVV3WSkgz0RpGHVfgBwcu',NULL,246,'1964-03-19',NULL,NULL,NULL,NULL,NULL,NULL,'1006987505',NULL,NULL,NULL,NULL,'Married','13067524110111',NULL,NULL),(206,2,'007514','JOSEPH','TEMBO',NULL,'Mr','Male','+0977866856','joseph.tembo@unza.zm','joseph.tembo@unza.zm','617246/11/1','108490770',NULL,1,'Dv5drskpd7Lnbwe-V9Y5svA_7nC_L7up','$2y$13$LC2gjIbu8PlPP.qYAoA2Ee1bnllaMEgSpVV3WSkgz0RpGHVfgBwcu',NULL,246,'1974-09-02',NULL,NULL,NULL,NULL,NULL,NULL,'1004954164',NULL,NULL,NULL,NULL,'Married','13068360110112',NULL,NULL),(207,2,'007520','IREEN','KAUMBA','MIYOBA','Mrs','Female','0977465824','ireen.nachilobe@unza.zm','ireen.nachilobe@unza.zm','296707/74/1','100193883',NULL,1,'Dv5drskpd7Lnbwe-V9Y5svA_7nC_L7up','$2y$13$LC2gjIbu8PlPP.qYAoA2Ee1bnllaMEgSpVV3WSkgz0RpGHVfgBwcu',NULL,246,'1971-07-27',NULL,NULL,NULL,NULL,NULL,NULL,'1003709140',NULL,NULL,NULL,NULL,'Married','13040751110127',NULL,NULL),(208,2,'007527','KENNEDY','BANDA',NULL,'Mr','Male','0978106386','kennedy.banda@unza.zm','kennedy.banda@unza.zm','563235/11/1','107520033',NULL,0,'Dv5drskpd7Lnbwe-V9Y5svA_7nC_L7up','$2y$13$LC2gjIbu8PlPP.qYAoA2Ee1bnllaMEgSpVV3WSkgz0RpGHVfgBwcu',NULL,246,'1973-01-01',NULL,NULL,NULL,NULL,NULL,NULL,'1006164907',NULL,NULL,NULL,NULL,'Single','13067569110115',NULL,NULL),(209,11,'007536','ZACHARY','ZULU',NULL,'Mr','Male','0955835384','zac.zulu@unza.zm','zac.zulu@unza.zm','538280/11/1','107506338',NULL,1,'Dv5drskpd7Lnbwe-V9Y5svA_7nC_L7up','$2y$13$LC2gjIbu8PlPP.qYAoA2Ee1bnllaMEgSpVV3WSkgz0RpGHVfgBwcu',NULL,246,'1969-10-29',NULL,NULL,NULL,NULL,NULL,NULL,'1001332405',NULL,NULL,NULL,NULL,'Married','13066303110117',NULL,NULL),(210,2,'007537','SINDWA','KANYIMBA',' NAMATAA ','Dr','Male','0977 - 887385','skanyimba@yahoo.com','skanyimba@yahoo.com','208301/16/1','107549586',NULL,0,'Dv5drskpd7Lnbwe-V9Y5svA_7nC_L7up','$2y$13$LC2gjIbu8PlPP.qYAoA2Ee1bnllaMEgSpVV3WSkgz0RpGHVfgBwcu',NULL,246,'1968-06-21',NULL,NULL,NULL,NULL,NULL,NULL,'1000700424',NULL,NULL,NULL,NULL,'Married','13065145110114',NULL,NULL),(211,2,'007541','MELVIN','SIMUCHIMBA',NULL,'Dr','Male','0979 315461','melvin.simuchimba@unza.zm','melvin.simuchimba@unza.zm','156906/47/1','107510200','ZP 159906/74/1',1,'Dv5drskpd7Lnbwe-V9Y5svA_7nC_L7up','$2y$13$LC2gjIbu8PlPP.qYAoA2Ee1bnllaMEgSpVV3WSkgz0RpGHVfgBwcu',NULL,246,'1960-01-01',NULL,NULL,NULL,NULL,NULL,NULL,'1002730251',NULL,NULL,NULL,NULL,'Married','13064517110114',NULL,NULL),(212,2,'007544','GERALD M','CHISHIBA ',NULL,'Dr','Male','0979671413','g.chishiba@unza.zm','g.chishiba@unza.zm','139146/62/1','107510820','ZP 000880',1,'Dv5drskpd7Lnbwe-V9Y5svA_7nC_L7up','$2y$13$LC2gjIbu8PlPP.qYAoA2Ee1bnllaMEgSpVV3WSkgz0RpGHVfgBwcu',NULL,246,'1958-02-26',NULL,NULL,NULL,NULL,NULL,NULL,'1001300730',NULL,NULL,NULL,NULL,'Married','13063095110112',NULL,NULL),(213,2,'007549','DAVID','MUKOSA',NULL,'Mr','Male','0966 728643','dmukosa@unza.zm','dmukosa@unza.zm','201899/66/1','107550066','ZN138412',0,'Dv5drskpd7Lnbwe-V9Y5svA_7nC_L7up','$2y$13$LC2gjIbu8PlPP.qYAoA2Ee1bnllaMEgSpVV3WSkgz0RpGHVfgBwcu',NULL,246,'1964-01-02',NULL,NULL,NULL,NULL,NULL,NULL,'1013079464',NULL,NULL,NULL,NULL,'Married','13067225110119',NULL,NULL),(214,2,'007562','ISAAC','KALOSHA',NULL,'Mr','Male','097 7 748454','isaac.kalosha@unza.zm','isaac.kalosha@unza.zm','389838/11/1','116182159',NULL,0,'Dv5drskpd7Lnbwe-V9Y5svA_7nC_L7up','$2y$13$LC2gjIbu8PlPP.qYAoA2Ee1bnllaMEgSpVV3WSkgz0RpGHVfgBwcu',NULL,246,'1963-01-01',NULL,NULL,NULL,NULL,NULL,NULL,'1002486546',NULL,NULL,NULL,NULL,'Married','13037181110128',NULL,NULL),(215,2,'007569','BRENDA EVA MICHELO','MUKATA ',NULL,'Mrs','Female','0977 784911','brenda.mukata@unza.zm','brenda.mukata@unza.zm','162354/73/1','102512700','ZG 73263',0,'Dv5drskpd7Lnbwe-V9Y5svA_7nC_L7up','$2y$13$LC2gjIbu8PlPP.qYAoA2Ee1bnllaMEgSpVV3WSkgz0RpGHVfgBwcu',NULL,246,'1963-06-03',NULL,NULL,NULL,NULL,NULL,NULL,'1005435771',NULL,NULL,NULL,NULL,'Married','13042184110124',NULL,NULL),(216,2,'007577','ANNIE ','MALAMBO','CHITENTU','Miss','Female','0966671994','sheleni1234@gmail.com','sheleni1234@gmail.com','233271/74/1','107512135','ZN256017',0,'Dv5drskpd7Lnbwe-V9Y5svA_7nC_L7up','$2y$13$LC2gjIbu8PlPP.qYAoA2Ee1bnllaMEgSpVV3WSkgz0RpGHVfgBwcu',NULL,246,'1962-07-07',NULL,NULL,NULL,NULL,NULL,NULL,'1001358374',NULL,NULL,NULL,NULL,'Single','13068760110114',NULL,NULL),(217,2,'007593',' GRACE','FILALO','MWAPE','Miss','Female','0966807295','grace.filalo@unza.zm','grace.filalo@unza.zm','236156/61/1','100205498',NULL,0,'Dv5drskpd7Lnbwe-V9Y5svA_7nC_L7up','$2y$13$LC2gjIbu8PlPP.qYAoA2Ee1bnllaMEgSpVV3WSkgz0RpGHVfgBwcu',NULL,246,'1963-11-20',NULL,NULL,NULL,NULL,NULL,NULL,'1006027588',NULL,NULL,NULL,NULL,'Single','12779148110128',NULL,NULL),(218,2,'007596',' KANYEMBO','MUMBA CHISENGA','AUDREY','Mrs','Female','0977530174','audrey.kanyembo@unza.zm','audrey.kanyembo@unza.zm','606938/11/1','107549283','ZH 38431',1,'Dv5drskpd7Lnbwe-V9Y5svA_7nC_L7up','$2y$13$LC2gjIbu8PlPP.qYAoA2Ee1bnllaMEgSpVV3WSkgz0RpGHVfgBwcu',NULL,246,'1975-04-09',NULL,NULL,NULL,NULL,NULL,NULL,'1001374498',NULL,NULL,NULL,NULL,'Married','13040548110128',NULL,NULL),(219,2,'007598','NATHANIEL','PHIRI',NULL,'Mr','Male','0977600468','nathaniel.phiri@unza.zm','nathaniel.phiri@unza.zm','513140/11/1','107512298',NULL,0,'Dv5drskpd7Lnbwe-V9Y5svA_7nC_L7up','$2y$13$LC2gjIbu8PlPP.qYAoA2Ee1bnllaMEgSpVV3WSkgz0RpGHVfgBwcu',NULL,246,'1969-02-19',NULL,NULL,NULL,NULL,NULL,NULL,'1004133644',NULL,NULL,NULL,NULL,'Divorced','13067626110119',NULL,NULL),(220,2,'007604','BERNARD','CHISANGA',NULL,'Mr','Male','0976197462','chisanga.bernard@unza.zm','chisanga.bernard@unza.zm','643998/11/1','104728519',NULL,0,'Dv5drskpd7Lnbwe-V9Y5svA_7nC_L7up','$2y$13$LC2gjIbu8PlPP.qYAoA2Ee1bnllaMEgSpVV3WSkgz0RpGHVfgBwcu',NULL,246,'1977-09-04',NULL,NULL,NULL,NULL,NULL,NULL,'1004738990',NULL,NULL,NULL,NULL,'Married','13067977110118',NULL,NULL),(221,2,'007605','NGOMBE','MAYUMBELO',NULL,'Mr','Male','0976 915239','fred.mayumbelo@unza.zm','fred.mayumbelo@unza.zm','194000/84/1','107550535','ZP 194000/84/1',0,'Dv5drskpd7Lnbwe-V9Y5svA_7nC_L7up','$2y$13$LC2gjIbu8PlPP.qYAoA2Ee1bnllaMEgSpVV3WSkgz0RpGHVfgBwcu',NULL,246,'1968-01-01',NULL,NULL,NULL,NULL,NULL,NULL,'1003603672',NULL,NULL,NULL,NULL,'Married','13068732110111',NULL,NULL),(222,2,'007611','EDWARD','SIAME',NULL,'Dr','Male',NULL,'esiame@unza.zm','esiame@unza.zm','223060/66/1','108487226',NULL,1,'Dv5drskpd7Lnbwe-V9Y5svA_7nC_L7up','$2y$13$LC2gjIbu8PlPP.qYAoA2Ee1bnllaMEgSpVV3WSkgz0RpGHVfgBwcu',NULL,246,'1969-08-03',NULL,NULL,NULL,NULL,NULL,NULL,'1004293822',NULL,NULL,NULL,NULL,'Married','13054869110112',NULL,NULL),(223,12,'007612','M.PATRICIA','SAKALA',NULL,'Mrs','Female',NULL,'patricia.sakala@unza.zm','patricia.sakala@unza.zm','538910/11/1','116170441',NULL,1,'Dv5drskpd7Lnbwe-V9Y5svA_7nC_L7up','$2y$13$LC2gjIbu8PlPP.qYAoA2Ee1bnllaMEgSpVV3WSkgz0RpGHVfgBwcu',NULL,246,'1972-12-19',NULL,NULL,NULL,NULL,NULL,NULL,'1001434424',NULL,NULL,NULL,NULL,'Married','13040568110128',NULL,NULL),(224,2,'007614','AGNESS','ZULU',NULL,'Miss','Female','0978 263469','agness.zulu@unza.zm','agness.zulu@unza.zm','200845/66/1','116182591',NULL,0,'Dv5drskpd7Lnbwe-V9Y5svA_7nC_L7up','$2y$13$LC2gjIbu8PlPP.qYAoA2Ee1bnllaMEgSpVV3WSkgz0RpGHVfgBwcu',NULL,246,'1964-03-20',NULL,NULL,NULL,NULL,NULL,NULL,'1003878700',NULL,NULL,NULL,NULL,'Single','13064455110114',NULL,NULL),(225,2,'007620','ROBERT','NJOBVU',NULL,'Mr','Male','097 7 726730',NULL,NULL,'214407/53/1','102606470',NULL,0,'Dv5drskpd7Lnbwe-V9Y5svA_7nC_L7up','$2y$13$LC2gjIbu8PlPP.qYAoA2Ee1bnllaMEgSpVV3WSkgz0RpGHVfgBwcu',NULL,246,'1964-08-06',NULL,NULL,NULL,NULL,NULL,NULL,'1005497202',NULL,NULL,NULL,NULL,'Married','13070190110118',NULL,NULL),(226,2,'007621','VESPER H','CHISUMPA',NULL,'Dr','Male','+260966766643','vesper.chisumpa@unza.zm','vesper.chisumpa@unza.zm','268811/74/1','107549295','ZN609774',1,'Dv5drskpd7Lnbwe-V9Y5svA_7nC_L7up','$2y$13$LC2gjIbu8PlPP.qYAoA2Ee1bnllaMEgSpVV3WSkgz0RpGHVfgBwcu',NULL,246,'1970-08-26',NULL,NULL,NULL,NULL,NULL,NULL,'1000968593',NULL,NULL,NULL,NULL,'Married','13063769110114',NULL,NULL),(227,2,'007623','WAMUNUNGO','MUSIYALIKE',NULL,'Miss','Female',NULL,'wmusialike@unza.zm','wmusialike@unza.zm','255514/82/1','107510173',NULL,1,'Dv5drskpd7Lnbwe-V9Y5svA_7nC_L7up','$2y$13$LC2gjIbu8PlPP.qYAoA2Ee1bnllaMEgSpVV3WSkgz0RpGHVfgBwcu',NULL,246,'1973-11-07',NULL,NULL,NULL,NULL,NULL,NULL,'1000547354',NULL,NULL,NULL,NULL,'Single','NHA2002981071',NULL,NULL),(228,11,'007638','FEDIAS','SIAMUZWE',NULL,'Mr','Male','0977324451','fedias.siamunzwe@unza.zm','fedias.siamunzwe@unza.zm','193839/75/1','107550535','ZP 193839/75/1',1,'Dv5drskpd7Lnbwe-V9Y5svA_7nC_L7up','$2y$13$LC2gjIbu8PlPP.qYAoA2Ee1bnllaMEgSpVV3WSkgz0RpGHVfgBwcu',NULL,246,'1972-05-30',NULL,NULL,NULL,NULL,NULL,NULL,'1001326709',NULL,NULL,NULL,NULL,'Married','13068732110111',NULL,NULL),(229,2,'007643','GRAIN','MUNAKAAMPE','MUNANG\'ANDU','Mr','Male','0797857896/0955','gmmunakaampe@unza.zm','gmmunakaampe@unza.zm','220834/74/1','110588882','ZJ 78287',1,'Dv5drskpd7Lnbwe-V9Y5svA_7nC_L7up','$2y$13$LC2gjIbu8PlPP.qYAoA2Ee1bnllaMEgSpVV3WSkgz0RpGHVfgBwcu',NULL,246,'1955-05-05',NULL,NULL,NULL,NULL,NULL,NULL,'1007721871',NULL,NULL,NULL,NULL,'Married','13065872110114',NULL,NULL),(230,11,'007649','GIVEN MUSONDA','KANTUMOYA',NULL,'Mrs','Female','0977402966','gmkantumoya@unza.zm','gmkantumoya@unza.zm','143204/71/1','107512755',NULL,1,'Dv5drskpd7Lnbwe-V9Y5svA_7nC_L7up','$2y$13$LC2gjIbu8PlPP.qYAoA2Ee1bnllaMEgSpVV3WSkgz0RpGHVfgBwcu',NULL,246,'1966-10-17',NULL,NULL,NULL,NULL,NULL,NULL,'1007734239',NULL,NULL,NULL,NULL,'Widowed','13040934110122',NULL,NULL),(231,2,'007652','HUMPHREY','SIMUKOKO',NULL,'Dr','Male','+260975732243','h.simukoko@unza.zm','h.simukoko@unza.zm','102689/18/1','107560748','ZN007388',1,'Dv5drskpd7Lnbwe-V9Y5svA_7nC_L7up','$2y$13$LC2gjIbu8PlPP.qYAoA2Ee1bnllaMEgSpVV3WSkgz0RpGHVfgBwcu',NULL,246,'1970-03-23',NULL,NULL,NULL,NULL,NULL,NULL,'1000878780',NULL,NULL,NULL,NULL,'Married','13063492110113',NULL,NULL),(232,2,'007653','DINA','DAKA',NULL,'Ms','Female','0977633517 / 09','dina.daka@unza.zm','dina.daka@unza.zm','535590/11/1','107510414',NULL,0,'Dv5drskpd7Lnbwe-V9Y5svA_7nC_L7up','$2y$13$LC2gjIbu8PlPP.qYAoA2Ee1bnllaMEgSpVV3WSkgz0RpGHVfgBwcu',NULL,246,'1972-04-05',NULL,NULL,NULL,NULL,NULL,NULL,'1000878959',NULL,NULL,NULL,NULL,'Single','13040399110125',NULL,NULL),(233,2,'007663','SARAH','TEMBO','GWAYI','Mrs','Female','0977636217','sara@unza.zm','sara@unza.zm','228700/64/1','108280713','ZN 306971',1,'Dv5drskpd7Lnbwe-V9Y5svA_7nC_L7up','$2y$13$LC2gjIbu8PlPP.qYAoA2Ee1bnllaMEgSpVV3WSkgz0RpGHVfgBwcu',NULL,246,'1975-05-06',NULL,NULL,NULL,NULL,NULL,NULL,'1000950753',NULL,NULL,NULL,NULL,'Married','13041436110125',NULL,NULL),(234,2,'007672','JULIUS','NJOBVU',NULL,'Mr','Male',NULL,'julius.njobvu@unza.zm','julius.njobvu@unza.zm','282841/67/1','108490477',NULL,1,'Dv5drskpd7Lnbwe-V9Y5svA_7nC_L7up','$2y$13$LC2gjIbu8PlPP.qYAoA2Ee1bnllaMEgSpVV3WSkgz0RpGHVfgBwcu',NULL,246,'1968-10-23',NULL,NULL,NULL,NULL,NULL,NULL,'1008592220',NULL,NULL,NULL,NULL,'Married','13063778110111',NULL,NULL),(235,2,'007673','GEORGE','MWANSA',NULL,'Mr','Male','0978225026','george.mwansa@unza.zm','george.mwansa@unza.zm','312805/33/1','107549409',NULL,1,'Dv5drskpd7Lnbwe-V9Y5svA_7nC_L7up','$2y$13$LC2gjIbu8PlPP.qYAoA2Ee1bnllaMEgSpVV3WSkgz0RpGHVfgBwcu',NULL,246,'1977-01-02',NULL,NULL,NULL,NULL,NULL,NULL,'1004293808',NULL,NULL,NULL,NULL,'Married','13064526110112',NULL,NULL),(236,2,'007675','FREDRICK','MUDENDA S',NULL,'Mr','Male',NULL,'fredrick.mudenda@unza.zm','fredrick.mudenda@unza.zm','716935/11/1','116182022',NULL,1,'Dv5drskpd7Lnbwe-V9Y5svA_7nC_L7up','$2y$13$LC2gjIbu8PlPP.qYAoA2Ee1bnllaMEgSpVV3WSkgz0RpGHVfgBwcu',NULL,246,'1972-01-23',NULL,NULL,NULL,NULL,NULL,NULL,'1000311261',NULL,NULL,NULL,NULL,'Married','13055071110119',NULL,NULL),(237,2,'007678','MAURICE','CHINYAMA',NULL,'Mr','Male','0977442502','maurice.chinyama@unza.zm','maurice.chinyama@unza.zm','142065/65/1','107509364','ZN237146',1,'Dv5drskpd7Lnbwe-V9Y5svA_7nC_L7up','$2y$13$LC2gjIbu8PlPP.qYAoA2Ee1bnllaMEgSpVV3WSkgz0RpGHVfgBwcu',NULL,246,'1968-02-02',NULL,NULL,NULL,NULL,NULL,NULL,'1003968423',NULL,NULL,NULL,NULL,'Married','13066362110112',NULL,NULL),(238,2,'007680','DOMINIC','MUSHOKE','S','Mr','Male','0977821334','dominic.mushoke@unza.zm','dominic.mushoke@unza.zm','196424/13/1','107509011','ZK 30199',1,'Dv5drskpd7Lnbwe-V9Y5svA_7nC_L7up','$2y$13$LC2gjIbu8PlPP.qYAoA2Ee1bnllaMEgSpVV3WSkgz0RpGHVfgBwcu',NULL,246,'1974-09-28',NULL,NULL,NULL,NULL,NULL,NULL,'1000902543',NULL,NULL,NULL,NULL,'Married','13063081110118',NULL,NULL),(239,2,'007684','LAST','KALYABANTU',NULL,'Mr','Male',NULL,'l.kalyabantu@unza.zm','l.kalyabantu@unza.zm','182864/75/1','107581378','ZP 182864/75/1',0,'Dv5drskpd7Lnbwe-V9Y5svA_7nC_L7up','$2y$13$LC2gjIbu8PlPP.qYAoA2Ee1bnllaMEgSpVV3WSkgz0RpGHVfgBwcu',NULL,246,'1966-09-25',NULL,NULL,NULL,NULL,NULL,NULL,'1018513183',NULL,NULL,NULL,NULL,'Married','13064463110117',NULL,NULL),(240,2,'007685','JACK','MWEETWA',NULL,'Mr','Male','0977863301','jmweetwa@unza.zm','jmweetwa@unza.zm','195507/73/1','107604778',NULL,1,'Dv5drskpd7Lnbwe-V9Y5svA_7nC_L7up','$2y$13$LC2gjIbu8PlPP.qYAoA2Ee1bnllaMEgSpVV3WSkgz0RpGHVfgBwcu',NULL,246,'1970-10-30',NULL,NULL,NULL,NULL,NULL,NULL,'1007685491',NULL,NULL,NULL,NULL,'Married','13070128110116',NULL,NULL),(241,2,'007686','JOSEPH','SIWO',NULL,'Mr','Male','0211 261178','joseph.siwo@unza.zm','joseph.siwo@unza.zm','395885/52/1','107550256','ZP 395885/52/1',0,'Dv5drskpd7Lnbwe-V9Y5svA_7nC_L7up','$2y$13$LC2gjIbu8PlPP.qYAoA2Ee1bnllaMEgSpVV3WSkgz0RpGHVfgBwcu',NULL,246,'1969-02-01',NULL,NULL,NULL,NULL,NULL,NULL,'1000275654',NULL,NULL,NULL,NULL,'Married','13067959110117',NULL,NULL),(242,2,'007690','GWEDEZA C','PHIRI',NULL,'Mr','Male',NULL,'creighton.phiri@unza.zm','creighton.phiri@unza.zm','481257/11/1','108492035',NULL,1,'Dv5drskpd7Lnbwe-V9Y5svA_7nC_L7up','$2y$13$LC2gjIbu8PlPP.qYAoA2Ee1bnllaMEgSpVV3WSkgz0RpGHVfgBwcu',NULL,246,'1968-07-01',NULL,NULL,NULL,NULL,NULL,NULL,'1006547660',NULL,NULL,NULL,NULL,'Married','13070567110117',NULL,NULL),(243,2,'007694','MOSES','CHIRWA',NULL,'Mr','Male','0977683349','moses.chirwa@unza.zm','moses.chirwa@unza.zm','572483/11/1','108278334',NULL,0,'Dv5drskpd7Lnbwe-V9Y5svA_7nC_L7up','$2y$13$LC2gjIbu8PlPP.qYAoA2Ee1bnllaMEgSpVV3WSkgz0RpGHVfgBwcu',NULL,246,'1973-01-01',NULL,NULL,NULL,NULL,NULL,NULL,'1018433070',NULL,NULL,NULL,NULL,'Married','13067938110117',NULL,NULL),(244,2,'007698','KELLY','SINYANGWE',NULL,'Mr','Male','097 6 502997','kelly.sinyangwe@unza.zm','kelly.sinyangwe@unza.zm','135285/65/1','111896426',NULL,1,'Dv5drskpd7Lnbwe-V9Y5svA_7nC_L7up','$2y$13$LC2gjIbu8PlPP.qYAoA2Ee1bnllaMEgSpVV3WSkgz0RpGHVfgBwcu',NULL,246,'1967-11-25',NULL,NULL,NULL,NULL,NULL,NULL,'1005188331',NULL,NULL,NULL,NULL,'Married','13069316110112',NULL,NULL),(245,2,'007708','SIAVWALA P','SIAKAULA',NULL,'Mr','Male','0978 179170','siavwala.siakaula@unza.zm','siavwala.siakaula@unza.zm','200649/75/1','108457748',NULL,0,'Dv5drskpd7Lnbwe-V9Y5svA_7nC_L7up','$2y$13$LC2gjIbu8PlPP.qYAoA2Ee1bnllaMEgSpVV3WSkgz0RpGHVfgBwcu',NULL,246,'1972-04-22',NULL,NULL,NULL,NULL,NULL,NULL,'1004900379',NULL,NULL,NULL,NULL,'Married','13071494110115',NULL,NULL),(246,2,'007709','CHARLES C','MICHELO',NULL,'Prof','Male',NULL,NULL,NULL,'173976/73/1','114170485',NULL,0,'Dv5drskpd7Lnbwe-V9Y5svA_7nC_L7up','$2y$13$LC2gjIbu8PlPP.qYAoA2Ee1bnllaMEgSpVV3WSkgz0RpGHVfgBwcu',NULL,246,'1961-08-30',NULL,NULL,NULL,NULL,NULL,NULL,'1000655369',NULL,NULL,NULL,NULL,'Married','13063294110115',NULL,NULL),(247,2,'007712','ACKIM','MUTEMWA',NULL,'Mr','Male','0977199881','ackim.mutemwa@unza.zm','ackim.mutemwa@unza.zm','504037/11/1','107512351',NULL,1,'Dv5drskpd7Lnbwe-V9Y5svA_7nC_L7up','$2y$13$LC2gjIbu8PlPP.qYAoA2Ee1bnllaMEgSpVV3WSkgz0RpGHVfgBwcu',NULL,246,'1969-10-16',NULL,NULL,NULL,NULL,NULL,NULL,'1004981072',NULL,NULL,NULL,NULL,'Married','13067273110119',NULL,NULL),(248,2,'007716','NAMUSHI','NYAMBE',NULL,'Mr','Male','0978343431','namushi.nyambe@unza.zm','namushi.nyambe@unza.zm','512904/11/1','108278346',NULL,1,'Dv5drskpd7Lnbwe-V9Y5svA_7nC_L7up','$2y$13$LC2gjIbu8PlPP.qYAoA2Ee1bnllaMEgSpVV3WSkgz0RpGHVfgBwcu',NULL,246,'1969-11-24',NULL,NULL,NULL,NULL,NULL,NULL,'1009170692',NULL,NULL,NULL,NULL,'Married','13063756110111',NULL,NULL),(249,2,'007717','MUTUMBA','SIINDA',NULL,'Mr','Male',NULL,'mutumba.siinda@unza.zm','mutumba.siinda@unza.zm','162192/83/1','116182034',NULL,1,'Dv5drskpd7Lnbwe-V9Y5svA_7nC_L7up','$2y$13$LC2gjIbu8PlPP.qYAoA2Ee1bnllaMEgSpVV3WSkgz0RpGHVfgBwcu',NULL,246,'1971-09-19',NULL,NULL,NULL,NULL,NULL,NULL,'1006201508',NULL,NULL,NULL,NULL,'Married','13041096110115',NULL,NULL),(250,2,'007718','ALFRED','MUSONDA',NULL,'Mr','Male',NULL,'alfred.musonda@unza.zm','alfred.musonda@unza.zm','276493/33/1','116170439',NULL,0,'Dv5drskpd7Lnbwe-V9Y5svA_7nC_L7up','$2y$13$LC2gjIbu8PlPP.qYAoA2Ee1bnllaMEgSpVV3WSkgz0RpGHVfgBwcu',NULL,246,'1968-01-01',NULL,NULL,NULL,NULL,NULL,NULL,'1007394218',NULL,NULL,NULL,NULL,'Married','13040101110122',NULL,NULL),(251,2,'007725','ELISHA DICKSON','MUNTANGA',NULL,'Mr','Male',NULL,'elisha.muntanga@unza.zm','elisha.muntanga@unza.zm','476920/11/1','107512818',NULL,0,'Dv5drskpd7Lnbwe-V9Y5svA_7nC_L7up','$2y$13$LC2gjIbu8PlPP.qYAoA2Ee1bnllaMEgSpVV3WSkgz0RpGHVfgBwcu',NULL,246,'1968-08-14',NULL,NULL,NULL,NULL,NULL,NULL,'1011837733',NULL,NULL,NULL,NULL,'Married','13066312110111',NULL,NULL),(252,2,'007731','LOTTIE','BANDA',NULL,'Mr','Male',NULL,'lottie.banda@unza.zm','lottie.banda@unza.zm','478880/11/1','104728773',NULL,1,'Dv5drskpd7Lnbwe-V9Y5svA_7nC_L7up','$2y$13$LC2gjIbu8PlPP.qYAoA2Ee1bnllaMEgSpVV3WSkgz0RpGHVfgBwcu',NULL,246,'1967-12-08',NULL,NULL,NULL,NULL,NULL,NULL,'1007988997',NULL,NULL,NULL,NULL,'Divorced','13067978110115',NULL,NULL),(253,2,'007732','FRANCIS','MUSONDA ','LUPUPA','Mr','Male','+2600979548467','francis.musonda@unza.zm','francis.musonda@unza.zm','491968/11/1','107603285','ZN271714',1,'Dv5drskpd7Lnbwe-V9Y5svA_7nC_L7up','$2y$13$LC2gjIbu8PlPP.qYAoA2Ee1bnllaMEgSpVV3WSkgz0RpGHVfgBwcu',NULL,246,'1970-11-24',NULL,NULL,NULL,NULL,NULL,NULL,'1001557538',NULL,NULL,NULL,NULL,'Married','13071434110119',NULL,NULL),(254,2,'007746','ELIZABETH M','MWEENE-CHANDA',NULL,'Mrs','Female','0977803986','makusa69@yahoo.com','makusa69@yahoo.com','594740/11/1','107947730',NULL,1,'Dv5drskpd7Lnbwe-V9Y5svA_7nC_L7up','$2y$13$LC2gjIbu8PlPP.qYAoA2Ee1bnllaMEgSpVV3WSkgz0RpGHVfgBwcu',NULL,246,'1971-07-19',NULL,NULL,NULL,NULL,NULL,NULL,'1000601919',NULL,NULL,NULL,NULL,'Married','13041600110121',NULL,NULL),(255,2,'007751','TIMOTHY','KANTENGA N M',NULL,'Mr','Male','0977 502423',NULL,NULL,'149524/23/1','120957386',NULL,0,'Dv5drskpd7Lnbwe-V9Y5svA_7nC_L7up','$2y$13$LC2gjIbu8PlPP.qYAoA2Ee1bnllaMEgSpVV3WSkgz0RpGHVfgBwcu',NULL,246,'1957-01-01',NULL,NULL,NULL,NULL,NULL,NULL,'1011553433',NULL,NULL,NULL,NULL,'Single','13036361110124',NULL,NULL),(256,2,'007758','BUNDA','BESA',NULL,'Dr','Male',NULL,'bbesa@unza.zm','bbesa@unza.zm','217964/66/1','109030606',NULL,1,'Dv5drskpd7Lnbwe-V9Y5svA_7nC_L7up','$2y$13$LC2gjIbu8PlPP.qYAoA2Ee1bnllaMEgSpVV3WSkgz0RpGHVfgBwcu',NULL,246,'1968-07-17',NULL,NULL,NULL,NULL,NULL,NULL,'1000875383',NULL,NULL,NULL,NULL,'Married','13065138110115',NULL,NULL),(257,2,'007766','EMMA','KAMANGA',NULL,'Miss','Female','0977 654537','emmah.kamanga@unza.zm','emmah.kamanga@unza.zm','258214/51/1','107549841','ZN050884',1,'Dv5drskpd7Lnbwe-V9Y5svA_7nC_L7up','$2y$13$LC2gjIbu8PlPP.qYAoA2Ee1bnllaMEgSpVV3WSkgz0RpGHVfgBwcu',NULL,246,'1973-04-25',NULL,NULL,NULL,NULL,NULL,NULL,'2396845639',NULL,NULL,NULL,NULL,'Single','13039656110126',NULL,NULL),(258,2,'007773','B F','ODIMBA KOSHE',NULL,'Prof','Male',NULL,'bwanafwamba@gmail.com','bwanafwamba@gmail.com','237794/99/3','208253172',NULL,1,'Dv5drskpd7Lnbwe-V9Y5svA_7nC_L7up','$2y$13$LC2gjIbu8PlPP.qYAoA2Ee1bnllaMEgSpVV3WSkgz0RpGHVfgBwcu',NULL,52,'1944-12-12',NULL,NULL,NULL,NULL,NULL,NULL,'1017502139',NULL,NULL,NULL,NULL,'Single','13066310110112',NULL,NULL),(259,2,'007776','SIMEON','MBEWE',NULL,'Dr','Male','0977606539','smbewe@unza.zm','smbewe@unza.zm','169033/73/1','107164049',NULL,0,'Dv5drskpd7Lnbwe-V9Y5svA_7nC_L7up','$2y$13$LC2gjIbu8PlPP.qYAoA2Ee1bnllaMEgSpVV3WSkgz0RpGHVfgBwcu',NULL,246,'1962-12-26',NULL,NULL,NULL,NULL,NULL,NULL,'1001197447',NULL,NULL,NULL,NULL,'Married','13036620110126',NULL,NULL),(260,2,'007778','KALALUKA L','MUNYINDA',NULL,'Dr','Male',NULL,'kalaluka.munyinda@unza.zm','kalaluka.munyinda@unza.zm','311718/11/1','116183058',NULL,1,'Dv5drskpd7Lnbwe-V9Y5svA_7nC_L7up','$2y$13$LC2gjIbu8PlPP.qYAoA2Ee1bnllaMEgSpVV3WSkgz0RpGHVfgBwcu',NULL,246,'1944-04-04',NULL,NULL,NULL,NULL,NULL,NULL,'2131066823',NULL,NULL,NULL,NULL,'Single','13071448110111',NULL,NULL),(261,7,'007786','HIKABASA','HALWINDI',NULL,'Dr','Male','0955754563','hikabasa.halwindi@unza.zm','hikabasa.halwindi@unza.zm','278388/74/1','108488973','ZK028042',1,'Dv5drskpd7Lnbwe-V9Y5svA_7nC_L7up','$2y$13$LC2gjIbu8PlPP.qYAoA2Ee1bnllaMEgSpVV3WSkgz0RpGHVfgBwcu',NULL,246,'1970-05-02',NULL,NULL,NULL,NULL,NULL,NULL,'1001006782',NULL,NULL,NULL,NULL,'Married','13063083110117',NULL,NULL),(262,2,'007787','DAVID','ZULU',NULL,'Mr','Male','0977891332','dzulu@unza.zm','dzulu@unza.zm','189743/71/1','108491415',NULL,1,'Dv5drskpd7Lnbwe-V9Y5svA_7nC_L7up','$2y$13$LC2gjIbu8PlPP.qYAoA2Ee1bnllaMEgSpVV3WSkgz0RpGHVfgBwcu',NULL,246,'1975-01-01',NULL,NULL,NULL,NULL,NULL,NULL,'1003864557',NULL,NULL,NULL,NULL,'Single','13059631110118',NULL,NULL),(263,2,'007789','AUSTIN','MBOZI',NULL,'Mr','Male','0978741920','austin.mbozi@unza.zm','austin.mbozi@unza.zm','191032/17/1','108491946',NULL,1,'Dv5drskpd7Lnbwe-V9Y5svA_7nC_L7up','$2y$13$LC2gjIbu8PlPP.qYAoA2Ee1bnllaMEgSpVV3WSkgz0RpGHVfgBwcu',NULL,246,'1969-11-23',NULL,NULL,NULL,NULL,NULL,NULL,'2186102376',NULL,NULL,NULL,NULL,'Single','13065524110113',NULL,NULL),(264,2,'007791','MEBELO','MATAA',NULL,'Dr','Male','097 7 808868','mmataa@unza.zm','mmataa@unza.zm','184524/16/1','116187642','ZG87155',1,'Dv5drskpd7Lnbwe-V9Y5svA_7nC_L7up','$2y$13$LC2gjIbu8PlPP.qYAoA2Ee1bnllaMEgSpVV3WSkgz0RpGHVfgBwcu',NULL,246,'1961-05-23',NULL,NULL,NULL,NULL,NULL,NULL,'1000469105',NULL,NULL,NULL,NULL,'Married','13065151110112',NULL,NULL),(265,2,'007795','CHILUFYA','LENGWE',NULL,'Mr','Male',NULL,'chilufya.lengwe@unza.zm','chilufya.lengwe@unza.zm','105528/49/1','107508934',NULL,1,'Dv5drskpd7Lnbwe-V9Y5svA_7nC_L7up','$2y$13$LC2gjIbu8PlPP.qYAoA2Ee1bnllaMEgSpVV3WSkgz0RpGHVfgBwcu',NULL,246,'1973-05-22',NULL,NULL,NULL,NULL,NULL,NULL,'1004417198',NULL,NULL,NULL,NULL,'Married','13066367110112',NULL,NULL),(266,2,'007797','TRYSON','CHINGIZYA',NULL,'Mr','Male',NULL,NULL,NULL,'187085/73/1','107508960',NULL,1,'Dv5drskpd7Lnbwe-V9Y5svA_7nC_L7up','$2y$13$LC2gjIbu8PlPP.qYAoA2Ee1bnllaMEgSpVV3WSkgz0RpGHVfgBwcu',NULL,246,'1967-06-25',NULL,NULL,NULL,NULL,NULL,NULL,'1005067454',NULL,NULL,NULL,NULL,'Married','13068600110112',NULL,NULL),(267,2,'007799','WILLA','MULABIKA',NULL,'Mr','Male',NULL,'mulabikaw@gmail.com','mulabikaw@gmail.com','243112/66/1','120541248',NULL,1,'Dv5drskpd7Lnbwe-V9Y5svA_7nC_L7up','$2y$13$LC2gjIbu8PlPP.qYAoA2Ee1bnllaMEgSpVV3WSkgz0RpGHVfgBwcu',NULL,246,'1971-08-26',NULL,NULL,NULL,NULL,NULL,NULL,'1013180855',NULL,NULL,NULL,NULL,'Single','13637055110112',NULL,NULL),(268,2,'007800','SAUL','MISHIBA',NULL,'Mr','Male','0977728307','saul.mishiba@unza.zm','saul.mishiba@unza.zm','169729/15/1','107507946','ZT 85828',1,'Dv5drskpd7Lnbwe-V9Y5svA_7nC_L7up','$2y$13$LC2gjIbu8PlPP.qYAoA2Ee1bnllaMEgSpVV3WSkgz0RpGHVfgBwcu',NULL,246,'1975-05-28',NULL,NULL,NULL,NULL,NULL,NULL,'1000790541',NULL,NULL,NULL,NULL,'Married','13065136110112',NULL,NULL),(269,2,'007801','WALLACE','HAZIYU ','MULEYA','Mr','Male',NULL,'whaziyu@unza.zm','whaziyu@unza.zm','165718/73/1','116187767','ZP 165718/73/1',0,'Dv5drskpd7Lnbwe-V9Y5svA_7nC_L7up','$2y$13$LC2gjIbu8PlPP.qYAoA2Ee1bnllaMEgSpVV3WSkgz0RpGHVfgBwcu',NULL,246,'1961-09-03',NULL,NULL,NULL,NULL,NULL,NULL,'1001172869',NULL,NULL,NULL,NULL,'Single','13067822110115',NULL,NULL),(270,2,'007804','FELIX','MASIYE',NULL,'Prof','Male',NULL,'felix.masiye@unza.zm','felix.masiye@unza.zm','198518/68/1','116182058',NULL,1,'Dv5drskpd7Lnbwe-V9Y5svA_7nC_L7up','$2y$13$LC2gjIbu8PlPP.qYAoA2Ee1bnllaMEgSpVV3WSkgz0RpGHVfgBwcu',NULL,246,'1971-08-14',NULL,NULL,NULL,NULL,NULL,NULL,'1000518941',NULL,NULL,NULL,NULL,'Married','13064671110113',NULL,NULL),(271,2,'007812','VENARSIOUS','CHISHIMBA',NULL,'Mr','Male',NULL,'vchishimba@unza.zm','vchishimba@unza.zm','153716/63/1','107550472',NULL,1,'Dv5drskpd7Lnbwe-V9Y5svA_7nC_L7up','$2y$13$LC2gjIbu8PlPP.qYAoA2Ee1bnllaMEgSpVV3WSkgz0RpGHVfgBwcu',NULL,246,'1972-05-15',NULL,NULL,NULL,NULL,NULL,NULL,'1001225964',NULL,NULL,NULL,NULL,'Married','13067922110114',NULL,NULL),(272,2,'007814','LIKEZO','MUYUNDA- NABUZOKA',NULL,'Mrs','Female','0977876441','likezo.nabuzoka@unza.zm','likezo.nabuzoka@unza.zm','209780/73/1','107507009',NULL,1,'Dv5drskpd7Lnbwe-V9Y5svA_7nC_L7up','$2y$13$LC2gjIbu8PlPP.qYAoA2Ee1bnllaMEgSpVV3WSkgz0RpGHVfgBwcu',NULL,246,'1975-04-03',NULL,NULL,NULL,NULL,NULL,NULL,'1005465606',NULL,NULL,NULL,NULL,'Married','13040533110125',NULL,NULL),(273,2,'007815','JUNITOR','CHIABI - IMATAA',NULL,'Ms','Female',NULL,'junitor.chiabi@unza.zm','junitor.chiabi@unza.zm','201483/31/1','107512349',NULL,1,'Dv5drskpd7Lnbwe-V9Y5svA_7nC_L7up','$2y$13$LC2gjIbu8PlPP.qYAoA2Ee1bnllaMEgSpVV3WSkgz0RpGHVfgBwcu',NULL,246,'1974-10-15',NULL,NULL,NULL,NULL,NULL,NULL,'1000232142',NULL,NULL,NULL,NULL,'Married','13040209110123',NULL,NULL),(274,2,'007817','MARIA','PALUKANI THUO',NULL,'Mrs','Female','0977433270','mpalukani@unza.zm','mpalukani@unza.zm','599858/11/1','122160448',NULL,1,'Dv5drskpd7Lnbwe-V9Y5svA_7nC_L7up','$2y$13$LC2gjIbu8PlPP.qYAoA2Ee1bnllaMEgSpVV3WSkgz0RpGHVfgBwcu',NULL,246,'1973-06-11',NULL,NULL,NULL,NULL,NULL,NULL,'1000259492',NULL,NULL,NULL,NULL,'Married','13041594110122',NULL,NULL),(275,2,'007821','DAVIS','MUNGILI SIKOTA',NULL,'Mr','Male','+260 977 989200','sikota.mungili@unza.zm','sikota.mungili@unza.zm','201590/84/1','112114122',NULL,1,'Dv5drskpd7Lnbwe-V9Y5svA_7nC_L7up','$2y$13$LC2gjIbu8PlPP.qYAoA2Ee1bnllaMEgSpVV3WSkgz0RpGHVfgBwcu',NULL,246,'1969-08-15',NULL,NULL,NULL,NULL,NULL,NULL,'1004530688',NULL,NULL,NULL,NULL,'Married','13066282110113',NULL,NULL),(276,2,'007823','THANKIAN','KUSANTHAN',NULL,'Dr','Male','0977 - 794730','t.kusanthan@unza.zm','t.kusanthan@unza.zm','510089/10/1','110833007','A9008860',1,'Dv5drskpd7Lnbwe-V9Y5svA_7nC_L7up','$2y$13$LC2gjIbu8PlPP.qYAoA2Ee1bnllaMEgSpVV3WSkgz0RpGHVfgBwcu',NULL,103,'1964-05-30',NULL,NULL,NULL,NULL,NULL,NULL,'2000857439',NULL,NULL,NULL,NULL,'Married','13063088110112',NULL,NULL),(277,2,'007824','JOHN','SHINDANO',NULL,'Dr','Male','095 5 753612','jshindano@unza.zm','jshindano@unza.zm','115952/25/1','116169012','ZN038769',1,'Dv5drskpd7Lnbwe-V9Y5svA_7nC_L7up','$2y$13$tvG/mzF9lzgvrTjkgjfUW.2NHL1nabSoc.CKBPq7Ii3vCU7ruLHNK',NULL,246,'1970-08-24',NULL,NULL,NULL,NULL,NULL,NULL,'1000461866',NULL,NULL,'2025-01-29 11:48:01',NULL,'Married','13055065110118',NULL,NULL),(278,2,'007825','MASHARIP','ATADZHANOV',NULL,'Prof','Male','0977 - 775662','masharip@unza.zm','masharip@unza.zm','991180/11/2','107511438','AA0255142',1,'Dv5drskpd7Lnbwe-V9Y5svA_7nC_L7up','$2y$13$LC2gjIbu8PlPP.qYAoA2Ee1bnllaMEgSpVV3WSkgz0RpGHVfgBwcu',NULL,185,'1944-08-23',NULL,NULL,NULL,NULL,NULL,NULL,'1004365146',NULL,NULL,NULL,NULL,'Married','13066297110117',NULL,NULL),(279,2,'007831','SVETLANA','KALINICHENKO',NULL,'Dr','Female',NULL,NULL,NULL,'208570/11/1','116169769',NULL,1,'Dv5drskpd7Lnbwe-V9Y5svA_7nC_L7up','$2y$13$LC2gjIbu8PlPP.qYAoA2Ee1bnllaMEgSpVV3WSkgz0RpGHVfgBwcu',NULL,246,'1954-01-01',NULL,NULL,NULL,NULL,NULL,NULL,'1004365146',NULL,NULL,NULL,NULL,'Single','13068386110118',NULL,NULL),(280,2,'007847','MARCEL','MOOTO SONDO',NULL,'Mr','Male','0977 843928','marcel.mooto@unza.zm','marcel.mooto@unza.zm','476698/11/1','107509047',NULL,1,'Dv5drskpd7Lnbwe-V9Y5svA_7nC_L7up','$2y$13$LC2gjIbu8PlPP.qYAoA2Ee1bnllaMEgSpVV3WSkgz0RpGHVfgBwcu',NULL,246,'1970-03-01',NULL,NULL,NULL,NULL,NULL,NULL,'1011765014',NULL,NULL,NULL,NULL,'Married','13066984110111',NULL,NULL),(281,2,'007849','BRENDAH','MWALE','MHLANGA','Mrs','Female','0977844239','brenda.mwale@unza.zm','brenda.mwale@unza.zm','228888/51/1','108303834',NULL,1,'Dv5drskpd7Lnbwe-V9Y5svA_7nC_L7up','$2y$13$LC2gjIbu8PlPP.qYAoA2Ee1bnllaMEgSpVV3WSkgz0RpGHVfgBwcu',NULL,246,'1965-07-23',NULL,NULL,NULL,NULL,NULL,NULL,'1004836221',NULL,NULL,NULL,NULL,'Married','13040028110121',NULL,NULL),(282,12,'007850','MWAPE','NSHIMBI',NULL,'Mr','Male','0977 399759','mwape.nshimbi@unza.zm','mwape.nshimbi@unza.zm','265400/74/1','108490845','ZP 265400/74/1',1,'Dv5drskpd7Lnbwe-V9Y5svA_7nC_L7up','$2y$13$LC2gjIbu8PlPP.qYAoA2Ee1bnllaMEgSpVV3WSkgz0RpGHVfgBwcu',NULL,246,'1969-05-25',NULL,NULL,NULL,NULL,NULL,NULL,'1001452585',NULL,NULL,NULL,NULL,'Married','13067244110116',NULL,NULL),(283,2,'007851','JUDITH','ZULU BANDA',NULL,'Mrs','Female',NULL,'judith.banda@unza.zm','judith.banda@unza.zm','587024/11/1','107512503','ZN017879',1,'Dv5drskpd7Lnbwe-V9Y5svA_7nC_L7up','$2y$13$LC2gjIbu8PlPP.qYAoA2Ee1bnllaMEgSpVV3WSkgz0RpGHVfgBwcu',NULL,246,'1973-01-01',NULL,NULL,NULL,NULL,NULL,NULL,'1001104134',NULL,NULL,NULL,NULL,'Married','13041440110124',NULL,NULL),(284,12,'007852','PETRONELA ','TONGA','CHIMISA','Mrs','Female','0955754579','petronela.tonga@unza.zm','petronela.tonga@unza.zm','478963/11/1','107599276','ZP 004970',1,'Dv5drskpd7Lnbwe-V9Y5svA_7nC_L7up','$2y$13$LC2gjIbu8PlPP.qYAoA2Ee1bnllaMEgSpVV3WSkgz0RpGHVfgBwcu',NULL,246,'1969-07-29',NULL,NULL,NULL,NULL,NULL,NULL,'1000552180',NULL,NULL,NULL,NULL,'Married','13040208110124',NULL,NULL),(285,2,'007853','BRENDAH','BWALYA',NULL,'Miss','Female','0955 749300','brendah.bwalya@unza.zm','brendah.bwalya@unza.zm','152858/46/1','308778411','ZP 152858/46/1',0,'Dv5drskpd7Lnbwe-V9Y5svA_7nC_L7up','$2y$13$LC2gjIbu8PlPP.qYAoA2Ee1bnllaMEgSpVV3WSkgz0RpGHVfgBwcu',NULL,246,'1966-05-12',NULL,NULL,NULL,NULL,NULL,NULL,'1000966456',NULL,NULL,NULL,NULL,'Single','13067888110119',NULL,NULL),(286,2,'007854','SAMANTHA NKOLE','MUKALULA',NULL,'Ms','Female','0977821469','samantha.mukalula@unza.zm','samantha.mukalula@unza.zm','645191/11/1','108486884','ZJ 11731',1,'Dv5drskpd7Lnbwe-V9Y5svA_7nC_L7up','$2y$13$LC2gjIbu8PlPP.qYAoA2Ee1bnllaMEgSpVV3WSkgz0RpGHVfgBwcu',NULL,246,'1975-10-16',NULL,NULL,NULL,NULL,NULL,NULL,'1000896913',NULL,NULL,NULL,NULL,'Single','13040789110126',NULL,NULL),(287,2,'007855','CILLA','NACHELA','CHOLA','Miss','Female','0978303709','cilla.nachela@unza.zm','cilla.nachela@unza.zm','230947/64/1','108489935','ZH75067',1,'Dv5drskpd7Lnbwe-V9Y5svA_7nC_L7up','$2y$13$LC2gjIbu8PlPP.qYAoA2Ee1bnllaMEgSpVV3WSkgz0RpGHVfgBwcu',NULL,246,'1973-04-25',NULL,NULL,NULL,NULL,NULL,NULL,'1002952443',NULL,NULL,NULL,NULL,'Single','13039802110128',NULL,NULL),(288,2,'007856','MARY','NGOMA MWANZA',NULL,'Mrs','Female',NULL,'mary.ngoma@unza.zm','mary.ngoma@unza.zm','115423/14/1','108487581',NULL,1,'Dv5drskpd7Lnbwe-V9Y5svA_7nC_L7up','$2y$13$LC2gjIbu8PlPP.qYAoA2Ee1bnllaMEgSpVV3WSkgz0RpGHVfgBwcu',NULL,246,'1970-09-12',NULL,NULL,NULL,NULL,NULL,NULL,'1005969302',NULL,NULL,NULL,NULL,'Married','13041766110121',NULL,NULL),(289,2,'007857','SARAH','MITI',NULL,'Miss','Female','0979686087','sarah.miti@unza.zm','sarah.miti@unza.zm','247978/16/1','107549485','ZN303790',1,'Dv5drskpd7Lnbwe-V9Y5svA_7nC_L7up','$2y$13$LC2gjIbu8PlPP.qYAoA2Ee1bnllaMEgSpVV3WSkgz0RpGHVfgBwcu',NULL,246,'1973-06-03',NULL,NULL,NULL,NULL,NULL,NULL,'1002556124',NULL,NULL,NULL,NULL,'Single','13040556110122',NULL,NULL),(290,2,'007862','KAMINI','KRISHNA',NULL,'Dr','Female',NULL,'kkrishna@unza.zm','kkrishna@unza.zm','998152/11/2','106600012','G5896589',1,'Dv5drskpd7Lnbwe-V9Y5svA_7nC_L7up','$2y$13$LC2gjIbu8PlPP.qYAoA2Ee1bnllaMEgSpVV3WSkgz0RpGHVfgBwcu',NULL,103,'1951-09-16',NULL,NULL,NULL,NULL,NULL,NULL,'1004703897',NULL,NULL,NULL,NULL,'Married','13039060110127',NULL,NULL),(291,2,'007865','SIMONDA','KAKULEKELO',NULL,'Mr','Male','0976-175581',NULL,NULL,'211282/82/1','108280648',NULL,0,'Dv5drskpd7Lnbwe-V9Y5svA_7nC_L7up','$2y$13$LC2gjIbu8PlPP.qYAoA2Ee1bnllaMEgSpVV3WSkgz0RpGHVfgBwcu',NULL,246,'1964-01-01',NULL,NULL,NULL,NULL,NULL,NULL,'1008555940',NULL,NULL,NULL,NULL,'Married','13066308110112',NULL,NULL),(292,2,'007866','COSTERN','SIATYOKA',NULL,'Mr','Male','097 6 768684','coster.siatyoka@unza.zm','coster.siatyoka@unza.zm','276098/74/1','102572716',NULL,0,'Dv5drskpd7Lnbwe-V9Y5svA_7nC_L7up','$2y$13$LC2gjIbu8PlPP.qYAoA2Ee1bnllaMEgSpVV3WSkgz0RpGHVfgBwcu',NULL,246,'1970-12-07',NULL,NULL,NULL,NULL,NULL,NULL,'1016453383',NULL,NULL,NULL,NULL,'Married','13070571110118',NULL,NULL),(293,2,'007884','DAVID','KABASO','MWANSA','Mr','Male',NULL,'dkabaso@unza.zm','dkabaso@unza.zm','265034/61/1',NULL,NULL,0,'Dv5drskpd7Lnbwe-V9Y5svA_7nC_L7up','$2y$13$LC2gjIbu8PlPP.qYAoA2Ee1bnllaMEgSpVV3WSkgz0RpGHVfgBwcu',NULL,246,'1967-09-30',NULL,NULL,NULL,NULL,NULL,NULL,'1000520101',NULL,NULL,NULL,NULL,'Married','13066322110115',NULL,NULL),(294,2,'007885','GEOFFREY','KWENDA',NULL,'Dr','Male','+260979428815','kwenda.geoffrey@unza.zm','kwenda.geoffrey@unza.zm','384616/11/1',NULL,NULL,0,'Dv5drskpd7Lnbwe-V9Y5svA_7nC_L7up','$2y$13$LC2gjIbu8PlPP.qYAoA2Ee1bnllaMEgSpVV3WSkgz0RpGHVfgBwcu',NULL,246,'1963-03-19',NULL,NULL,NULL,NULL,NULL,NULL,'1000813579',NULL,NULL,NULL,NULL,'Married','13063776110112',NULL,NULL),(295,2,'007904','ALFRED D','MWAMBA',NULL,'Mr','Male','09559921980977','admwamba@unza.zm','admwamba@unza.zm','189698/68/1','107506491','ZH 420114',0,'Dv5drskpd7Lnbwe-V9Y5svA_7nC_L7up','$2y$13$LC2gjIbu8PlPP.qYAoA2Ee1bnllaMEgSpVV3WSkgz0RpGHVfgBwcu',NULL,246,'1964-06-16',NULL,NULL,NULL,NULL,NULL,NULL,'1001281551',NULL,NULL,NULL,NULL,'Married','13063082110112',NULL,NULL),(296,2,'007905','MARTIN','KAHOKOLA',NULL,'Mr','Male','0979244516','martin.kahokola@unza.zm','martin.kahokola@unza.zm','196629/68/1','107506554',NULL,1,'Dv5drskpd7Lnbwe-V9Y5svA_7nC_L7up','$2y$13$LC2gjIbu8PlPP.qYAoA2Ee1bnllaMEgSpVV3WSkgz0RpGHVfgBwcu',NULL,246,'1970-08-05',NULL,NULL,NULL,NULL,NULL,NULL,'1016589086',NULL,NULL,NULL,NULL,'Married','13035171110124',NULL,NULL),(297,2,'007915','TOBIAS','ALUBI',NULL,'Mr','Male',NULL,'tobias.alubi@unza.zm','tobias.alubi@unza.zm','329936/67/1','108608737','ZM067000',1,'Dv5drskpd7Lnbwe-V9Y5svA_7nC_L7up','$2y$13$LC2gjIbu8PlPP.qYAoA2Ee1bnllaMEgSpVV3WSkgz0RpGHVfgBwcu',NULL,246,'1973-09-27',NULL,NULL,NULL,NULL,NULL,NULL,'1007594504',NULL,NULL,NULL,NULL,'Married','13067916110117',NULL,NULL),(298,2,'007925','SHARON','MATENGA',NULL,'Miss','Female',NULL,'sharon.matenga@unza.zm','sharon.matenga@unza.zm','170503/45/1','107512250','ZH58922',1,'Dv5drskpd7Lnbwe-V9Y5svA_7nC_L7up','$2y$13$LC2gjIbu8PlPP.qYAoA2Ee1bnllaMEgSpVV3WSkgz0RpGHVfgBwcu',NULL,246,'1974-10-14',NULL,NULL,NULL,NULL,NULL,NULL,'1001199094',NULL,NULL,NULL,NULL,'Single','13038779110122',NULL,NULL),(299,2,'007927','B. PRECIOUS','MWEEMBA',NULL,'Miss','Female',NULL,'precious.mweemba@unza.zm','precious.mweemba@unza.zm','190276/71/1','116182060',NULL,1,'Dv5drskpd7Lnbwe-V9Y5svA_7nC_L7up','$2y$13$LC2gjIbu8PlPP.qYAoA2Ee1bnllaMEgSpVV3WSkgz0RpGHVfgBwcu',NULL,246,'1978-04-15',NULL,NULL,NULL,NULL,NULL,NULL,'1003711166',NULL,NULL,NULL,NULL,'Single','13040517110125',NULL,NULL),(300,2,'007930','MUKUMBI IREEN','SINYANGWE M',NULL,'Mrs','Female',NULL,'imukumbi@unza.zm','imukumbi@unza.zm','664479/11/1','108094297',NULL,1,'Dv5drskpd7Lnbwe-V9Y5svA_7nC_L7up','$2y$13$LC2gjIbu8PlPP.qYAoA2Ee1bnllaMEgSpVV3WSkgz0RpGHVfgBwcu',NULL,246,'1976-12-10',NULL,NULL,NULL,NULL,NULL,NULL,'1005175514',NULL,NULL,NULL,NULL,'Married','13040494110127',NULL,NULL),(301,2,'007934','JONES JANI','MUDENDA',NULL,'Mr','Male','0977 452833','jones.mudende@unza.zm','jones.mudende@unza.zm','253990/74/1','102572855',NULL,1,'Dv5drskpd7Lnbwe-V9Y5svA_7nC_L7up','$2y$13$LC2gjIbu8PlPP.qYAoA2Ee1bnllaMEgSpVV3WSkgz0RpGHVfgBwcu',NULL,246,'1965-04-12',NULL,NULL,NULL,NULL,NULL,NULL,'1006522775',NULL,NULL,NULL,NULL,'Married','13065261110113',NULL,NULL),(302,2,'007936','ANGEL','MHLANGA',NULL,'Mr','Male','0970390426','angel.mhlanga@unza.zm','angel.mhlanga@unza.zm','242770/51/1','102572691',NULL,1,'Dv5drskpd7Lnbwe-V9Y5svA_7nC_L7up','$2y$13$LC2gjIbu8PlPP.qYAoA2Ee1bnllaMEgSpVV3WSkgz0RpGHVfgBwcu',NULL,246,'1968-11-21',NULL,NULL,NULL,NULL,NULL,NULL,'1006522775',NULL,NULL,NULL,NULL,'Married','13071505110112',NULL,NULL),(303,2,'007939','PETER','BANDA',NULL,'Mr','Male','0977 884937','peter.banda@unza.zm','peter.banda@unza.zm','603472/11/1','102350205',NULL,1,'Dv5drskpd7Lnbwe-V9Y5svA_7nC_L7up','$2y$13$LC2gjIbu8PlPP.qYAoA2Ee1bnllaMEgSpVV3WSkgz0RpGHVfgBwcu',NULL,246,'1974-12-18',NULL,NULL,NULL,NULL,NULL,NULL,'1004347013',NULL,NULL,NULL,NULL,'Married','13063163110114',NULL,NULL),(304,2,'007942','MWANSA ANNIE','MUNTANGA',NULL,'Mrs','Female','0977 480396','annie.muntanga@unza.zm','annie.muntanga@unza.zm','233608/16/1','107550028',NULL,1,'Dv5drskpd7Lnbwe-V9Y5svA_7nC_L7up','$2y$13$LC2gjIbu8PlPP.qYAoA2Ee1bnllaMEgSpVV3WSkgz0RpGHVfgBwcu',NULL,246,'1969-12-30',NULL,NULL,NULL,NULL,NULL,NULL,'1012402763',NULL,NULL,NULL,NULL,'Married','13039316110126',NULL,NULL),(305,2,'007944','EMELDAH','MUYAMBANGO',NULL,'Miss','Female','0977 658749','emeldah.muyambango@unza.zm','emeldah.muyambango@unza.zm','253577/82/1','102569957',NULL,1,'Dv5drskpd7Lnbwe-V9Y5svA_7nC_L7up','$2y$13$LC2gjIbu8PlPP.qYAoA2Ee1bnllaMEgSpVV3WSkgz0RpGHVfgBwcu',NULL,246,'1973-03-27',NULL,NULL,NULL,NULL,NULL,NULL,'1006562262',NULL,NULL,NULL,NULL,'Single','13038476110125',NULL,NULL),(306,2,'007948','MANYANDO','MUKUBESA',NULL,'Mr','Male','097 9 639804','manyando.mukubesa@unza.zm','manyando.mukubesa@unza.zm','199445/84/1','101074466',NULL,1,'Dv5drskpd7Lnbwe-V9Y5svA_7nC_L7up','$2y$13$LC2gjIbu8PlPP.qYAoA2Ee1bnllaMEgSpVV3WSkgz0RpGHVfgBwcu',NULL,246,'1970-01-01',NULL,NULL,NULL,NULL,NULL,NULL,'1006765313',NULL,NULL,NULL,NULL,'Married','13070246110119',NULL,NULL),(307,2,'007952','SIMON  CHAILA','BWALI',NULL,'Mr','Male','0979475108','simonchailabwali@unza.zm','simonchailabwali@unza.zm','208557/43/1','102572817',NULL,1,'Dv5drskpd7Lnbwe-V9Y5svA_7nC_L7up','$2y$13$LC2gjIbu8PlPP.qYAoA2Ee1bnllaMEgSpVV3WSkgz0RpGHVfgBwcu',NULL,246,'1968-08-23',NULL,NULL,NULL,NULL,NULL,NULL,'1012163066',NULL,NULL,NULL,NULL,NULL,'13066988110111',NULL,NULL),(308,2,'007954','MIRANDA MAIMBOLWA','SIKAANA- NDUNDA',NULL,'Mrs','Female','0977941898','maimbolwa.sikaana@unza.zm','maimbolwa.sikaana@unza.zm','184471/84/1','107600778',NULL,0,'Dv5drskpd7Lnbwe-V9Y5svA_7nC_L7up','$2y$13$LC2gjIbu8PlPP.qYAoA2Ee1bnllaMEgSpVV3WSkgz0RpGHVfgBwcu',NULL,246,'1963-09-13',NULL,NULL,NULL,NULL,NULL,NULL,'1004927301',NULL,NULL,NULL,NULL,'Married','11787579110114',NULL,NULL),(309,2,'007957','MALUMO','ZULU','MONDE','Mrs','Female','0977 729488','malumo.zulu@unza.zm','malumo.zulu@unza.zm','191187/83/1','102572805',NULL,1,'Dv5drskpd7Lnbwe-V9Y5svA_7nC_L7up','$2y$13$LC2gjIbu8PlPP.qYAoA2Ee1bnllaMEgSpVV3WSkgz0RpGHVfgBwcu',NULL,246,'1969-04-21',NULL,NULL,NULL,NULL,NULL,NULL,'1007210170',NULL,NULL,NULL,NULL,'Married','13041659110125',NULL,NULL),(310,2,'007959','CHRISTOPHER','PHIRI',NULL,'Mr','Male','0977 619581',NULL,NULL,'580715/11/1','107510945',NULL,1,'Dv5drskpd7Lnbwe-V9Y5svA_7nC_L7up','$2y$13$LC2gjIbu8PlPP.qYAoA2Ee1bnllaMEgSpVV3WSkgz0RpGHVfgBwcu',NULL,246,'1973-10-23',NULL,NULL,NULL,NULL,NULL,NULL,'1003882504',NULL,NULL,NULL,NULL,'Married','13069293110118',NULL,NULL),(311,2,'007960','WILLIAM','NKOLE',NULL,'Mr','Male',NULL,'william.nkole@unza.zm','william.nkole@unza.zm','666855/11/1','116182072',NULL,1,'Dv5drskpd7Lnbwe-V9Y5svA_7nC_L7up','$2y$13$LC2gjIbu8PlPP.qYAoA2Ee1bnllaMEgSpVV3WSkgz0RpGHVfgBwcu',NULL,246,'1976-01-02',NULL,NULL,NULL,NULL,NULL,NULL,'1008879240',NULL,NULL,NULL,NULL,'Married','13070509110117',NULL,NULL),(312,2,'007964','BENSON','MANDANDA',NULL,'Mr','Male','0977 852556','benson.mandanda@unza.zm','benson.mandanda@unza.zm','166366/16/1','704234657','ZG 58080',1,'Dv5drskpd7Lnbwe-V9Y5svA_7nC_L7up','$2y$13$LC2gjIbu8PlPP.qYAoA2Ee1bnllaMEgSpVV3WSkgz0RpGHVfgBwcu',NULL,246,'1957-09-20',NULL,NULL,NULL,NULL,NULL,NULL,'1006874022',NULL,NULL,NULL,NULL,'Widowed','13064133110115',NULL,NULL),(313,2,'007966','LUCKY C.','SIMWANZA',NULL,'Mr','Male','097277723801',NULL,NULL,'415554/11/1','100280488',NULL,1,'Dv5drskpd7Lnbwe-V9Y5svA_7nC_L7up','$2y$13$LC2gjIbu8PlPP.qYAoA2Ee1bnllaMEgSpVV3WSkgz0RpGHVfgBwcu',NULL,246,'1966-06-01',NULL,NULL,NULL,NULL,NULL,NULL,'1004769367',NULL,NULL,NULL,NULL,'Married','13069296110112',NULL,NULL),(314,2,'007967','ERNEST','MKUYAMBA',NULL,'Mr','Male','0955-880296','ernest.mkuyamba@unza.zm','ernest.mkuyamba@unza.zm','251594/16/1','107506580','ZN 316724',1,'Dv5drskpd7Lnbwe-V9Y5svA_7nC_L7up','$2y$13$FFINpmMUL1CYblWE0ZLn3uGTE1zj703hcvqvnqNyGTn9Iv2KVP66S',NULL,246,'1975-03-21',NULL,NULL,NULL,NULL,NULL,'xSO7XVEG6TJEXLV3SyZzAvHl1YLhaciI.jpg','1004653519',NULL,NULL,'2025-02-03 16:31:01',NULL,'Married','13063077110119',NULL,NULL),(315,2,'007969','LAWRENCE','NGANDWE',NULL,'Mr','Male','+260977611644','lngandwe@unza.zm','lngandwe@unza.zm','232593/16/1','116182084','ZN 003797',1,'Dv5drskpd7Lnbwe-V9Y5svA_7nC_L7up','$2y$13$LC2gjIbu8PlPP.qYAoA2Ee1bnllaMEgSpVV3WSkgz0RpGHVfgBwcu',NULL,246,'1970-11-25',NULL,NULL,NULL,NULL,NULL,NULL,'1007965779',NULL,NULL,NULL,NULL,'Married','13064474110113',NULL,NULL),(316,2,'007972','CEASER','MWANZA',NULL,'Mr','Male','0977 811897','ceaser.mwanza@unza.zm','ceaser.mwanza@unza.zm','595528/11/1','102594790',NULL,1,'Dv5drskpd7Lnbwe-V9Y5svA_7nC_L7up','$2y$13$LC2gjIbu8PlPP.qYAoA2Ee1bnllaMEgSpVV3WSkgz0RpGHVfgBwcu',NULL,246,'1974-11-14',NULL,NULL,NULL,NULL,NULL,NULL,'1001305987',NULL,NULL,NULL,NULL,'Married','13068408110111',NULL,NULL),(317,2,'007973','ENOCK','MUTATI MUSONDA',NULL,'Mr','Male',NULL,'enock.mutati@unza.zm','enock.mutati@unza.zm','209745/43/1','107600095','ZG 85481',1,'Dv5drskpd7Lnbwe-V9Y5svA_7nC_L7up','$2y$13$LC2gjIbu8PlPP.qYAoA2Ee1bnllaMEgSpVV3WSkgz0RpGHVfgBwcu',NULL,246,'1969-12-22',NULL,NULL,NULL,NULL,NULL,NULL,'2001277963',NULL,NULL,NULL,NULL,'Married','13055277110114',NULL,NULL),(318,2,'007989','NAMAKANDO','SILUMBE',NULL,'Mr','Male','097 6 932436','namakando.silumbe@unza.zm','namakando.silumbe@unza.zm','583970/11/1','102569882',NULL,1,'Dv5drskpd7Lnbwe-V9Y5svA_7nC_L7up','$2y$13$LC2gjIbu8PlPP.qYAoA2Ee1bnllaMEgSpVV3WSkgz0RpGHVfgBwcu',NULL,246,'1971-10-01',NULL,NULL,NULL,NULL,NULL,NULL,'1017683060',NULL,NULL,NULL,NULL,'Single','13064456110118',NULL,NULL),(319,2,'007999','PHILLIP','FUNDA',NULL,'Mr','Male','0977630440','phillip.funda@unza.zm','phillip.funda@unza.zm','185051/44/1','108303745','ZJ 26291',1,'Dv5drskpd7Lnbwe-V9Y5svA_7nC_L7up','$2y$13$LC2gjIbu8PlPP.qYAoA2Ee1bnllaMEgSpVV3WSkgz0RpGHVfgBwcu',NULL,246,'1970-12-06',NULL,NULL,NULL,NULL,NULL,NULL,'1001118228',NULL,NULL,NULL,NULL,'Married','13055447110119',NULL,NULL),(320,2,'008007','EUSTACE M.','CHEWE',NULL,'Mr','Male','0955-952340','eustace.chewe@unza.zm','eustace.chewe@unza.zm','271219/61/1','107510844',NULL,1,'Dv5drskpd7Lnbwe-V9Y5svA_7nC_L7up','$2y$13$LC2gjIbu8PlPP.qYAoA2Ee1bnllaMEgSpVV3WSkgz0RpGHVfgBwcu',NULL,246,'1970-09-20',NULL,NULL,NULL,NULL,NULL,NULL,'1002420745',NULL,NULL,NULL,NULL,'Married','13067294110111',NULL,NULL),(321,2,'008008','PAUL','KELLY MAURICE',NULL,'Dr','Male',NULL,NULL,NULL,'111111/11/2','100199984',NULL,1,'Dv5drskpd7Lnbwe-V9Y5svA_7nC_L7up','$2y$13$LC2gjIbu8PlPP.qYAoA2Ee1bnllaMEgSpVV3WSkgz0RpGHVfgBwcu',NULL,234,'2011-11-11',NULL,NULL,NULL,NULL,NULL,NULL,'1002420745',NULL,NULL,NULL,NULL,'Single','13071493110116',NULL,NULL),(322,2,'008011','MAUREEN','CHISEMBELE',NULL,'Dr','Male',NULL,NULL,NULL,'386851/11/1','119639548',NULL,1,'Dv5drskpd7Lnbwe-V9Y5svA_7nC_L7up','$2y$13$LC2gjIbu8PlPP.qYAoA2Ee1bnllaMEgSpVV3WSkgz0RpGHVfgBwcu',NULL,246,'1964-01-01',NULL,NULL,NULL,NULL,NULL,NULL,'1005910422',NULL,NULL,NULL,NULL,'Single','13467335110116',NULL,NULL),(323,2,'008014','CHIZYUKA ','CHIZYUKA','GUNGUBWE','Dr','Male','0954260999','chizyuka@unza.zm','chizyuka@unza.zm','483258/11/1','108491566',NULL,1,'Dv5drskpd7Lnbwe-V9Y5svA_7nC_L7up','$2y$13$LC2gjIbu8PlPP.qYAoA2Ee1bnllaMEgSpVV3WSkgz0RpGHVfgBwcu',NULL,246,'1969-12-07',NULL,NULL,NULL,NULL,NULL,NULL,'1001283653',NULL,NULL,NULL,NULL,'Widowed','13067808110119',NULL,NULL),(324,2,'008016','ISAAC','MHLANGA',NULL,'Mr','Male','0977 717136','mhlangai@unza.zm','mhlangai@unza.zm','281218/51/1','108491578',NULL,1,'Dv5drskpd7Lnbwe-V9Y5svA_7nC_L7up','$2y$13$LC2gjIbu8PlPP.qYAoA2Ee1bnllaMEgSpVV3WSkgz0RpGHVfgBwcu',NULL,246,'1976-04-24',NULL,NULL,NULL,NULL,NULL,NULL,'1001421721',NULL,NULL,NULL,NULL,'Married','13067618110112',NULL,NULL),(325,2,'008017','CORNELIUS','SIAKACHOMA',NULL,'Mr','Male','0979481910','csiakachoma@unza.zm','csiakachoma@unza.zm','192243/76/1','116182109',NULL,1,'Dv5drskpd7Lnbwe-V9Y5svA_7nC_L7up','$2y$13$LC2gjIbu8PlPP.qYAoA2Ee1bnllaMEgSpVV3WSkgz0RpGHVfgBwcu',NULL,246,'1972-08-16',NULL,NULL,NULL,NULL,NULL,NULL,'1001290985',NULL,NULL,NULL,NULL,'Married','13065973110111',NULL,NULL),(326,2,'008019','ESTHER','NKANDU','MUNALULA ','Prof','Male','0977 796839','esther.nkandu@unza.zm','esther.nkandu@unza.zm','153602/31/1','108280333','ZP 153602/31/1',1,'Dv5drskpd7Lnbwe-V9Y5svA_7nC_L7up','$2y$13$LC2gjIbu8PlPP.qYAoA2Ee1bnllaMEgSpVV3WSkgz0RpGHVfgBwcu',NULL,246,'1961-08-09',NULL,NULL,NULL,NULL,NULL,NULL,'1002675641',NULL,NULL,NULL,NULL,'Married','13038756110124',NULL,NULL),(327,2,'008020','EDWIN','NYIRENDA',NULL,'Dr','Male','0975432630','edwin.nyirenda@unza.zm','edwin.nyirenda@unza.zm','123930/12/1','306622577',NULL,1,'Dv5drskpd7Lnbwe-V9Y5svA_7nC_L7up','$2y$13$r9nrn6.isqAoimt01pEL/eYtT21WPJQG9ILqNNUh3EUNrNtH3EW4S',NULL,246,'1959-01-01',NULL,NULL,NULL,NULL,NULL,'RJpYeHumzoXlEDGcM2yB0Zca8o6xJnwQ.jpg','1000181505',NULL,NULL,'2025-02-03 12:37:13',NULL,'Married','13067960110116',NULL,NULL),(328,2,'008025','LUCKSON','CHIYUMU',NULL,'Mr','Male','0977 500460','luckson.chiyumu@unza.zm','luckson.chiyumu@unza.zm','294827/74/1','105481996',NULL,1,'Dv5drskpd7Lnbwe-V9Y5svA_7nC_L7up','$2y$13$LC2gjIbu8PlPP.qYAoA2Ee1bnllaMEgSpVV3WSkgz0RpGHVfgBwcu',NULL,246,'1970-01-20',NULL,NULL,NULL,NULL,NULL,NULL,'1005150173',NULL,NULL,NULL,NULL,'Married','13066365110115',NULL,NULL),(329,2,'008028','DERRICK','MUWOWO',NULL,'Mr','Male','0977-926908','derrick.muwowo@unza.zm','derrick.muwowo@unza.zm','638226/11/1','107600007',NULL,1,'Dv5drskpd7Lnbwe-V9Y5svA_7nC_L7up','$2y$13$LC2gjIbu8PlPP.qYAoA2Ee1bnllaMEgSpVV3WSkgz0RpGHVfgBwcu',NULL,246,'1975-08-27',NULL,NULL,NULL,NULL,NULL,NULL,'1012355485',NULL,NULL,NULL,NULL,'Married','13063158110118',NULL,NULL),(330,2,'008032','MULINDI','MWANAHAMUNTU',NULL,'Dr','Male',NULL,NULL,NULL,'253750/74/1','919362636',NULL,0,'Dv5drskpd7Lnbwe-V9Y5svA_7nC_L7up','$2y$13$LC2gjIbu8PlPP.qYAoA2Ee1bnllaMEgSpVV3WSkgz0RpGHVfgBwcu',NULL,246,'1964-01-24',NULL,NULL,NULL,NULL,NULL,NULL,'1000311347',NULL,NULL,NULL,NULL,'Single','13038476110125',NULL,NULL),(331,2,'008046','CHIPO','SIABBAMBA',NULL,'Mr','Male',NULL,'chipo.siabbamba@unza.zm','chipo.siabbamba@unza.zm','169528/75/1','107507794',NULL,1,'Dv5drskpd7Lnbwe-V9Y5svA_7nC_L7up','$2y$13$LC2gjIbu8PlPP.qYAoA2Ee1bnllaMEgSpVV3WSkgz0RpGHVfgBwcu',NULL,246,'1965-02-15',NULL,NULL,NULL,NULL,NULL,NULL,'1004919306',NULL,NULL,NULL,NULL,'Married','13063953110116',NULL,NULL),(332,2,'008051','OLIVER','SAMUNGOLE',NULL,'Mr','Male',NULL,'o.samungole@unza.zm','o.samungole@unza.zm','294291/61/1','302284723','ZJ 50416',1,'Dv5drskpd7Lnbwe-V9Y5svA_7nC_L7up','$2y$13$LC2gjIbu8PlPP.qYAoA2Ee1bnllaMEgSpVV3WSkgz0RpGHVfgBwcu',NULL,246,'1973-01-01',NULL,NULL,NULL,NULL,NULL,NULL,'1001390871',NULL,NULL,NULL,NULL,'Married','13066277110116',NULL,NULL),(333,2,'008071','BORISOVNA','KOROLYOVA LIDIA',NULL,'Dr','Female',NULL,'lidiia.korolova@unza.zm','lidiia.korolova@unza.zm','990361/11/2','112223167P',NULL,1,'Dv5drskpd7Lnbwe-V9Y5svA_7nC_L7up','$2y$13$LC2gjIbu8PlPP.qYAoA2Ee1bnllaMEgSpVV3WSkgz0RpGHVfgBwcu',NULL,185,'1953-12-09',NULL,NULL,NULL,NULL,NULL,NULL,'1008352723',NULL,NULL,NULL,NULL,'Married','13038495110128',NULL,NULL),(334,2,'008083','H ALFRED','MBOOZI',NULL,'Mr','Male',NULL,NULL,NULL,'298695/11/1','107519539',NULL,0,'Dv5drskpd7Lnbwe-V9Y5svA_7nC_L7up','$2y$13$LC2gjIbu8PlPP.qYAoA2Ee1bnllaMEgSpVV3WSkgz0RpGHVfgBwcu',NULL,246,'1956-01-01',NULL,NULL,NULL,NULL,NULL,NULL,'1001371671',NULL,NULL,NULL,NULL,'Married','13066790110119',NULL,NULL),(335,2,'008087','IAN','NACHIBANGA',NULL,'Mr','Male','097 7 728649','inachibanga@unza.zm','inachibanga@unza.zm','290645/61/1','107549942',NULL,1,'Dv5drskpd7Lnbwe-V9Y5svA_7nC_L7up','$2y$13$LC2gjIbu8PlPP.qYAoA2Ee1bnllaMEgSpVV3WSkgz0RpGHVfgBwcu',NULL,246,'1974-12-22',NULL,NULL,NULL,NULL,NULL,NULL,'1012597571',NULL,NULL,NULL,NULL,'Married','13065341110119',NULL,NULL),(336,2,'008093','IREEN','NJOBVU',NULL,'Ms','Female',NULL,'Ireen.njobvu@unza.zm','Ireen.njobvu@unza.zm','493438/11/1','102512748',NULL,1,'Dv5drskpd7Lnbwe-V9Y5svA_7nC_L7up','$2y$13$LC2gjIbu8PlPP.qYAoA2Ee1bnllaMEgSpVV3WSkgz0RpGHVfgBwcu',NULL,246,'1969-07-18',NULL,NULL,NULL,NULL,NULL,NULL,'1005017052',NULL,NULL,NULL,NULL,'Single','13039381110125',NULL,NULL),(337,2,'008096','KILLIAN','MUZYAMBA',NULL,'Mr','Male',NULL,'killian.muzyamba@unza.zm','killian.muzyamba@unza.zm','787064/11/1','108486985',NULL,1,'Dv5drskpd7Lnbwe-V9Y5svA_7nC_L7up','$2y$13$LC2gjIbu8PlPP.qYAoA2Ee1bnllaMEgSpVV3WSkgz0RpGHVfgBwcu',NULL,246,'1980-06-10',NULL,NULL,NULL,NULL,NULL,NULL,'1001316488',NULL,NULL,NULL,NULL,'Married','13071485110119',NULL,NULL),(338,2,'008100','ABDELRAHMAN M','SHEHATA',NULL,'Dr','Male','0972948033','ashehata@unza.zm','ashehata@unza.zm','293182/99/1','112799792',NULL,1,'Dv5drskpd7Lnbwe-V9Y5svA_7nC_L7up','$2y$13$LC2gjIbu8PlPP.qYAoA2Ee1bnllaMEgSpVV3WSkgz0RpGHVfgBwcu',NULL,246,'1944-08-10',NULL,NULL,NULL,NULL,NULL,NULL,'1001316488',NULL,NULL,NULL,NULL,'Married','13063108110114',NULL,NULL),(339,2,'008103','SIBERIA D','ZULU',NULL,'Mrs','Female','0978734955','siberia.zulu@unza.zm','siberia.zulu@unza.zm','293164/52/1','112799792','ZH 42348',0,'Dv5drskpd7Lnbwe-V9Y5svA_7nC_L7up','$2y$13$LC2gjIbu8PlPP.qYAoA2Ee1bnllaMEgSpVV3WSkgz0RpGHVfgBwcu',NULL,246,'1956-06-07',NULL,NULL,NULL,NULL,NULL,NULL,'1000734816',NULL,NULL,NULL,NULL,'Widowed','13040215110128',NULL,NULL),(340,2,'008105','OVERTONE','CHALWE',NULL,'Mr','Male',NULL,'ochalwe@unza.zm','ochalwe@unza.zm','240957/64/1','107511010',NULL,1,'Dv5drskpd7Lnbwe-V9Y5svA_7nC_L7up','$2y$13$LC2gjIbu8PlPP.qYAoA2Ee1bnllaMEgSpVV3WSkgz0RpGHVfgBwcu',NULL,246,'1977-11-04',NULL,NULL,NULL,NULL,NULL,NULL,'1000590973',NULL,NULL,NULL,NULL,'Single','13066286110111',NULL,NULL),(341,2,'008107','DOROTHY','MWANSA',NULL,'Dr','Female','0977402660','dorothy.mwansa@unza.zm','dorothy.mwansa@unza.zm','196948/64/1','107510274','ZN 230695',1,'Dv5drskpd7Lnbwe-V9Y5svA_7nC_L7up','$2y$13$LC2gjIbu8PlPP.qYAoA2Ee1bnllaMEgSpVV3WSkgz0RpGHVfgBwcu',NULL,246,'1967-05-25',NULL,NULL,NULL,NULL,NULL,NULL,'1000569084',NULL,NULL,NULL,NULL,'Single','13042069110122',NULL,NULL),(342,2,'008108','JOHN','MWESHI',NULL,'Dr','Male','0977700234','john.mweshi@unza.zm','john.mweshi@unza.zm','237116/43/1','108491263',NULL,1,'Dv5drskpd7Lnbwe-V9Y5svA_7nC_L7up','$2y$13$LC2gjIbu8PlPP.qYAoA2Ee1bnllaMEgSpVV3WSkgz0RpGHVfgBwcu',NULL,246,'1976-02-17',NULL,NULL,NULL,NULL,NULL,NULL,'1000348597',NULL,NULL,NULL,NULL,'Married','13069089110111',NULL,NULL),(343,2,'008110','CHIPEFWE','SICHILIMA',NULL,'Mr','Male',NULL,'csichilima@unza.zm','csichilima@unza.zm','723464/11/1','107511034',NULL,1,'Dv5drskpd7Lnbwe-V9Y5svA_7nC_L7up','$2y$13$fi/qIx1EK5fnwuUlTyvSwuRVksUUr.gK1neKV2mKxuN2ypxn9loeG',NULL,246,'1980-11-14',NULL,NULL,NULL,NULL,NULL,NULL,'1001176280',NULL,NULL,'2025-01-29 10:31:00',NULL,'Married','13063976110112',NULL,NULL),(344,2,'008112','NJEKWA','MATE',NULL,'Mr','Male','0977134617','njekwa.mate@unza.zm','njekwa.mate@unza.zm','604974/11/1','108487125',NULL,1,'Dv5drskpd7Lnbwe-V9Y5svA_7nC_L7up','$2y$13$LC2gjIbu8PlPP.qYAoA2Ee1bnllaMEgSpVV3WSkgz0RpGHVfgBwcu',NULL,246,'1975-07-27',NULL,NULL,NULL,NULL,NULL,NULL,'1001267667',NULL,NULL,NULL,NULL,'Married','13064134110113',NULL,NULL),(345,11,'008113','CLEVER','MADIMUTSA',NULL,'Dr','Male','0977412852','clever.madimutsa@unza.zm','clever.madimutsa@unza.zm','652809/11/1','108486606',NULL,1,'Dv5drskpd7Lnbwe-V9Y5svA_7nC_L7up','$2y$13$LC2gjIbu8PlPP.qYAoA2Ee1bnllaMEgSpVV3WSkgz0RpGHVfgBwcu',NULL,246,'1976-03-08',NULL,NULL,NULL,NULL,NULL,NULL,'1003792746',NULL,NULL,NULL,NULL,'Married','13070185110113',NULL,NULL),(346,2,'008122','GUYBLUE BEST','MUSONDELA',NULL,'Mr','Male',NULL,'best.musondela@unza.zm','best.musondela@unza.zm','172126/16/1','116182971',NULL,0,'Dv5drskpd7Lnbwe-V9Y5svA_7nC_L7up','$2y$13$LC2gjIbu8PlPP.qYAoA2Ee1bnllaMEgSpVV3WSkgz0RpGHVfgBwcu',NULL,246,'1958-03-02',NULL,NULL,NULL,NULL,NULL,NULL,'1000606493',NULL,NULL,NULL,NULL,'Married','13036922110125',NULL,NULL),(347,2,'008125','GORAN','JOVIC',NULL,'Dr','Male',NULL,'goran.jovic@unza.zm','goran.jovic@unza.zm','572077/99/3','107549473',NULL,1,'Dv5drskpd7Lnbwe-V9Y5svA_7nC_L7up','$2y$13$LC2gjIbu8PlPP.qYAoA2Ee1bnllaMEgSpVV3WSkgz0RpGHVfgBwcu',NULL,199,'1957-01-06',NULL,NULL,NULL,NULL,NULL,NULL,'1007071339',NULL,NULL,NULL,NULL,'Married','13063828110112',NULL,NULL),(348,2,'008128','GERSHOM','CHISHIMBA','MUTALE','Mr','Male','0955760895','gchishim@unza.zm','gchishim@unza.zm','206070/67/1','112878677',NULL,1,'Dv5drskpd7Lnbwe-V9Y5svA_7nC_L7up','$2y$13$LC2gjIbu8PlPP.qYAoA2Ee1bnllaMEgSpVV3WSkgz0RpGHVfgBwcu',NULL,246,'1951-01-01',NULL,NULL,NULL,NULL,NULL,NULL,'1001133403',NULL,NULL,NULL,NULL,'Married','13068293110114',NULL,NULL),(349,2,'008134','HARRY','CHABWELA WEZA',NULL,'Dr','Male',NULL,'hchabwela@unza.zm','hchabwela@unza.zm','167847/61/1','303393359',NULL,1,'Dv5drskpd7Lnbwe-V9Y5svA_7nC_L7up','$2y$13$LC2gjIbu8PlPP.qYAoA2Ee1bnllaMEgSpVV3WSkgz0RpGHVfgBwcu',NULL,246,'1942-10-08',NULL,NULL,NULL,NULL,NULL,NULL,'1001133403',NULL,NULL,NULL,NULL,'Married','13066320110111',NULL,NULL),(350,11,'008137','JAMES','PHIRI',NULL,'Dr','Male','0977717684','james.phiri@unza.zm','james.phiri@unza.zm','350384/11/1','123354124','ZK 089275',1,'Dv5drskpd7Lnbwe-V9Y5svA_7nC_L7up','$2y$13$LC2gjIbu8PlPP.qYAoA2Ee1bnllaMEgSpVV3WSkgz0RpGHVfgBwcu',NULL,246,'1960-07-25',NULL,NULL,NULL,NULL,NULL,NULL,'1003108865',NULL,NULL,NULL,NULL,'Married','13035070110119',NULL,NULL),(351,2,'008139','FRANCIS ','YAMBA','D','Prof','Male','0977856167','francis.yamba@unza.zm','francis.yamba@unza.zm','108534/65/1','107582138','ZC028781',1,'Dv5drskpd7Lnbwe-V9Y5svA_7nC_L7up','$2y$13$LC2gjIbu8PlPP.qYAoA2Ee1bnllaMEgSpVV3WSkgz0RpGHVfgBwcu',NULL,246,'1946-08-23',NULL,NULL,NULL,NULL,NULL,NULL,'1000212604',NULL,NULL,NULL,NULL,'Married','13067272110111',NULL,NULL),(352,2,'008142','LUBASI','ZIWA','ILUBALA','Dr','Female','0977 708711','judith.ziwa@unza.zm','judith.ziwa@unza.zm','180175/82/1','105043354',NULL,1,'Dv5drskpd7Lnbwe-V9Y5svA_7nC_L7up','$2y$13$LC2gjIbu8PlPP.qYAoA2Ee1bnllaMEgSpVV3WSkgz0RpGHVfgBwcu',NULL,246,'1957-01-01',NULL,NULL,NULL,NULL,NULL,NULL,'1000968168',NULL,NULL,NULL,NULL,'Widowed','13032245110127',NULL,NULL),(353,2,'008147','REBECCA ','KIWANUKA - LUBINDA',NULL,'Dr','Female','+260969536946','rlubinda@unza.zm','rlubinda@unza.zm','927135/66/2','108618988','A00796631',1,'Dv5drskpd7Lnbwe-V9Y5svA_7nC_L7up','$2y$13$LC2gjIbu8PlPP.qYAoA2Ee1bnllaMEgSpVV3WSkgz0RpGHVfgBwcu',NULL,231,'1967-10-22',NULL,NULL,NULL,NULL,NULL,NULL,'1003245856',NULL,NULL,NULL,NULL,'Married','13041599110124',NULL,NULL),(354,2,'008155','JOHN','MWAMBA',NULL,'Mr','Male','0966744073','john.mwamba@unza.zm','john.mwamba@unza.zm','144884/46/1','107512755','ZG28030',0,'Dv5drskpd7Lnbwe-V9Y5svA_7nC_L7up','$2y$13$LC2gjIbu8PlPP.qYAoA2Ee1bnllaMEgSpVV3WSkgz0RpGHVfgBwcu',NULL,246,'1962-09-28',NULL,NULL,NULL,NULL,NULL,NULL,'1008007938',NULL,NULL,NULL,NULL,'Married','13040934110122',NULL,NULL),(355,2,'008158','L NAMUSHI','CHIKAYA',NULL,'Mrs','Female','0977490799  09','dnlipepo@unza.zm','dnlipepo@unza.zm','179142/15/1','106464971',NULL,1,'Dv5drskpd7Lnbwe-V9Y5svA_7nC_L7up','$2y$13$LC2gjIbu8PlPP.qYAoA2Ee1bnllaMEgSpVV3WSkgz0RpGHVfgBwcu',NULL,246,'1978-08-13',NULL,NULL,NULL,NULL,NULL,NULL,'1003695028',NULL,NULL,NULL,NULL,'Married','13038492110124',NULL,NULL),(356,2,'008159','BESTAIN','HAMPWAYE',NULL,'Mr','Male','0977287201','bestain.hampwaye@unza.zm','bestain.hampwaye@unza.zm','197832/73/1','106464983',NULL,1,'Dv5drskpd7Lnbwe-V9Y5svA_7nC_L7up','$2y$13$LC2gjIbu8PlPP.qYAoA2Ee1bnllaMEgSpVV3WSkgz0RpGHVfgBwcu',NULL,246,'1971-08-20',NULL,NULL,NULL,NULL,NULL,NULL,'1001196253',NULL,NULL,NULL,NULL,'Married','13066677110111',NULL,NULL),(357,2,'008161','MILDRED','KATEULE',NULL,'Ms','Female','+260977498295','mkateule@unza.zm','mkateule@unza.zm','188180/65/1','105983504','ZP199969',1,'Dv5drskpd7Lnbwe-V9Y5svA_7nC_L7up','$2y$13$LC2gjIbu8PlPP.qYAoA2Ee1bnllaMEgSpVV3WSkgz0RpGHVfgBwcu',NULL,246,'1978-05-02',NULL,NULL,NULL,NULL,NULL,NULL,'1002679383',NULL,NULL,NULL,NULL,'Divorced','13039105110123',NULL,NULL),(358,2,'008162','CHRISPIN','DILEMA',NULL,'Mr','Male','0955835317','chrispin.dilema@unza.zm','chrispin.dilema@unza.zm','220560/64/1','108488644',NULL,1,'Dv5drskpd7Lnbwe-V9Y5svA_7nC_L7up','$2y$13$LC2gjIbu8PlPP.qYAoA2Ee1bnllaMEgSpVV3WSkgz0RpGHVfgBwcu',NULL,246,'1972-02-11',NULL,NULL,NULL,NULL,NULL,NULL,'1000563133',NULL,NULL,NULL,NULL,'Married','13055267110112',NULL,NULL),(359,2,'008164','CHUMA','SIBESO',NULL,'Mrs','Female','0977 161316','chuma.khunga@unza.zm','chuma.khunga@unza.zm','487393/11/1','101646342','ZP 487393/11/1',1,'Dv5drskpd7Lnbwe-V9Y5svA_7nC_L7up','$2y$13$LC2gjIbu8PlPP.qYAoA2Ee1bnllaMEgSpVV3WSkgz0RpGHVfgBwcu',NULL,246,'1972-03-21',NULL,NULL,NULL,NULL,NULL,NULL,'1012914633',NULL,NULL,NULL,NULL,'Married','13038782110129',NULL,NULL),(360,2,'008165','IREEN','BANDA ','LIABWA','Mrs','Female','0977531318','irene.banda@unza.zm','irene.banda@unza.zm','244167/82/1','107511123',NULL,1,'Dv5drskpd7Lnbwe-V9Y5svA_7nC_L7up','$2y$13$LC2gjIbu8PlPP.qYAoA2Ee1bnllaMEgSpVV3WSkgz0RpGHVfgBwcu',NULL,246,'1972-04-23',NULL,NULL,NULL,NULL,NULL,NULL,'1004548314',NULL,NULL,NULL,NULL,'Married','13040932110125',NULL,NULL),(361,2,'008170','MUPEPE','SHIBULO',NULL,'Mr','Male',NULL,'mshibulo@unza.zm','mshibulo@unza.zm','172986/81/1','116182123',NULL,1,'Dv5drskpd7Lnbwe-V9Y5svA_7nC_L7up','$2y$13$LC2gjIbu8PlPP.qYAoA2Ee1bnllaMEgSpVV3WSkgz0RpGHVfgBwcu',NULL,246,'1976-09-11',NULL,NULL,NULL,NULL,NULL,NULL,'1002446942',NULL,NULL,NULL,NULL,'Single','13062691110115',NULL,NULL),(362,2,'008172','RICKY','PHIRI',NULL,'Mr','Male','0977259715','ricky.phiri@unza.zm','ricky.phiri@unza.zm','543868/11/1','105482225','ZN112614',1,'Dv5drskpd7Lnbwe-V9Y5svA_7nC_L7up','$2y$13$LC2gjIbu8PlPP.qYAoA2Ee1bnllaMEgSpVV3WSkgz0RpGHVfgBwcu',NULL,246,'1972-12-07',NULL,NULL,NULL,NULL,NULL,NULL,'1004688674',NULL,NULL,NULL,NULL,'Married','13065345110114',NULL,NULL),(363,2,'008174','NALUKUI','KASAILA','MUNGELA','Mrs','Female','0979 419667','nalukui.kasaila@unza.zm','nalukui.kasaila@unza.zm','663126/11/1','108491491',NULL,1,'Dv5drskpd7Lnbwe-V9Y5svA_7nC_L7up','$2y$13$LC2gjIbu8PlPP.qYAoA2Ee1bnllaMEgSpVV3WSkgz0RpGHVfgBwcu',NULL,246,'1976-01-25',NULL,NULL,NULL,NULL,NULL,NULL,'1008580414',NULL,NULL,NULL,NULL,'Married','13039062110129',NULL,NULL),(364,2,'008179','LEAH','BOTA',NULL,'Mrs','Female','0979442634','lbota@unza.zm','lbota@unza.zm','356032/67/1','108503373',NULL,1,'Dv5drskpd7Lnbwe-V9Y5svA_7nC_L7up','$2y$13$LC2gjIbu8PlPP.qYAoA2Ee1bnllaMEgSpVV3WSkgz0RpGHVfgBwcu',NULL,246,'1978-11-28',NULL,NULL,NULL,NULL,NULL,NULL,'1001351325',NULL,NULL,NULL,NULL,'Married','13039649110129',NULL,NULL),(365,2,'008186','SELINA','PHIRI',NULL,'Miss','Female','0977725324','selina.phiri@unza.zm','selina.phiri@unza.zm','258679/16/1','107581342',NULL,1,'Dv5drskpd7Lnbwe-V9Y5svA_7nC_L7up','$2y$13$LC2gjIbu8PlPP.qYAoA2Ee1bnllaMEgSpVV3WSkgz0RpGHVfgBwcu',NULL,246,'1974-12-23',NULL,NULL,NULL,NULL,NULL,NULL,'1001278810',NULL,NULL,NULL,NULL,'Single','13039815110121',NULL,NULL),(366,2,'008187','AUTHER','CHAMYOLO ','MPILIBUKA','Miss','Female',NULL,'martha.chamyolo@unza.zm','martha.chamyolo@unza.zm','151897/15/1','105480073','ZN524724',1,'Dv5drskpd7Lnbwe-V9Y5svA_7nC_L7up','$2y$13$LC2gjIbu8PlPP.qYAoA2Ee1bnllaMEgSpVV3WSkgz0RpGHVfgBwcu',NULL,246,'1970-02-10',NULL,NULL,NULL,NULL,NULL,NULL,'1005520040',NULL,NULL,NULL,NULL,'Single','13041219110125',NULL,NULL),(367,12,'008190','LEONARD','SIMUKOKO',NULL,'Mr','Male','0978-642848','leonard.simukoko@unza.zm','leonard.simukoko@unza.zm','228546/64/1','107549207','ZN166101',1,'Dv5drskpd7Lnbwe-V9Y5svA_7nC_L7up','$2y$13$LC2gjIbu8PlPP.qYAoA2Ee1bnllaMEgSpVV3WSkgz0RpGHVfgBwcu',NULL,246,'1974-01-04',NULL,NULL,NULL,NULL,NULL,NULL,'1001307551',NULL,NULL,NULL,NULL,'Married','13054862110118',NULL,NULL),(368,2,'008193','ECLOSS','MUNSAKA',NULL,'Dr','Male','0955953344','ecloss.munsaka@unza.zm','ecloss.munsaka@unza.zm','219757/73/1','108627800','ZN 021831',1,'Dv5drskpd7Lnbwe-V9Y5svA_7nC_L7up','$2y$13$LC2gjIbu8PlPP.qYAoA2Ee1bnllaMEgSpVV3WSkgz0RpGHVfgBwcu',NULL,246,'1973-09-25',NULL,NULL,NULL,NULL,NULL,NULL,'1003645441',NULL,NULL,NULL,NULL,'Married','13055453110115',NULL,NULL),(369,2,'008195','LYDIA MUMBI','CHABALA',NULL,'Dr','Female','+260955880217','lchabala@unza.zm','lchabala@unza.zm','305424/67/1','112114401','ZN692604',1,'Dv5drskpd7Lnbwe-V9Y5svA_7nC_L7up','$2y$13$LC2gjIbu8PlPP.qYAoA2Ee1bnllaMEgSpVV3WSkgz0RpGHVfgBwcu',NULL,246,'1972-03-05',NULL,NULL,NULL,NULL,NULL,NULL,'1001122564',NULL,NULL,NULL,NULL,'Divorced','13040870110125',NULL,NULL),(370,2,'008200','NAMAKAU LIPEPO','SANKOMBO',NULL,'Mrs','Female','0977518988','namakau.sankombo@unza.zm','namakau.sankombo@unza.zm','773844/11/1','107604780',NULL,1,'Dv5drskpd7Lnbwe-V9Y5svA_7nC_L7up','$2y$13$LC2gjIbu8PlPP.qYAoA2Ee1bnllaMEgSpVV3WSkgz0RpGHVfgBwcu',NULL,246,'1980-05-05',NULL,NULL,NULL,NULL,NULL,NULL,'1005075079',NULL,NULL,NULL,NULL,'Married','13042081110127',NULL,NULL),(371,2,'008201','MARJORY ','MWIINGA','MUKELABAI ','Mrs','Female','0977 - 754983','marjory.mwiinga@unza.zm','marjory.mwiinga@unza.zm','794686/11/1','104736479',NULL,1,'Dv5drskpd7Lnbwe-V9Y5svA_7nC_L7up','$2y$13$LC2gjIbu8PlPP.qYAoA2Ee1bnllaMEgSpVV3WSkgz0RpGHVfgBwcu',NULL,246,'1982-08-06',NULL,NULL,NULL,NULL,NULL,NULL,'1005154526',NULL,NULL,NULL,NULL,'Married','13038499110126',NULL,NULL),(372,2,'008224','MAUD M.','MWALE','MAIBA ','Mrs','Female','0977814532','maud.mwale@unza.zm','maud.mwale@unza.zm','435993/52/1','107548649',NULL,1,'Dv5drskpd7Lnbwe-V9Y5svA_7nC_L7up','$2y$13$LC2gjIbu8PlPP.qYAoA2Ee1bnllaMEgSpVV3WSkgz0RpGHVfgBwcu',NULL,246,'1977-08-18',NULL,NULL,NULL,NULL,NULL,NULL,'1001495310',NULL,NULL,NULL,NULL,'Married','13040210110124',NULL,NULL),(373,12,'008225','MUSHONGO','KACHANA',NULL,'Mr','Male','0977700208','kachana.mushongo@unza.zm','kachana.mushongo@unza.zm','221341/73/1','105697220',NULL,1,'Dv5drskpd7Lnbwe-V9Y5svA_7nC_L7up','$2y$13$LC2gjIbu8PlPP.qYAoA2Ee1bnllaMEgSpVV3WSkgz0RpGHVfgBwcu',NULL,246,'1977-05-17',NULL,NULL,NULL,NULL,NULL,NULL,'1004500173',NULL,NULL,NULL,NULL,'Married','13055081110115',NULL,NULL),(374,2,'008226','FLORENCE','NYIRENDA ','CHISENGA','Mrs','Female',NULL,'florence.nyirenda@unza.zm','florence.nyirenda@unza.zm','161180/62/1','116182135',NULL,1,'Dv5drskpd7Lnbwe-V9Y5svA_7nC_L7up','$2y$13$LC2gjIbu8PlPP.qYAoA2Ee1bnllaMEgSpVV3WSkgz0RpGHVfgBwcu',NULL,246,'1964-11-07',NULL,NULL,NULL,NULL,NULL,NULL,'1006304304',NULL,NULL,NULL,NULL,'Married','13040247110122',NULL,NULL),(375,2,'008230','FRANCIS','MWILA',NULL,'Mr','Male','0966438238',NULL,NULL,'218439/61/1',NULL,NULL,1,'Dv5drskpd7Lnbwe-V9Y5svA_7nC_L7up','$2y$13$LC2gjIbu8PlPP.qYAoA2Ee1bnllaMEgSpVV3WSkgz0RpGHVfgBwcu',NULL,246,'1960-09-04',NULL,NULL,NULL,NULL,NULL,NULL,NULL,NULL,NULL,NULL,NULL,'Married',NULL,NULL,NULL),(376,2,'008235','EDWELL SIATAMBI','MWAANGA','SIATAMBI','Dr','Male','0955751099','e.mwaanga@unza.zm','e.mwaanga@unza.zm','176141/73/1','107560724','ZG 40341',1,'Dv5drskpd7Lnbwe-V9Y5svA_7nC_L7up','$2y$13$LC2gjIbu8PlPP.qYAoA2Ee1bnllaMEgSpVV3WSkgz0RpGHVfgBwcu',NULL,246,'1965-04-02',NULL,NULL,NULL,NULL,NULL,NULL,'1000002818',NULL,NULL,NULL,NULL,'Single','13064491110118',NULL,NULL),(377,2,'008241','GORDON J','SILUMBE',NULL,'Dr','Male',NULL,NULL,NULL,'116005/13/1','116169012',NULL,0,'Dv5drskpd7Lnbwe-V9Y5svA_7nC_L7up','$2y$13$LC2gjIbu8PlPP.qYAoA2Ee1bnllaMEgSpVV3WSkgz0RpGHVfgBwcu',NULL,246,'1952-01-01',NULL,NULL,NULL,NULL,NULL,NULL,'1006609847',NULL,NULL,NULL,NULL,NULL,'NHA2002180148',NULL,NULL),(378,2,'008242','ROY','MWENECHANYA',NULL,'Dr','Male','0979818492','r.mwenechanya@unza.zm','r.mwenechanya@unza.zm','296975/67/1','107560736','ZN088332',1,'Dv5drskpd7Lnbwe-V9Y5svA_7nC_L7up','$2y$13$LC2gjIbu8PlPP.qYAoA2Ee1bnllaMEgSpVV3WSkgz0RpGHVfgBwcu',NULL,246,'1971-03-03',NULL,NULL,NULL,NULL,NULL,NULL,'1002763286',NULL,NULL,NULL,NULL,'Married','13055405110119',NULL,NULL),(379,2,'008243','PATRICIA','PHIRI',NULL,'Dr','Female',NULL,'pphirinalube@unza.zm','pphirinalube@unza.zm','225957/82/1','108491148',NULL,1,'Dv5drskpd7Lnbwe-V9Y5svA_7nC_L7up','$2y$13$LC2gjIbu8PlPP.qYAoA2Ee1bnllaMEgSpVV3WSkgz0RpGHVfgBwcu',NULL,246,'1968-04-29',NULL,NULL,NULL,NULL,NULL,NULL,'1000813562',NULL,NULL,NULL,NULL,'Married','13035168110122',NULL,NULL),(380,2,'008246','LUKE BOWA','CHANDA',NULL,'Mr','Male',NULL,NULL,NULL,'177477/16/1','107560825',NULL,0,'Dv5drskpd7Lnbwe-V9Y5svA_7nC_L7up','$2y$13$LC2gjIbu8PlPP.qYAoA2Ee1bnllaMEgSpVV3WSkgz0RpGHVfgBwcu',NULL,246,'1959-09-19',NULL,NULL,NULL,NULL,NULL,NULL,'1002793484',NULL,NULL,NULL,NULL,'Married','13068366110119',NULL,NULL),(381,11,'008249','REKHA','RAJAN',NULL,'Dr','Female','0955787410','rrajan@unza.zm','rrajan@unza.zm','542999/01/1','116182147',NULL,1,'Dv5drskpd7Lnbwe-V9Y5svA_7nC_L7up','$2y$13$LC2gjIbu8PlPP.qYAoA2Ee1bnllaMEgSpVV3WSkgz0RpGHVfgBwcu',NULL,103,'1971-11-24',NULL,NULL,NULL,NULL,NULL,NULL,'1002793484',NULL,NULL,NULL,NULL,'Married','13035170110127',NULL,NULL),(382,2,'008251','BENSON','NJOBVU',NULL,'Mr','Male',NULL,'benson.njobvu@gmail.com','benson.njobvu@gmail.com','123527/51/1','101882863',NULL,0,'Dv5drskpd7Lnbwe-V9Y5svA_7nC_L7up','$2y$13$LC2gjIbu8PlPP.qYAoA2Ee1bnllaMEgSpVV3WSkgz0RpGHVfgBwcu',NULL,246,'1963-08-20',NULL,NULL,NULL,NULL,NULL,NULL,'1000941916',NULL,NULL,NULL,NULL,'Married','13054865110113',NULL,NULL),(383,2,'008253','PHANWELL','NAMANGALA',NULL,'Mr','Male',NULL,'phanwell.namangala@unza.zm','phanwell.namangala@unza.zm','264226/74/1','116169024',NULL,1,'Dv5drskpd7Lnbwe-V9Y5svA_7nC_L7up','$2y$13$LC2gjIbu8PlPP.qYAoA2Ee1bnllaMEgSpVV3WSkgz0RpGHVfgBwcu',NULL,246,'1966-10-30',NULL,NULL,NULL,NULL,NULL,NULL,'1000583993',NULL,NULL,NULL,NULL,'Married','13071242110116',NULL,NULL),(384,2,'008254','FRANCINA ','MAKONDO','SIMATAA NGULA','Mrs','Female','0977811815  09','fmakondo@unza.zm','fmakondo@unza.zm','226829/82/1','102425511','ZG 78824',1,'Dv5drskpd7Lnbwe-V9Y5svA_7nC_L7up','$2y$13$LC2gjIbu8PlPP.qYAoA2Ee1bnllaMEgSpVV3WSkgz0RpGHVfgBwcu',NULL,246,'1968-10-10',NULL,NULL,NULL,NULL,NULL,NULL,'1002371789',NULL,NULL,NULL,NULL,'Married','13040089110121',NULL,NULL),(385,2,'008256','DERRICK ','ELEMU',NULL,'Mr','Male',NULL,'derrick.elemu@unza.zm','derrick.elemu@unza.zm','217867/66/1','108491213',NULL,1,'Dv5drskpd7Lnbwe-V9Y5svA_7nC_L7up','$2y$13$LC2gjIbu8PlPP.qYAoA2Ee1bnllaMEgSpVV3WSkgz0RpGHVfgBwcu',NULL,246,'1967-05-14',NULL,NULL,NULL,NULL,NULL,NULL,'1001463645',NULL,NULL,NULL,NULL,NULL,'13058942110115',NULL,NULL),(386,2,'008262','GEAR ','KAJOBA','MUMENA','Mr','Male','0977876763','gkajoba@unza.zm','gkajoba@unza.zm','132458/68/1','102695433',NULL,0,'Dv5drskpd7Lnbwe-V9Y5svA_7nC_L7up','$2y$13$LC2gjIbu8PlPP.qYAoA2Ee1bnllaMEgSpVV3WSkgz0RpGHVfgBwcu',NULL,246,'1948-11-25',NULL,NULL,NULL,NULL,NULL,NULL,'1002926336',NULL,NULL,NULL,NULL,'Married','13065209110113',NULL,NULL),(387,2,'008264','MULENGA','BWALYA','MARCEL CHITEMFUMA','Dr','Male','0966748164','mulenga.bwalya@unza.zm','mulenga.bwalya@unza.zm','158419/67/1','101825453',NULL,1,'Dv5drskpd7Lnbwe-V9Y5svA_7nC_L7up','$2y$13$LC2gjIbu8PlPP.qYAoA2Ee1bnllaMEgSpVV3WSkgz0RpGHVfgBwcu',NULL,246,'1946-11-30',NULL,NULL,NULL,NULL,NULL,NULL,'1002998872',NULL,NULL,NULL,NULL,'Married','13066319110115',NULL,NULL),(388,2,'008265','DENNIS ','KAPUMPE','FRANCIS','Mr','Male','0977257171','dennis.kapumpe@unza.zm','dennis.kapumpe@unza.zm','544081/11/1','108280686',NULL,1,'Dv5drskpd7Lnbwe-V9Y5svA_7nC_L7up','$2y$13$LC2gjIbu8PlPP.qYAoA2Ee1bnllaMEgSpVV3WSkgz0RpGHVfgBwcu',NULL,246,'1971-09-10',NULL,NULL,NULL,NULL,NULL,NULL,'2542564273',NULL,NULL,NULL,NULL,'Married','13066305110112',NULL,NULL),(389,2,'008266','ANNIE ','CHITUNGU - MWENDA',NULL,'Mrs','Female','0955-908808, 09','annie.mwenda@unza.zm','annie.mwenda@unza.zm','158794/65/1','107510363',NULL,1,'Dv5drskpd7Lnbwe-V9Y5svA_7nC_L7up','$2y$13$LC2gjIbu8PlPP.qYAoA2Ee1bnllaMEgSpVV3WSkgz0RpGHVfgBwcu',NULL,246,'1970-01-09',NULL,NULL,NULL,NULL,NULL,NULL,'1004818440',NULL,NULL,NULL,NULL,'Widowed','13039347110126',NULL,NULL),(390,2,'008269','PRISCA','HATUMA','C','Miss','Female','0977847798','prisca.hatuma@unza.zm','prisca.hatuma@unza.zm','180440/71/1','105630567',NULL,1,'Dv5drskpd7Lnbwe-V9Y5svA_7nC_L7up','$2y$13$LC2gjIbu8PlPP.qYAoA2Ee1bnllaMEgSpVV3WSkgz0RpGHVfgBwcu',NULL,246,'1975-07-30',NULL,NULL,NULL,NULL,NULL,NULL,'1005519481',NULL,NULL,NULL,NULL,'Single','13038778110124',NULL,NULL),(391,2,'008271','TAURAI','MUJAJATI  ','JOHN','Mr','Male',NULL,'taurai.mujajati@unza.zm','taurai.mujajati@unza.zm','716183/11/1','128938148','ZP 716183/11/1',1,'Dv5drskpd7Lnbwe-V9Y5svA_7nC_L7up','$2y$13$LC2gjIbu8PlPP.qYAoA2Ee1bnllaMEgSpVV3WSkgz0RpGHVfgBwcu',NULL,246,'1979-06-14',NULL,NULL,NULL,NULL,NULL,NULL,'1017941594',NULL,NULL,NULL,NULL,'Married','13055273110112',NULL,NULL),(392,2,'008277','CECILIA','MBINDAWINA',NULL,'Ms','Female','0975848715','ceciliawina@unza.zm','ceciliawina@unza.zm','273366/82/1','107509869',NULL,1,'Dv5drskpd7Lnbwe-V9Y5svA_7nC_L7up','$2y$13$LC2gjIbu8PlPP.qYAoA2Ee1bnllaMEgSpVV3WSkgz0RpGHVfgBwcu',NULL,246,'1979-01-22',NULL,NULL,NULL,NULL,NULL,NULL,'1007629690',NULL,NULL,NULL,NULL,'Single','13040569110124',NULL,NULL),(393,2,'008278','MAGGIE','NAMUKOKO KUNDA',NULL,'Mrs','Female','0977806911','maggie.namukoko@unza.zm','maggie.namukoko@unza.zm','175074/65/1','107550458',NULL,1,'Dv5drskpd7Lnbwe-V9Y5svA_7nC_L7up','$2y$13$LC2gjIbu8PlPP.qYAoA2Ee1bnllaMEgSpVV3WSkgz0RpGHVfgBwcu',NULL,246,'1976-12-04',NULL,NULL,NULL,NULL,NULL,NULL,'1002491486',NULL,NULL,NULL,NULL,'Married','13039803110128',NULL,NULL),(394,2,'008279','NGENDA','MBINDAWINA',NULL,'Mr','Male','0977826688','ngenda.mbindawina@unza.zm','ngenda.mbindawina@unza.zm','697062/11/1','107506910',NULL,1,'Dv5drskpd7Lnbwe-V9Y5svA_7nC_L7up','$2y$13$LC2gjIbu8PlPP.qYAoA2Ee1bnllaMEgSpVV3WSkgz0RpGHVfgBwcu',NULL,246,'1977-05-19',NULL,NULL,NULL,NULL,NULL,NULL,'1000759197',NULL,NULL,NULL,NULL,'Married','13042070110112',NULL,NULL),(395,2,'008281','DAN','MKANDAWIRE',NULL,'Mr','Male','0977700462','dan.mkandawire@unza.zm','dan.mkandawire@unza.zm','177453/15/1','105485415','ZJ  75014',1,'Dv5drskpd7Lnbwe-V9Y5svA_7nC_L7up','$2y$13$LC2gjIbu8PlPP.qYAoA2Ee1bnllaMEgSpVV3WSkgz0RpGHVfgBwcu',NULL,246,'1979-04-20',NULL,NULL,NULL,NULL,NULL,NULL,'1001062227',NULL,NULL,NULL,NULL,'Married','13055272110111',NULL,NULL),(396,2,'008284','PATSON','MTONGA',NULL,'Mr','Male','+260976492965 ','patson.mtonga@unza.zm','patson.mtonga@unza.zm','238026/64/1','105479757','ZG 97311',1,'Dv5drskpd7Lnbwe-V9Y5svA_7nC_L7up','$2y$13$LC2gjIbu8PlPP.qYAoA2Ee1bnllaMEgSpVV3WSkgz0RpGHVfgBwcu',NULL,246,'1974-08-09',NULL,NULL,NULL,NULL,NULL,NULL,'1005463193',NULL,NULL,NULL,NULL,'Single','13068361110111',NULL,NULL),(397,2,'008287','NEWTON','SIMFUKWE',NULL,'Mr','Male','0978736935','nsimfukwe@unza.zm','nsimfukwe@unza.zm','325703/67/1','102479770','ZN454653',1,'Dv5drskpd7Lnbwe-V9Y5svA_7nC_L7up','$2y$13$LC2gjIbu8PlPP.qYAoA2Ee1bnllaMEgSpVV3WSkgz0RpGHVfgBwcu',NULL,246,'1977-12-29',NULL,NULL,NULL,NULL,NULL,NULL,'1000543543',NULL,NULL,NULL,NULL,'Married','13066293110115',NULL,NULL),(398,2,'008288','SHIRLEY','MWAANGA',NULL,'Ms','Female','0977 918 175/09','shirley.mwaanga@unza.zm','shirley.mwaanga@unza.zm','898582/10/1','213716797','ZJ 61302',1,'Dv5drskpd7Lnbwe-V9Y5svA_7nC_L7up','$2y$13$LC2gjIbu8PlPP.qYAoA2Ee1bnllaMEgSpVV3WSkgz0RpGHVfgBwcu',NULL,246,'1977-07-01',NULL,NULL,NULL,NULL,NULL,NULL,'1000768690',NULL,NULL,NULL,NULL,'Single','653833110126',NULL,NULL),(399,2,'008289','MUSANYA','KALOLO','NANYANGWE','Mrs','Female','0955846074','musanya.kalolo@unza.zm','musanya.kalolo@unza.zm','709950/11/1','108277916',NULL,1,'Dv5drskpd7Lnbwe-V9Y5svA_7nC_L7up','$2y$13$LC2gjIbu8PlPP.qYAoA2Ee1bnllaMEgSpVV3WSkgz0RpGHVfgBwcu',NULL,246,'1979-08-05',NULL,NULL,NULL,NULL,NULL,NULL,'1003283755',NULL,NULL,NULL,NULL,'Married','13040981110128',NULL,NULL),(400,2,'008290','PATRICK','KAONGA',NULL,'Mr','Male','0977349386','patrick.kaonga@unza.zm','patrick.kaonga@unza.zm','335658/67/1','108488769',NULL,1,'Dv5drskpd7Lnbwe-V9Y5svA_7nC_L7up','$2y$13$LC2gjIbu8PlPP.qYAoA2Ee1bnllaMEgSpVV3WSkgz0RpGHVfgBwcu',NULL,246,'1978-05-17',NULL,NULL,NULL,NULL,NULL,NULL,'1000554993',NULL,NULL,NULL,NULL,'Married','13067980110112',NULL,NULL),(401,2,'008292','MABOSHE','MUBANGA INAMBAO',NULL,'Mrs','Female',NULL,'maboshe.inambao@unza.zm','maboshe.inambao@unza.zm','245974/82/1','105485984',NULL,1,'Dv5drskpd7Lnbwe-V9Y5svA_7nC_L7up','$2y$13$LC2gjIbu8PlPP.qYAoA2Ee1bnllaMEgSpVV3WSkgz0RpGHVfgBwcu',NULL,246,'1973-03-13',NULL,NULL,NULL,NULL,NULL,NULL,'1003762614',NULL,NULL,NULL,NULL,'Married','13038780110121',NULL,NULL),(402,2,'008294','NOBUTU','DAKA','MOOKA','Mrs','Female','0977-212634','nmooka@unza.zm','nmooka@unza.zm','219377/68/1','105479632',NULL,1,'Dv5drskpd7Lnbwe-V9Y5svA_7nC_L7up','$2y$13$LC2gjIbu8PlPP.qYAoA2Ee1bnllaMEgSpVV3WSkgz0RpGHVfgBwcu',NULL,246,'1974-03-03',NULL,NULL,NULL,NULL,NULL,NULL,'1006979600',NULL,NULL,NULL,NULL,'Married','13042198110125',NULL,NULL),(403,2,'008297','MUBANGA ','MULENGA','GERTRUDE','Miss','Female','0955774567','gmulenga@unza.zm','gmulenga@unza.zm','380401/11/1','101977141','ZG 87467',0,'Dv5drskpd7Lnbwe-V9Y5svA_7nC_L7up','$2y$13$LC2gjIbu8PlPP.qYAoA2Ee1bnllaMEgSpVV3WSkgz0RpGHVfgBwcu',NULL,246,'1964-04-09',NULL,NULL,NULL,NULL,NULL,NULL,'1001116202',NULL,NULL,NULL,NULL,'Single','13041074110126',NULL,NULL),(404,2,'008299','VIERRA','SINADAMBWE','MUNZYA','Ms','Female',NULL,'vlungwangwa@unza.zm','vlungwangwa@unza.zm','540200/11/1','100597532',NULL,1,'Dv5drskpd7Lnbwe-V9Y5svA_7nC_L7up','$2y$13$LC2gjIbu8PlPP.qYAoA2Ee1bnllaMEgSpVV3WSkgz0RpGHVfgBwcu',NULL,246,'1972-03-05',NULL,NULL,NULL,NULL,NULL,NULL,'1000522921',NULL,NULL,NULL,NULL,'Married','13035345110123',NULL,NULL),(405,2,'008300','JAMES','NYIRENDA',NULL,'Dr','Male',NULL,'nyirendaj@unza.zm','nyirendaj@unza.zm','219936/64/1','105479961',NULL,1,'Dv5drskpd7Lnbwe-V9Y5svA_7nC_L7up','$2y$13$rknbohRF3zRuVJS7cq3ZCe.5HrG440NV24ylT4lxnkmoriTCChY7m',NULL,246,'1974-01-04',NULL,NULL,NULL,NULL,NULL,NULL,'1002370429',NULL,NULL,'2025-02-04 12:39:00',NULL,'Married','13055416110117',NULL,NULL),(406,2,'008310','CAROLE PHIRI','CHIBBONTA',NULL,'Mrs','Female','0977783752','carole.chibbonta@unza.zm','carole.chibbonta@unza.zm','252177/66/1','107947728',NULL,1,'Dv5drskpd7Lnbwe-V9Y5svA_7nC_L7up','$2y$13$LC2gjIbu8PlPP.qYAoA2Ee1bnllaMEgSpVV3WSkgz0RpGHVfgBwcu',NULL,246,'1975-12-03',NULL,NULL,NULL,NULL,NULL,NULL,'1004886737',NULL,NULL,NULL,NULL,'Married','13040004110127',NULL,NULL),(407,2,'008312','ANGELA','BWALYA',' GONO','Dr','Female','0969920072','angela.bwalya@unza.zm','angela.bwalya@unza.zm','592354/11/1','110650693','ZN060596',1,'Dv5drskpd7Lnbwe-V9Y5svA_7nC_L7up','$2y$13$LC2gjIbu8PlPP.qYAoA2Ee1bnllaMEgSpVV3WSkgz0RpGHVfgBwcu',NULL,246,'1974-06-06',NULL,NULL,NULL,NULL,NULL,NULL,'1004805067',NULL,NULL,NULL,NULL,'Married','13040483110125',NULL,NULL),(408,2,'008315','SARAH ','CHANDA','SILUNGWE','Mrs','Female','0978586765','sarah.chanda@unza.zm','sarah.chanda@unza.zm','178256/68/1','113229936',NULL,0,'Dv5drskpd7Lnbwe-V9Y5svA_7nC_L7up','$2y$13$LC2gjIbu8PlPP.qYAoA2Ee1bnllaMEgSpVV3WSkgz0RpGHVfgBwcu',NULL,246,'1962-06-27',NULL,NULL,NULL,NULL,NULL,NULL,'1003060976',NULL,NULL,NULL,NULL,'Married','13040938110125',NULL,NULL),(409,12,'008318','JOSHUA J','BANDA',NULL,'Mr','Male','0955 900655','joshua.banda@unza.zm','joshua.banda@unza.zm','266941/53/1','101394165',NULL,1,'Dv5drskpd7Lnbwe-V9Y5svA_7nC_L7up','$2y$13$LC2gjIbu8PlPP.qYAoA2Ee1bnllaMEgSpVV3WSkgz0RpGHVfgBwcu',NULL,246,'1970-07-11',NULL,NULL,NULL,NULL,NULL,NULL,'1006694489',NULL,NULL,NULL,NULL,'Married','13068750110119',NULL,NULL),(410,2,'008320','MADALITSO ','BANJA','KHULUPIRIKA','Mr','Male',NULL,'madalitso.banja@unza.zm','madalitso.banja@unza.zm','217350/16/1','103718498','ZP 217350/16/1',1,'Dv5drskpd7Lnbwe-V9Y5svA_7nC_L7up','$2y$13$LC2gjIbu8PlPP.qYAoA2Ee1bnllaMEgSpVV3WSkgz0RpGHVfgBwcu',NULL,246,'1969-12-07',NULL,NULL,NULL,NULL,NULL,NULL,'1000558901',NULL,NULL,NULL,NULL,'Married','13068638110119',NULL,NULL),(411,2,'008324','GEOFFREY','MOYO',NULL,'Mr','Male','0977881866','geoffrey.moyo@unza.zm','geoffrey.moyo@unza.zm','126369/51/1','109341774',NULL,1,'Dv5drskpd7Lnbwe-V9Y5svA_7nC_L7up','$2y$13$LC2gjIbu8PlPP.qYAoA2Ee1bnllaMEgSpVV3WSkgz0RpGHVfgBwcu',NULL,246,'1960-11-02',NULL,NULL,NULL,NULL,NULL,NULL,'1003497421',NULL,NULL,NULL,NULL,'Married','13066792110116',NULL,NULL),(412,2,'008326','CHIPANGO NGOMBO','AIKAYO',NULL,'Mrs','Female','+260950351020','chipango.ngombo@unza.zm','chipango.ngombo@unza.zm','446495/11/1','105481895',NULL,0,'Dv5drskpd7Lnbwe-V9Y5svA_7nC_L7up','$2y$13$LC2gjIbu8PlPP.qYAoA2Ee1bnllaMEgSpVV3WSkgz0RpGHVfgBwcu',NULL,246,'1966-07-01',NULL,NULL,NULL,NULL,NULL,NULL,'1003115051',NULL,NULL,NULL,NULL,'Widowed','13041195110128',NULL,NULL),(413,2,'008327','MUSAOPE','TEMBO',NULL,'Mr','Male','0977842472','emtembo@unza.zm','emtembo@unza.zm','409462/52/1','108388165','ZJ 27699',1,'Dv5drskpd7Lnbwe-V9Y5svA_7nC_L7up','$2y$13$LC2gjIbu8PlPP.qYAoA2Ee1bnllaMEgSpVV3WSkgz0RpGHVfgBwcu',NULL,246,'1973-06-21',NULL,NULL,NULL,NULL,NULL,NULL,'1000361480',NULL,NULL,NULL,NULL,'Married','13064642110119',NULL,NULL),(414,2,'008328','JABES','NZIMA',NULL,'Mr','Male','0977-896420','jabes@unza.zm','jabes@unza.zm','403551/52/1','100392548',NULL,1,'Dv5drskpd7Lnbwe-V9Y5svA_7nC_L7up','$2y$13$LC2gjIbu8PlPP.qYAoA2Ee1bnllaMEgSpVV3WSkgz0RpGHVfgBwcu',NULL,246,'1972-06-07',NULL,NULL,NULL,NULL,NULL,NULL,'1005054333',NULL,NULL,NULL,NULL,'Married','13063161110111',NULL,NULL),(415,2,'008329','JAMES BROWN','CHIKUNJI',NULL,'Mr','Male','0977495472','jameschikunji@unza.zm','jameschikunji@unza.zm','167289/23/1','301741314','ZN 007659',1,'Dv5drskpd7Lnbwe-V9Y5svA_7nC_L7up','$2y$13$LC2gjIbu8PlPP.qYAoA2Ee1bnllaMEgSpVV3WSkgz0RpGHVfgBwcu',NULL,246,'1971-10-07',NULL,NULL,NULL,NULL,NULL,NULL,'1001061492',NULL,NULL,NULL,NULL,'Married','13055440110119',NULL,NULL),(416,2,'008331','DERRICK C','CHINYANTA',NULL,'Mr','Male','0977871348','dchinyanta@unza.zm','dchinyanta@unza.zm','640303/11/1','102451493',NULL,1,'Dv5drskpd7Lnbwe-V9Y5svA_7nC_L7up','$2y$13$LC2gjIbu8PlPP.qYAoA2Ee1bnllaMEgSpVV3WSkgz0RpGHVfgBwcu',NULL,246,'1975-01-27',NULL,NULL,NULL,NULL,NULL,NULL,'1004402006',NULL,NULL,NULL,NULL,'Married','13070204110117',NULL,NULL),(417,2,'008336','MIYANDA','MOONGA','NZALA','Dr','Female','095509770966 ','miyanda.moonga@unza.zm','miyanda.moonga@unza.zm','647301/11/1','107507845',NULL,1,'Dv5drskpd7Lnbwe-V9Y5svA_7nC_L7up','$2y$13$LC2gjIbu8PlPP.qYAoA2Ee1bnllaMEgSpVV3WSkgz0RpGHVfgBwcu',NULL,246,'1978-07-16',NULL,NULL,NULL,NULL,NULL,NULL,'1004009101',NULL,NULL,NULL,NULL,'Single','13039456110121',NULL,NULL),(418,7,'008337','SODY','MUNSAKA','MWEETWA','Dr','Male','0953078410','s.munsaka@unza.zm','s.munsaka@unza.zm','628885/11/1','110492869',NULL,1,'Dv5drskpd7Lnbwe-V9Y5svA_7nC_L7up','$2y$13$LC2gjIbu8PlPP.qYAoA2Ee1bnllaMEgSpVV3WSkgz0RpGHVfgBwcu',NULL,246,'1977-01-21',NULL,NULL,NULL,NULL,NULL,NULL,'1002376936',NULL,NULL,NULL,NULL,'Married','13055077110112',NULL,NULL),(419,11,'008341','JULIUS','KAPEMBWA',NULL,'Dr','Male','0955250720','jkapembwa@unza.zm','jkapembwa@unza.zm','176260/45/1','108488202',NULL,1,'Dv5drskpd7Lnbwe-V9Y5svA_7nC_L7up','$2y$13$LC2gjIbu8PlPP.qYAoA2Ee1bnllaMEgSpVV3WSkgz0RpGHVfgBwcu',NULL,246,'1977-04-24',NULL,NULL,NULL,NULL,NULL,NULL,'1004358546',NULL,NULL,NULL,NULL,'Married','13065148110117',NULL,NULL),(420,2,'008342','MULENGA','MUSEPA',NULL,'Mr','Male','0977744467','mulenga.musepa@unza.zm','mulenga.musepa@unza.zm','202874/68/1','102615253',NULL,1,'Dv5drskpd7Lnbwe-V9Y5svA_7nC_L7up','$2y$13$LC2gjIbu8PlPP.qYAoA2Ee1bnllaMEgSpVV3WSkgz0RpGHVfgBwcu',NULL,246,'1966-05-25',NULL,NULL,NULL,NULL,NULL,NULL,'1004224389',NULL,NULL,NULL,NULL,'Single','13041639110124',NULL,NULL),(421,11,'008343','BESTERN','KAANI',NULL,'Dr','Male',NULL,'bestern.kaani@unza.zm','bestern.kaani@unza.zm','107423/18/1','116170489',NULL,1,'Dv5drskpd7Lnbwe-V9Y5svA_7nC_L7up','$2y$13$LC2gjIbu8PlPP.qYAoA2Ee1bnllaMEgSpVV3WSkgz0RpGHVfgBwcu',NULL,246,'1972-06-14',NULL,NULL,NULL,NULL,NULL,NULL,'1003072136',NULL,NULL,NULL,NULL,'Married','13069073110117',NULL,NULL),(422,2,'008344','FLORENCE','CHAMVU',NULL,'Ms','Female',NULL,'florence.chamvu@unza.zm','florence.chamvu@unza.zm','389086/11/1','116182159',NULL,0,'Dv5drskpd7Lnbwe-V9Y5svA_7nC_L7up','$2y$13$LC2gjIbu8PlPP.qYAoA2Ee1bnllaMEgSpVV3WSkgz0RpGHVfgBwcu',NULL,246,'1963-12-12',NULL,NULL,NULL,NULL,NULL,NULL,'1003072136',NULL,NULL,NULL,NULL,'Single','13037181110128',NULL,NULL),(423,2,'008345','JERE. J. P','FOLOTIYA',NULL,'Mrs','Female','+260 977 800391','jacqueline.folotiya@unza.zm','jacqueline.folotiya@unza.zm','685738/11/1','101649950',NULL,1,'Dv5drskpd7Lnbwe-V9Y5svA_7nC_L7up','$2y$13$LC2gjIbu8PlPP.qYAoA2Ee1bnllaMEgSpVV3WSkgz0RpGHVfgBwcu',NULL,246,'1976-11-08',NULL,NULL,NULL,NULL,NULL,NULL,'1002493329',NULL,NULL,NULL,NULL,'Married','13039452110121',NULL,NULL),(424,2,'008347','CHARLES','SILUNGWE',NULL,'Mr','Male',NULL,'csilungwe@unza.zm','csilungwe@unza.zm','218532/64/1','106234005','ZG86415',1,'Dv5drskpd7Lnbwe-V9Y5svA_7nC_L7up','$2y$13$LC2gjIbu8PlPP.qYAoA2Ee1bnllaMEgSpVV3WSkgz0RpGHVfgBwcu',NULL,246,'1971-03-23',NULL,NULL,NULL,NULL,NULL,NULL,'1000490262',NULL,NULL,NULL,NULL,'Married','13065331110113',NULL,NULL),(425,2,'008348','AARON','BANDA',NULL,'Mr','Male','0977835678','aaron.banda@unza.zm','aaron.banda@unza.zm','295781/61/1','302890566','ZN134854',1,'Dv5drskpd7Lnbwe-V9Y5svA_7nC_L7up','$2y$13$LC2gjIbu8PlPP.qYAoA2Ee1bnllaMEgSpVV3WSkgz0RpGHVfgBwcu',NULL,246,'1976-12-19',NULL,NULL,NULL,NULL,NULL,NULL,'1004799841',NULL,NULL,NULL,NULL,'Married','13065223110118',NULL,NULL),(426,2,'008352','MARJORIE','KABINGA','MAKUKULA ','Dr','Female','0977889430','marjorie.kabinga@unza.zm','marjorie.kabinga@unza.zm','591607/11/1','116169036','ZN090819',1,'Dv5drskpd7Lnbwe-V9Y5svA_7nC_L7up','$2y$13$LC2gjIbu8PlPP.qYAoA2Ee1bnllaMEgSpVV3WSkgz0RpGHVfgBwcu',NULL,246,'1974-03-27',NULL,NULL,NULL,NULL,NULL,NULL,'1004292890',NULL,NULL,NULL,NULL,'Married','13041089110125',NULL,NULL),(427,2,'008353','VICTOR MANDE','HAMUCHENJE',NULL,'Mr','Male',NULL,'vmhamuchenje@unza.zm','vmhamuchenje@unza.zm','167756/75/1','303393359','ZH 44437',1,'Dv5drskpd7Lnbwe-V9Y5svA_7nC_L7up','$2y$13$LC2gjIbu8PlPP.qYAoA2Ee1bnllaMEgSpVV3WSkgz0RpGHVfgBwcu',NULL,246,'1965-01-22',NULL,NULL,NULL,NULL,NULL,NULL,'1001368585',NULL,NULL,NULL,NULL,'Married','13055270110117',NULL,NULL),(428,2,'008355','MAGDALENE M','SIMALALO- DAKA',NULL,'Mrs','Female',NULL,'magdalene.simalalo@unza.zm','magdalene.simalalo@unza.zm','316453/74/1','108490124',NULL,1,'Dv5drskpd7Lnbwe-V9Y5svA_7nC_L7up','$2y$13$LC2gjIbu8PlPP.qYAoA2Ee1bnllaMEgSpVV3WSkgz0RpGHVfgBwcu',NULL,246,'1976-07-13',NULL,NULL,NULL,NULL,NULL,NULL,'1001347659',NULL,NULL,NULL,NULL,'Married','13637050110125',NULL,NULL),(429,2,'008356','DAVID','MWANSA','KATEBE','Mr','Male','0977 679046','david.mwansa@unza.zm','david.mwansa@unza.zm','366028/67/1','104866462','zp 366028/67/1',1,'Dv5drskpd7Lnbwe-V9Y5svA_7nC_L7up','$2y$13$LC2gjIbu8PlPP.qYAoA2Ee1bnllaMEgSpVV3WSkgz0RpGHVfgBwcu',NULL,246,'1980-06-06',NULL,NULL,NULL,NULL,NULL,NULL,'1001293239',NULL,NULL,NULL,NULL,'Married','13066174110117',NULL,NULL),(430,2,'008357','BRIGHT','CHULU',NULL,'Mr','Male','0978 731030','bright.chulu@unza.zm','bright.chulu@unza.zm','716199/11/1','107454006','ZN73775',1,'Dv5drskpd7Lnbwe-V9Y5svA_7nC_L7up','$2y$13$LC2gjIbu8PlPP.qYAoA2Ee1bnllaMEgSpVV3WSkgz0RpGHVfgBwcu',NULL,246,'1978-10-22',NULL,NULL,NULL,NULL,NULL,NULL,'1005678913',NULL,NULL,NULL,NULL,'Married','13063493110112',NULL,NULL),(431,2,'008359','CHEMBENSOFU','MWELWA',NULL,'Mr','Male','0978457731','chembensofu.mwelwa@unza.zm','chembensofu.mwelwa@unza.zm','309442/33/1','108490225',NULL,0,'Dv5drskpd7Lnbwe-V9Y5svA_7nC_L7up','$2y$13$LC2gjIbu8PlPP.qYAoA2Ee1bnllaMEgSpVV3WSkgz0RpGHVfgBwcu',NULL,246,'1976-05-06',NULL,NULL,NULL,NULL,NULL,NULL,'1002739554',NULL,NULL,NULL,NULL,'Married','13071436110111',NULL,NULL),(432,2,'008360','M MAXIMO','KANKOMBA',NULL,'Mr','Male',NULL,NULL,NULL,'355668/74/1','108303822',NULL,1,'Dv5drskpd7Lnbwe-V9Y5svA_7nC_L7up','$2y$13$LC2gjIbu8PlPP.qYAoA2Ee1bnllaMEgSpVV3WSkgz0RpGHVfgBwcu',NULL,246,'1979-08-14',NULL,NULL,NULL,NULL,NULL,NULL,'1001528276',NULL,NULL,NULL,NULL,'Single','NHA2002519421',NULL,NULL),(433,2,'008362','DALE S','MUDENDA','SIAMULANDABALA ','Mr','Male','0965283202','dmudenda@unza.zm','dmudenda@unza.zm','217017/73/1','108526597','ZP 003370',1,'Dv5drskpd7Lnbwe-V9Y5svA_7nC_L7up','$2y$13$LC2gjIbu8PlPP.qYAoA2Ee1bnllaMEgSpVV3WSkgz0RpGHVfgBwcu',NULL,246,'1976-10-04',NULL,NULL,NULL,NULL,NULL,NULL,'1000831039',NULL,NULL,NULL,NULL,'Married','13055435110112',NULL,NULL),(434,2,'008364','SHUPIE','CHIBINDA',NULL,'Miss','Female','0976106108','shupie.chibinda@unza.zm','shupie.chibinda@unza.zm','654845/11/1','108487353',NULL,1,'Dv5drskpd7Lnbwe-V9Y5svA_7nC_L7up','$2y$13$LC2gjIbu8PlPP.qYAoA2Ee1bnllaMEgSpVV3WSkgz0RpGHVfgBwcu',NULL,246,'1976-07-14',NULL,NULL,NULL,NULL,NULL,NULL,'1005178341',NULL,NULL,NULL,NULL,'Married','13564183110113',NULL,NULL),(435,2,'008365','M MUTINTA','MWEEMBA MUWOWO',NULL,'Mrs','Female',NULL,'mutinta.mweemba@unza.zm','mutinta.mweemba@unza.zm','292069/74/1','107560851',NULL,1,'Dv5drskpd7Lnbwe-V9Y5svA_7nC_L7up','$2y$13$LC2gjIbu8PlPP.qYAoA2Ee1bnllaMEgSpVV3WSkgz0RpGHVfgBwcu',NULL,246,'1969-11-29',NULL,NULL,NULL,NULL,NULL,NULL,'1002927620',NULL,NULL,NULL,NULL,'Married','13039345110121',NULL,NULL),(436,2,'008366','MOONDE','MUNGANDU',NULL,'Mr','Male','0977 603752','moonde.mungandu@unza.zm','moonde.mungandu@unza.zm','227048/73/1','108303846','ZP 227048/73/1',1,'Dv5drskpd7Lnbwe-V9Y5svA_7nC_L7up','$2y$13$LC2gjIbu8PlPP.qYAoA2Ee1bnllaMEgSpVV3WSkgz0RpGHVfgBwcu',NULL,246,'1977-04-02',NULL,NULL,NULL,NULL,NULL,NULL,'1001290719',NULL,NULL,NULL,NULL,'Married','13063269110115',NULL,NULL),(437,2,'008369','CHRISPIN','HAMOOYA',NULL,'Mr','Male','0966325538','chris.hamooya@unza.zm','chris.hamooya@unza.zm','265575/74/1','107519426',NULL,1,'Dv5drskpd7Lnbwe-V9Y5svA_7nC_L7up','$2y$13$LC2gjIbu8PlPP.qYAoA2Ee1bnllaMEgSpVV3WSkgz0RpGHVfgBwcu',NULL,246,'1969-12-25',NULL,NULL,NULL,NULL,NULL,NULL,'1000882394',NULL,NULL,NULL,NULL,'Married','13070123110117',NULL,NULL),(438,2,'008371','EMILY','NGANDU',NULL,'Miss','Female','0977 - 894284','emily.ngandu@unza.zm','emily.ngandu@unza.zm','182229/74/1','130562574',NULL,0,'Dv5drskpd7Lnbwe-V9Y5svA_7nC_L7up','$2y$13$LC2gjIbu8PlPP.qYAoA2Ee1bnllaMEgSpVV3WSkgz0RpGHVfgBwcu',NULL,246,'1957-10-20',NULL,NULL,NULL,NULL,NULL,NULL,'1009119368',NULL,NULL,NULL,NULL,'Single','13040207110126',NULL,NULL),(439,2,'008375','BARNABAS','CHIBWANA',NULL,'Mr','Male','0965765105','barnabas.chibwana@unza.zm','barnabas.chibwana@unza.zm','114040/14/1','105432698',NULL,1,'Dv5drskpd7Lnbwe-V9Y5svA_7nC_L7up','$2y$13$LC2gjIbu8PlPP.qYAoA2Ee1bnllaMEgSpVV3WSkgz0RpGHVfgBwcu',NULL,246,'1971-09-05',NULL,NULL,NULL,NULL,NULL,NULL,'1001555650',NULL,NULL,NULL,NULL,'Married','13065527110111',NULL,NULL),(440,2,'008376','PATSON','SINKALA','CHOMALA','Mr','Male','097 7 462409','psinkala@unza.zm','psinkala@unza.zm','233245/43/1','107512135','ZH16415',1,'Dv5drskpd7Lnbwe-V9Y5svA_7nC_L7up','$2y$13$LC2gjIbu8PlPP.qYAoA2Ee1bnllaMEgSpVV3WSkgz0RpGHVfgBwcu',NULL,246,'1975-02-25',NULL,NULL,NULL,NULL,NULL,NULL,'1000419704',NULL,NULL,NULL,NULL,'Married','13068760110114',NULL,NULL),(441,2,'008377','JESSICA','SILUNGWE - CHITAMBO',NULL,'Mrs','Female','0977749654','jessica.chitambo@unza.zm','jessica.chitambo@unza.zm','279021/16/1','104822404','ZN 444365',1,'Dv5drskpd7Lnbwe-V9Y5svA_7nC_L7up','$2y$13$LC2gjIbu8PlPP.qYAoA2Ee1bnllaMEgSpVV3WSkgz0RpGHVfgBwcu',NULL,246,'1979-01-31',NULL,NULL,NULL,NULL,NULL,NULL,'1003043547',NULL,NULL,NULL,NULL,'Married','13039730110126',NULL,NULL),(442,2,'008381','MERCY C.K.','LUWISHA',NULL,'Miss','Female','0979314163','mercy.luwisha@unza.zm','mercy.luwisha@unza.zm','332452/61/1','104822416',NULL,1,'Dv5drskpd7Lnbwe-V9Y5svA_7nC_L7up','$2y$13$LC2gjIbu8PlPP.qYAoA2Ee1bnllaMEgSpVV3WSkgz0RpGHVfgBwcu',NULL,246,'1982-09-29',NULL,NULL,NULL,NULL,NULL,NULL,'1003198212',NULL,NULL,NULL,NULL,'Single','13040500110123',NULL,NULL),(443,2,'008384','JACKSON','PHIRI',NULL,'Dr','Male','0971827866','jackson.phiri@unza.zm','jackson.phiri@unza.zm','114855/18/1','116182161',NULL,1,'Dv5drskpd7Lnbwe-V9Y5svA_7nC_L7up','$2y$13$GJ56sPhCphtCT20a0Uict.Ye3hePiwHJ6egTBUTaVu9ccqD0WQvlW',NULL,246,'1976-08-08',NULL,NULL,NULL,NULL,NULL,NULL,'1001255982',NULL,NULL,'2025-02-04 13:26:44',NULL,'Married','13063115110114',NULL,NULL),(444,2,'008385',' CHRISTIAN','FWAMBO','MWILA','Mr','Male','0977650109','christian.fwambo@unza.zm','christian.fwambo@unza.zm','215643/16/1','107561015',NULL,1,'Dv5drskpd7Lnbwe-V9Y5svA_7nC_L7up','$2y$13$LC2gjIbu8PlPP.qYAoA2Ee1bnllaMEgSpVV3WSkgz0RpGHVfgBwcu',NULL,246,'1970-03-18',NULL,NULL,NULL,NULL,NULL,NULL,'1003433784',NULL,NULL,NULL,NULL,'Married','13065127110111',NULL,NULL),(445,2,'008386','PRECIOUS','MAKULU ','MEAMUI MUYUNDA','Mrs','Female','0955518447','precious.makulu@unza.zm','precious.makulu@unza.zm','314781/61/1','107603057',NULL,1,'Dv5drskpd7Lnbwe-V9Y5svA_7nC_L7up','$2y$13$LC2gjIbu8PlPP.qYAoA2Ee1bnllaMEgSpVV3WSkgz0RpGHVfgBwcu',NULL,246,'1977-01-11',NULL,NULL,NULL,NULL,NULL,NULL,'1001102843',NULL,NULL,NULL,NULL,'Married','13035175110129',NULL,NULL),(446,2,'008387','JOSEPH','MWANZA',NULL,'Mr','Male','0977 702479','joseph.mwanza@unza.zm','joseph.mwanza@unza.zm','169433/65/1','102851736','169433/65/1',1,'Dv5drskpd7Lnbwe-V9Y5svA_7nC_L7up','$2y$13$LC2gjIbu8PlPP.qYAoA2Ee1bnllaMEgSpVV3WSkgz0RpGHVfgBwcu',NULL,246,'1974-10-07',NULL,NULL,NULL,NULL,NULL,NULL,'1000010561',NULL,NULL,NULL,NULL,'Married','13067165110117',NULL,NULL),(447,2,'008388','STEVEN','MUDENDA',NULL,'Dr','Male',NULL,'steven.mudenda@unza.zm','steven.mudenda@unza.zm','229505/73/1','107510337',NULL,1,'Dv5drskpd7Lnbwe-V9Y5svA_7nC_L7up','$2y$13$LC2gjIbu8PlPP.qYAoA2Ee1bnllaMEgSpVV3WSkgz0RpGHVfgBwcu',NULL,246,'1978-03-01',NULL,NULL,NULL,NULL,NULL,NULL,'2001269446',NULL,NULL,NULL,NULL,'Married','10943054110114',NULL,NULL),(448,2,'008390','SUWILANJI','NKONDE','SICHONE','Mrs','Female',NULL,'suwilanji.nkonde@unza.zm','suwilanji.nkonde@unza.zm','308065/04/1','311993929','ZM 050152',1,'Dv5drskpd7Lnbwe-V9Y5svA_7nC_L7up','$2y$13$LC2gjIbu8PlPP.qYAoA2Ee1bnllaMEgSpVV3WSkgz0RpGHVfgBwcu',NULL,246,'1974-12-18',NULL,NULL,NULL,NULL,NULL,NULL,'2001269446',NULL,NULL,NULL,NULL,'Married','13039061110123',NULL,NULL),(449,2,'008392','MONICA','KALUMBILO KABEMBA ','MONDE','Mrs','Female',NULL,'monde.kalumbilo@unza.zm','monde.kalumbilo@unza.zm','714813/11/1','107508996','ZJ12489',1,'Dv5drskpd7Lnbwe-V9Y5svA_7nC_L7up','$2y$13$LC2gjIbu8PlPP.qYAoA2Ee1bnllaMEgSpVV3WSkgz0RpGHVfgBwcu',NULL,246,'1977-10-28',NULL,NULL,NULL,NULL,NULL,NULL,'1000725468',NULL,NULL,NULL,NULL,'Married','13041092110123',NULL,NULL),(450,2,'008393','JOTHAM  C.  ','MOMBA',NULL,'Prof','Male',NULL,'jotham.momba@unza.zm','jotham.momba@unza.zm','123956/74/1','306622577',NULL,1,'Dv5drskpd7Lnbwe-V9Y5svA_7nC_L7up','$2y$13$LC2gjIbu8PlPP.qYAoA2Ee1bnllaMEgSpVV3WSkgz0RpGHVfgBwcu',NULL,246,'1948-08-29',NULL,NULL,NULL,NULL,NULL,NULL,'1009139286',NULL,NULL,NULL,NULL,'Married','13063264110119',NULL,NULL),(451,2,'008396','DAVIES MALEKA','LUNGU',NULL,'Dr','Male',NULL,'dlungu@unza.zm','dlungu@unza.zm','142433/67/1','105479795',NULL,1,'Dv5drskpd7Lnbwe-V9Y5svA_7nC_L7up','$2y$13$LC2gjIbu8PlPP.qYAoA2Ee1bnllaMEgSpVV3WSkgz0RpGHVfgBwcu',NULL,246,'1948-07-06',NULL,NULL,NULL,NULL,NULL,NULL,'1000546087',NULL,NULL,NULL,NULL,'Married','13062350110119',NULL,NULL),(452,2,'008397','BRIDGET','BWALYA',NULL,'Dr','Female','0979 575667','brbwalya@unza.zm','brbwalya@unza.zm','260524/66/1','108621064',NULL,1,'Dv5drskpd7Lnbwe-V9Y5svA_7nC_L7up','$2y$13$LC2gjIbu8PlPP.qYAoA2Ee1bnllaMEgSpVV3WSkgz0RpGHVfgBwcu',NULL,246,'1976-12-06',NULL,NULL,NULL,NULL,NULL,NULL,'1000831136',NULL,NULL,NULL,NULL,'Married','13039453110122',NULL,NULL),(453,7,'008399','LIBERTY','MWEEMBA',NULL,'Dr','Male','0977 498820','liberty.mweemba@unza.zm','liberty.mweemba@unza.zm','141860/76/1','116170491',NULL,1,'Dv5drskpd7Lnbwe-V9Y5svA_7nC_L7up','$2y$13$LC2gjIbu8PlPP.qYAoA2Ee1bnllaMEgSpVV3WSkgz0RpGHVfgBwcu',NULL,246,'1969-03-23',NULL,NULL,NULL,NULL,NULL,NULL,'1000763602',NULL,NULL,NULL,NULL,'Married','13063106110113',NULL,NULL),(454,2,'008400','BERNARD','CHILESHE',NULL,'Dr','Male',NULL,'bernard.chileshe@unza.zm','bernard.chileshe@unza.zm','195269/43/1','204771665',NULL,1,'Dv5drskpd7Lnbwe-V9Y5svA_7nC_L7up','$2y$13$LC2gjIbu8PlPP.qYAoA2Ee1bnllaMEgSpVV3WSkgz0RpGHVfgBwcu',NULL,246,'1964-10-05',NULL,NULL,NULL,NULL,NULL,NULL,'1000798608',NULL,NULL,NULL,NULL,'Married','13058927110116',NULL,NULL),(455,2,'008404','MWINDAACE','SIAMWIZA','NKONGWAMWINI','Prof','Male','0977800240','siamwiza@zamnet.zm','siamwiza@zamnet.zm','279065/11/1','104822404',NULL,0,'Dv5drskpd7Lnbwe-V9Y5svA_7nC_L7up','$2y$13$LC2gjIbu8PlPP.qYAoA2Ee1bnllaMEgSpVV3WSkgz0RpGHVfgBwcu',NULL,246,'1946-01-01',NULL,NULL,NULL,NULL,NULL,NULL,'1000793123',NULL,NULL,NULL,NULL,'Married','13066314110117',NULL,NULL),(456,2,'008405','SATNAM','VIRDY','SINGH','Mr','Male','0977888466','svirdy@unza.zm','svirdy@unza.zm','552946/10/1',NULL,'ZN 570378',1,'Dv5drskpd7Lnbwe-V9Y5svA_7nC_L7up','$2y$13$LC2gjIbu8PlPP.qYAoA2Ee1bnllaMEgSpVV3WSkgz0RpGHVfgBwcu',NULL,246,'1974-11-03',NULL,NULL,NULL,NULL,NULL,NULL,'1000793123',NULL,NULL,NULL,NULL,'Married','13637049110111',NULL,NULL),(457,2,'008407','JOYCE','SIWILA',NULL,'Dr','Female','0977319826','joyce.saasa@unza.zm','joyce.saasa@unza.zm','642579/11/1','107582164','ZN 697201',1,'Dv5drskpd7Lnbwe-V9Y5svA_7nC_L7up','$2y$13$LC2gjIbu8PlPP.qYAoA2Ee1bnllaMEgSpVV3WSkgz0RpGHVfgBwcu',NULL,246,'1976-10-03',NULL,NULL,NULL,NULL,NULL,NULL,'1006016801',NULL,NULL,NULL,NULL,'Married','13038647110127',NULL,NULL),(458,2,'008408','KABEMBA','MWAPE   ','EVANS ','Dr','Male','0977 819236','evans.mwape@unza.zm','evans.mwape@unza.zm','631699/11/1','103602895','ZG68212',1,'Dv5drskpd7Lnbwe-V9Y5svA_7nC_L7up','$2y$13$LC2gjIbu8PlPP.qYAoA2Ee1bnllaMEgSpVV3WSkgz0RpGHVfgBwcu',NULL,246,'1975-07-26',NULL,NULL,NULL,NULL,NULL,NULL,'1002565893',NULL,NULL,NULL,NULL,'Married','13063101110115',NULL,NULL),(459,7,'008410','ORLEANS','MFUNE',NULL,'Dr','Male','0969171456','orleans.mfune@unza.zm','orleans.mfune@unza.zm','447259/52/1','106966995',NULL,1,'Dv5drskpd7Lnbwe-V9Y5svA_7nC_L7up','$2y$13$LC2gjIbu8PlPP.qYAoA2Ee1bnllaMEgSpVV3WSkgz0RpGHVfgBwcu',NULL,246,'1977-09-15',NULL,NULL,NULL,NULL,NULL,NULL,'1002565893',NULL,NULL,NULL,NULL,'Married','11787598110111',NULL,NULL),(460,2,'008411','KATENDI','CHANGULA - CHITANGA',NULL,'Dr','Female','0979851386','ckchangula@unza.zm','ckchangula@unza.zm','640347/11/1','104084012','ZJ 17705',1,'Dv5drskpd7Lnbwe-V9Y5svA_7nC_L7up','$2y$13$LC2gjIbu8PlPP.qYAoA2Ee1bnllaMEgSpVV3WSkgz0RpGHVfgBwcu',NULL,246,'1977-08-02',NULL,NULL,NULL,NULL,NULL,NULL,'1004449795',NULL,NULL,NULL,NULL,'Married','13040096110126',NULL,NULL),(461,11,'008414','FABIAN K','KAKANA',NULL,'Mr','Male','+0977454260','fabian.kakana@unza.zm','fabian.kakana@unza.zm','208079/43/1','102457594',NULL,1,'Dv5drskpd7Lnbwe-V9Y5svA_7nC_L7up','$2y$13$LC2gjIbu8PlPP.qYAoA2Ee1bnllaMEgSpVV3WSkgz0RpGHVfgBwcu',NULL,246,'1971-09-13',NULL,NULL,NULL,NULL,NULL,NULL,'1006051141',NULL,NULL,NULL,NULL,'Married','13066292110115',NULL,NULL),(462,2,'008416','ENESS ','CHITUMBO','MIYANDA M.','Mrs','Female','0977  875831','echitumbo@unza.zm','echitumbo@unza.zm','121742/18/1','108491112',NULL,1,'Dv5drskpd7Lnbwe-V9Y5svA_7nC_L7up','$2y$13$LC2gjIbu8PlPP.qYAoA2Ee1bnllaMEgSpVV3WSkgz0RpGHVfgBwcu',NULL,246,'1976-07-13',NULL,NULL,NULL,NULL,NULL,NULL,'1002441284',NULL,NULL,NULL,NULL,'Married','13040930110126',NULL,NULL),(463,2,'008420','HAZEL ','ZULU','MWAPE','Mrs','Female','0976692609','hzulu@unza.zm','hzulu@unza.zm','284451/61/1','302698003',NULL,1,'Dv5drskpd7Lnbwe-V9Y5svA_7nC_L7up','$2y$13$LC2gjIbu8PlPP.qYAoA2Ee1bnllaMEgSpVV3WSkgz0RpGHVfgBwcu',NULL,246,'1972-10-15',NULL,NULL,NULL,NULL,NULL,NULL,'1001349599',NULL,NULL,NULL,NULL,'Married','13041602110124',NULL,NULL),(464,2,'008423','TWAMBO','HACHIBAMBA',NULL,'Ms','Female',NULL,'thachibamba@unza.zm','thachibamba@unza.zm','597405/11/1','100790413',NULL,1,'Dv5drskpd7Lnbwe-V9Y5svA_7nC_L7up','$2y$13$LC2gjIbu8PlPP.qYAoA2Ee1bnllaMEgSpVV3WSkgz0RpGHVfgBwcu',NULL,246,'1974-09-03',NULL,NULL,NULL,NULL,NULL,NULL,'1003106017',NULL,NULL,NULL,NULL,'Married','13041421110127',NULL,NULL),(465,11,'008424','JAMES','MANCHISI',NULL,'Dr','Male','0979248489','jmanchisi@unza.zm','jmanchisi@unza.zm','210588/17/1','404290930','ZK 010991',1,'Dv5drskpd7Lnbwe-V9Y5svA_7nC_L7up','$2y$13$LC2gjIbu8PlPP.qYAoA2Ee1bnllaMEgSpVV3WSkgz0RpGHVfgBwcu',NULL,246,'1977-07-21',NULL,NULL,NULL,NULL,NULL,NULL,'1000381422',NULL,NULL,NULL,NULL,'Married','13065515110114',NULL,NULL),(466,11,'008425',' ANDREW','PHIRI','MALATA','Dr','Male',NULL,'andrew.phiri@unza.zm','andrew.phiri@unza.zm','108470/18/1','107582138',NULL,1,'Dv5drskpd7Lnbwe-V9Y5svA_7nC_L7up','$2y$13$LC2gjIbu8PlPP.qYAoA2Ee1bnllaMEgSpVV3WSkgz0RpGHVfgBwcu',NULL,246,'1973-11-18',NULL,NULL,NULL,NULL,NULL,NULL,'1001546623',NULL,NULL,NULL,NULL,'Married','13063746110117',NULL,NULL),(467,2,'008427','PHILLIP','NKUNIKA','OBED YOBE','Prof','Male','0977245762','pnkunika@unza.zm','pnkunika@unza.zm','127453/16/1','101497581','ZH 17669',1,'Dv5drskpd7Lnbwe-V9Y5svA_7nC_L7up','$2y$13$LC2gjIbu8PlPP.qYAoA2Ee1bnllaMEgSpVV3WSkgz0RpGHVfgBwcu',NULL,246,'1949-04-04',NULL,NULL,NULL,NULL,NULL,NULL,'1008187357',NULL,NULL,NULL,NULL,'Married','13467260110115',NULL,NULL),(468,2,'008436','CHRISTOPHER','MAPOMA ','CHABILA','Dr','Male','+260962477531','christopher.mapoma@unza.zm','christopher.mapoma@unza.zm','202063/32/1','108491996',NULL,1,'Dv5drskpd7Lnbwe-V9Y5svA_7nC_L7up','$2y$13$LC2gjIbu8PlPP.qYAoA2Ee1bnllaMEgSpVV3WSkgz0RpGHVfgBwcu',NULL,246,'1974-06-22',NULL,NULL,NULL,NULL,NULL,NULL,'1001475582',NULL,NULL,NULL,NULL,'Married','13064483110116',NULL,NULL),(469,2,'008437','MANENGA','NDULO','C','Prof','Male','0966755478','Manenga.ndulo@unza.zm','Manenga.ndulo@unza.zm','235597/11/1','100233584','ZK 055724',1,'Dv5drskpd7Lnbwe-V9Y5svA_7nC_L7up','$2y$13$LC2gjIbu8PlPP.qYAoA2Ee1bnllaMEgSpVV3WSkgz0RpGHVfgBwcu',NULL,246,'1949-06-21',NULL,NULL,NULL,NULL,NULL,NULL,'1000023813',NULL,NULL,NULL,NULL,'Married','13064640110116',NULL,NULL),(470,2,'008445','MARINA','XAVIER','GYL','Mrs','Female','0955764745','mxavier@unza.zm','mxavier@unza.zm','901633/10/2','111220855','A5431090',1,'Dv5drskpd7Lnbwe-V9Y5svA_7nC_L7up','$2y$13$LC2gjIbu8PlPP.qYAoA2Ee1bnllaMEgSpVV3WSkgz0RpGHVfgBwcu',NULL,103,'1974-08-17',NULL,NULL,NULL,NULL,NULL,NULL,'1004231000',NULL,NULL,NULL,NULL,'Married','90912141900123',NULL,NULL),(471,7,'008446','KANGWA ANNIE','CHEWE',NULL,'Dr','Female','+260 977 417686','annie.chanda@unza.zm','annie.chanda@unza.zm','286099/61/1','101875977',NULL,1,'Dv5drskpd7Lnbwe-V9Y5svA_7nC_L7up','$2y$13$LC2gjIbu8PlPP.qYAoA2Ee1bnllaMEgSpVV3WSkgz0RpGHVfgBwcu',NULL,246,'1973-01-19',NULL,NULL,NULL,NULL,NULL,NULL,'1003297756',NULL,NULL,NULL,NULL,'Single','13036627110121',NULL,NULL),(472,2,'008448','PRISCILLA','HAMUKWALA',NULL,'Dr','Female','0979521570','phamukwala@unza.zm','phamukwala@unza.zm','102647/77/1','101680805',NULL,1,'Dv5drskpd7Lnbwe-V9Y5svA_7nC_L7up','$2y$13$azta/3bbxOtoJvphrd2WAO15xveu6uZrDUoHOsbtFrl/vKph7D2lu',NULL,246,'1973-06-12',NULL,NULL,NULL,NULL,NULL,NULL,'1002523855',NULL,NULL,'2025-01-29 11:02:16',NULL,'Married','13040772110128',NULL,NULL),(473,2,'008449','MEKI','CHIRWA',NULL,'Mr','Male','0973 728518','meki.chirwa@unza.zm','meki.chirwa@unza.zm','297466/61/1','107560736','ZJ 50549',0,'Dv5drskpd7Lnbwe-V9Y5svA_7nC_L7up','$2y$13$LC2gjIbu8PlPP.qYAoA2Ee1bnllaMEgSpVV3WSkgz0RpGHVfgBwcu',NULL,246,'1975-04-19',NULL,NULL,NULL,NULL,NULL,NULL,'1004338763',NULL,NULL,NULL,NULL,'Married','13067894110113',NULL,NULL),(474,2,'008450','FRANCIS','DAKA',NULL,'Mr','Male','0977 789103','francis.daka@unza.zm','francis.daka@unza.zm','711474/11/1','107519654','ZH 38720',1,'Dv5drskpd7Lnbwe-V9Y5svA_7nC_L7up','$2y$13$LC2gjIbu8PlPP.qYAoA2Ee1bnllaMEgSpVV3WSkgz0RpGHVfgBwcu',NULL,246,'1978-11-11',NULL,NULL,NULL,NULL,NULL,NULL,'2000113079',NULL,NULL,NULL,NULL,'Married','13070300110112',NULL,NULL),(475,2,'008453','JULIUS','SAKALA',NULL,'Mr','Male','0977 306151','julius.sakala@unza.zm','julius.sakala@unza.zm','541628/11/1','105479670','ZP 541628/11/1',1,'Dv5drskpd7Lnbwe-V9Y5svA_7nC_L7up','$2y$13$LC2gjIbu8PlPP.qYAoA2Ee1bnllaMEgSpVV3WSkgz0RpGHVfgBwcu',NULL,246,'1969-05-04',NULL,NULL,NULL,NULL,NULL,NULL,'1004508475',NULL,NULL,NULL,NULL,'Married','13070301110118',NULL,NULL),(476,2,'008456','MILIMO','MWANAKABA','CHOONGO','Mrs','Female',NULL,'milimo.mwanakaba@unza.zm','milimo.mwanakaba@unza.zm','120028/77/1','108491605',NULL,1,'Dv5drskpd7Lnbwe-V9Y5svA_7nC_L7up','$2y$13$LC2gjIbu8PlPP.qYAoA2Ee1bnllaMEgSpVV3WSkgz0RpGHVfgBwcu',NULL,246,'1977-11-14',NULL,NULL,NULL,NULL,NULL,NULL,'1006192930',NULL,NULL,NULL,NULL,'Married','13035166110127',NULL,NULL),(477,2,'008462','DUNCAN','SIBATA',NULL,'Mr','Male','0977 531489','duncan.sibata@unza.zm','duncan.sibata@unza.zm','277643/61/1','100146547','ZP 277643/61/1',1,'Dv5drskpd7Lnbwe-V9Y5svA_7nC_L7up','$2y$13$LC2gjIbu8PlPP.qYAoA2Ee1bnllaMEgSpVV3WSkgz0RpGHVfgBwcu',NULL,246,'1974-02-28',NULL,NULL,NULL,NULL,NULL,NULL,'1004330126',NULL,NULL,NULL,NULL,'Married','13064476110112',NULL,NULL),(478,2,'008464','CHARLOTTE  M','NGANGA',NULL,'Miss','Female','0979 986045','cnganga@unza.zm','cnganga@unza.zm','210268/31/1','105485388','ZP 210268/21/1',1,'Dv5drskpd7Lnbwe-V9Y5svA_7nC_L7up','$2y$13$LC2gjIbu8PlPP.qYAoA2Ee1bnllaMEgSpVV3WSkgz0RpGHVfgBwcu',NULL,246,'1977-03-06',NULL,NULL,NULL,NULL,NULL,NULL,'1005301714',NULL,NULL,NULL,NULL,'Single','13041222110125',NULL,NULL),(479,2,'008465','JACOB','MIYEMBA',NULL,'Mr','Male','0977 548761','jmiyemba@unza.zm','jmiyemba@unza.zm','224570/68/1','101983126','ZP 224570/68/1',0,'Dv5drskpd7Lnbwe-V9Y5svA_7nC_L7up','$2y$13$LC2gjIbu8PlPP.qYAoA2Ee1bnllaMEgSpVV3WSkgz0RpGHVfgBwcu',NULL,246,'1978-06-20',NULL,NULL,NULL,NULL,NULL,NULL,'1013024464',NULL,NULL,NULL,NULL,'Married','13066306110111',NULL,NULL),(480,2,'008466','MOSES','BANDA',NULL,'Mr','Male','0977 308451','moses.banda@unza.zm','moses.banda@unza.zm','584706/11/1','120539424','ZP 584706/11/1',1,'Dv5drskpd7Lnbwe-V9Y5svA_7nC_L7up','$2y$13$LC2gjIbu8PlPP.qYAoA2Ee1bnllaMEgSpVV3WSkgz0RpGHVfgBwcu',NULL,246,'1975-12-13',NULL,NULL,NULL,NULL,NULL,NULL,'1003334882',NULL,NULL,NULL,NULL,'Married','13064836110113',NULL,NULL),(481,2,'008468','MAKASA','MWENYA','MARCUS','Mr','Male','0955 919427','mmwenya@unza.zm','mmwenya@unza.zm','725708/11/1','103558359',NULL,1,'Dv5drskpd7Lnbwe-V9Y5svA_7nC_L7up','$2y$13$LC2gjIbu8PlPP.qYAoA2Ee1bnllaMEgSpVV3WSkgz0RpGHVfgBwcu',NULL,246,'1979-05-07',NULL,NULL,NULL,NULL,NULL,NULL,'1005100893',NULL,NULL,NULL,NULL,'Single','13067293110118',NULL,NULL),(482,2,'008469','MARTIN','KUNOLU','SITUMBEKO','Mr','Male','0977 329818','martin.kunolu@unza.zm','martin.kunolu@unza.zm','147462/83/1','105479733','ZP 147462/83/1',0,'Dv5drskpd7Lnbwe-V9Y5svA_7nC_L7up','$2y$13$LC2gjIbu8PlPP.qYAoA2Ee1bnllaMEgSpVV3WSkgz0RpGHVfgBwcu',NULL,246,'1969-04-09',NULL,NULL,NULL,NULL,NULL,NULL,'1005198956',NULL,NULL,NULL,NULL,'Married','13067932110112',NULL,NULL),(483,2,'008470',' LENOX','HANDILAH','MUPAALE','Mr','Male','0978 275236','handila.lenox@unza.zm','handila.lenox@unza.zm','750187/11/1','105479822','ZP 750187/11/1',1,'Dv5drskpd7Lnbwe-V9Y5svA_7nC_L7up','$2y$13$LC2gjIbu8PlPP.qYAoA2Ee1bnllaMEgSpVV3WSkgz0RpGHVfgBwcu',NULL,246,'1977-02-12',NULL,NULL,NULL,NULL,NULL,NULL,'1006122786',NULL,NULL,NULL,NULL,'Married','13071503110117',NULL,NULL),(484,2,'008472','THELMA','MWILA','ANGELA','Mrs','Female','0977 568243','thelma.mwila@unza.zm','thelma.mwila@unza.zm','655936/11/1','105584855','ZP 655936/11/1',1,'Dv5drskpd7Lnbwe-V9Y5svA_7nC_L7up','$2y$13$LC2gjIbu8PlPP.qYAoA2Ee1bnllaMEgSpVV3WSkgz0RpGHVfgBwcu',NULL,246,'1978-06-21',NULL,NULL,NULL,NULL,NULL,NULL,'1001556996',NULL,NULL,NULL,NULL,'Married','13039323110125',NULL,NULL),(485,2,'008473','PATRICK','NGULUBE',NULL,'Mr','Male',NULL,'patrick.ngulube@unza.zm','patrick.ngulube@unza.zm','298766/53/1','105584893',NULL,1,'Dv5drskpd7Lnbwe-V9Y5svA_7nC_L7up','$2y$13$LC2gjIbu8PlPP.qYAoA2Ee1bnllaMEgSpVV3WSkgz0RpGHVfgBwcu',NULL,246,'1976-02-09',NULL,NULL,NULL,NULL,NULL,NULL,'2001714918',NULL,NULL,NULL,NULL,'Married','13066790110119',NULL,NULL),(486,2,'008474','AWARD','LEO',NULL,'Mr','Male',NULL,'award.leo@unza.zm','award.leo@unza.zm','169154/23/1','107519402',NULL,1,'Dv5drskpd7Lnbwe-V9Y5svA_7nC_L7up','$2y$13$LC2gjIbu8PlPP.qYAoA2Ee1bnllaMEgSpVV3WSkgz0RpGHVfgBwcu',NULL,246,'1971-09-10',NULL,NULL,NULL,NULL,NULL,NULL,'1005340835',NULL,NULL,NULL,NULL,'Single','13063160110118',NULL,NULL),(487,2,'008475','HIMOONGA BERNARD','MOONGA',NULL,'Dr','Male','097 7 690621   ','bmoonga@unza.zm','bmoonga@unza.zm','600058/11/1','116182197',NULL,1,'Dv5drskpd7Lnbwe-V9Y5svA_7nC_L7up','$2y$13$LC2gjIbu8PlPP.qYAoA2Ee1bnllaMEgSpVV3WSkgz0RpGHVfgBwcu',NULL,246,'1976-02-10',NULL,NULL,NULL,NULL,NULL,NULL,'1000161715',NULL,NULL,NULL,NULL,'Single','13067816110115',NULL,NULL),(488,2,'008477','ELIAS','KUNTASHULA',NULL,'Prof','Male',NULL,'ekuntashula@unza.zm','ekuntashula@unza.zm','466999/11/1','602036520',NULL,1,'Dv5drskpd7Lnbwe-V9Y5svA_7nC_L7up','$2y$13$LC2gjIbu8PlPP.qYAoA2Ee1bnllaMEgSpVV3WSkgz0RpGHVfgBwcu',NULL,246,'1970-06-21',NULL,NULL,NULL,NULL,NULL,NULL,'1002281034',NULL,NULL,NULL,NULL,'Married','13064473110111',NULL,NULL),(489,2,'008478','DAVIES','CHITI',NULL,'Mr','Male','0955479832','davies.chiti@unza.zm','davies.chiti@unza.zm','328739/67/1','105479745','ZP 328739/67/1',1,'Dv5drskpd7Lnbwe-V9Y5svA_7nC_L7up','$2y$13$LC2gjIbu8PlPP.qYAoA2Ee1bnllaMEgSpVV3WSkgz0RpGHVfgBwcu',NULL,246,'1976-01-29',NULL,NULL,NULL,NULL,NULL,NULL,'1000130620',NULL,NULL,NULL,NULL,'Married','13071495110118',NULL,NULL),(490,2,'008483','CHANDA','TEMBO',' NKOLOMA','Mrs','Female','0977877565','chanda.tembo@unza.zm','chanda.tembo@unza.zm','615606/11/1','104964371','ZM096742',1,'Dv5drskpd7Lnbwe-V9Y5svA_7nC_L7up','$2y$13$LC2gjIbu8PlPP.qYAoA2Ee1bnllaMEgSpVV3WSkgz0RpGHVfgBwcu',NULL,246,'1975-06-13',NULL,NULL,NULL,NULL,NULL,NULL,'1000356074',NULL,NULL,NULL,NULL,'Married','13036921110128',NULL,NULL),(491,2,'008485','GIFT','MASAITI',NULL,'Dr','Male','0977 746369','gift.masaiti@unza.zm','gift.masaiti@unza.zm','216995/73/1','107603576','ZP 216995/73/1',1,'Dv5drskpd7Lnbwe-V9Y5svA_7nC_L7up','$2y$13$LC2gjIbu8PlPP.qYAoA2Ee1bnllaMEgSpVV3WSkgz0RpGHVfgBwcu',NULL,246,'1976-04-11',NULL,NULL,NULL,NULL,NULL,NULL,'1001524237',NULL,NULL,NULL,NULL,'Married','13065150110117',NULL,NULL),(492,2,'008486','SANDE','NGALANDE',NULL,'Dr','Male','0976134774','sande.ngalande@unza.zm','sande.ngalande@unza.zm','282578/51/1','110862446',NULL,1,'Dv5drskpd7Lnbwe-V9Y5svA_7nC_L7up','$2y$13$LC2gjIbu8PlPP.qYAoA2Ee1bnllaMEgSpVV3WSkgz0RpGHVfgBwcu',NULL,246,'1975-12-08',NULL,NULL,NULL,NULL,NULL,NULL,'1003415720',NULL,NULL,NULL,NULL,'Married','13069929110118',NULL,NULL),(493,2,'008490','PANAYIOTIS N','KALOYEROU',NULL,'Prof','Male',NULL,'pan.kaloyerou@wolfson.ox.ac.uk','pan.kaloyerou@wolfson.ox.ac.uk','740050/60/1','108485579','706057022',1,'Dv5drskpd7Lnbwe-V9Y5svA_7nC_L7up','$2y$13$LC2gjIbu8PlPP.qYAoA2Ee1bnllaMEgSpVV3WSkgz0RpGHVfgBwcu',NULL,234,'1954-11-22',NULL,NULL,NULL,NULL,NULL,NULL,'1003415720',NULL,NULL,NULL,NULL,'Married','13062349110116',NULL,NULL),(494,2,'008492','SITALI','WAMUNDILA',NULL,'Mr','Male','0955 831647','sitaliw@unza.zm','sitaliw@unza.zm','320675/74/1','108763385',NULL,1,'Dv5drskpd7Lnbwe-V9Y5svA_7nC_L7up','$2y$13$LC2gjIbu8PlPP.qYAoA2Ee1bnllaMEgSpVV3WSkgz0RpGHVfgBwcu',NULL,246,'1978-04-04',NULL,NULL,NULL,NULL,NULL,NULL,'1001023990',NULL,NULL,NULL,NULL,'Married','13055418110112',NULL,NULL),(495,2,'008493','MERCY','MUKUMA','MUKUMA           ','Mrs','Female','0955 528876','mercy.mukuma@unza.zm','mercy.mukuma@unza.zm','656737/11/1','105970149','ZP 656737.11/1',1,'Dv5drskpd7Lnbwe-V9Y5svA_7nC_L7up','$2y$13$ndWkqA637CheXjNxLMcxTum1m3pU6zXc5KOn6H8mXGSQ3LzIzmdAq',NULL,246,'1976-07-02',NULL,NULL,NULL,NULL,NULL,NULL,'1001479396',NULL,NULL,'2025-01-29 10:38:14',NULL,'Married','13040788110123',NULL,NULL),(496,2,'008495','PHILEMON','SOHATI','HAKAINDA','Dr','Male','0955994217','psohati@unza.zm','psohati@unza.zm','155850/73/1','104682399',NULL,1,'Dv5drskpd7Lnbwe-V9Y5svA_7nC_L7up','$2y$13$LC2gjIbu8PlPP.qYAoA2Ee1bnllaMEgSpVV3WSkgz0RpGHVfgBwcu',NULL,246,'1958-07-13',NULL,NULL,NULL,NULL,NULL,NULL,'1007506034',NULL,NULL,NULL,NULL,'Married','13040539110121',NULL,NULL),(497,2,'008496','WAILORA M','GOMA','MARTHA','Mrs','Female','0955730550','matha.kasabila@unza.zm','matha.kasabila@unza.zm','781575/11/1','107510440','ZP 781575/11/1',1,'Dv5drskpd7Lnbwe-V9Y5svA_7nC_L7up','$2y$13$LC2gjIbu8PlPP.qYAoA2Ee1bnllaMEgSpVV3WSkgz0RpGHVfgBwcu',NULL,246,'1978-01-02',NULL,NULL,NULL,NULL,NULL,NULL,'1004506735',NULL,NULL,NULL,NULL,'Married','13039338110125',NULL,NULL),(498,2,'008500','JOSEPH HANZALA','NAMBALE',NULL,'Mr','Male','0973315310','jnambale@unza.zm','jnambale@unza.zm','114149/77/1','101833363','ZP114149/77/1',1,'Dv5drskpd7Lnbwe-V9Y5svA_7nC_L7up','$2y$13$LC2gjIbu8PlPP.qYAoA2Ee1bnllaMEgSpVV3WSkgz0RpGHVfgBwcu',NULL,246,'1977-07-25',NULL,NULL,NULL,NULL,NULL,NULL,'1002485873',NULL,NULL,NULL,NULL,'Married','13063972110115',NULL,NULL),(499,2,'008502','STEPHEN ','NGOMA','N','Mr','Male','0977 636907','stephen.ngoma@unza.zm','stephen.ngoma@unza.zm','115130/14/1','100499661',NULL,1,'Dv5drskpd7Lnbwe-V9Y5svA_7nC_L7up','$2y$13$LC2gjIbu8PlPP.qYAoA2Ee1bnllaMEgSpVV3WSkgz0RpGHVfgBwcu',NULL,246,'1971-02-09',NULL,NULL,NULL,NULL,NULL,NULL,'1004140907',NULL,NULL,NULL,NULL,'Married','13063293110111',NULL,NULL),(500,2,'008504','ELIZABETH','MVULA - NYIRENDA',NULL,'Mrs','Female','0977489220','eliza.mvula@unza.zm','eliza.mvula@unza.zm','270572/51/1','104212952',NULL,1,'Dv5drskpd7Lnbwe-V9Y5svA_7nC_L7up','$2y$13$LC2gjIbu8PlPP.qYAoA2Ee1bnllaMEgSpVV3WSkgz0RpGHVfgBwcu',NULL,246,'1977-08-19',NULL,NULL,NULL,NULL,NULL,NULL,'1005714927',NULL,NULL,NULL,NULL,'Married','13038772110126',NULL,NULL),(501,2,'008510','NAMFUKWE','LUKONDE',NULL,'Ms','Female','0977700373','lukonde.namfukwe@unza.zm','lukonde.namfukwe@unza.zm','713276/11/1','105482162',NULL,1,'Dv5drskpd7Lnbwe-V9Y5svA_7nC_L7up','$2y$13$LC2gjIbu8PlPP.qYAoA2Ee1bnllaMEgSpVV3WSkgz0RpGHVfgBwcu',NULL,246,'1978-04-12',NULL,NULL,NULL,NULL,NULL,NULL,'1005914295',NULL,NULL,NULL,NULL,'Single','13038530110127',NULL,NULL),(502,2,'008512','CHIMMY','SIANKANGA',NULL,'Mr','Male','0955889972','chimmy.siankanga@unza.zm','chimmy.siankanga@unza.zm','246156/74/1','107512325',NULL,0,'Dv5drskpd7Lnbwe-V9Y5svA_7nC_L7up','$2y$13$LC2gjIbu8PlPP.qYAoA2Ee1bnllaMEgSpVV3WSkgz0RpGHVfgBwcu',NULL,246,'1965-12-14',NULL,NULL,NULL,NULL,NULL,NULL,'1001381868',NULL,NULL,NULL,NULL,'Married','13055252110119',NULL,NULL),(503,2,'008517','G KAZEMBE','TAMBULUKANI',NULL,'Mr','Male',NULL,'gtambulukani@unza.zm','gtambulukani@unza.zm','105443/52/1','105615204',NULL,1,'Dv5drskpd7Lnbwe-V9Y5svA_7nC_L7up','$2y$13$LC2gjIbu8PlPP.qYAoA2Ee1bnllaMEgSpVV3WSkgz0RpGHVfgBwcu',NULL,246,'1950-01-01',NULL,NULL,NULL,NULL,NULL,NULL,'1002905845',NULL,NULL,NULL,NULL,'Married','13063113110112',NULL,NULL),(504,2,'008521',' AUSTIN','CHIBESAKUNDA','GODWIN','Dr','Male','0955830080','austin.chibesakunda@unza.zm','austin.chibesakunda@unza.zm','230048/11/1','116187111',NULL,0,'Dv5drskpd7Lnbwe-V9Y5svA_7nC_L7up','$2y$13$LC2gjIbu8PlPP.qYAoA2Ee1bnllaMEgSpVV3WSkgz0RpGHVfgBwcu',NULL,246,'1948-06-06',NULL,NULL,NULL,NULL,NULL,NULL,'1002820699',NULL,NULL,NULL,NULL,'Married','13055274110114',NULL,NULL),(505,2,'008523','DANIEL','NDHLOVU',NULL,'Prof','Male',NULL,'daniel.ndhlovu@unza.zm','daniel.ndhlovu@unza.zm','202084/53/1','108491996','ZP 202084/53/1',1,'Dv5drskpd7Lnbwe-V9Y5svA_7nC_L7up','$2y$13$LC2gjIbu8PlPP.qYAoA2Ee1bnllaMEgSpVV3WSkgz0RpGHVfgBwcu',NULL,246,'1959-01-01',NULL,NULL,NULL,NULL,NULL,NULL,'1005056045',NULL,NULL,NULL,NULL,'Married','13065159110118',NULL,NULL),(506,2,'008524','ADSON','BANDA',NULL,'Dr','Male','0977329045','adson.banda@unza.zm','adson.banda@unza.zm','281755/53/1','204724848','ZN 0869903',1,'Dv5drskpd7Lnbwe-V9Y5svA_7nC_L7up','$2y$13$LC2gjIbu8PlPP.qYAoA2Ee1bnllaMEgSpVV3WSkgz0RpGHVfgBwcu',NULL,246,'1976-07-11',NULL,NULL,NULL,NULL,NULL,NULL,'1000665397',NULL,NULL,NULL,NULL,'Married','13058917110116',NULL,NULL),(507,2,'008525','NICHOLAS ','HAAMBOKOMA','MIYOBA','Mr','Male','0977 767242','nicholas.hambokoma@unza.zm','nicholas.hambokoma@unza.zm','199758/75/1','107510921','ZP 199758/75/1',1,'Dv5drskpd7Lnbwe-V9Y5svA_7nC_L7up','$2y$13$LC2gjIbu8PlPP.qYAoA2Ee1bnllaMEgSpVV3WSkgz0RpGHVfgBwcu',NULL,246,'1974-11-04',NULL,NULL,NULL,NULL,NULL,NULL,'1001009616',NULL,NULL,NULL,NULL,'Married','13059659110118',NULL,NULL),(508,2,'008527','PAUL','KHONDOWE',NULL,'Mr','Male','+260977442669','paul.khondowe@unza.zm','paul.khondowe@unza.zm','118649/54/1','108487745',NULL,1,'Dv5drskpd7Lnbwe-V9Y5svA_7nC_L7up','$2y$13$LC2gjIbu8PlPP.qYAoA2Ee1bnllaMEgSpVV3WSkgz0RpGHVfgBwcu',NULL,246,'1975-10-10',NULL,NULL,NULL,NULL,NULL,NULL,'1000857709',NULL,NULL,NULL,NULL,'Married','13063786110114',NULL,NULL),(509,2,'008531','ENESIA','NGULUBE','BANDA CHAPONDA','Dr','Female','0979518088','enesia.ngulube@unza.zm','enesia.ngulube@unza.zm','161514/63/1','107511008',NULL,1,'Dv5drskpd7Lnbwe-V9Y5svA_7nC_L7up','$2y$13$LC2gjIbu8PlPP.qYAoA2Ee1bnllaMEgSpVV3WSkgz0RpGHVfgBwcu',NULL,246,'1978-07-25',NULL,NULL,NULL,NULL,NULL,NULL,'1006668896',NULL,NULL,NULL,NULL,'Married','13035172110121',NULL,NULL),(510,2,'008534','JEAN','HANG\'ANDU','SHACHIBI','Mrs','Female',NULL,'jean.hang\'andu@unza.zm','jean.hang\'andu@unza.zm','363116/11/1','116184729',NULL,0,'Dv5drskpd7Lnbwe-V9Y5svA_7nC_L7up','$2y$13$LC2gjIbu8PlPP.qYAoA2Ee1bnllaMEgSpVV3WSkgz0RpGHVfgBwcu',NULL,246,'1962-09-16',NULL,NULL,NULL,NULL,NULL,NULL,'1001030735',NULL,NULL,NULL,NULL,'Married','13040251110123',NULL,NULL),(511,2,'008536','CHARLES','MWANZA',NULL,'Mr','Male',NULL,'charles.mwanza@unza.zm','charles.mwanza@unza.zm','393467/11/1','107549170',NULL,1,'Dv5drskpd7Lnbwe-V9Y5svA_7nC_L7up','$2y$13$LC2gjIbu8PlPP.qYAoA2Ee1bnllaMEgSpVV3WSkgz0RpGHVfgBwcu',NULL,246,'1965-08-31',NULL,NULL,NULL,NULL,NULL,NULL,'1005963361',NULL,NULL,NULL,NULL,'Married','13065172110117',NULL,NULL),(512,2,'008542','ROBERT','MUSUKWA',NULL,'Mr','Male','0976723468/0977','robert.musukwa@unza.zm','robert.musukwa@unza.zm','886802/11/1','107602778',NULL,1,'Dv5drskpd7Lnbwe-V9Y5svA_7nC_L7up','$2y$13$LC2gjIbu8PlPP.qYAoA2Ee1bnllaMEgSpVV3WSkgz0RpGHVfgBwcu',NULL,246,'1982-07-05',NULL,NULL,NULL,NULL,NULL,NULL,'1005819670',NULL,NULL,NULL,NULL,'Single','13063761110115',NULL,NULL),(513,2,'008543','LIMONGA','MUTUTWA',NULL,'Ms','Female','0976800078','limonga.mututwa@unza.zm','limonga.mututwa@unza.zm','642803/11/1','108301288',NULL,1,'Dv5drskpd7Lnbwe-V9Y5svA_7nC_L7up','$2y$13$LC2gjIbu8PlPP.qYAoA2Ee1bnllaMEgSpVV3WSkgz0RpGHVfgBwcu',NULL,246,'1976-12-21',NULL,NULL,NULL,NULL,NULL,NULL,'1004762998',NULL,NULL,NULL,NULL,'Single','13038757110124',NULL,NULL),(514,2,'008547','STEPHEN','KAPULA',NULL,'Mr','Male','0977566056','stephen.kapula@unza.zm','stephen.kapula@unza.zm','683545/11/1','105482035',NULL,1,'Dv5drskpd7Lnbwe-V9Y5svA_7nC_L7up','$2y$13$LC2gjIbu8PlPP.qYAoA2Ee1bnllaMEgSpVV3WSkgz0RpGHVfgBwcu',NULL,246,'1978-10-10',NULL,NULL,NULL,NULL,NULL,NULL,'1004936680',NULL,NULL,NULL,NULL,'Married','13068367110114',NULL,NULL),(515,2,'008550','EDWARD','MWEENDO',NULL,'Mr','Male','09774588500955','emweendo@unza.zm','emweendo@unza.zm','967734/11/1','105482299',NULL,1,'Dv5drskpd7Lnbwe-V9Y5svA_7nC_L7up','$2y$13$LC2gjIbu8PlPP.qYAoA2Ee1bnllaMEgSpVV3WSkgz0RpGHVfgBwcu',NULL,246,'1984-07-02',NULL,NULL,NULL,NULL,NULL,NULL,'1005344746',NULL,NULL,NULL,NULL,'Married','13064529110119',NULL,NULL),(516,2,'008553','ROBERT','PHIRI',NULL,'Mr','Male','0979314150','robert.phiri@unza.zm','robert.phiri@unza.zm','657547/11/1','107560990',NULL,1,'Dv5drskpd7Lnbwe-V9Y5svA_7nC_L7up','$2y$13$LC2gjIbu8PlPP.qYAoA2Ee1bnllaMEgSpVV3WSkgz0RpGHVfgBwcu',NULL,246,'1977-12-24',NULL,NULL,NULL,NULL,NULL,NULL,'1007376475',NULL,NULL,NULL,NULL,'Married','13065347110114',NULL,NULL),(517,2,'008554','IAN MWIINGA','HAMWEEMBA',NULL,'Mr','Male','0977473128','ian.mwiinga@unza.zm','ian.mwiinga@unza.zm','167042/73/1','116182680',NULL,0,'Dv5drskpd7Lnbwe-V9Y5svA_7nC_L7up','$2y$13$LC2gjIbu8PlPP.qYAoA2Ee1bnllaMEgSpVV3WSkgz0RpGHVfgBwcu',NULL,246,'1962-01-01',NULL,NULL,NULL,NULL,NULL,NULL,'1003429690',NULL,NULL,NULL,NULL,'Single','13070199110116',NULL,NULL),(518,2,'008555','PAMELA','SITALI - LUNGENDA',NULL,'Ms','Female',NULL,'pamela.sitali@unza.zm','pamela.sitali@unza.zm','729195/11/1','105479858',NULL,1,'Dv5drskpd7Lnbwe-V9Y5svA_7nC_L7up','$2y$13$LC2gjIbu8PlPP.qYAoA2Ee1bnllaMEgSpVV3WSkgz0RpGHVfgBwcu',NULL,246,'1979-05-07',NULL,NULL,NULL,NULL,NULL,NULL,'1002831476',NULL,NULL,NULL,NULL,'Divorced','13041099110128',NULL,NULL),(519,2,'008556','MILTON','MUSUKWA',NULL,'Mr','Male','096 8 714009   ','mmusukwa@unza.zm','mmusukwa@unza.zm','142181/63/1','104954649',NULL,1,'Dv5drskpd7Lnbwe-V9Y5svA_7nC_L7up','$2y$13$LC2gjIbu8PlPP.qYAoA2Ee1bnllaMEgSpVV3WSkgz0RpGHVfgBwcu',NULL,246,'1968-01-28',NULL,NULL,NULL,NULL,NULL,NULL,'1001071444',NULL,NULL,NULL,NULL,'Married','13071263110112',NULL,NULL),(520,2,'008561','PROUD','SIMWEELEBA',NULL,'Mr','Male','0979435345','proud.simweeleba@unza.zm','proud.simweeleba@unza.zm','239923/75/1','108281092',NULL,1,'Dv5drskpd7Lnbwe-V9Y5svA_7nC_L7up','$2y$13$LC2gjIbu8PlPP.qYAoA2Ee1bnllaMEgSpVV3WSkgz0RpGHVfgBwcu',NULL,246,'1984-10-21',NULL,NULL,NULL,NULL,NULL,NULL,'1005446641',NULL,NULL,NULL,NULL,'Married','13067807110116',NULL,NULL),(521,2,'008564','EVANS','MULENGA',NULL,'Mr','Male','0977100343 / 09','evans.mulenga@unza.zm','evans.mulenga@unza.zm','381230/67/1','104866474',NULL,1,'Dv5drskpd7Lnbwe-V9Y5svA_7nC_L7up','$2y$13$LC2gjIbu8PlPP.qYAoA2Ee1bnllaMEgSpVV3WSkgz0RpGHVfgBwcu',NULL,246,'1980-03-28',NULL,NULL,NULL,NULL,NULL,NULL,'1002541094',NULL,NULL,NULL,NULL,'Single','13064645110117',NULL,NULL),(522,2,'008566','EMMANUEL','KAKOMPE',NULL,'Mr','Male',NULL,'ekakompe@unza.zm','ekakompe@unza.zm','867230/11/1','102414550',NULL,1,'Dv5drskpd7Lnbwe-V9Y5svA_7nC_L7up','$2y$13$LC2gjIbu8PlPP.qYAoA2Ee1bnllaMEgSpVV3WSkgz0RpGHVfgBwcu',NULL,246,'1981-12-15',NULL,NULL,NULL,NULL,NULL,NULL,'1005727019',NULL,NULL,NULL,NULL,'Single','13038658110118',NULL,NULL),(523,2,'008568','CECILIA','CHISANDI','MWELWA','Ms','Female','0977853583','cecilia.chisandi@unza.zm','cecilia.chisandi@unza.zm','689113/11/1','107600792',NULL,1,'Dv5drskpd7Lnbwe-V9Y5svA_7nC_L7up','$2y$13$LC2gjIbu8PlPP.qYAoA2Ee1bnllaMEgSpVV3WSkgz0RpGHVfgBwcu',NULL,246,'1977-11-13',NULL,NULL,NULL,NULL,NULL,NULL,'1005478934',NULL,NULL,NULL,NULL,'Single','13039451110121',NULL,NULL),(524,2,'008570','JUSTINE','CHABI',NULL,'Mr','Male','0979986099','justine.chabi@unza.zm','justine.chabi@unza.zm','259075/33/1','107603007',NULL,0,'Dv5drskpd7Lnbwe-V9Y5svA_7nC_L7up','$2y$13$LC2gjIbu8PlPP.qYAoA2Ee1bnllaMEgSpVV3WSkgz0RpGHVfgBwcu',NULL,246,'1964-07-13',NULL,NULL,NULL,NULL,NULL,NULL,'1004060656',NULL,NULL,NULL,NULL,'Married','13064447110117',NULL,NULL),(525,2,'008579','PATRICIA ','CHANDA','MWAMBA ','Mrs','Female','0977 - 756220 ','patricia.chanda@unza.zm','patricia.chanda@unza.zm','557583/11/1','100276011',NULL,1,'Dv5drskpd7Lnbwe-V9Y5svA_7nC_L7up','$2y$13$LC2gjIbu8PlPP.qYAoA2Ee1bnllaMEgSpVV3WSkgz0RpGHVfgBwcu',NULL,246,'1971-02-04',NULL,NULL,NULL,NULL,NULL,NULL,'1007018676',NULL,NULL,NULL,NULL,'Married','13039797110126',NULL,NULL),(526,2,'008580','ISABEL','MAZUNDA','CHISANGA','Mrs','Female','+260977410959','isabel.mazunda@unza.zm','isabel.mazunda@unza.zm','277409/66/1','105479985',NULL,1,'Dv5drskpd7Lnbwe-V9Y5svA_7nC_L7up','$2y$13$LC2gjIbu8PlPP.qYAoA2Ee1bnllaMEgSpVV3WSkgz0RpGHVfgBwcu',NULL,246,'1980-08-03',NULL,NULL,NULL,NULL,NULL,NULL,'1001538566',NULL,NULL,NULL,NULL,'Married','13040955110124',NULL,NULL),(527,2,'008584','GODFREY','MWEEMBA',NULL,'Mr','Male','0977 546295','godfrey.mweemba@unza.zm','godfrey.mweemba@unza.zm','672771/11/1','107506821',NULL,1,'Dv5drskpd7Lnbwe-V9Y5svA_7nC_L7up','$2y$13$LC2gjIbu8PlPP.qYAoA2Ee1bnllaMEgSpVV3WSkgz0RpGHVfgBwcu',NULL,246,'1978-12-21',NULL,NULL,NULL,NULL,NULL,NULL,'1005013427',NULL,NULL,NULL,NULL,'Single','13069344110117',NULL,NULL),(528,2,'008585','MULENGA','KAMANA',NULL,'Mr','Male','0979318564','kamana.mulenga@unza.zm','kamana.mulenga@unza.zm','193035/43/1','100852768',NULL,1,'Dv5drskpd7Lnbwe-V9Y5svA_7nC_L7up','$2y$13$LC2gjIbu8PlPP.qYAoA2Ee1bnllaMEgSpVV3WSkgz0RpGHVfgBwcu',NULL,246,'1964-05-17',NULL,NULL,NULL,NULL,NULL,NULL,'1000584787',NULL,NULL,NULL,NULL,'Married','13040273110114',NULL,NULL),(529,2,'008586','TRACY ','CHIBANDWA','CHUMA','Ms','Female','0977426427','tracy.chibandwa@unza.zm','tracy.chibandwa@unza.zm','247887/74/1','100207587','ZN 595213',1,'Dv5drskpd7Lnbwe-V9Y5svA_7nC_L7up','$2y$13$LC2gjIbu8PlPP.qYAoA2Ee1bnllaMEgSpVV3WSkgz0RpGHVfgBwcu',NULL,246,'1965-08-27',NULL,NULL,NULL,NULL,NULL,NULL,'1002640997',NULL,NULL,NULL,NULL,'Single','13040245110122',NULL,NULL),(530,2,'008587','SARAH','NACHILIMA','KABWE','Mrs','Female',NULL,'sarah.nachi@unza.zm','sarah.nachi@unza.zm','374800/67/1','105485516',NULL,1,'Dv5drskpd7Lnbwe-V9Y5svA_7nC_L7up','$2y$13$LC2gjIbu8PlPP.qYAoA2Ee1bnllaMEgSpVV3WSkgz0RpGHVfgBwcu',NULL,246,'1981-10-28',NULL,NULL,NULL,NULL,NULL,NULL,'1001026016',NULL,NULL,NULL,NULL,'Married','13039775110129',NULL,NULL),(531,2,'008588','MAYUMBO','NYIRENDA','WONANI','Mr','Male','0976210227','mnyirenda@unza.zm','mnyirenda@unza.zm','723688/11/1','108490566',NULL,1,'Dv5drskpd7Lnbwe-V9Y5svA_7nC_L7up','$2y$13$t/VlfbTenygDzblf6cd/8e3td7lj3abyrffFi16/BTduNVzH2k85W',NULL,246,'1980-08-08',NULL,NULL,NULL,NULL,NULL,NULL,'1001026016',NULL,NULL,'2025-02-04 12:41:59',NULL,'Married','13055060110115',NULL,NULL),(532,2,'008590','SPECIAL','MATEYO',NULL,'Mr','Male',NULL,'special.mateyo@unza.zm','special.mateyo@unza.zm','385270/11/1','108301149',NULL,0,'Dv5drskpd7Lnbwe-V9Y5svA_7nC_L7up','$2y$13$LC2gjIbu8PlPP.qYAoA2Ee1bnllaMEgSpVV3WSkgz0RpGHVfgBwcu',NULL,246,'1964-08-09',NULL,NULL,NULL,NULL,NULL,NULL,'1005800387',NULL,NULL,NULL,NULL,'Married','13071450110116',NULL,NULL),(533,2,'008593','MIX0N','LUSALE',NULL,'Mr','Male','0979 332420','mixon.lusale@unza.zm','mixon.lusale@unza.zm','149678/68/1','107549966',NULL,1,'Dv5drskpd7Lnbwe-V9Y5svA_7nC_L7up','$2y$13$LC2gjIbu8PlPP.qYAoA2Ee1bnllaMEgSpVV3WSkgz0RpGHVfgBwcu',NULL,246,'1968-04-04',NULL,NULL,NULL,NULL,NULL,NULL,'1001121649',NULL,NULL,NULL,NULL,'Married','13070201110119',NULL,NULL),(534,2,'008595','HAPPY','TEMBO',NULL,'Mr','Male','0977829857','htembo@unza.zm','htembo@unza.zm','616282/11/1','107549992',NULL,1,'Dv5drskpd7Lnbwe-V9Y5svA_7nC_L7up','$2y$13$LC2gjIbu8PlPP.qYAoA2Ee1bnllaMEgSpVV3WSkgz0RpGHVfgBwcu',NULL,246,'1974-11-06',NULL,NULL,NULL,NULL,NULL,NULL,'1005241412',NULL,NULL,NULL,NULL,'Married','13071464110117',NULL,NULL),(535,2,'008598','LOVEMORE','MALUNGA',NULL,'Mr','Male','096 5 459467  ','lovemore.malunga@unza.zm','lovemore.malunga@unza.zm','611011/11/1','107512591',NULL,1,'Dv5drskpd7Lnbwe-V9Y5svA_7nC_L7up','$2y$13$LC2gjIbu8PlPP.qYAoA2Ee1bnllaMEgSpVV3WSkgz0RpGHVfgBwcu',NULL,246,'1975-12-24',NULL,NULL,NULL,NULL,NULL,NULL,'1001075607',NULL,NULL,NULL,NULL,'Married','13070207110113',NULL,NULL),(536,2,'008601','SHARON','HANKOLWE',NULL,'Ms','Female','0977153660','sharon.hankolwe@unza.zm','sharon.hankolwe@unza.zm','217271/73/1','105481770',NULL,1,'Dv5drskpd7Lnbwe-V9Y5svA_7nC_L7up','$2y$13$LC2gjIbu8PlPP.qYAoA2Ee1bnllaMEgSpVV3WSkgz0RpGHVfgBwcu',NULL,246,'1977-10-01',NULL,NULL,NULL,NULL,NULL,NULL,'1016464802',NULL,NULL,NULL,NULL,'Single','13040982110129',NULL,NULL),(537,2,'008604','ACKIM','MANYIKA',NULL,'Mr','Male','0977975132','ackim.manyika@unza.zm','ackim.manyika@unza.zm','112789/79/1','105485427',NULL,1,'Dv5drskpd7Lnbwe-V9Y5svA_7nC_L7up','$2y$13$LC2gjIbu8PlPP.qYAoA2Ee1bnllaMEgSpVV3WSkgz0RpGHVfgBwcu',NULL,246,'1983-10-23',NULL,NULL,NULL,NULL,NULL,NULL,'1005062162',NULL,NULL,NULL,NULL,'Married','13055450110118',NULL,NULL),(538,2,'008615','CHARLES','MWILA','CHILUNDU','Mr','Male','0968651013','charles.mwila@unza.zm','charles.mwila@unza.zm','276557/16/1','116170439',NULL,1,'Dv5drskpd7Lnbwe-V9Y5svA_7nC_L7up','$2y$13$LC2gjIbu8PlPP.qYAoA2Ee1bnllaMEgSpVV3WSkgz0RpGHVfgBwcu',NULL,246,'1978-06-06',NULL,NULL,NULL,NULL,NULL,NULL,'1020655392',NULL,NULL,NULL,NULL,'Married','13066296110115',NULL,NULL),(539,2,'008616','WILLIAM CHAMA','KASONDE',NULL,'Mr','Male','0977818522','chama.kasonde@unza.zm','chama.kasonde@unza.zm','136797/63/1','301877244','ZH 33717',1,'Dv5drskpd7Lnbwe-V9Y5svA_7nC_L7up','$2y$13$LC2gjIbu8PlPP.qYAoA2Ee1bnllaMEgSpVV3WSkgz0RpGHVfgBwcu',NULL,246,'1965-05-15',NULL,NULL,NULL,NULL,NULL,NULL,'1006699736',NULL,NULL,NULL,NULL,'Married','13054883110114',NULL,NULL),(540,2,'008617',' DORIS','MHLANGA','GONDWE','Mrs','Female','0975570714','doris.gondwe@unza.zm','doris.gondwe@unza.zm','958428/11/1','107550434',NULL,1,'Dv5drskpd7Lnbwe-V9Y5svA_7nC_L7up','$2y$13$LC2gjIbu8PlPP.qYAoA2Ee1bnllaMEgSpVV3WSkgz0RpGHVfgBwcu',NULL,246,'1986-02-11',NULL,NULL,NULL,NULL,NULL,NULL,'1007764544',NULL,NULL,NULL,NULL,'Married','13042173110125',NULL,NULL),(541,2,'008620','YORUM','LUPENGA',NULL,'Mr','Male',NULL,'yorumlupenga@unza.zm','yorumlupenga@unza.zm','259697/16/1','101469837',NULL,1,'Dv5drskpd7Lnbwe-V9Y5svA_7nC_L7up','$2y$13$LC2gjIbu8PlPP.qYAoA2Ee1bnllaMEgSpVV3WSkgz0RpGHVfgBwcu',NULL,246,'1974-05-21',NULL,NULL,NULL,NULL,NULL,NULL,'1004084226',NULL,NULL,NULL,NULL,'Married','13067265110119',NULL,NULL),(542,2,'008621','WESLEY','MUFWAMBI',NULL,'Mr','Male','0977715291','wesley.mufwambi@unza.zm','wesley.mufwambi@unza.zm','698005/11/1','105479909',NULL,1,'Dv5drskpd7Lnbwe-V9Y5svA_7nC_L7up','$2y$13$LC2gjIbu8PlPP.qYAoA2Ee1bnllaMEgSpVV3WSkgz0RpGHVfgBwcu',NULL,246,'1980-02-10',NULL,NULL,NULL,NULL,NULL,NULL,'1003348103',NULL,NULL,NULL,NULL,'Married','13066309110116',NULL,NULL),(543,2,'008632','IREEN','BWALYA CHULU',NULL,'Ms','Female','0977225843','ireen.chulu@unza.zm','ireen.chulu@unza.zm','313885/33/1','107550357',NULL,1,'Dv5drskpd7Lnbwe-V9Y5svA_7nC_L7up','$2y$13$LC2gjIbu8PlPP.qYAoA2Ee1bnllaMEgSpVV3WSkgz0RpGHVfgBwcu',NULL,246,'1980-01-01',NULL,NULL,NULL,NULL,NULL,NULL,'1011788242',NULL,NULL,NULL,NULL,'Married','13032269110122',NULL,NULL),(544,2,'008636','STACKSON','NGOMBE',NULL,'Mr','Male','0977815973','stackson.ngombe@unza.zm','stackson.ngombe@unza.zm','228343/53/1','105485869','ZH 91349',1,'Dv5drskpd7Lnbwe-V9Y5svA_7nC_L7up','$2y$13$LC2gjIbu8PlPP.qYAoA2Ee1bnllaMEgSpVV3WSkgz0RpGHVfgBwcu',NULL,246,'1973-01-07',NULL,NULL,NULL,NULL,NULL,NULL,'1004721226',NULL,NULL,NULL,NULL,'Married','13070213110117',NULL,NULL),(545,2,'008637','WENDY','KANGWA',NULL,'Ms','Female','0976946839','wendy.kangwa@unza.zm','wendy.kangwa@unza.zm','211255/68/1','108275031',NULL,1,'Dv5drskpd7Lnbwe-V9Y5svA_7nC_L7up','$2y$13$LC2gjIbu8PlPP.qYAoA2Ee1bnllaMEgSpVV3WSkgz0RpGHVfgBwcu',NULL,246,'1974-04-21',NULL,NULL,NULL,NULL,NULL,NULL,'1009435878',NULL,NULL,NULL,NULL,'Single','13038630110129',NULL,NULL),(546,2,'008647','GORRET','MULENGA',NULL,'Ms','Female','097 7 846190','gorret.mulenga@unza.zm','gorret.mulenga@unza.zm','276158/64/1','105479721',NULL,1,'Dv5drskpd7Lnbwe-V9Y5svA_7nC_L7up','$2y$13$LC2gjIbu8PlPP.qYAoA2Ee1bnllaMEgSpVV3WSkgz0RpGHVfgBwcu',NULL,246,'1982-03-22',NULL,NULL,NULL,NULL,NULL,NULL,'1008748956',NULL,NULL,NULL,NULL,'Single','13040101110122',NULL,NULL),(547,2,'008649','LILLIAN','KAOMA','NSAMA','Mrs','Female','0977 995775','lilian.nsama@unza.zm','lilian.nsama@unza.zm','624056/11/1','105482085','ZP 624056/11/1',1,'Dv5drskpd7Lnbwe-V9Y5svA_7nC_L7up','$2y$13$LC2gjIbu8PlPP.qYAoA2Ee1bnllaMEgSpVV3WSkgz0RpGHVfgBwcu',NULL,246,'1977-07-16',NULL,NULL,NULL,NULL,NULL,NULL,'1008652056',NULL,NULL,NULL,NULL,'Single','13039814110126',NULL,NULL),(548,2,'008651','MARTHA','BUNOSHI','MUMBA','Mrs','Female','0978666852','martha.bunoshi@unza.zm','martha.bunoshi@unza.zm','116098/19/1','107550446',NULL,1,'Dv5drskpd7Lnbwe-V9Y5svA_7nC_L7up','$2y$13$LC2gjIbu8PlPP.qYAoA2Ee1bnllaMEgSpVV3WSkgz0RpGHVfgBwcu',NULL,246,'1983-09-10',NULL,NULL,NULL,NULL,NULL,NULL,'1007779971',NULL,NULL,NULL,NULL,'Married','13040271110123',NULL,NULL),(549,2,'008653',' JUDITH','NKHATA  WAKUNGOLI',NULL,'Mrs','Female','0976029977',NULL,NULL,'491650/11/1','105482073',NULL,1,'Dv5drskpd7Lnbwe-V9Y5svA_7nC_L7up','$2y$13$LC2gjIbu8PlPP.qYAoA2Ee1bnllaMEgSpVV3WSkgz0RpGHVfgBwcu',NULL,246,'1970-10-29',NULL,NULL,NULL,NULL,NULL,NULL,'1004733539',NULL,NULL,NULL,NULL,'Married','13041630110126',NULL,NULL),(550,2,'008654','CHEERFUL','PASIPANODYA','AGNESS','Ms','Female','0977 605584','cheerful.pasipanodya@unza.zm','cheerful.pasipanodya@unza.zm','107093/78/1','105482237','ZK 046421',1,'Dv5drskpd7Lnbwe-V9Y5svA_7nC_L7up','$2y$13$LC2gjIbu8PlPP.qYAoA2Ee1bnllaMEgSpVV3WSkgz0RpGHVfgBwcu',NULL,246,'1981-08-20',NULL,NULL,NULL,NULL,NULL,NULL,'1004905930',NULL,NULL,NULL,NULL,'Single','13039043110123',NULL,NULL),(551,2,'008656','TANIA','MASUNU - MUDENDA',NULL,'Mrs','Female','0955827860','tania.masunu@unza.zm','tania.masunu@unza.zm','732065/11/1','116170629',NULL,0,'Dv5drskpd7Lnbwe-V9Y5svA_7nC_L7up','$2y$13$LC2gjIbu8PlPP.qYAoA2Ee1bnllaMEgSpVV3WSkgz0RpGHVfgBwcu',NULL,246,'1980-03-14',NULL,NULL,NULL,NULL,NULL,NULL,'1000665535',NULL,NULL,NULL,NULL,'Married','13041090110129',NULL,NULL),(552,2,'008661','BARHAT N','CHIPETA',NULL,'Mrs','Female',NULL,'barhat.chipeta@unza.zm','barhat.chipeta@unza.zm','274983/61/1','107510832','ZK09865',1,'Dv5drskpd7Lnbwe-V9Y5svA_7nC_L7up','$2y$13$LC2gjIbu8PlPP.qYAoA2Ee1bnllaMEgSpVV3WSkgz0RpGHVfgBwcu',NULL,246,'1970-03-03',NULL,NULL,NULL,NULL,NULL,NULL,'1004353161',NULL,NULL,NULL,NULL,'Married','13039746110124',NULL,NULL),(553,2,'008668','GRACE','CHISANGA',NULL,'Ms','Female',NULL,'grace.chisanga@unza.zm','grace.chisanga@unza.zm','142376/63/1','105479795',NULL,1,'Dv5drskpd7Lnbwe-V9Y5svA_7nC_L7up','$2y$13$LC2gjIbu8PlPP.qYAoA2Ee1bnllaMEgSpVV3WSkgz0RpGHVfgBwcu',NULL,246,'1968-11-07',NULL,NULL,NULL,NULL,NULL,NULL,'1006193013',NULL,NULL,NULL,NULL,'Single','13040593110121',NULL,NULL),(554,2,'008676','REGINA','KAWAMA',NULL,'Ms','Female',NULL,NULL,NULL,'472669/11/1',NULL,NULL,0,'Dv5drskpd7Lnbwe-V9Y5svA_7nC_L7up','$2y$13$LC2gjIbu8PlPP.qYAoA2Ee1bnllaMEgSpVV3WSkgz0RpGHVfgBwcu',NULL,246,'1969-03-12',NULL,NULL,NULL,NULL,NULL,NULL,'1001453617',NULL,NULL,NULL,NULL,NULL,'13467363110129',NULL,NULL),(555,2,'008677','ABRAHAM','CHOWA',NULL,'Mr','Male','0977435236','abraham.chowa@unza.zm','abraham.chowa@unza.zm','122570/19/1','116190223',NULL,1,'Dv5drskpd7Lnbwe-V9Y5svA_7nC_L7up','$2y$13$LC2gjIbu8PlPP.qYAoA2Ee1bnllaMEgSpVV3WSkgz0RpGHVfgBwcu',NULL,246,'1985-08-11',NULL,NULL,NULL,NULL,NULL,NULL,'1005526112',NULL,NULL,NULL,NULL,NULL,'13069302110119',NULL,NULL),(556,2,'008705','BELLINGTON','VWALIKA',NULL,'Prof','Male','0966782971','bvwalika@unza.zm','bvwalika@unza.zm','395673/11/1','119349074','ZP013377',1,'Dv5drskpd7Lnbwe-V9Y5svA_7nC_L7up','$2y$13$LC2gjIbu8PlPP.qYAoA2Ee1bnllaMEgSpVV3WSkgz0RpGHVfgBwcu',NULL,246,'1963-01-15',NULL,NULL,NULL,NULL,NULL,NULL,'1000729621',NULL,NULL,NULL,NULL,'Married','13065334110119',NULL,NULL),(557,2,'008711','SHARON','NSANA','MANCHISI','Ms','Female','0977699800','sharon.nsana@unza.zm','sharon.nsana@unza.zm','128499/18/1','106996043','ZN 103698',1,'Dv5drskpd7Lnbwe-V9Y5svA_7nC_L7up','$2y$13$LC2gjIbu8PlPP.qYAoA2Ee1bnllaMEgSpVV3WSkgz0RpGHVfgBwcu',NULL,246,'1983-05-06',NULL,NULL,NULL,NULL,NULL,NULL,'1001554414',NULL,NULL,NULL,NULL,'Married','13039824110124',NULL,NULL),(558,2,'008714','NASON','LAMBWE',NULL,'Dr','Male',NULL,NULL,NULL,'528897/11/1','607923249',NULL,1,'Dv5drskpd7Lnbwe-V9Y5svA_7nC_L7up','$2y$13$LC2gjIbu8PlPP.qYAoA2Ee1bnllaMEgSpVV3WSkgz0RpGHVfgBwcu',NULL,246,'1969-06-01',NULL,NULL,NULL,NULL,NULL,NULL,'1003522299',NULL,NULL,NULL,NULL,NULL,'13066793110111',NULL,NULL),(559,2,'008716','K JENALA','MUTYAMBE',NULL,'Mrs','Female',' 097 7 442993','jenala.mutyambe@unza.zm','jenala.mutyambe@unza.zm','326072/61/1','103713082',NULL,1,'Dv5drskpd7Lnbwe-V9Y5svA_7nC_L7up','$2y$13$LC2gjIbu8PlPP.qYAoA2Ee1bnllaMEgSpVV3WSkgz0RpGHVfgBwcu',NULL,246,'1979-04-22',NULL,NULL,NULL,NULL,NULL,NULL,'1005860006',NULL,NULL,NULL,NULL,'Married','13040257110123',NULL,NULL),(560,2,'008718','FARRELLI','HAMBULO','MWIINGA','Mr','Male','0979 604442','farrelli.hambulo@unza.zm','farrelli.hambulo@unza.zm','207604/71/1','108487543','ZP 207604/71/1',1,'Dv5drskpd7Lnbwe-V9Y5svA_7nC_L7up','$2y$13$LC2gjIbu8PlPP.qYAoA2Ee1bnllaMEgSpVV3WSkgz0RpGHVfgBwcu',NULL,246,'1977-08-16',NULL,NULL,NULL,NULL,NULL,NULL,'1020388804',NULL,NULL,NULL,NULL,'Married','13057542110113',NULL,NULL),(561,2,'008720','THERESA','CHISOSO',' LESA','Miss','Female','+260978657772','theresa.chisoso@unza.zm','theresa.chisoso@unza.zm','733721/11/1','103488562','ZN309156',1,'Dv5drskpd7Lnbwe-V9Y5svA_7nC_L7up','$2y$13$LC2gjIbu8PlPP.qYAoA2Ee1bnllaMEgSpVV3WSkgz0RpGHVfgBwcu',NULL,246,'1982-06-23',NULL,NULL,NULL,NULL,NULL,NULL,'1004655825',NULL,NULL,NULL,NULL,'Single','13040551110128',NULL,NULL),(562,2,'008721','MILIKA','KAFUMUKACHE','MBEWE','Mrs','Female','0977421188','milika.kafumukache@unza.zm','milika.kafumukache@unza.zm','950292/11/1','105482061',NULL,1,'Dv5drskpd7Lnbwe-V9Y5svA_7nC_L7up','$2y$13$LC2gjIbu8PlPP.qYAoA2Ee1bnllaMEgSpVV3WSkgz0RpGHVfgBwcu',NULL,246,'1986-03-02',NULL,NULL,NULL,NULL,NULL,NULL,'1004542463',NULL,NULL,NULL,NULL,'Married','13039792110125',NULL,NULL),(563,2,'008726','CATHERINE ','MUNDIA','MWANGALA','Ms','Female','0977 434158','catherine.mundia@unza.zm','catherine.mundia@unza.zm','760097/11/1','107519577','ZP 760097/111',0,'Dv5drskpd7Lnbwe-V9Y5svA_7nC_L7up','$2y$13$LC2gjIbu8PlPP.qYAoA2Ee1bnllaMEgSpVV3WSkgz0RpGHVfgBwcu',NULL,246,'1978-02-10',NULL,NULL,NULL,NULL,NULL,NULL,'1005471402',NULL,NULL,NULL,NULL,'Single','13039353110126',NULL,NULL),(564,2,'008728','MIRRIAM','CHIKOTI',NULL,'Ms','Female',NULL,'miriam.chikoti@unza.zm','miriam.chikoti@unza.zm','247186/16/1','108487618',NULL,1,'Dv5drskpd7Lnbwe-V9Y5svA_7nC_L7up','$2y$13$LC2gjIbu8PlPP.qYAoA2Ee1bnllaMEgSpVV3WSkgz0RpGHVfgBwcu',NULL,246,'1972-11-10',NULL,NULL,NULL,NULL,NULL,NULL,'1004113402',NULL,NULL,NULL,NULL,'Single','13042191110129',NULL,NULL),(565,2,'008734','FAITH','CHULU   ','MALUBA','Ms','Female','+260 9781361','fmchulu@unza.zm','fmchulu@unza.zm','258067/66/1','107512212',NULL,1,'Dv5drskpd7Lnbwe-V9Y5svA_7nC_L7up','$2y$13$LC2gjIbu8PlPP.qYAoA2Ee1bnllaMEgSpVV3WSkgz0RpGHVfgBwcu',NULL,246,'1977-02-23',NULL,NULL,NULL,NULL,NULL,NULL,'1004937964',NULL,NULL,NULL,NULL,'Divorced','13040945110127',NULL,NULL),(566,2,'008735','ROSA ','YOMBWE','KABAMBA','Ms','Female','0977 766358','rosa.yombwe@unza.zm','rosa.yombwe@unza.zm','202110/76/1','103032197','ZP 202110/76/1',1,'Dv5drskpd7Lnbwe-V9Y5svA_7nC_L7up','$2y$13$LC2gjIbu8PlPP.qYAoA2Ee1bnllaMEgSpVV3WSkgz0RpGHVfgBwcu',NULL,246,'1977-09-20',NULL,NULL,NULL,NULL,NULL,NULL,'1003115852',NULL,NULL,NULL,NULL,'Married','13042168110122',NULL,NULL),(567,2,'008737','BORNIFACE','CHILUFYA',NULL,'Mr','Male','0962813100','borniface.chilufya@unza.zm','borniface.chilufya@unza.zm','240510/66/1','102571728','ZM071631',1,'Dv5drskpd7Lnbwe-V9Y5svA_7nC_L7up','$2y$13$LC2gjIbu8PlPP.qYAoA2Ee1bnllaMEgSpVV3WSkgz0RpGHVfgBwcu',NULL,246,'1972-12-28',NULL,NULL,NULL,NULL,NULL,NULL,'1006309033',NULL,NULL,NULL,NULL,'Married','13055442110119',NULL,NULL),(568,2,'008742','YVONNE ','KASANDA','CHINTU','Ms','Female','0977 518913','ykasanda@unza.zm','ykasanda@unza.zm','602958/11/1','105485972','zp 602958/11/1',1,'Dv5drskpd7Lnbwe-V9Y5svA_7nC_L7up','$2y$13$LC2gjIbu8PlPP.qYAoA2Ee1bnllaMEgSpVV3WSkgz0RpGHVfgBwcu',NULL,246,'1975-01-26',NULL,NULL,NULL,NULL,NULL,NULL,'1006516834',NULL,NULL,NULL,NULL,'Widowed','13042170110121',NULL,NULL),(569,2,'008746','TANAZIO','NYIRENDA',NULL,'Mr','Male',NULL,'tanazio.nyirenda@unza.zm','tanazio.nyirenda@unza.zm','173001/81/1','116190285',NULL,1,'Dv5drskpd7Lnbwe-V9Y5svA_7nC_L7up','$2y$13$LC2gjIbu8PlPP.qYAoA2Ee1bnllaMEgSpVV3WSkgz0RpGHVfgBwcu',NULL,246,'1978-02-21',NULL,NULL,NULL,NULL,NULL,NULL,'1007376651',NULL,NULL,NULL,NULL,'Married','13063086110119',NULL,NULL),(570,2,'008747','HARRIET','MUCHIMBA ',NULL,'Ms','Female','0977208069','rhmuchimba@gmail.com','rhmuchimba@gmail.com','217227/73/1','102121721','ZK 069436',1,'Dv5drskpd7Lnbwe-V9Y5svA_7nC_L7up','$2y$13$LC2gjIbu8PlPP.qYAoA2Ee1bnllaMEgSpVV3WSkgz0RpGHVfgBwcu',NULL,246,'1977-03-05',NULL,NULL,NULL,NULL,NULL,NULL,'1009584461',NULL,NULL,NULL,NULL,'Single','13040574110129',NULL,NULL),(571,2,'008748','NASILELE','NAMATE',NULL,'Ms','Female','0955889369','namate.nasilele@unza.zm','namate.nasilele@unza.zm','749626/11/1','105485390','ZP 749626/11/1',1,'Dv5drskpd7Lnbwe-V9Y5svA_7nC_L7up','$2y$13$LC2gjIbu8PlPP.qYAoA2Ee1bnllaMEgSpVV3WSkgz0RpGHVfgBwcu',NULL,246,'1981-09-12',NULL,NULL,NULL,NULL,NULL,NULL,'1002750096',NULL,NULL,NULL,NULL,'Single','13040321110129',NULL,NULL),(572,2,'008750','GELSON','TEMBO',NULL,'Prof','Male',NULL,'tembogel@unza.zm','tembogel@unza.zm','179736/13/1','107506059',NULL,1,'Dv5drskpd7Lnbwe-V9Y5svA_7nC_L7up','$2y$13$LC2gjIbu8PlPP.qYAoA2Ee1bnllaMEgSpVV3WSkgz0RpGHVfgBwcu',NULL,246,'1967-02-04',NULL,NULL,NULL,NULL,NULL,NULL,'1000259202',NULL,NULL,NULL,NULL,'Married','13066673110116',NULL,NULL),(573,2,'008752','MIRRIAM','SOKO','BANDA','Mrs','Female','0977813705','mirriam.soko@unza.zm','mirriam.soko@unza.zm','769108/11/1','108489909',NULL,1,'Dv5drskpd7Lnbwe-V9Y5svA_7nC_L7up','$2y$13$LC2gjIbu8PlPP.qYAoA2Ee1bnllaMEgSpVV3WSkgz0RpGHVfgBwcu',NULL,246,'1980-07-13',NULL,NULL,NULL,NULL,NULL,NULL,'1000809972',NULL,NULL,NULL,NULL,'Married','13040564110129',NULL,NULL),(574,2,'008754','MUNDIA','MUWANA',NULL,'Ms','Female','0977 455564','mundia.muwana@unza.zm','mundia.muwana@unza.zm','222293/68/1','116170504',NULL,1,'Dv5drskpd7Lnbwe-V9Y5svA_7nC_L7up','$2y$13$LC2gjIbu8PlPP.qYAoA2Ee1bnllaMEgSpVV3WSkgz0RpGHVfgBwcu',NULL,246,'1978-10-10',NULL,NULL,NULL,NULL,NULL,NULL,'1012854448',NULL,NULL,NULL,NULL,'Single','13032256110121',NULL,NULL),(575,2,'008757','BEAUTY','HAMASAMU',NULL,'Ms','Female','0977839642','beauty.hamasamu@unza.zm','beauty.hamasamu@unza.zm','310374/74/1','901634115',NULL,1,'Dv5drskpd7Lnbwe-V9Y5svA_7nC_L7up','$2y$13$LC2gjIbu8PlPP.qYAoA2Ee1bnllaMEgSpVV3WSkgz0RpGHVfgBwcu',NULL,246,'1974-11-24',NULL,NULL,NULL,NULL,NULL,NULL,'1000910921',NULL,NULL,NULL,NULL,'Single','13040776110123',NULL,NULL),(576,2,'008759','PEGGY','MWANZA',NULL,'Dr','Female','0977 482542','peggy.mwanza@unza.zm','peggy.mwanza@unza.zm','255925/16/1','203077220','ZH 46266',1,'Dv5drskpd7Lnbwe-V9Y5svA_7nC_L7up','$2y$13$LC2gjIbu8PlPP.qYAoA2Ee1bnllaMEgSpVV3WSkgz0RpGHVfgBwcu',NULL,246,'1976-04-05',NULL,NULL,NULL,NULL,NULL,NULL,'1002600975',NULL,NULL,NULL,NULL,'Single','13035273110129',NULL,NULL),(577,8,'008760','JACQUELINE NSOKOSHI','CHIBAMBA','','Miss.','Female','+260979592105','jacquiline.chibamba@unza.zm','jacquiline.chibamba@unza.zm','238180/16/1','202691041','',1,'Dv5drskpd7Lnbwe-V9Y5svA_7nC_L7up','$2y$13$LC2gjIbu8PlPP.qYAoA2Ee1bnllaMEgSpVV3WSkgz0RpGHVfgBwcu',NULL,246,'1973-03-20',NULL,NULL,'','','','WrJhxiifdAQeiQZ3H4D1byr052poCBXw.jpeg','1003049281',NULL,NULL,'2024-11-21 11:14:08',1,'','13039650110123',NULL,''),(578,2,'008763','BWALYA ','MUTALE','LUIZA','Miss','Female','0977 755984','bwalya.chipoma@unza.zm','bwalya.chipoma@unza.zm','610285/11/1','105479620','ZG 90059',1,'Dv5drskpd7Lnbwe-V9Y5svA_7nC_L7up','$2y$13$LC2gjIbu8PlPP.qYAoA2Ee1bnllaMEgSpVV3WSkgz0RpGHVfgBwcu',NULL,246,'1976-03-29',NULL,NULL,NULL,NULL,NULL,NULL,'1003329438',NULL,NULL,NULL,NULL,'Married','13039823110122',NULL,NULL),(579,2,'008765','ELIZABETH','LOLOMA',NULL,'Ms','Female','0966 825100','elizabeth.loloma@unza.zm','elizabeth.loloma@unza.zm','198912/17/1','106703870','198912/17/1',0,'Dv5drskpd7Lnbwe-V9Y5svA_7nC_L7up','$2y$13$LC2gjIbu8PlPP.qYAoA2Ee1bnllaMEgSpVV3WSkgz0RpGHVfgBwcu',NULL,246,'1974-04-22',NULL,NULL,NULL,NULL,NULL,NULL,'1005058206',NULL,NULL,NULL,NULL,'Single','13041645110124',NULL,NULL),(580,2,'008767','BRIDGET','HIKOOBWA',NULL,'Ms','Female',NULL,'bridget.hikoobwa@unza.zm','bridget.hikoobwa@unza.zm','202458/17/1','105569186',NULL,1,'Dv5drskpd7Lnbwe-V9Y5svA_7nC_L7up','$2y$13$LC2gjIbu8PlPP.qYAoA2Ee1bnllaMEgSpVV3WSkgz0RpGHVfgBwcu',NULL,246,'1974-07-21',NULL,NULL,NULL,NULL,NULL,NULL,'1001031070',NULL,NULL,NULL,NULL,'Single','13039812110123',NULL,NULL),(581,2,'008768','MERAB','KAPANDULA',NULL,'Miss','Female','0977277141','merab.kapandula@unza.zm','merab.kapandula@unza.zm','262243/16/1','105482213',NULL,1,'Dv5drskpd7Lnbwe-V9Y5svA_7nC_L7up','$2y$13$LC2gjIbu8PlPP.qYAoA2Ee1bnllaMEgSpVV3WSkgz0RpGHVfgBwcu',NULL,246,'1979-08-07',NULL,NULL,NULL,NULL,NULL,NULL,'1005600115',NULL,NULL,NULL,NULL,'Single','13040018110121',NULL,NULL),(582,2,'008769','MIRRIAM ','MILAPO','MUSUKWA','Mrs','Female','0966871331','mirriam.milapo@unza.zm','mirriam.milapo@unza.zm','650425/11/1','107506516',NULL,1,'Dv5drskpd7Lnbwe-V9Y5svA_7nC_L7up','$2y$13$LC2gjIbu8PlPP.qYAoA2Ee1bnllaMEgSpVV3WSkgz0RpGHVfgBwcu',NULL,246,'1976-04-10',NULL,NULL,NULL,NULL,NULL,NULL,'1005608679',NULL,NULL,NULL,NULL,'Married','13040957110124',NULL,NULL),(583,2,'008770',' NICOLE','LEMBANI','KATOWA BEENE','Mrs','Female','0955811885','nicole.katowa@unza.zm','nicole.katowa@unza.zm','168037/15/1','105480061',NULL,1,'Dv5drskpd7Lnbwe-V9Y5svA_7nC_L7up','$2y$13$LC2gjIbu8PlPP.qYAoA2Ee1bnllaMEgSpVV3WSkgz0RpGHVfgBwcu',NULL,246,'1976-05-17',NULL,NULL,NULL,NULL,NULL,NULL,'1001514620',NULL,NULL,NULL,NULL,'Married','13039063110126',NULL,NULL),(584,2,'008771','GERTRUDE','CHIFUKA',' KAKONKANYA ','Mrs','Female','0976482824','getrude.chifuka@unza.zm','getrude.chifuka@unza.zm','166204/15/1','108280294','ZN333356',1,'Dv5drskpd7Lnbwe-V9Y5svA_7nC_L7up','$2y$13$LC2gjIbu8PlPP.qYAoA2Ee1bnllaMEgSpVV3WSkgz0RpGHVfgBwcu',NULL,246,'1973-11-05',NULL,NULL,NULL,NULL,NULL,NULL,'1000912012',NULL,NULL,NULL,NULL,'Married','13040547110122',NULL,NULL),(585,11,'008772','NGONDA','SAASA',NULL,'Dr','Male',NULL,'nsaasa@unza.zm','nsaasa@unza.zm','160219/85/1','105043429',NULL,1,'Dv5drskpd7Lnbwe-V9Y5svA_7nC_L7up','$2y$13$LC2gjIbu8PlPP.qYAoA2Ee1bnllaMEgSpVV3WSkgz0RpGHVfgBwcu',NULL,246,'1976-07-28',NULL,NULL,NULL,NULL,NULL,NULL,'1001447355',NULL,NULL,NULL,NULL,'Married','13064128110112',NULL,NULL),(586,2,'008776','DATTERN','MWEEMBA','MIZINGA','Mrs','Female',NULL,'dattern.mizinga@unza.zm','dattern.mizinga@unza.zm','269063/74/1','105482275',NULL,1,'Dv5drskpd7Lnbwe-V9Y5svA_7nC_L7up','$2y$13$LC2gjIbu8PlPP.qYAoA2Ee1bnllaMEgSpVV3WSkgz0RpGHVfgBwcu',NULL,246,'1969-04-28',NULL,NULL,NULL,NULL,NULL,NULL,'1005603118',NULL,NULL,NULL,NULL,'Married','13040259110123',NULL,NULL),(587,2,'008777','Z. JOYCE','MWANDILA',NULL,'Mrs','Female','0966431690','joyce.mwandila@unza.zm','joyce.mwandila@unza.zm','367841/11/1','104866462',NULL,0,'Dv5drskpd7Lnbwe-V9Y5svA_7nC_L7up','$2y$13$LC2gjIbu8PlPP.qYAoA2Ee1bnllaMEgSpVV3WSkgz0RpGHVfgBwcu',NULL,246,'1961-11-28',NULL,NULL,NULL,NULL,NULL,NULL,'1005261709',NULL,NULL,NULL,NULL,'Married','13054867110111',NULL,NULL),(588,2,'008778','DOROTHY','MULENJE','MUSUMALI','Mrs','Female','0979700118','dorothy.mulenje@unza.zm','dorothy.mulenje@unza.zm','207326/16/1','100736560','ZC 023634',1,'Dv5drskpd7Lnbwe-V9Y5svA_7nC_L7up','$2y$13$LC2gjIbu8PlPP.qYAoA2Ee1bnllaMEgSpVV3WSkgz0RpGHVfgBwcu',NULL,246,'1966-03-03',NULL,NULL,NULL,NULL,NULL,NULL,'1005890787',NULL,NULL,NULL,NULL,'Married','13041750110128',NULL,NULL),(589,2,'008779','CHUMMY','SIKASUNGE','SIKALIZYO','Dr','Male','0979 878672','cssikasunge@unza.zm','cssikasunge@unza.zm','202928/75/1','108489795','ZP011888',1,'Dv5drskpd7Lnbwe-V9Y5svA_7nC_L7up','$2y$13$LC2gjIbu8PlPP.qYAoA2Ee1bnllaMEgSpVV3WSkgz0RpGHVfgBwcu',NULL,246,'1974-06-02',NULL,NULL,NULL,NULL,NULL,NULL,'1001354211',NULL,NULL,NULL,NULL,'Married','13064136110115',NULL,NULL),(590,11,'008793','MOONGA ','MUMBA','HANGOMA ','Dr','Male','09777 - 782369','moonga.mumba@unza.zm','moonga.mumba@unza.zm','604619/11/1','105481910',NULL,1,'Dv5drskpd7Lnbwe-V9Y5svA_7nC_L7up','$2y$13$LC2gjIbu8PlPP.qYAoA2Ee1bnllaMEgSpVV3WSkgz0RpGHVfgBwcu',NULL,246,'1973-12-26',NULL,NULL,NULL,NULL,NULL,NULL,'1002607468',NULL,NULL,NULL,NULL,'Married','13055073110112',NULL,NULL),(591,2,'008800','LUMMIE ','NZARA','CHIRWA','Mrs','Female','0977720002','lummie.nzara@unza.zm','lummie.nzara@unza.zm','196067/62/1','104728569',NULL,1,'Dv5drskpd7Lnbwe-V9Y5svA_7nC_L7up','$2y$13$LC2gjIbu8PlPP.qYAoA2Ee1bnllaMEgSpVV3WSkgz0RpGHVfgBwcu',NULL,246,'1973-04-09',NULL,NULL,NULL,NULL,NULL,NULL,'1018173027',NULL,NULL,NULL,NULL,'Married','13040211110125',NULL,NULL),(592,2,'008802','JOSEPH','SICHANGWA','SALALA','Mr','Male',NULL,'jsichangwa@unza.zm','jsichangwa@unza.zm','797381/11/1','112282692',NULL,1,'Dv5drskpd7Lnbwe-V9Y5svA_7nC_L7up','$2y$13$LC2gjIbu8PlPP.qYAoA2Ee1bnllaMEgSpVV3WSkgz0RpGHVfgBwcu',NULL,246,'1981-09-01',NULL,NULL,NULL,NULL,NULL,NULL,'1001278834',NULL,NULL,NULL,NULL,'Single','13067239110114',NULL,NULL),(593,2,'008803','CLIVE','CHIMBINDE','LINDELO','Mr','Male','0977718380','clive.chimbinde@unza.zm','clive.chimbinde@unza.zm','179672/81/1','103731167',NULL,1,'Dv5drskpd7Lnbwe-V9Y5svA_7nC_L7up','$2y$13$LC2gjIbu8PlPP.qYAoA2Ee1bnllaMEgSpVV3WSkgz0RpGHVfgBwcu',NULL,246,'1980-11-20',NULL,NULL,NULL,NULL,NULL,NULL,'1005089094',NULL,NULL,NULL,NULL,'Divorced','13064141110118',NULL,NULL),(594,2,'008807','MATILDAH','NGANDU',NULL,'Ms','Female','0979306881','matilda.ngandu@unza.zm','matilda.ngandu@unza.zm','258370/74/1','105485833',NULL,1,'Dv5drskpd7Lnbwe-V9Y5svA_7nC_L7up','$2y$13$LC2gjIbu8PlPP.qYAoA2Ee1bnllaMEgSpVV3WSkgz0RpGHVfgBwcu',NULL,246,'1966-07-20',NULL,NULL,NULL,NULL,NULL,NULL,'1001449478',NULL,NULL,NULL,NULL,'Widowed','13039656110126',NULL,NULL),(595,2,'008816','PIERRE','YASSA',NULL,'Dr','Male',NULL,'pierre.yassa@unza.zm','pierre.yassa@unza.zm','569030/99/3','101110511',NULL,1,'Dv5drskpd7Lnbwe-V9Y5svA_7nC_L7up','$2y$13$LC2gjIbu8PlPP.qYAoA2Ee1bnllaMEgSpVV3WSkgz0RpGHVfgBwcu',NULL,52,'1954-08-31',NULL,NULL,NULL,NULL,NULL,NULL,'1020073454',NULL,NULL,NULL,NULL,NULL,'13064139110111',NULL,NULL),(596,2,'008818','NYANGU','NYAMBE','SAKALA','Mrs','Female','0975360275','nyangu.sakala@unza.zm','nyangu.sakala@unza.zm','101789/19/1','104280183',NULL,1,'Dv5drskpd7Lnbwe-V9Y5svA_7nC_L7up','$2y$13$LC2gjIbu8PlPP.qYAoA2Ee1bnllaMEgSpVV3WSkgz0RpGHVfgBwcu',NULL,246,'1981-11-10',NULL,NULL,NULL,NULL,NULL,NULL,'1004291454',NULL,NULL,NULL,NULL,'Married','13042067110125',NULL,NULL),(597,2,'008819','WESTON','MAFULEKA',NULL,'Dr','Male','0966- 642524','westone.mafuleka@unza.zm','westone.mafuleka@unza.zm','105965/14/1','105569225',NULL,0,'Dv5drskpd7Lnbwe-V9Y5svA_7nC_L7up','$2y$13$LC2gjIbu8PlPP.qYAoA2Ee1bnllaMEgSpVV3WSkgz0RpGHVfgBwcu',NULL,246,'1945-11-11',NULL,NULL,NULL,NULL,NULL,NULL,'1000502178',NULL,NULL,NULL,NULL,'Married','13064450110114',NULL,NULL),(598,2,'008821',' ALICE','HAZEMBA','NGOMA','Mrs','Female','0977885285','alice-hazemba@yahoo.com','alice-hazemba@yahoo.com','196376/66/1','116182488',NULL,1,'Dv5drskpd7Lnbwe-V9Y5svA_7nC_L7up','$2y$13$LC2gjIbu8PlPP.qYAoA2Ee1bnllaMEgSpVV3WSkgz0RpGHVfgBwcu',NULL,246,'1962-04-28',NULL,NULL,NULL,NULL,NULL,NULL,'1002456742',NULL,NULL,NULL,NULL,'Married','13039042110128',NULL,NULL),(599,2,'008822','FRANCIS','MUSONDA','BOSWELL ','Prof','Male','0966 - 7376280','fb.musonda@unza.zm','fb.musonda@unza.zm','117406/43/1','116182654',NULL,1,'Dv5drskpd7Lnbwe-V9Y5svA_7nC_L7up','$2y$13$LC2gjIbu8PlPP.qYAoA2Ee1bnllaMEgSpVV3WSkgz0RpGHVfgBwcu',NULL,246,'1948-04-13',NULL,NULL,NULL,NULL,NULL,NULL,'1000270769',NULL,NULL,NULL,NULL,'Married','13065330110112',NULL,NULL),(600,2,'008823','JEREMIAH','MUSHINGA','N L','Mr','Male','0979 375 706','jeremiah.mushinga@unza.zm','jeremiah.mushinga@unza.zm','803918/11/1','105481972',NULL,1,'Dv5drskpd7Lnbwe-V9Y5svA_7nC_L7up','$2y$13$LC2gjIbu8PlPP.qYAoA2Ee1bnllaMEgSpVV3WSkgz0RpGHVfgBwcu',NULL,246,'1981-06-22',NULL,NULL,NULL,NULL,NULL,NULL,'1001293581',NULL,NULL,NULL,NULL,'Married','13069818110115',NULL,NULL),(601,2,'008824','JOHN','MULENGA CHITA',NULL,'Mr','Male',NULL,'john.chita@unza.zm','john.chita@unza.zm','160541/65/1','301333399','ZH 73289',1,'Dv5drskpd7Lnbwe-V9Y5svA_7nC_L7up','$2y$13$LC2gjIbu8PlPP.qYAoA2Ee1bnllaMEgSpVV3WSkgz0RpGHVfgBwcu',NULL,246,'1972-06-17',NULL,NULL,NULL,NULL,NULL,NULL,'1001181344',NULL,NULL,NULL,NULL,'Married','13066463110114',NULL,NULL),(602,2,'008826','BOYD','KALUSA',NULL,'Mr','Male','0977891700','boydkalusa@yahoo.com','boydkalusa@yahoo.com','239852/16/1','302968151',NULL,1,'Dv5drskpd7Lnbwe-V9Y5svA_7nC_L7up','$2y$13$LC2gjIbu8PlPP.qYAoA2Ee1bnllaMEgSpVV3WSkgz0RpGHVfgBwcu',NULL,246,'1972-02-04',NULL,NULL,NULL,NULL,NULL,NULL,'1000764185',NULL,NULL,NULL,NULL,'Single','13066192110118',NULL,NULL),(603,2,'008828','MONICA','TEMBO',NULL,'Mrs','Female',NULL,NULL,NULL,'517223/11/1','116169430',NULL,0,'Dv5drskpd7Lnbwe-V9Y5svA_7nC_L7up','$2y$13$LC2gjIbu8PlPP.qYAoA2Ee1bnllaMEgSpVV3WSkgz0RpGHVfgBwcu',NULL,246,'1970-06-01',NULL,NULL,NULL,NULL,NULL,NULL,'1000764185',NULL,NULL,NULL,NULL,NULL,'13467267110126',NULL,NULL),(604,2,'008836','FANUEL','PHIRI',NULL,'Mr','Male',NULL,NULL,NULL,'862607/11/1','809521405',NULL,0,'Dv5drskpd7Lnbwe-V9Y5svA_7nC_L7up','$2y$13$LC2gjIbu8PlPP.qYAoA2Ee1bnllaMEgSpVV3WSkgz0RpGHVfgBwcu',NULL,246,'1983-10-02',NULL,NULL,NULL,NULL,NULL,NULL,'1006634273',NULL,NULL,NULL,NULL,NULL,'13467284110117',NULL,NULL),(605,2,'008852','JASON','MWANZA',NULL,'Dr','Male','0977945790','jason.mwanza@unza.zm','jason.mwanza@unza.zm','235706/67/1','307037121',NULL,1,'Dv5drskpd7Lnbwe-V9Y5svA_7nC_L7up','$2y$13$LC2gjIbu8PlPP.qYAoA2Ee1bnllaMEgSpVV3WSkgz0RpGHVfgBwcu',NULL,246,'1960-09-05',NULL,NULL,NULL,NULL,NULL,NULL,'1000500380',NULL,NULL,NULL,NULL,'Married','13060558110118',NULL,NULL),(606,2,'008860','JOHN','MWELWA',NULL,'Mr','Male',NULL,'john.mwelwa@unza.zm','john.mwelwa@unza.zm','273375/67/1','101674907',NULL,1,'Dv5drskpd7Lnbwe-V9Y5svA_7nC_L7up','$2y$13$LC2gjIbu8PlPP.qYAoA2Ee1bnllaMEgSpVV3WSkgz0RpGHVfgBwcu',NULL,246,'1967-06-26',NULL,NULL,NULL,NULL,NULL,NULL,'1008710974',NULL,NULL,NULL,NULL,'Married','13069071110111',NULL,NULL),(607,2,'008861','RHOIDAH M.','HAMWEENE',NULL,'Mrs','Female','0977757383','rhoidah.hamweene@unza.zm','rhoidah.hamweene@unza.zm','108873/18/1','102457164',NULL,1,'Dv5drskpd7Lnbwe-V9Y5svA_7nC_L7up','$2y$13$LC2gjIbu8PlPP.qYAoA2Ee1bnllaMEgSpVV3WSkgz0RpGHVfgBwcu',NULL,246,'1972-12-06',NULL,NULL,NULL,NULL,NULL,NULL,'1000464490',NULL,NULL,NULL,NULL,'Married','13564178110128',NULL,NULL),(608,2,'008867','PRECIOUS','CHIKWAMU','ESNALA','Miss','Female','0977402353','precious.chikwamu@unza.zm','precious.chikwamu@unza.zm','279088/16/1','105480059',NULL,1,'Dv5drskpd7Lnbwe-V9Y5svA_7nC_L7up','$2y$13$LC2gjIbu8PlPP.qYAoA2Ee1bnllaMEgSpVV3WSkgz0RpGHVfgBwcu',NULL,246,'1979-08-30',NULL,NULL,NULL,NULL,NULL,NULL,'1005904381',NULL,NULL,NULL,NULL,'Single','13040552110125',NULL,NULL),(609,2,'008869','THOMAS','SILAVWE',NULL,'Mr','Male','0977745216','thomas.silavwe@unza.zm','thomas.silavwe@unza.zm','156792/65/1','105479593',NULL,1,'Dv5drskpd7Lnbwe-V9Y5svA_7nC_L7up','$2y$13$LC2gjIbu8PlPP.qYAoA2Ee1bnllaMEgSpVV3WSkgz0RpGHVfgBwcu',NULL,246,'1972-05-24',NULL,NULL,NULL,NULL,NULL,NULL,'1000633270',NULL,NULL,NULL,NULL,'Married','13066980110114',NULL,NULL),(610,2,'008872','ISAAC','NKHOSI',NULL,'Mr','Male','0979481825','isaac.nkhosi@unza.zm','isaac.nkhosi@unza.zm','137768/10/1','101103601',NULL,1,'Dv5drskpd7Lnbwe-V9Y5svA_7nC_L7up','$2y$13$LC2gjIbu8PlPP.qYAoA2Ee1bnllaMEgSpVV3WSkgz0RpGHVfgBwcu',NULL,246,'1972-03-03',NULL,NULL,NULL,NULL,NULL,NULL,'1003885100',NULL,NULL,NULL,NULL,'Married','13735865110122',NULL,NULL),(611,2,'008873','ELIZABETH','CHISULO','CHILUFYA','Ms','Female','0977536073','echilufya@unza.zm','echilufya@unza.zm','337599/67/1','110402301',NULL,1,'Dv5drskpd7Lnbwe-V9Y5svA_7nC_L7up','$2y$13$LC2gjIbu8PlPP.qYAoA2Ee1bnllaMEgSpVV3WSkgz0RpGHVfgBwcu',NULL,246,'1977-06-20',NULL,NULL,NULL,NULL,NULL,NULL,'1004545977',NULL,NULL,NULL,NULL,'Married','13041573110125',NULL,NULL),(612,2,'008874','WEBBY','MUSONDA',NULL,'Mr','Male',NULL,'wmusonda@unza.zm','wmusonda@unza.zm','250336/61/1','301728152','ZP 250336/61/1',1,'Dv5drskpd7Lnbwe-V9Y5svA_7nC_L7up','$2y$13$LC2gjIbu8PlPP.qYAoA2Ee1bnllaMEgSpVV3WSkgz0RpGHVfgBwcu',NULL,246,'1966-07-25',NULL,NULL,NULL,NULL,NULL,NULL,'1002858612',NULL,NULL,NULL,NULL,'Married','13065133110113',NULL,NULL),(613,2,'008877','SHIRLEY ','MULENGA','MWEWA M.','Mrs','Female','0971503945','shirley.mwewa@unza.zm','shirley.mwewa@unza.zm','721036/11/1','102538859','ZP 721036/11/1',1,'Dv5drskpd7Lnbwe-V9Y5svA_7nC_L7up','$2y$13$LC2gjIbu8PlPP.qYAoA2Ee1bnllaMEgSpVV3WSkgz0RpGHVfgBwcu',NULL,246,'1980-08-20',NULL,NULL,NULL,NULL,NULL,NULL,'1003743107',NULL,NULL,NULL,NULL,'Married','13039744110123',NULL,NULL),(614,2,'008878','ENOCK ','SAKALA','NIXON','Dr','Male','0966485436','enock.sakala@unza.zm','enock.sakala@unza.zm','400310/52/1','107582443','ZM 042896',1,'Dv5drskpd7Lnbwe-V9Y5svA_7nC_L7up','$2y$13$LC2gjIbu8PlPP.qYAoA2Ee1bnllaMEgSpVV3WSkgz0RpGHVfgBwcu',NULL,246,'1967-08-08',NULL,NULL,NULL,NULL,NULL,NULL,'1004497218',NULL,NULL,NULL,NULL,'Single','13055422110112',NULL,NULL),(615,2,'008883',' BETTY','CHUBA - MWAMBAZI','ZABETA','Mrs','Female','+260977852231','betty.chuba@unza.zm','betty.chuba@unza.zm','732184/11/1','107549598',NULL,1,'Dv5drskpd7Lnbwe-V9Y5svA_7nC_L7up','$2y$13$LC2gjIbu8PlPP.qYAoA2Ee1bnllaMEgSpVV3WSkgz0RpGHVfgBwcu',NULL,246,'1979-10-02',NULL,NULL,NULL,NULL,NULL,NULL,'1005625694',NULL,NULL,NULL,NULL,'Married','13040925110123',NULL,NULL),(616,2,'008884','NOLIWE','TEMBO - MUTALE',NULL,'Mrs','Female','0975449041','noliwe.mutale@unza.zm','noliwe.mutale@unza.zm','872861/11/1','107510262',NULL,1,'Dv5drskpd7Lnbwe-V9Y5svA_7nC_L7up','$2y$13$LC2gjIbu8PlPP.qYAoA2Ee1bnllaMEgSpVV3WSkgz0RpGHVfgBwcu',NULL,246,'1984-02-07',NULL,NULL,NULL,NULL,NULL,NULL,'1001196215',NULL,NULL,NULL,NULL,'Married','13039051110128',NULL,NULL),(617,2,'008885',' RHODA','MUNYATI','MABETA','Mrs','Female',NULL,'rhoda.munyati@unza.zm','rhoda.munyati@unza.zm','113242/77/1','107549360',NULL,1,'Dv5drskpd7Lnbwe-V9Y5svA_7nC_L7up','$2y$13$LC2gjIbu8PlPP.qYAoA2Ee1bnllaMEgSpVV3WSkgz0RpGHVfgBwcu',NULL,246,'1975-03-10',NULL,NULL,NULL,NULL,NULL,NULL,'1001448256',NULL,NULL,NULL,NULL,'Married','13039800110126',NULL,NULL),(618,2,'008888','IVOURNE','MUWOWO','SIMUKOKO','','Female','+260978605424','ivourne.simukoko@unza.zm','ivourne.simukoko@unza.zm','219985/68/1','114693510','',1,'Dv5drskpd7Lnbwe-V9Y5svA_7nC_L7up','$2y$13$LC2gjIbu8PlPP.qYAoA2Ee1bnllaMEgSpVV3WSkgz0RpGHVfgBwcu',NULL,246,'1976-12-23',NULL,56,'Muyombe','','',NULL,'1001448256',NULL,NULL,'2024-11-11 11:23:34',3,'Married','18665187110120',NULL,'towera99@gmail.com'),(619,2,'008889','TENASTELIN','LENGALENGA BWALYA ',NULL,'Mrs','Female',NULL,'blengalenga@unza.zm','blengalenga@unza.zm','203792/63/1','109375199',NULL,1,'Dv5drskpd7Lnbwe-V9Y5svA_7nC_L7up','$2y$13$LC2gjIbu8PlPP.qYAoA2Ee1bnllaMEgSpVV3WSkgz0RpGHVfgBwcu','2RICD7S0EsffzlixRKrql4LUlt5-6vha_1738571506',246,'1983-09-28',NULL,NULL,NULL,NULL,NULL,NULL,'1000536815',NULL,NULL,'2025-02-03 10:31:46',NULL,'Married','13040872110124',NULL,NULL),(620,2,'008890','DANIEL','SIAKALIMA',NULL,'Mr','Male','0977753101','daniel.siakalima@unza.zm','daniel.siakalima@unza.zm','757230/11/1','107550725',NULL,1,'Dv5drskpd7Lnbwe-V9Y5svA_7nC_L7up','$2y$13$LC2gjIbu8PlPP.qYAoA2Ee1bnllaMEgSpVV3WSkgz0RpGHVfgBwcu',NULL,246,'1979-02-19',NULL,NULL,NULL,NULL,NULL,NULL,'1003831729',NULL,NULL,NULL,NULL,'Married','13071215110114',NULL,NULL),(621,2,'008891','MUSONDA LOUIS','CHANDA',NULL,'Mr','Male',NULL,'l.chanda@unza.zm','l.chanda@unza.zm','140367/63/1','105116519',NULL,1,'Dv5drskpd7Lnbwe-V9Y5svA_7nC_L7up','$2y$13$LC2gjIbu8PlPP.qYAoA2Ee1bnllaMEgSpVV3WSkgz0RpGHVfgBwcu',NULL,246,'1970-01-02',NULL,NULL,NULL,NULL,NULL,NULL,'1001278023',NULL,NULL,NULL,NULL,'Married','13067596110111',NULL,NULL),(622,2,'008892',' MWILA','SIMUYANDI','KATONGO ','Mrs','Female',NULL,'mwila.simuyandi@unza.zm','mwila.simuyandi@unza.zm','168383/46/1','101671907',NULL,1,'Dv5drskpd7Lnbwe-V9Y5svA_7nC_L7up','$2y$13$LC2gjIbu8PlPP.qYAoA2Ee1bnllaMEgSpVV3WSkgz0RpGHVfgBwcu',NULL,246,'1976-03-21',NULL,NULL,NULL,NULL,NULL,NULL,'1007319932',NULL,NULL,NULL,NULL,'Married','13040261110127',NULL,NULL),(623,2,'008893','GRACE','NUNDWE ','KACHELE','Ms','Female','0968 401292','grace.nundwe@unza.zm','grace.nundwe@unza.zm','113555/56/1','105479911',NULL,1,'Dv5drskpd7Lnbwe-V9Y5svA_7nC_L7up','$2y$13$LC2gjIbu8PlPP.qYAoA2Ee1bnllaMEgSpVV3WSkgz0RpGHVfgBwcu',NULL,246,'1982-11-05',NULL,NULL,NULL,NULL,NULL,NULL,'1004546802',NULL,NULL,NULL,NULL,'Single','13040948110123',NULL,NULL),(624,2,'008894','JESSICA','MIYATO',NULL,'Ms','Female',NULL,'jmiyato@unza.zm','jmiyato@unza.zm','771735/11/1','105569629',NULL,1,'Dv5drskpd7Lnbwe-V9Y5svA_7nC_L7up','$2y$13$LC2gjIbu8PlPP.qYAoA2Ee1bnllaMEgSpVV3WSkgz0RpGHVfgBwcu',NULL,246,'1980-11-20',NULL,NULL,NULL,NULL,NULL,NULL,'1006001343',NULL,NULL,NULL,NULL,'Married','13040963110125',NULL,NULL),(625,2,'008895','DAVID ','KATONGO','KAKOKO','Mr','Male','0977444603','dkatongo@unza.zm','dkatongo@unza.zm','148283/45/1','112034007',NULL,1,'Dv5drskpd7Lnbwe-V9Y5svA_7nC_L7up','$2y$13$LC2gjIbu8PlPP.qYAoA2Ee1bnllaMEgSpVV3WSkgz0RpGHVfgBwcu',NULL,246,'1960-03-18',NULL,NULL,NULL,NULL,NULL,NULL,'1001039313',NULL,NULL,NULL,NULL,'Married','13068755110114',NULL,NULL),(626,2,'008898','MATILDA','LENGWE','MICHELO','Mrs','Female',NULL,'matilda.lengwe@unza.zm','matilda.lengwe@unza.zm','168500/71/1','100243711',NULL,1,'Dv5drskpd7Lnbwe-V9Y5svA_7nC_L7up','$2y$13$LC2gjIbu8PlPP.qYAoA2Ee1bnllaMEgSpVV3WSkgz0RpGHVfgBwcu',NULL,246,'1967-02-02',NULL,NULL,NULL,NULL,NULL,NULL,'1000848537',NULL,NULL,NULL,NULL,'Married','13041108110128',NULL,NULL),(627,12,'008899','MWEENE','NKHOMA',' MASILA','Mrs','Female','0977 811574','mweene.nkhoma@unza.zm','mweene.nkhoma@unza.zm','210216/75/1','105479808',NULL,1,'Dv5drskpd7Lnbwe-V9Y5svA_7nC_L7up','$2y$13$LC2gjIbu8PlPP.qYAoA2Ee1bnllaMEgSpVV3WSkgz0RpGHVfgBwcu',NULL,246,'1978-02-16',NULL,NULL,NULL,NULL,NULL,NULL,'1005261782',NULL,NULL,NULL,NULL,'Married','13035340110124',NULL,NULL),(628,2,'008900','DEBORAH','BANDA',NULL,'Ms','Female',NULL,'deborah.banda@unza.zm','deborah.banda@unza.zm','207346/75/1','105482263',NULL,1,'Dv5drskpd7Lnbwe-V9Y5svA_7nC_L7up','$2y$13$LC2gjIbu8PlPP.qYAoA2Ee1bnllaMEgSpVV3WSkgz0RpGHVfgBwcu',NULL,246,'1975-03-30',NULL,NULL,NULL,NULL,NULL,NULL,'1007848772',NULL,NULL,NULL,NULL,'Single','13040200110128',NULL,NULL),(629,2,'008901','KALISTO','KALIMAPOSO',NULL,'Dr','Male','0955922823','kalisto.kalimaposo@unza.zm','kalisto.kalimaposo@unza.zm','197252/43/1','105482059',NULL,1,'Dv5drskpd7Lnbwe-V9Y5svA_7nC_L7up','$2y$13$LC2gjIbu8PlPP.qYAoA2Ee1bnllaMEgSpVV3WSkgz0RpGHVfgBwcu',NULL,246,'1964-11-13',NULL,NULL,NULL,NULL,NULL,NULL,'1002509298',NULL,NULL,NULL,NULL,'Married','13042069110122',NULL,NULL),(630,2,'008902','CHISELEBWE O','NGANDWE',NULL,'Dr','Male','09668594330955','chiselebwen@unza.zm','chiselebwen@unza.zm','165828/67/1','107549916',NULL,0,'Dv5drskpd7Lnbwe-V9Y5svA_7nC_L7up','$2y$13$LC2gjIbu8PlPP.qYAoA2Ee1bnllaMEgSpVV3WSkgz0RpGHVfgBwcu',NULL,246,'1942-12-25',NULL,NULL,NULL,NULL,NULL,NULL,'1001430865',NULL,NULL,NULL,NULL,'Married','13065160110116',NULL,NULL),(631,2,'008905','PRODENCIA','CHILUNDU',NULL,'Mr','Male','097 7 313417','prodencia.chilundu@unza.zm','prodencia.chilundu@unza.zm','223328/75/1','107511262',NULL,1,'Dv5drskpd7Lnbwe-V9Y5svA_7nC_L7up','$2y$13$LC2gjIbu8PlPP.qYAoA2Ee1bnllaMEgSpVV3WSkgz0RpGHVfgBwcu',NULL,246,'1976-06-14',NULL,NULL,NULL,NULL,NULL,NULL,'1019171799',NULL,NULL,NULL,NULL,'Married','13069348110115',NULL,NULL),(632,2,'008906','PETER','SAKALA',NULL,'Mr','Male','095 5 451994','peter.sakala@unza.zm','peter.sakala@unza.zm','317025/16/1','108281066',NULL,1,'Dv5drskpd7Lnbwe-V9Y5svA_7nC_L7up','$2y$13$LC2gjIbu8PlPP.qYAoA2Ee1bnllaMEgSpVV3WSkgz0RpGHVfgBwcu',NULL,246,'1984-06-22',NULL,NULL,NULL,NULL,NULL,NULL,'1016940799',NULL,NULL,NULL,NULL,'Single','13063289110117',NULL,NULL),(633,2,'008909','STANLEY','PHIRI',NULL,'Mr','Male','097 9 475436','stanely.phiri@unza.zm','stanely.phiri@unza.zm','100286/55/1','108281155',NULL,1,'Dv5drskpd7Lnbwe-V9Y5svA_7nC_L7up','$2y$13$LC2gjIbu8PlPP.qYAoA2Ee1bnllaMEgSpVV3WSkgz0RpGHVfgBwcu',NULL,246,'1973-04-22',NULL,NULL,NULL,NULL,NULL,NULL,'1007458445',NULL,NULL,NULL,NULL,'Married','13065348110116',NULL,NULL),(634,2,'008911','RICHARD','NJOBVU',NULL,'Mr','Male',NULL,'richard.njobvu@unza.zm','richard.njobvu@unza.zm','618910/11/1','102591271',NULL,1,'Dv5drskpd7Lnbwe-V9Y5svA_7nC_L7up','$2y$13$LC2gjIbu8PlPP.qYAoA2Ee1bnllaMEgSpVV3WSkgz0RpGHVfgBwcu',NULL,246,'1976-05-18',NULL,NULL,NULL,NULL,NULL,NULL,'1004542860',NULL,NULL,NULL,NULL,'Married','13066323110119',NULL,NULL),(635,2,'008915','JOSEPH ','ZULU','MUMBA','Prof','Male','0977 444139','joseph.zulu@unza.zm','joseph.zulu@unza.zm','298422/53/1','107519539','ZP 298422/53/1',1,'Dv5drskpd7Lnbwe-V9Y5svA_7nC_L7up','$2y$13$LC2gjIbu8PlPP.qYAoA2Ee1bnllaMEgSpVV3WSkgz0RpGHVfgBwcu',NULL,246,'1980-10-19',NULL,NULL,NULL,NULL,NULL,NULL,'1006794413',NULL,NULL,NULL,NULL,'Married','13065539110114',NULL,NULL),(636,2,'008923','LISTER','MUSONDA','KASENGE','Mrs','Female','097 7 683164','lkasenge@unza.zm','lkasenge@unza.zm','865027/11/1','105479707',NULL,1,'Dv5drskpd7Lnbwe-V9Y5svA_7nC_L7up','$2y$13$LC2gjIbu8PlPP.qYAoA2Ee1bnllaMEgSpVV3WSkgz0RpGHVfgBwcu',NULL,246,'1981-06-11',NULL,NULL,NULL,NULL,NULL,NULL,'1004353962',NULL,NULL,NULL,NULL,'Married','13039736110122',NULL,NULL),(637,2,'008925','CAROLINE ','CHINKOKA','BEENE','Ms','Female','0966 036369',NULL,NULL,'769155/11/1','105482150','ZP 769155/11/1',1,'Dv5drskpd7Lnbwe-V9Y5svA_7nC_L7up','$2y$13$LC2gjIbu8PlPP.qYAoA2Ee1bnllaMEgSpVV3WSkgz0RpGHVfgBwcu',NULL,246,'1980-04-28',NULL,NULL,NULL,NULL,NULL,NULL,'1002865036',NULL,NULL,NULL,NULL,'Single','13041223110124',NULL,NULL),(638,2,'008933','CECILIA','MWITWA',NULL,'Ms','Female','0971936886','cecilia.mwitwa@unza.zm','cecilia.mwitwa@unza.zm','243389/43/1','105987744',NULL,1,'Dv5drskpd7Lnbwe-V9Y5svA_7nC_L7up','$2y$13$LC2gjIbu8PlPP.qYAoA2Ee1bnllaMEgSpVV3WSkgz0RpGHVfgBwcu',NULL,246,'1980-04-30',NULL,NULL,NULL,NULL,NULL,NULL,'1003113846',NULL,NULL,NULL,NULL,'Married','13041598110124',NULL,NULL),(639,2,'008935','ARTHUR','MWIINGA',NULL,'Mr','Male',NULL,'arthur@unza.zm','arthur@unza.zm','314739/74/1','116190374',NULL,1,'Dv5drskpd7Lnbwe-V9Y5svA_7nC_L7up','$2y$13$LC2gjIbu8PlPP.qYAoA2Ee1bnllaMEgSpVV3WSkgz0RpGHVfgBwcu',NULL,246,'1977-12-24',NULL,NULL,NULL,NULL,NULL,NULL,'1013045452',NULL,NULL,NULL,NULL,'Single','13070521110119',NULL,NULL),(640,2,'008938','MWIINDE','MUSHE','NCHIMUNYA','Mrs','Female','0977 428496','mwinde.nchimunya@unza.zm','mwinde.nchimunya@unza.zm','285034/82/1','808376700','ZP 285034',1,'Dv5drskpd7Lnbwe-V9Y5svA_7nC_L7up','$2y$13$LC2gjIbu8PlPP.qYAoA2Ee1bnllaMEgSpVV3WSkgz0RpGHVfgBwcu',NULL,246,'1983-09-14',NULL,NULL,NULL,NULL,NULL,NULL,'1006205250',NULL,NULL,NULL,NULL,'Married','13032268110129',NULL,NULL),(641,2,'008940','PHINEAS','BBAALA',NULL,'Mr','Male',NULL,'phineas.bbaala@unza.zm','phineas.bbaala@unza.zm','586350/11/1','116182274',NULL,1,'Dv5drskpd7Lnbwe-V9Y5svA_7nC_L7up','$2y$13$LC2gjIbu8PlPP.qYAoA2Ee1bnllaMEgSpVV3WSkgz0RpGHVfgBwcu',NULL,246,'1973-06-10',NULL,NULL,NULL,NULL,NULL,NULL,'1000581846',NULL,NULL,NULL,NULL,'Single','13066977110112',NULL,NULL),(642,2,'008941','NCHIMUNYA','MULEYA',NULL,'Mr','Male','0955995622','nchimunya.muleya@unza.zm','nchimunya.muleya@unza.zm','232394/73/1','108486098',NULL,1,'Dv5drskpd7Lnbwe-V9Y5svA_7nC_L7up','$2y$13$LC2gjIbu8PlPP.qYAoA2Ee1bnllaMEgSpVV3WSkgz0RpGHVfgBwcu',NULL,246,'1982-06-06',NULL,NULL,NULL,NULL,NULL,NULL,'1003331292',NULL,NULL,NULL,NULL,'Single','13067794110111',NULL,NULL),(643,2,'008942','KELVIN','MAMBWE',NULL,'Dr','Male','0966329960','k.mambwe@unza.zm','k.mambwe@unza.zm','206814/24/1','107704497',NULL,1,'Dv5drskpd7Lnbwe-V9Y5svA_7nC_L7up','$2y$13$LC2gjIbu8PlPP.qYAoA2Ee1bnllaMEgSpVV3WSkgz0RpGHVfgBwcu',NULL,246,'1978-02-21',NULL,NULL,NULL,NULL,NULL,NULL,'1000591898',NULL,NULL,NULL,NULL,'Married','13041634110116',NULL,NULL),(644,2,'008946','NOEL','SHANSHIMA',NULL,'Mr','Male','0979 523561','noelshanshima@unza.zm','noelshanshima@unza.zm','712063/11/1','105479846','ZM 048582',1,'Dv5drskpd7Lnbwe-V9Y5svA_7nC_L7up','$2y$13$LC2gjIbu8PlPP.qYAoA2Ee1bnllaMEgSpVV3WSkgz0RpGHVfgBwcu',NULL,246,'1979-12-25',NULL,NULL,NULL,NULL,NULL,NULL,'1008726784',NULL,NULL,NULL,NULL,'Married','13067951110112',NULL,NULL),(645,2,'008948','EDWINA ','CHILESHE','CHILUFYA','Ms','Female','0976811005','edwina.chileshe@unza.zm','edwina.chileshe@unza.zm','801654/11/1','104502426',NULL,1,'Dv5drskpd7Lnbwe-V9Y5svA_7nC_L7up','$2y$13$LC2gjIbu8PlPP.qYAoA2Ee1bnllaMEgSpVV3WSkgz0RpGHVfgBwcu',NULL,246,'1982-02-22',NULL,NULL,NULL,NULL,NULL,NULL,'1007080090',NULL,NULL,NULL,NULL,'Married','13039787110127',NULL,NULL),(646,2,'008949','PATRICIA','MAMBWE',NULL,'Ms','Female','0979995648','pmambwe@unza.zm','pmambwe@unza.zm','348728/67/1','105482186',NULL,1,'Dv5drskpd7Lnbwe-V9Y5svA_7nC_L7up','$2y$13$LC2gjIbu8PlPP.qYAoA2Ee1bnllaMEgSpVV3WSkgz0RpGHVfgBwcu',NULL,246,'1980-02-28',NULL,NULL,NULL,NULL,NULL,NULL,'1004835082',NULL,NULL,NULL,NULL,'Single','13039796110129',NULL,NULL),(647,2,'008950','CYNTHIA','MWAMBA',NULL,'Mrs','Female','097 8 179494','synthia.mwamba@unza.zm','synthia.mwamba@unza.zm','440619/11/1','107507112',NULL,1,'Dv5drskpd7Lnbwe-V9Y5svA_7nC_L7up','$2y$13$LC2gjIbu8PlPP.qYAoA2Ee1bnllaMEgSpVV3WSkgz0RpGHVfgBwcu',NULL,246,'1967-03-24',NULL,NULL,NULL,NULL,NULL,NULL,'1008094831',NULL,NULL,NULL,NULL,'Married','13041200110122',NULL,NULL),(648,2,'008952','KANYANTA ','LUSALE','CEPHAS','Mr','Male','0975267434 ','lusale.kanyanta@unza.zm','lusale.kanyanta@unza.zm','207662/68/1','101685502','ZP 207662/68/1',1,'Dv5drskpd7Lnbwe-V9Y5svA_7nC_L7up','$2y$13$LC2gjIbu8PlPP.qYAoA2Ee1bnllaMEgSpVV3WSkgz0RpGHVfgBwcu',NULL,246,'1973-06-26',NULL,NULL,NULL,NULL,NULL,NULL,'1000602409',NULL,NULL,NULL,NULL,'Single','13070191110116',NULL,NULL),(649,2,'008953','DANIEL','CHIPETA',NULL,'Mr','Male',NULL,'daniel.chipeta@unza.zm','daniel.chipeta@unza.zm','658304/11/1','100998647',NULL,1,'Dv5drskpd7Lnbwe-V9Y5svA_7nC_L7up','$2y$13$LC2gjIbu8PlPP.qYAoA2Ee1bnllaMEgSpVV3WSkgz0RpGHVfgBwcu',NULL,246,'1977-06-02',NULL,NULL,NULL,NULL,NULL,NULL,'1005344660',NULL,NULL,NULL,NULL,'Married','13071435110112',NULL,NULL),(650,2,'008954','CLARENCE','CHONGO',NULL,'Dr','Male','+260975908021','clarence.chongo@unza.zm','clarence.chongo@unza.zm','660409/11/1','107510298',NULL,1,'Dv5drskpd7Lnbwe-V9Y5svA_7nC_L7up','$2y$13$LC2gjIbu8PlPP.qYAoA2Ee1bnllaMEgSpVV3WSkgz0RpGHVfgBwcu',NULL,246,'1977-12-31',NULL,NULL,NULL,NULL,NULL,NULL,'1001371502',NULL,NULL,NULL,NULL,'Married','13057532110112',NULL,NULL),(651,2,'008955','JEAN P.','MUMBA',NULL,'Ms','Female','0977471798','jean.mumba@unza.zm','jean.mumba@unza.zm','883269/11/1','105482251',NULL,1,'Dv5drskpd7Lnbwe-V9Y5svA_7nC_L7up','$2y$13$LC2gjIbu8PlPP.qYAoA2Ee1bnllaMEgSpVV3WSkgz0RpGHVfgBwcu',NULL,246,'1984-01-01',NULL,NULL,NULL,NULL,NULL,NULL,'1004349267',NULL,NULL,NULL,NULL,'Divorced','13041612110123',NULL,NULL),(652,2,'008959','CHARITY','MULENGA','BWALYA','Mrs','Female','0971782443','charity.mulenga@unza.zm','charity.mulenga@unza.zm','161495/68/1','105485857',NULL,1,'Dv5drskpd7Lnbwe-V9Y5svA_7nC_L7up','$2y$13$LC2gjIbu8PlPP.qYAoA2Ee1bnllaMEgSpVV3WSkgz0RpGHVfgBwcu',NULL,246,'1968-09-17',NULL,NULL,NULL,NULL,NULL,NULL,'1005054402',NULL,NULL,NULL,NULL,'Married','13041606110122',NULL,NULL),(653,2,'008960','BRENDAH','MUKONKA',NULL,'Mrs','Female','0977340414','brenda.muwowo@unza.zm','brenda.muwowo@unza.zm','180141/15/1','105043354',NULL,1,'Dv5drskpd7Lnbwe-V9Y5svA_7nC_L7up','$2y$13$LC2gjIbu8PlPP.qYAoA2Ee1bnllaMEgSpVV3WSkgz0RpGHVfgBwcu',NULL,246,'1979-07-20',NULL,NULL,NULL,NULL,NULL,NULL,'1004083898',NULL,NULL,NULL,NULL,'Married','13032245110127',NULL,NULL),(654,2,'008962','ILUBALA','KABISA',NULL,'Mr','Male','0966 454348','jack.kabisa@unza.zm','jack.kabisa@unza.zm','201863/82/1','116182820',NULL,0,'Dv5drskpd7Lnbwe-V9Y5svA_7nC_L7up','$2y$13$LC2gjIbu8PlPP.qYAoA2Ee1bnllaMEgSpVV3WSkgz0RpGHVfgBwcu',NULL,246,'1962-10-13',NULL,NULL,NULL,NULL,NULL,NULL,'1013114422',NULL,NULL,NULL,NULL,'Married','13135068110112',NULL,NULL),(655,2,'008963','JUSTINE','KAMPAMBA',NULL,'Mr','Male','0955958333','j.kampamba@unza.zm','j.kampamba@unza.zm','415089/11/1','101466457',NULL,0,'Dv5drskpd7Lnbwe-V9Y5svA_7nC_L7up','$2y$13$LC2gjIbu8PlPP.qYAoA2Ee1bnllaMEgSpVV3WSkgz0RpGHVfgBwcu',NULL,246,'1964-11-30',NULL,NULL,NULL,NULL,NULL,NULL,'1006124039',NULL,NULL,NULL,NULL,'Single','13071437110113',NULL,NULL),(656,2,'008964','BRIGHTONE','HICIBEKA',NULL,'Mr','Male','0977837428','brightone.hichibeka@unza.zm','brightone.hichibeka@unza.zm','109132/86/1','105485643',NULL,1,'Dv5drskpd7Lnbwe-V9Y5svA_7nC_L7up','$2y$13$LC2gjIbu8PlPP.qYAoA2Ee1bnllaMEgSpVV3WSkgz0RpGHVfgBwcu',NULL,246,'1979-04-03',NULL,NULL,NULL,NULL,NULL,NULL,'1002614548',NULL,NULL,NULL,NULL,'Married','13067923110113',NULL,NULL),(657,2,'008970','CAROLINE','PHIRI',NULL,'Ms','Female','0977 941052','carol.phiri@unza.zm','carol.phiri@unza.zm','916112/11/1','107512058','ZP 916112/11/1',1,'Dv5drskpd7Lnbwe-V9Y5svA_7nC_L7up','$2y$13$LC2gjIbu8PlPP.qYAoA2Ee1bnllaMEgSpVV3WSkgz0RpGHVfgBwcu',NULL,246,'1980-01-05',NULL,NULL,NULL,NULL,NULL,NULL,'1009596522',NULL,NULL,NULL,NULL,'Single','13041758110127',NULL,NULL),(658,2,'008973','NGOZANA','CHISHALA',NULL,'Ms','Female','0979497775','ngozana.chishala@unza.zm','ngozana.chishala@unza.zm','349634/67/1','123354124',NULL,1,'Dv5drskpd7Lnbwe-V9Y5svA_7nC_L7up','$2y$13$LC2gjIbu8PlPP.qYAoA2Ee1bnllaMEgSpVV3WSkgz0RpGHVfgBwcu',NULL,246,'1974-09-13',NULL,NULL,NULL,NULL,NULL,NULL,'1009596522',NULL,NULL,NULL,NULL,'Single','13040878110127',NULL,NULL),(659,2,'008980','MARGARET','LUBINDA',NULL,'Ms','Female',NULL,NULL,NULL,'546064/11/1','108280686',NULL,0,'Dv5drskpd7Lnbwe-V9Y5svA_7nC_L7up','$2y$13$LC2gjIbu8PlPP.qYAoA2Ee1bnllaMEgSpVV3WSkgz0RpGHVfgBwcu',NULL,246,'1969-03-16',NULL,NULL,NULL,NULL,NULL,NULL,'1009596522',NULL,NULL,NULL,NULL,NULL,'13467364110128',NULL,NULL),(660,2,'008983','DERRICK','MWAPE',NULL,'Mr','Male','095 5 442801','derrick.mwape@unza.zm','derrick.mwape@unza.zm','311523/61/1','107506011',NULL,1,'Dv5drskpd7Lnbwe-V9Y5svA_7nC_L7up','$2y$13$LC2gjIbu8PlPP.qYAoA2Ee1bnllaMEgSpVV3WSkgz0RpGHVfgBwcu',NULL,246,'1977-01-01',NULL,NULL,NULL,NULL,NULL,NULL,'2000223030',NULL,NULL,NULL,NULL,'Married','13066188110115',NULL,NULL),(661,2,'008985','ALEX','MWAPE',NULL,'Mr','Male','097 9 549489','alex.mwape@unza.zm','alex.mwape@unza.zm','661593/11/1','301778359',NULL,1,'Dv5drskpd7Lnbwe-V9Y5svA_7nC_L7up','$2y$13$LC2gjIbu8PlPP.qYAoA2Ee1bnllaMEgSpVV3WSkgz0RpGHVfgBwcu',NULL,246,'1976-04-20',NULL,NULL,NULL,NULL,NULL,NULL,'1006306016',NULL,NULL,NULL,NULL,'Single','13063950110116',NULL,NULL),(662,7,'009005','EVANS','MPABALWANI',NULL,'Dr','Male','0976768602','evans.mpabalwani@unza.zm','evans.mpabalwani@unza.zm','374688/11/1','116190437',NULL,1,'Dv5drskpd7Lnbwe-V9Y5svA_7nC_L7up','$2y$13$LC2gjIbu8PlPP.qYAoA2Ee1bnllaMEgSpVV3WSkgz0RpGHVfgBwcu',NULL,246,'1963-09-09',NULL,NULL,NULL,NULL,NULL,NULL,'1000327720',NULL,NULL,NULL,NULL,'Married','13064637110112',NULL,NULL),(663,2,'009011','ABDUKARIM','AZIZOV',NULL,'Dr','Male',NULL,NULL,NULL,'111111/22/2','100199984',NULL,0,'Dv5drskpd7Lnbwe-V9Y5svA_7nC_L7up','$2y$13$LC2gjIbu8PlPP.qYAoA2Ee1bnllaMEgSpVV3WSkgz0RpGHVfgBwcu',NULL,105,'2011-11-11',NULL,NULL,NULL,NULL,NULL,NULL,'1000327720',NULL,NULL,NULL,NULL,NULL,'13071493110116',NULL,NULL),(664,2,'009013','THERESA','KAFULA',NULL,'Dr','Female',NULL,NULL,NULL,'161701/43/1','107511008',NULL,0,'Dv5drskpd7Lnbwe-V9Y5svA_7nC_L7up','$2y$13$LC2gjIbu8PlPP.qYAoA2Ee1bnllaMEgSpVV3WSkgz0RpGHVfgBwcu',NULL,246,'1980-01-01',NULL,NULL,NULL,NULL,NULL,NULL,'1005832587',NULL,NULL,NULL,NULL,'Single','13035172110121',NULL,NULL),(665,2,'009021','MATTHEWS M','MULENGA',NULL,'Mr','Male','0973719580','mathews.mulenga@unza.zm','mathews.mulenga@unza.zm','229765/43/1','107947704',NULL,1,'Dv5drskpd7Lnbwe-V9Y5svA_7nC_L7up','$2y$13$LC2gjIbu8PlPP.qYAoA2Ee1bnllaMEgSpVV3WSkgz0RpGHVfgBwcu',NULL,246,'1971-11-27',NULL,NULL,NULL,NULL,NULL,NULL,'1006478455',NULL,NULL,NULL,NULL,'Single','13055274110114',NULL,NULL),(666,2,'009022','MOSES','CHANGALA',NULL,'Dr','Male','0977 676800','moses.changala@unza.zm','moses.changala@unza.zm','191585/16/1','100153647','ZNO21929',0,'Dv5drskpd7Lnbwe-V9Y5svA_7nC_L7up','$2y$13$LC2gjIbu8PlPP.qYAoA2Ee1bnllaMEgSpVV3WSkgz0RpGHVfgBwcu',NULL,246,'1962-07-15',NULL,NULL,NULL,NULL,NULL,NULL,'1002708131',NULL,NULL,NULL,NULL,'Married','13467337110114',NULL,NULL),(667,2,'009023','DOROTHY','CHANDA ','CHINWENDU OSIGWE','Dr','Female','0977847323','dorothy.chanda@unza.zm','dorothy.chanda@unza.zm','460240/11/1','119469150',NULL,0,'Dv5drskpd7Lnbwe-V9Y5svA_7nC_L7up','$2y$13$LC2gjIbu8PlPP.qYAoA2Ee1bnllaMEgSpVV3WSkgz0RpGHVfgBwcu',NULL,246,'1950-10-26',NULL,NULL,NULL,NULL,NULL,NULL,'1000225017',NULL,NULL,NULL,NULL,'Married','13040253110126',NULL,NULL),(668,2,'009027','JENIPHER','KWANJA',NULL,'Miss','Female','0977 471168','jenipher.kwanja@unza.zm','jenipher.kwanja@unza.zm','202888/75/1','105480085',NULL,0,'Dv5drskpd7Lnbwe-V9Y5svA_7nC_L7up','$2y$13$LC2gjIbu8PlPP.qYAoA2Ee1bnllaMEgSpVV3WSkgz0RpGHVfgBwcu',NULL,246,'1975-01-09',NULL,NULL,NULL,NULL,NULL,NULL,'1001077402',NULL,NULL,NULL,NULL,'Single','13040566110121',NULL,NULL),(669,2,'009032','PRISCA K','CHISHIMBA',NULL,'Miss','Female','0977715675','prisca.chishimba@unza.zm','prisca.chishimba@unza.zm','230072/64/1','107512387',NULL,1,'Dv5drskpd7Lnbwe-V9Y5svA_7nC_L7up','$2y$13$LC2gjIbu8PlPP.qYAoA2Ee1bnllaMEgSpVV3WSkgz0RpGHVfgBwcu',NULL,246,'1972-06-05',NULL,NULL,NULL,NULL,NULL,NULL,'1001544742',NULL,NULL,NULL,NULL,'Single','13042192110121',NULL,NULL),(670,11,'009034','HAANGWAZE ','NZALA','SELESTINE','Dr','Male','0979 176779','shnzala@unza.zm','shnzala@unza.zm','365199/11/1','305884809','ZM 029928',1,'Dv5drskpd7Lnbwe-V9Y5svA_7nC_L7up','$2y$13$LC2gjIbu8PlPP.qYAoA2Ee1bnllaMEgSpVV3WSkgz0RpGHVfgBwcu',NULL,246,'1961-01-02',NULL,NULL,NULL,NULL,NULL,NULL,'1001345671',NULL,NULL,NULL,NULL,'Married','13063796110116',NULL,NULL),(671,2,'009039','YOLAN','BANDA',NULL,'Mr','Male','0977 - 504109','y.banda@unza.zm','y.banda@unza.zm','245305/51/1','107511236','ZN174617',1,'Dv5drskpd7Lnbwe-V9Y5svA_7nC_L7up','$2y$13$LC2gjIbu8PlPP.qYAoA2Ee1bnllaMEgSpVV3WSkgz0RpGHVfgBwcu',NULL,246,'1971-11-24',NULL,NULL,NULL,NULL,NULL,NULL,'1000324775',NULL,NULL,NULL,NULL,'Married','13067029110117',NULL,NULL),(672,11,'009044','VICTOR','MUTAMBO',' PATSON ','Dr','Male','0955801993','vmutambo@unza.zm','vmutambo@unza.zm','188182/42/1','116190451',NULL,1,'Dv5drskpd7Lnbwe-V9Y5svA_7nC_L7up','$2y$13$LC2gjIbu8PlPP.qYAoA2Ee1bnllaMEgSpVV3WSkgz0RpGHVfgBwcu',NULL,246,'1967-04-01',NULL,NULL,NULL,NULL,NULL,NULL,'1000394408',NULL,NULL,NULL,NULL,'Married','13065157110117',NULL,NULL),(673,2,'009045','LAWRENCE','CHANDA',NULL,'Mr','Male','0977717137','lchanda@unza.zm','lchanda@unza.zm','222979/43/1','107509186',NULL,1,'Dv5drskpd7Lnbwe-V9Y5svA_7nC_L7up','$2y$13$LC2gjIbu8PlPP.qYAoA2Ee1bnllaMEgSpVV3WSkgz0RpGHVfgBwcu',NULL,246,'1972-09-24',NULL,NULL,NULL,NULL,NULL,NULL,'1005744966',NULL,NULL,NULL,NULL,'Married','13065938110113',NULL,NULL),(674,2,'009046','JAMES','MWALE','D','Mr','Male','0977756037','james.mwale@unza.zm','james.mwale@unza.zm','254196/66/1','103350668',NULL,1,'Dv5drskpd7Lnbwe-V9Y5svA_7nC_L7up','$2y$13$LC2gjIbu8PlPP.qYAoA2Ee1bnllaMEgSpVV3WSkgz0RpGHVfgBwcu',NULL,246,'1974-11-27',NULL,NULL,NULL,NULL,NULL,NULL,'1004294588',NULL,NULL,NULL,NULL,'Married','13071229110118',NULL,NULL),(675,2,'009047','ABGAIL','CHIPAPA',NULL,'Miss','Female','0976595931','abigail.chipapa@unza.zm','abigail.chipapa@unza.zm','774172/11/1','107512262',NULL,1,'Dv5drskpd7Lnbwe-V9Y5svA_7nC_L7up','$2y$13$LC2gjIbu8PlPP.qYAoA2Ee1bnllaMEgSpVV3WSkgz0RpGHVfgBwcu',NULL,246,'1980-10-06',NULL,NULL,NULL,NULL,NULL,NULL,'1006593585',NULL,NULL,NULL,NULL,'Single','13040001110121',NULL,NULL),(676,2,'009052','JONATHAN','PHIRI',NULL,'Mr','Male',NULL,'jonathan.phiri@unza.zm','jonathan.phiri@unza.zm','308670/67/1','100324266',NULL,1,'Dv5drskpd7Lnbwe-V9Y5svA_7nC_L7up','$2y$13$LC2gjIbu8PlPP.qYAoA2Ee1bnllaMEgSpVV3WSkgz0RpGHVfgBwcu',NULL,246,'1970-06-28',NULL,NULL,NULL,NULL,NULL,NULL,'1007185651',NULL,NULL,NULL,NULL,'Married','13067941110114',NULL,NULL),(677,2,'009053','K MOSES','SIMUTOWE',NULL,'Mr','Male','0979-677675',NULL,NULL,'704304/11/1','116170528',NULL,1,'Dv5drskpd7Lnbwe-V9Y5svA_7nC_L7up','$2y$13$LC2gjIbu8PlPP.qYAoA2Ee1bnllaMEgSpVV3WSkgz0RpGHVfgBwcu',NULL,246,'1978-01-02',NULL,NULL,NULL,NULL,NULL,NULL,'1007229570',NULL,NULL,NULL,NULL,'Single','13068362110114',NULL,NULL),(678,2,'009063','EUNICE','IMASIKU','NTWALA SAMWINGA','Dr','Female','0977662849','esimasik@unza.zm','esimasik@unza.zm','164635/71/1','116182301',NULL,1,'Dv5drskpd7Lnbwe-V9Y5svA_7nC_L7up','$2y$13$LC2gjIbu8PlPP.qYAoA2Ee1bnllaMEgSpVV3WSkgz0RpGHVfgBwcu',NULL,246,'1968-02-05',NULL,NULL,NULL,NULL,NULL,NULL,'1003065833',NULL,NULL,NULL,NULL,'Married','13042065110128',NULL,NULL),(679,2,'009065','MARTIN','SIMUUNZA',NULL,'Dr','Male',NULL,'martin.simuunza@unza.zm','martin.simuunza@unza.zm','268455/74/1','107581861',NULL,1,'Dv5drskpd7Lnbwe-V9Y5svA_7nC_L7up','$2y$13$LC2gjIbu8PlPP.qYAoA2Ee1bnllaMEgSpVV3WSkgz0RpGHVfgBwcu',NULL,246,'1970-01-14',NULL,NULL,NULL,NULL,NULL,NULL,'1000649753',NULL,NULL,NULL,NULL,'Married','13065530110116',NULL,NULL),(680,2,'009070','KALIMA','KALIMA',NULL,'Mr','Male',NULL,'kalima.kalima@unza.zm','kalima.kalima@unza.zm','260223/82/1','105075212',NULL,0,'Dv5drskpd7Lnbwe-V9Y5svA_7nC_L7up','$2y$13$LC2gjIbu8PlPP.qYAoA2Ee1bnllaMEgSpVV3WSkgz0RpGHVfgBwcu',NULL,246,'1976-02-23',NULL,NULL,NULL,NULL,NULL,NULL,'1000615744',NULL,NULL,NULL,NULL,'Married','13069836110112',NULL,NULL),(681,2,'009071','BEATRICE','MATAFWALI',NULL,'Dr','Female',NULL,'beatrice.matafwali@unza.zm','beatrice.matafwali@unza.zm','198150/32/1','116170530',NULL,1,'Dv5drskpd7Lnbwe-V9Y5svA_7nC_L7up','$2y$13$LC2gjIbu8PlPP.qYAoA2Ee1bnllaMEgSpVV3WSkgz0RpGHVfgBwcu',NULL,246,'1975-07-16',NULL,NULL,NULL,NULL,NULL,NULL,'1004125777',NULL,NULL,NULL,NULL,'Single','13038485110122',NULL,NULL),(682,11,'009072','AGRIPINA','BANDA',NULL,'Dr','Female','0976356169','agripina.banda@unza.zm','agripina.banda@unza.zm','476324/11/1','116182313',NULL,1,'Dv5drskpd7Lnbwe-V9Y5svA_7nC_L7up','$2y$13$LC2gjIbu8PlPP.qYAoA2Ee1bnllaMEgSpVV3WSkgz0RpGHVfgBwcu',NULL,246,'1974-05-04',NULL,NULL,NULL,NULL,NULL,NULL,'1004125777',NULL,NULL,NULL,NULL,'Divorced','13036357110127',NULL,NULL),(683,2,'009074','NTOMBI','MUDENDA','B','Dr','Female','09777 668923','ntombi.nkonde@unza.zm','ntombi.nkonde@unza.zm','183299/71/1','107582099','ZP 183299/71/1',1,'Dv5drskpd7Lnbwe-V9Y5svA_7nC_L7up','$2y$13$LC2gjIbu8PlPP.qYAoA2Ee1bnllaMEgSpVV3WSkgz0RpGHVfgBwcu',NULL,246,'1975-04-05',NULL,NULL,NULL,NULL,NULL,NULL,'1002513475',NULL,NULL,NULL,NULL,'Married','13035061110121',NULL,NULL),(684,2,'009079','DOUGLAS','MUMBA',NULL,'Mr','Male','0979999797','douglas.mumba@unza.zm','douglas.mumba@unza.zm','118925/14/1','105569314',NULL,0,'Dv5drskpd7Lnbwe-V9Y5svA_7nC_L7up','$2y$13$LC2gjIbu8PlPP.qYAoA2Ee1bnllaMEgSpVV3WSkgz0RpGHVfgBwcu',NULL,246,'1977-12-18',NULL,NULL,NULL,NULL,NULL,NULL,'1005211214',NULL,NULL,NULL,NULL,'Married','13070202110112',NULL,NULL),(685,2,'009083','EMMA I','KABOZHA NTWALA',NULL,'Mrs','Female',NULL,'ekabozha@unza.zm','ekabozha@unza.zm','644882/11/1','105479656',NULL,1,'Dv5drskpd7Lnbwe-V9Y5svA_7nC_L7up','$2y$13$LC2gjIbu8PlPP.qYAoA2Ee1bnllaMEgSpVV3WSkgz0RpGHVfgBwcu',NULL,246,'1976-09-13',NULL,NULL,NULL,NULL,NULL,NULL,'1004120178',NULL,NULL,NULL,NULL,'Married','13040947110129',NULL,NULL),(686,2,'009089','LACKSON','KASONKA',NULL,'Dr','Male',NULL,NULL,NULL,'186008/68/1',NULL,NULL,0,'Dv5drskpd7Lnbwe-V9Y5svA_7nC_L7up','$2y$13$LC2gjIbu8PlPP.qYAoA2Ee1bnllaMEgSpVV3WSkgz0RpGHVfgBwcu',NULL,246,'1965-05-10',NULL,NULL,NULL,NULL,NULL,NULL,'1005497778',NULL,NULL,NULL,NULL,NULL,'13067011110112',NULL,NULL),(687,2,'009098','DOREEN','HIKEEZI','MWIITA','Dr','Female','0966 635074','dhikeezi@unza.zm','dhikeezi@unza.zm','106898/72/1','120968650',NULL,1,'Dv5drskpd7Lnbwe-V9Y5svA_7nC_L7up','$2y$13$LC2gjIbu8PlPP.qYAoA2Ee1bnllaMEgSpVV3WSkgz0RpGHVfgBwcu',NULL,246,'1953-06-26',NULL,NULL,NULL,NULL,NULL,NULL,'1003930393',NULL,NULL,NULL,NULL,'Widowed','13039627110126',NULL,NULL),(688,2,'009101','PRISCA ','MULIZWA','NYEMBEZI','Ms','Female','0978687078','prisca.mulizwa@unza.zm','prisca.mulizwa@unza.zm','601230/11/1','105482009',NULL,1,'Dv5drskpd7Lnbwe-V9Y5svA_7nC_L7up','$2y$13$LC2gjIbu8PlPP.qYAoA2Ee1bnllaMEgSpVV3WSkgz0RpGHVfgBwcu',NULL,246,'1975-07-17',NULL,NULL,NULL,NULL,NULL,NULL,'1017957090',NULL,NULL,NULL,NULL,'Widowed','13041752110123',NULL,NULL),(689,2,'009103','CHANSA GWENDOLINE','MUSONDA',NULL,'Mrs','Female','0979793300','gwendoline.chansa@unza.zm','gwendoline.chansa@unza.zm','725204/11/1','107507338',NULL,1,'Dv5drskpd7Lnbwe-V9Y5svA_7nC_L7up','$2y$13$LC2gjIbu8PlPP.qYAoA2Ee1bnllaMEgSpVV3WSkgz0RpGHVfgBwcu',NULL,246,'1978-10-13',NULL,NULL,NULL,NULL,NULL,NULL,'1004886685',NULL,NULL,NULL,NULL,'Married','13042180110126',NULL,NULL),(690,2,'009107','BRIAN','MPANDE',NULL,'Mr','Male','0977735330','brian.mpande92@gmail.com','brian.mpande92@gmail.com','254124/71/1',NULL,NULL,0,'Dv5drskpd7Lnbwe-V9Y5svA_7nC_L7up','$2y$13$LC2gjIbu8PlPP.qYAoA2Ee1bnllaMEgSpVV3WSkgz0RpGHVfgBwcu',NULL,246,'1991-09-21',NULL,NULL,NULL,NULL,NULL,NULL,'1004886685',NULL,NULL,NULL,NULL,'Married','13036631110128',NULL,NULL),(691,2,'009108','HOPE','BWALYA - MUSUNE','MUMBA','Mrs','Female','09776336045','hope.musune@unza.zm','hope.musune@unza.zm','727719/11/1','104831427','046263',1,'Dv5drskpd7Lnbwe-V9Y5svA_7nC_L7up','$2y$13$LC2gjIbu8PlPP.qYAoA2Ee1bnllaMEgSpVV3WSkgz0RpGHVfgBwcu',NULL,246,'1980-11-02',NULL,NULL,NULL,NULL,NULL,NULL,'1001438266',NULL,NULL,NULL,NULL,'Married','13040391110126',NULL,NULL),(692,2,'009109','LINDIWE A.','MULEMWA',NULL,'Ms','Female',NULL,'lindiwe.mulemwa@unza.zm','lindiwe.mulemwa@unza.zm','457168/11/1','103684633',NULL,1,'Dv5drskpd7Lnbwe-V9Y5svA_7nC_L7up','$2y$13$LC2gjIbu8PlPP.qYAoA2Ee1bnllaMEgSpVV3WSkgz0RpGHVfgBwcu',NULL,246,'1967-02-11',NULL,NULL,NULL,NULL,NULL,NULL,'1001349475',NULL,NULL,NULL,NULL,'Single','13039647110127',NULL,NULL),(693,2,'009110','BRENDA','CHIBALAMUNA CHUZU',NULL,'Mrs','Female','0977852552','b.chibalamuna@unza.zm','b.chibalamuna@unza.zm','237074/16/1','105485845',NULL,1,'Dv5drskpd7Lnbwe-V9Y5svA_7nC_L7up','$2y$13$LC2gjIbu8PlPP.qYAoA2Ee1bnllaMEgSpVV3WSkgz0RpGHVfgBwcu',NULL,246,'1972-06-02',NULL,NULL,NULL,NULL,NULL,NULL,'1004986861',NULL,NULL,NULL,NULL,'Married','13040205110129',NULL,NULL),(694,2,'009112','SARA ','LUWISHA','KALUNGA','Ms','Female','0977511882','sluwisha@unza.zm','sluwisha@unza.zm','374160/61/1','105485403','ZP 009331',1,'Dv5drskpd7Lnbwe-V9Y5svA_7nC_L7up','$2y$13$LC2gjIbu8PlPP.qYAoA2Ee1bnllaMEgSpVV3WSkgz0RpGHVfgBwcu',NULL,246,'1984-11-21',NULL,NULL,NULL,NULL,NULL,NULL,'1004923345',NULL,NULL,NULL,NULL,'Widowed','13039459110122',NULL,NULL),(695,2,'009113','FWAMBO','NSEMUKILA','CHASHELE','Mr','Male','0966930014','fnsemukila@unza.zm','fnsemukila@unza.zm','205396/32/1','107508073',NULL,1,'Dv5drskpd7Lnbwe-V9Y5svA_7nC_L7up','$2y$13$LC2gjIbu8PlPP.qYAoA2Ee1bnllaMEgSpVV3WSkgz0RpGHVfgBwcu',NULL,246,'1975-12-23',NULL,NULL,NULL,NULL,NULL,NULL,'1006422064',NULL,NULL,NULL,NULL,'Single','13068620110111',NULL,NULL),(696,2,'009116','DRODGEN','MWEEMBA',NULL,'Mr','Male','0979814783','mweemba.drodgen@unza.zm','mweemba.drodgen@unza.zm','112781/10/1','107616133',NULL,1,'Dv5drskpd7Lnbwe-V9Y5svA_7nC_L7up','$2y$13$LC2gjIbu8PlPP.qYAoA2Ee1bnllaMEgSpVV3WSkgz0RpGHVfgBwcu',NULL,246,'1986-06-06',NULL,NULL,NULL,NULL,NULL,NULL,'1005061544',NULL,NULL,NULL,NULL,'Married','13063952110117',NULL,NULL),(697,2,'009119','GIDEON','MUSUKWA',NULL,'Mr','Male',NULL,'gideon.musukwa@unza.zm','gideon.musukwa@unza.zm','636819/11/1','107506263',NULL,1,'Dv5drskpd7Lnbwe-V9Y5svA_7nC_L7up','$2y$13$LC2gjIbu8PlPP.qYAoA2Ee1bnllaMEgSpVV3WSkgz0RpGHVfgBwcu',NULL,246,'1977-11-11',NULL,NULL,NULL,NULL,NULL,NULL,'1000743850',NULL,NULL,NULL,NULL,'Married','13068725110115',NULL,NULL),(698,2,'009123','PRISCA','PHIRI',NULL,'Ms','Female',NULL,NULL,NULL,'121124/19/1','112515580',NULL,0,'Dv5drskpd7Lnbwe-V9Y5svA_7nC_L7up','$2y$13$LC2gjIbu8PlPP.qYAoA2Ee1bnllaMEgSpVV3WSkgz0RpGHVfgBwcu',NULL,246,'1987-08-18',NULL,NULL,NULL,NULL,NULL,NULL,'1000743850',NULL,NULL,NULL,NULL,NULL,'13467351110115',NULL,NULL),(699,2,'009130','NACHAWA','MUSUKUMA',NULL,'Ms','Female',NULL,NULL,NULL,'107875/19/1','304958637',NULL,0,'Dv5drskpd7Lnbwe-V9Y5svA_7nC_L7up','$2y$13$LC2gjIbu8PlPP.qYAoA2Ee1bnllaMEgSpVV3WSkgz0RpGHVfgBwcu',NULL,246,'1985-01-24',NULL,NULL,NULL,NULL,NULL,NULL,'1000743850',NULL,NULL,NULL,NULL,NULL,'11787593110124',NULL,NULL),(700,2,'009140','BROWN','KAMANGA',NULL,'Dr','Male','0972758137','brownkamanga@gmail.com','brownkamanga@gmail.com','264347/67/1',NULL,NULL,1,'Dv5drskpd7Lnbwe-V9Y5svA_7nC_L7up','$2y$13$LC2gjIbu8PlPP.qYAoA2Ee1bnllaMEgSpVV3WSkgz0RpGHVfgBwcu',NULL,246,'1965-11-10',NULL,NULL,NULL,NULL,NULL,NULL,'1000903268',NULL,NULL,NULL,NULL,'Married','12740187110111',NULL,NULL),(701,2,'009143','ROSE  ','TEMBO','ENALA','Ms','Female','0977709463','rose.tembo@unza.zm','rose.tembo@unza.zm','708354/11/1',NULL,NULL,0,'Dv5drskpd7Lnbwe-V9Y5svA_7nC_L7up','$2y$13$LC2gjIbu8PlPP.qYAoA2Ee1bnllaMEgSpVV3WSkgz0RpGHVfgBwcu',NULL,246,'1979-01-20',NULL,NULL,NULL,NULL,NULL,NULL,NULL,NULL,NULL,NULL,NULL,'Single',NULL,NULL,', rosetembo@yahoo.com'),(702,2,'009144','OLIVER','MWEEMBA',NULL,'Mr','Male',NULL,NULL,NULL,'314842/11/1','116182337',NULL,1,'Dv5drskpd7Lnbwe-V9Y5svA_7nC_L7up','$2y$13$LC2gjIbu8PlPP.qYAoA2Ee1bnllaMEgSpVV3WSkgz0RpGHVfgBwcu',NULL,246,'1976-06-07',NULL,NULL,NULL,NULL,NULL,NULL,'1001341111',NULL,NULL,NULL,NULL,'Married','13069085110117',NULL,NULL),(703,2,'009146','PHILLIP','BANDA',NULL,'Mr','Male','0978 523471','phillip.banda@unza.zm','phillip.banda@unza.zm','723490/11/1','105983453','ZP 723490/11/1',1,'Dv5drskpd7Lnbwe-V9Y5svA_7nC_L7up','$2y$13$LC2gjIbu8PlPP.qYAoA2Ee1bnllaMEgSpVV3WSkgz0RpGHVfgBwcu',NULL,246,'1979-07-25',NULL,NULL,NULL,NULL,NULL,NULL,'1004107161',NULL,NULL,NULL,NULL,'Married','13069346110115',NULL,NULL),(704,2,'009147','CAROL','MWEEMBA',NULL,'Ms','Female','0979 543166','cmweemba@unza.zm','cmweemba@unza.zm','733495/11/1','105482100',NULL,1,'Dv5drskpd7Lnbwe-V9Y5svA_7nC_L7up','$2y$13$LC2gjIbu8PlPP.qYAoA2Ee1bnllaMEgSpVV3WSkgz0RpGHVfgBwcu',NULL,246,'1980-09-21',NULL,NULL,NULL,NULL,NULL,NULL,'1006482784',NULL,NULL,NULL,NULL,'Widowed','13039318110129',NULL,NULL),(705,2,'009150','MARGGIE','KOPEKA',NULL,'Ms','Female','0979 541624','marggie.kopeka@unza.zm','marggie.kopeka@unza.zm','727055/11/1','105482249',NULL,1,'Dv5drskpd7Lnbwe-V9Y5svA_7nC_L7up','$2y$13$LC2gjIbu8PlPP.qYAoA2Ee1bnllaMEgSpVV3WSkgz0RpGHVfgBwcu',NULL,246,'1979-11-19',NULL,NULL,NULL,NULL,NULL,NULL,'1008320102',NULL,NULL,NULL,NULL,'Single','13038774110129',NULL,NULL),(706,2,'009151','JANE','BANDA',NULL,'Ms','Female','0976 521949','jane.banda@unza.zm','jane.banda@unza.zm','243089/43/1','105569376','ZP 243089/43/1',1,'Dv5drskpd7Lnbwe-V9Y5svA_7nC_L7up','$2y$13$LC2gjIbu8PlPP.qYAoA2Ee1bnllaMEgSpVV3WSkgz0RpGHVfgBwcu',NULL,246,'1978-06-03',NULL,NULL,NULL,NULL,NULL,NULL,'1000750284',NULL,NULL,NULL,NULL,'Married','13040521110129',NULL,NULL),(707,2,'009152','GETRUDE','MANJOLA','GONDWE','Ms','Female','0979 953083','g.manjola@unza.zm','g.manjola@unza.zm','269120/64/1','105569833','ZC 026903',1,'Dv5drskpd7Lnbwe-V9Y5svA_7nC_L7up','$2y$13$LC2gjIbu8PlPP.qYAoA2Ee1bnllaMEgSpVV3WSkgz0RpGHVfgBwcu',NULL,246,'1981-03-13',NULL,NULL,NULL,NULL,NULL,NULL,'1001422159',NULL,NULL,NULL,NULL,'Married','13038496110125',NULL,NULL),(708,2,'009153','MUCHEMWA','SICHAMBA',NULL,'Ms','Female','0977 561883','muchemwa.sichamba@unza.zm','muchemwa.sichamba@unza.zm','124052/18/1','105479771','ZP 124052/18/1',1,'Dv5drskpd7Lnbwe-V9Y5svA_7nC_L7up','$2y$13$LC2gjIbu8PlPP.qYAoA2Ee1bnllaMEgSpVV3WSkgz0RpGHVfgBwcu',NULL,246,'1981-05-23',NULL,NULL,NULL,NULL,NULL,NULL,'1001266711',NULL,NULL,NULL,NULL,'Single','13039816110124',NULL,NULL),(709,2,'009155','CHRISTOPHER.','HABBUNO','B','Mr','Male','0977 859516','christopher.habbuno@unza.zm','christopher.habbuno@unza.zm','339185/11/1',NULL,'ZP 339185/11/1',1,'Dv5drskpd7Lnbwe-V9Y5svA_7nC_L7up','$2y$13$LC2gjIbu8PlPP.qYAoA2Ee1bnllaMEgSpVV3WSkgz0RpGHVfgBwcu',NULL,246,'1966-11-23',NULL,NULL,NULL,NULL,NULL,NULL,NULL,NULL,NULL,NULL,NULL,'Married',NULL,NULL,NULL),(710,2,'009157','PRIESTRY  NAMUKAMBA','CHIGALULA',NULL,'Mr','Male','0977 960458','priestry.chigalula@unza.zm','priestry.chigalula@unza.zm','314574/74/1','107549144',NULL,1,'Dv5drskpd7Lnbwe-V9Y5svA_7nC_L7up','$2y$13$LC2gjIbu8PlPP.qYAoA2Ee1bnllaMEgSpVV3WSkgz0RpGHVfgBwcu',NULL,246,'1976-04-18',NULL,NULL,NULL,NULL,NULL,NULL,'1003896833',NULL,NULL,NULL,NULL,'Married','13066983110111',NULL,NULL),(711,2,'009158','HAPPY','BUKUTA','NYONI','Mr','Male',NULL,'happy.bukuta@unza.zm','happy.bukuta@unza.zm','651512/11/1','105485528',NULL,1,'Dv5drskpd7Lnbwe-V9Y5svA_7nC_L7up','$2y$13$LC2gjIbu8PlPP.qYAoA2Ee1bnllaMEgSpVV3WSkgz0RpGHVfgBwcu',NULL,246,'1977-10-23',NULL,NULL,NULL,NULL,NULL,NULL,'1004085403',NULL,NULL,NULL,NULL,'Married','13063156110117',NULL,NULL),(712,2,'009159','ORLANDO','CHILINDA',' NSABATA','Mr','Male',NULL,'orlando.chilinda@unza.zm','orlando.chilinda@unza.zm','223843/68/1','302250637','ZP 223843/68/1',1,'Dv5drskpd7Lnbwe-V9Y5svA_7nC_L7up','$2y$13$LC2gjIbu8PlPP.qYAoA2Ee1bnllaMEgSpVV3WSkgz0RpGHVfgBwcu',NULL,246,'1977-06-18',NULL,NULL,NULL,NULL,NULL,NULL,'1013173067',NULL,NULL,NULL,NULL,'Single','13070570110116',NULL,NULL),(713,2,'009162','MATHIAS MOOBA','KAJALA','MOOBA','Mr','Male','0975446064','mathias.kajala@unza.zm','mathias.kajala@unza.zm','284466/16/1','105481871','ZN214059',1,'Dv5drskpd7Lnbwe-V9Y5svA_7nC_L7up','$2y$13$LC2gjIbu8PlPP.qYAoA2Ee1bnllaMEgSpVV3WSkgz0RpGHVfgBwcu',NULL,246,'1981-11-01',NULL,NULL,NULL,NULL,NULL,NULL,'1002843437',NULL,NULL,NULL,NULL,'Married','13068759110117',NULL,NULL),(714,2,'009163','JAMES','NYIMBILI',NULL,'Mr','Male','0977 678593','james.nyimbili@unza.zm','james.nyimbili@unza.zm','237684/64/1','103712157','ZK 069426',1,'Dv5drskpd7Lnbwe-V9Y5svA_7nC_L7up','$2y$13$LC2gjIbu8PlPP.qYAoA2Ee1bnllaMEgSpVV3WSkgz0RpGHVfgBwcu',NULL,246,'1975-06-05',NULL,NULL,NULL,NULL,NULL,NULL,'1004293052',NULL,NULL,NULL,NULL,'Married','13063273110117',NULL,NULL),(715,2,'009165','MARY','KAOMA','CHISANGA','Mrs','Female','0977 487984','mary.chisanga@unza.zm','mary.chisanga@unza.zm','732958/11/1','105569845','ZP 732958/11/1',1,'Dv5drskpd7Lnbwe-V9Y5svA_7nC_L7up','$2y$13$LC2gjIbu8PlPP.qYAoA2Ee1bnllaMEgSpVV3WSkgz0RpGHVfgBwcu',NULL,246,'1979-08-01',NULL,NULL,NULL,NULL,NULL,NULL,'1004996820',NULL,NULL,NULL,NULL,'Single','13032247110125',NULL,NULL),(716,2,'009166','MOMBA','MUZYAMBA',NULL,'Ms','Female','0978617610','muzyamba.moomba@unza.zm','muzyamba.moomba@unza.zm','733691/11/1','105481908',NULL,1,'Dv5drskpd7Lnbwe-V9Y5svA_7nC_L7up','$2y$13$LC2gjIbu8PlPP.qYAoA2Ee1bnllaMEgSpVV3WSkgz0RpGHVfgBwcu',NULL,246,'1980-01-18',NULL,NULL,NULL,NULL,NULL,NULL,'1018630070',NULL,NULL,NULL,NULL,'Single','13041605110129',NULL,NULL),(717,2,'009170','LASTONE','ZGAMBO','TRYWELL','Mr','Male','0977 276194','lastone.zgambo@unza.zm','lastone.zgambo@unza.zm','190914/51/1','100728066',NULL,0,'Dv5drskpd7Lnbwe-V9Y5svA_7nC_L7up','$2y$13$LC2gjIbu8PlPP.qYAoA2Ee1bnllaMEgSpVV3WSkgz0RpGHVfgBwcu',NULL,246,'1958-09-14',NULL,NULL,NULL,NULL,NULL,NULL,'1000218486',NULL,NULL,NULL,NULL,'Married','13054884110113',NULL,NULL),(718,2,'009173','MWELWA MARY','CHENGA -  MULILE',NULL,'Mrs','Female','0966461297','mary.chenga@unza.zm','mary.chenga@unza.zm','113272/35/1','504254732','ZJ 82778',1,'Dv5drskpd7Lnbwe-V9Y5svA_7nC_L7up','$2y$13$LC2gjIbu8PlPP.qYAoA2Ee1bnllaMEgSpVV3WSkgz0RpGHVfgBwcu',NULL,246,'1974-07-26',NULL,NULL,NULL,NULL,NULL,NULL,'1005201545',NULL,NULL,NULL,NULL,'Married','13041210110122',NULL,NULL),(719,2,'009174','EMMANUEL','MUSHEKE',NULL,'Mr','Male','0977636188','emmanuel.musheke@unza.zm','emmanuel.musheke@unza.zm','279111/82/1','108278308',NULL,1,'Dv5drskpd7Lnbwe-V9Y5svA_7nC_L7up','$2y$13$LC2gjIbu8PlPP.qYAoA2Ee1bnllaMEgSpVV3WSkgz0RpGHVfgBwcu',NULL,246,'1980-02-20',NULL,NULL,NULL,NULL,NULL,NULL,'1005260912',NULL,NULL,NULL,NULL,'Married','13067803110114',NULL,NULL),(720,2,'009179','SANDALAMU','SAKALA',NULL,'Mr','Male','097 9 266765 ','sandram.sakala@unza.zm','sandram.sakala@unza.zm','317209/53/1','108281016',NULL,1,'Dv5drskpd7Lnbwe-V9Y5svA_7nC_L7up','$2y$13$LC2gjIbu8PlPP.qYAoA2Ee1bnllaMEgSpVV3WSkgz0RpGHVfgBwcu',NULL,246,'1981-06-12',NULL,NULL,NULL,NULL,NULL,NULL,'1002765561',NULL,NULL,NULL,NULL,'Single','13064651110115',NULL,NULL),(721,2,'009182','EVION','HAMWEENDA',NULL,'Miss','Female','0976 990604','evioneh@unza.zm','evioneh@unza.zm','667933/11/1','107550054','ZG 97758',1,'Dv5drskpd7Lnbwe-V9Y5svA_7nC_L7up','$2y$13$LC2gjIbu8PlPP.qYAoA2Ee1bnllaMEgSpVV3WSkgz0RpGHVfgBwcu',NULL,246,'1978-05-07',NULL,NULL,NULL,NULL,NULL,NULL,'1002894198',NULL,NULL,NULL,NULL,'Single','13041197110123',NULL,NULL),(722,2,'009184','RAPHEAL .T','CHALWE',NULL,'Mr','Male','0977 121549','raphael.chalwe@unza.zm','raphael.chalwe@unza.zm','662603/11/1','108492011',NULL,1,'Dv5drskpd7Lnbwe-V9Y5svA_7nC_L7up','$2y$13$LC2gjIbu8PlPP.qYAoA2Ee1bnllaMEgSpVV3WSkgz0RpGHVfgBwcu',NULL,246,'1976-02-02',NULL,NULL,NULL,NULL,NULL,NULL,'1004260200',NULL,NULL,NULL,NULL,'Married','13068712110112',NULL,NULL),(723,2,'009185','IGNATIUS','SHAWA',NULL,'Mr','Male','097 9 556968','ignatius.shawa@unza.zm','ignatius.shawa@unza.zm','571578/11/1','107549473',NULL,1,'Dv5drskpd7Lnbwe-V9Y5svA_7nC_L7up','$2y$13$LC2gjIbu8PlPP.qYAoA2Ee1bnllaMEgSpVV3WSkgz0RpGHVfgBwcu',NULL,246,'1972-03-24',NULL,NULL,NULL,NULL,NULL,NULL,'1006426455',NULL,NULL,NULL,NULL,'Married','NHA2002194894',NULL,NULL),(724,2,'009186','YOSAYA','KAKOTE',NULL,'Mr','Male','0955 885317','yosaya.kakote@unza.zm','yosaya.kakote@unza.zm','548484/11/1','101719545',NULL,1,'Dv5drskpd7Lnbwe-V9Y5svA_7nC_L7up','$2y$13$LC2gjIbu8PlPP.qYAoA2Ee1bnllaMEgSpVV3WSkgz0RpGHVfgBwcu',NULL,246,'1970-05-10',NULL,NULL,NULL,NULL,NULL,NULL,'1004751120',NULL,NULL,NULL,NULL,'Divorced','13070516110116',NULL,NULL),(725,2,'009187','KAMENDA K','SIISII',NULL,'Mr','Male','0977 430034','siisi.kamenda@unza.zm','siisi.kamenda@unza.zm','178259/81/1','108492061',NULL,1,'Dv5drskpd7Lnbwe-V9Y5svA_7nC_L7up','$2y$13$LC2gjIbu8PlPP.qYAoA2Ee1bnllaMEgSpVV3WSkgz0RpGHVfgBwcu',NULL,246,'1980-06-06',NULL,NULL,NULL,NULL,NULL,NULL,'1006502919',NULL,NULL,NULL,NULL,'Married','13070528110113',NULL,NULL),(726,2,'009190','PUMULO','LIKEZO','VICTOR','Mr','Male','0977949588','pumulolikezo@unza.zm','pumulolikezo@unza.zm','256897/82/1','302218263','ZJ 98697',1,'Dv5drskpd7Lnbwe-V9Y5svA_7nC_L7up','$2y$13$LC2gjIbu8PlPP.qYAoA2Ee1bnllaMEgSpVV3WSkgz0RpGHVfgBwcu',NULL,246,'1975-05-04',NULL,NULL,NULL,NULL,NULL,NULL,'1001563869',NULL,NULL,NULL,NULL,'Married','13067919110112',NULL,NULL),(727,2,'009192','PREVIOUS','MUSONDA',NULL,'Miss','Female','09557700500969','precious@unza.zm','precious@unza.zm','274383/16/1','107511060','ZP 274383/16',1,'Dv5drskpd7Lnbwe-V9Y5svA_7nC_L7up','$2y$13$LC2gjIbu8PlPP.qYAoA2Ee1bnllaMEgSpVV3WSkgz0RpGHVfgBwcu',NULL,246,'1978-12-23',NULL,NULL,NULL,NULL,NULL,NULL,'1001453289',NULL,NULL,NULL,NULL,'Single','13039991110125',NULL,NULL),(728,2,'009196','AUGUSTINE','PHIRI',NULL,'Mr','Male','0977 456583','augustine.phiri@unza.zm','augustine.phiri@unza.zm','658694/11/1','107549928',NULL,1,'Dv5drskpd7Lnbwe-V9Y5svA_7nC_L7up','$2y$13$LC2gjIbu8PlPP.qYAoA2Ee1bnllaMEgSpVV3WSkgz0RpGHVfgBwcu',NULL,246,'1976-08-14',NULL,NULL,NULL,NULL,NULL,NULL,'1003334951',NULL,NULL,NULL,NULL,'Married','13637057110110',NULL,NULL),(729,2,'009197','MASAUSO','PHIRI',NULL,'Mr','Male','0977 983410','masauso.phiri@unza.zm','masauso.phiri@unza.zm','674452/11/1','107512402',NULL,1,'Dv5drskpd7Lnbwe-V9Y5svA_7nC_L7up','$2y$13$LC2gjIbu8PlPP.qYAoA2Ee1bnllaMEgSpVV3WSkgz0RpGHVfgBwcu',NULL,246,'1978-01-22',NULL,NULL,NULL,NULL,NULL,NULL,'1012363504',NULL,NULL,NULL,NULL,'Married','13069312110117',NULL,NULL),(730,2,'009198','OSWARD','KAPOLE',NULL,'Mr','Male','0977 524443','osward.kapole@unza.zm','osward.kapole@unza.zm','128906/77/1','103684063',NULL,1,'Dv5drskpd7Lnbwe-V9Y5svA_7nC_L7up','$2y$13$LC2gjIbu8PlPP.qYAoA2Ee1bnllaMEgSpVV3WSkgz0RpGHVfgBwcu',NULL,246,'1977-07-02',NULL,NULL,NULL,NULL,NULL,NULL,'1001076111',NULL,NULL,NULL,NULL,'Married','13071445110115',NULL,NULL),(731,2,'009199','HARRISON','NTHANI',NULL,'Mr','Male','0977373237','harrison.nthani@unza.zm','harrison.nthani@unza.zm','712363/11/1','100318609',NULL,1,'Dv5drskpd7Lnbwe-V9Y5svA_7nC_L7up','$2y$13$LC2gjIbu8PlPP.qYAoA2Ee1bnllaMEgSpVV3WSkgz0RpGHVfgBwcu',NULL,246,'1978-06-05',NULL,NULL,NULL,NULL,NULL,NULL,'1011966059',NULL,NULL,NULL,NULL,'Married','13069292110113',NULL,NULL),(732,2,'009201','LAZAROUS','MAYUMBELO',NULL,'Mr','Male','097 7 400509','lazarous.mayumbelo@unza.zm','lazarous.mayumbelo@unza.zm','585533/11/1','107549980',NULL,1,'Dv5drskpd7Lnbwe-V9Y5svA_7nC_L7up','$2y$13$LC2gjIbu8PlPP.qYAoA2Ee1bnllaMEgSpVV3WSkgz0RpGHVfgBwcu',NULL,246,'1975-02-05',NULL,NULL,NULL,NULL,NULL,NULL,'1004293815',NULL,NULL,NULL,NULL,'Married','13067353110118',NULL,NULL),(733,2,'009203','LADSLAV','MOONGA',NULL,'Mr','Male','0977545358','ladslav.moonga@unza.zm','ladslav.moonga@unza.zm','137366/54/1','108484086',NULL,1,'Dv5drskpd7Lnbwe-V9Y5svA_7nC_L7up','$2y$13$LC2gjIbu8PlPP.qYAoA2Ee1bnllaMEgSpVV3WSkgz0RpGHVfgBwcu',NULL,246,'1981-01-05',NULL,NULL,NULL,NULL,NULL,NULL,'1001312760',NULL,NULL,NULL,NULL,'Married','13065518110113',NULL,NULL),(734,2,'009205','SAMUEL','SIKHOSANA',NULL,'Mr','Male','0977611575','samuel.sikhosana@unza.zm','samuel.sikhosana@unza.zm','590212/11/1','107550131',NULL,1,'Dv5drskpd7Lnbwe-V9Y5svA_7nC_L7up','$2y$13$LC2gjIbu8PlPP.qYAoA2Ee1bnllaMEgSpVV3WSkgz0RpGHVfgBwcu',NULL,246,'1973-12-30',NULL,NULL,NULL,NULL,NULL,NULL,'1009263995',NULL,NULL,NULL,NULL,'Married','13070194110112',NULL,NULL),(735,2,'009206','FREDDY  M','MACLAGAN',NULL,'Mr','Male',NULL,NULL,NULL,'179827/43/1','107506059',NULL,0,'Dv5drskpd7Lnbwe-V9Y5svA_7nC_L7up','$2y$13$LC2gjIbu8PlPP.qYAoA2Ee1bnllaMEgSpVV3WSkgz0RpGHVfgBwcu',NULL,246,'1962-11-10',NULL,NULL,NULL,NULL,NULL,NULL,'1016471067',NULL,NULL,NULL,NULL,'Single','13067352110119',NULL,NULL),(736,2,'009207','PYTHIAS','MWELWA',NULL,'Mr','Male','096 6 331276','pythias.mwelwa@unza.zm','pythias.mwelwa@unza.zm','185467/31/1','102658083',NULL,1,'Dv5drskpd7Lnbwe-V9Y5svA_7nC_L7up','$2y$13$LC2gjIbu8PlPP.qYAoA2Ee1bnllaMEgSpVV3WSkgz0RpGHVfgBwcu',NULL,246,'1974-01-17',NULL,NULL,NULL,NULL,NULL,NULL,'1005305815',NULL,NULL,NULL,NULL,'Married','13069286110111',NULL,NULL),(737,2,'009209','ALI','BANDA',NULL,'Mr','Male','0977 573 669','ali.banda@unza.zm','ali.banda@unza.zm','247602/16/1','105614850','ZM 014722',1,'Dv5drskpd7Lnbwe-V9Y5svA_7nC_L7up','$2y$13$LC2gjIbu8PlPP.qYAoA2Ee1bnllaMEgSpVV3WSkgz0RpGHVfgBwcu',NULL,246,'1973-09-02',NULL,NULL,NULL,NULL,NULL,NULL,'1001318856',NULL,NULL,NULL,NULL,'Married','13064538110112',NULL,NULL),(738,2,'009210','ALEDY','NGOSA',NULL,'Mr','Male','09550977 33048','aledy.ngosa@unza.zm','aledy.ngosa@unza.zm','257741/61/1','107520007',NULL,1,'Dv5drskpd7Lnbwe-V9Y5svA_7nC_L7up','$2y$13$LC2gjIbu8PlPP.qYAoA2Ee1bnllaMEgSpVV3WSkgz0RpGHVfgBwcu',NULL,246,'1968-12-04',NULL,NULL,NULL,NULL,NULL,NULL,'1001453296',NULL,NULL,NULL,NULL,'Married','13069309110117',NULL,NULL),(739,2,'009211','LEVSON  M','HAMUSOPELI',NULL,'Mr','Male','0977 529286','levison.hamusopeli@unza.zm','levison.hamusopeli@unza.zm','216870/73/1','108156833',NULL,1,'Dv5drskpd7Lnbwe-V9Y5svA_7nC_L7up','$2y$13$LC2gjIbu8PlPP.qYAoA2Ee1bnllaMEgSpVV3WSkgz0RpGHVfgBwcu',NULL,246,'1975-12-31',NULL,NULL,NULL,NULL,NULL,NULL,'1011876274',NULL,NULL,NULL,NULL,'Married','13066364110111',NULL,NULL),(740,2,'009213','BOSWARD.SAM','MWEEMBA',NULL,'Mr','Male','097 6 822675','bosward.mweemba@unza.zm','bosward.mweemba@unza.zm','182487/12/1','107548574',NULL,1,'Dv5drskpd7Lnbwe-V9Y5svA_7nC_L7up','$2y$13$LC2gjIbu8PlPP.qYAoA2Ee1bnllaMEgSpVV3WSkgz0RpGHVfgBwcu',NULL,246,'1975-11-30',NULL,NULL,NULL,NULL,NULL,NULL,'1000908929',NULL,NULL,NULL,NULL,'Married','13070506110113',NULL,NULL),(741,2,'009214','AMON','NJOVU',NULL,'Mr','Male','0977 677736','amon.njovu@unza.zm','amon.njovu@unza.zm','317857/11/1','307911810',NULL,0,'Dv5drskpd7Lnbwe-V9Y5svA_7nC_L7up','$2y$13$LC2gjIbu8PlPP.qYAoA2Ee1bnllaMEgSpVV3WSkgz0RpGHVfgBwcu',NULL,246,'1958-08-03',NULL,NULL,NULL,NULL,NULL,NULL,'1000023402',NULL,NULL,NULL,NULL,'Married','13065353110113',NULL,NULL),(742,12,'009218','CHICO.FARRAH','KABANGU',NULL,'Mr','Male','097 7 774656','farrah.kabangu@unza.zm','farrah.kabangu@unza.zm','156773/45/1','107550511',NULL,1,'Dv5drskpd7Lnbwe-V9Y5svA_7nC_L7up','$2y$13$LC2gjIbu8PlPP.qYAoA2Ee1bnllaMEgSpVV3WSkgz0RpGHVfgBwcu',NULL,246,'1968-02-15',NULL,NULL,NULL,NULL,NULL,NULL,'1001306308',NULL,NULL,NULL,NULL,'Married','13065173110117',NULL,NULL),(743,2,'009220','PRECIOUS  ','CHISUNKA','CHITUNDU','Mrs','Female',NULL,'chitundu.mwila@unza.zm','chitundu.mwila@unza.zm','725564/11/1','107405378',NULL,1,'Dv5drskpd7Lnbwe-V9Y5svA_7nC_L7up','$2y$13$LC2gjIbu8PlPP.qYAoA2Ee1bnllaMEgSpVV3WSkgz0RpGHVfgBwcu',NULL,246,'1980-03-16',NULL,NULL,NULL,NULL,NULL,NULL,'1011717943',NULL,NULL,NULL,NULL,'Married','13058264110114',NULL,NULL),(744,2,'009221','KAOMA','DAKA',' LAMBA','Mrs','Female',NULL,'kaoma.daka@unza.zm','kaoma.daka@unza.zm','808688/11/1','107752430',NULL,1,'Dv5drskpd7Lnbwe-V9Y5svA_7nC_L7up','$2y$13$LC2gjIbu8PlPP.qYAoA2Ee1bnllaMEgSpVV3WSkgz0RpGHVfgBwcu',NULL,246,'1982-06-22',NULL,NULL,NULL,NULL,NULL,NULL,'1011718012',NULL,NULL,NULL,NULL,'Married','13036632110124',NULL,NULL),(745,11,'009222','TUESDAY','BWALYA',NULL,'Mr','Male',NULL,'bwalya.tuesday@unza.zm','bwalya.tuesday@unza.zm','173846/46/1','108426323',NULL,1,'Dv5drskpd7Lnbwe-V9Y5svA_7nC_L7up','$2y$13$LC2gjIbu8PlPP.qYAoA2Ee1bnllaMEgSpVV3WSkgz0RpGHVfgBwcu',NULL,246,'1980-07-08',NULL,NULL,NULL,NULL,NULL,NULL,'1000762694',NULL,NULL,NULL,NULL,'Married','13068594110115',NULL,NULL),(746,2,'009224','LIMBALI','MUYENDEKWA',NULL,'Mr','Male','0977454833','lmuyendekwa@unza.zm','lmuyendekwa@unza.zm','308761/741/',NULL,NULL,1,'Dv5drskpd7Lnbwe-V9Y5svA_7nC_L7up','$2y$13$LC2gjIbu8PlPP.qYAoA2Ee1bnllaMEgSpVV3WSkgz0RpGHVfgBwcu',NULL,246,'1976-04-10',NULL,NULL,NULL,NULL,NULL,NULL,'1001370159',NULL,NULL,NULL,NULL,'Married','13071217110112',NULL,NULL),(747,2,'009225','HAMBABA','JIMAIMA',NULL,'Dr','Male','0977668980','h.jimaima@unza.zm','h.jimaima@unza.zm','114982/77/1','108527155','ZN031858',1,'Dv5drskpd7Lnbwe-V9Y5svA_7nC_L7up','$2y$13$LC2gjIbu8PlPP.qYAoA2Ee1bnllaMEgSpVV3WSkgz0RpGHVfgBwcu',NULL,246,'1978-04-30',NULL,NULL,NULL,NULL,NULL,NULL,'1000577676',NULL,NULL,NULL,NULL,'Married','13058272110118',NULL,NULL),(748,2,'009227','EDWARD ','MWALIMU','CHANDA','Mr','Male','0977 930109','edward.mwalimu@unza.zm','edward.mwalimu@unza.zm','798072/11/1','107405342',NULL,1,'Dv5drskpd7Lnbwe-V9Y5svA_7nC_L7up','$2y$13$LC2gjIbu8PlPP.qYAoA2Ee1bnllaMEgSpVV3WSkgz0RpGHVfgBwcu',NULL,246,'1981-08-18',NULL,NULL,NULL,NULL,NULL,NULL,'1003876639',NULL,NULL,NULL,NULL,'Married','13069831110111',NULL,NULL),(749,2,'009230','OBED I.','LUNGU',NULL,'Prof','Male','0977856155','olungu@unza.zm','olungu@unza.zm','102831/15/1','107548524','ZN 682891',1,'Dv5drskpd7Lnbwe-V9Y5svA_7nC_L7up','$2y$13$LC2gjIbu8PlPP.qYAoA2Ee1bnllaMEgSpVV3WSkgz0RpGHVfgBwcu',NULL,246,'1949-10-05',NULL,NULL,NULL,NULL,NULL,NULL,'1000524005',NULL,NULL,NULL,NULL,'Married','13067266110118',NULL,NULL),(750,12,'009232','JIMMY','CHITULWA',NULL,'Mr','Male','0977 676584','jimmy.chitulwa@unza.zm','jimmy.chitulwa@unza.zm','201307/64/1',NULL,NULL,1,'Dv5drskpd7Lnbwe-V9Y5svA_7nC_L7up','$2y$13$LC2gjIbu8PlPP.qYAoA2Ee1bnllaMEgSpVV3WSkgz0RpGHVfgBwcu',NULL,246,'1968-10-24',NULL,NULL,NULL,NULL,NULL,NULL,NULL,NULL,NULL,NULL,NULL,'Married',NULL,NULL,NULL),(751,12,'009233','ROBBY','MAMBWE',NULL,'Mr','Male','097 7 784593  ','robby.mambwe@unza.zm','robby.mambwe@unza.zm','191454/24/1','100153647',NULL,1,'Dv5drskpd7Lnbwe-V9Y5svA_7nC_L7up','$2y$13$LC2gjIbu8PlPP.qYAoA2Ee1bnllaMEgSpVV3WSkgz0RpGHVfgBwcu',NULL,246,'1972-04-01',NULL,NULL,NULL,NULL,NULL,NULL,'1000898694',NULL,NULL,NULL,NULL,'Married','NHA2006652904',NULL,NULL),(752,2,'009234',' PATRICK','SIAME','KAYUMBI','Mr','Male','0977348108','patrick.siame@unza.zm','patrick.siame@unza.zm','143201/47/1','116169719',NULL,1,'Dv5drskpd7Lnbwe-V9Y5svA_7nC_L7up','$2y$13$LC2gjIbu8PlPP.qYAoA2Ee1bnllaMEgSpVV3WSkgz0RpGHVfgBwcu',NULL,246,'1956-05-14',NULL,NULL,NULL,NULL,NULL,NULL,'1000280870',NULL,NULL,NULL,NULL,'Married','13067166110116',NULL,NULL),(753,2,'009237','BRIAN','KASALALA','MUNAMUNUNGU','Mr','Male','0977516545','brian.kasalala@unza.zm','brian.kasalala@unza.zm','153477/18/1','107581354',NULL,1,'Dv5drskpd7Lnbwe-V9Y5svA_7nC_L7up','$2y$13$LC2gjIbu8PlPP.qYAoA2Ee1bnllaMEgSpVV3WSkgz0RpGHVfgBwcu',NULL,246,'1985-06-20',NULL,NULL,NULL,NULL,NULL,NULL,'1007837028',NULL,NULL,NULL,NULL,'Married','13067238110116',NULL,NULL),(754,2,'009238','MARGARET','MUZETA','NALUMINO','Mrs','Female','0977756516','magaret.nalumino@unza.zm','magaret.nalumino@unza.zm','280668/74/1','104485305',NULL,1,'Dv5drskpd7Lnbwe-V9Y5svA_7nC_L7up','$2y$13$LC2gjIbu8PlPP.qYAoA2Ee1bnllaMEgSpVV3WSkgz0RpGHVfgBwcu',NULL,246,'1971-10-11',NULL,NULL,NULL,NULL,NULL,NULL,'1001335125',NULL,NULL,NULL,NULL,'Married','13040535110126',NULL,NULL),(755,2,'009240','ALEX','BWALYA','MWABA','Mr','Male','0979 423413, 09','alex.bwalya@unza.zm','alex.bwalya@unza.zm','535166/11/1','116169048',NULL,0,'Dv5drskpd7Lnbwe-V9Y5svA_7nC_L7up','$2y$13$LC2gjIbu8PlPP.qYAoA2Ee1bnllaMEgSpVV3WSkgz0RpGHVfgBwcu',NULL,246,'1972-01-31',NULL,NULL,NULL,NULL,NULL,NULL,'1007932430',NULL,NULL,NULL,NULL,'Married','13067826110115',NULL,NULL),(756,2,'009243','GREYSON','LUNGU',NULL,'Mr','Male','0974 654079','greyson.lungu@unza.zm','greyson.lungu@unza.zm','200473/62/1','116182349',NULL,1,'Dv5drskpd7Lnbwe-V9Y5svA_7nC_L7up','$2y$13$LC2gjIbu8PlPP.qYAoA2Ee1bnllaMEgSpVV3WSkgz0RpGHVfgBwcu',NULL,246,'1980-01-01',NULL,NULL,NULL,NULL,NULL,NULL,'1011857067',NULL,NULL,NULL,NULL,NULL,'13071470110116',NULL,NULL),(757,11,'009264','ELIPHAS','MACHACHA','ELIFA','Dr','Male','0966418925','eliphas.machacha@unza.zm','eliphas.machacha@unza.zm','166762/45/1','107549310','ZK 005256',1,'Dv5drskpd7Lnbwe-V9Y5svA_7nC_L7up','$2y$13$LC2gjIbu8PlPP.qYAoA2Ee1bnllaMEgSpVV3WSkgz0RpGHVfgBwcu',NULL,246,'1972-04-14',NULL,NULL,NULL,NULL,NULL,NULL,'1001423899',NULL,NULL,NULL,NULL,'Single','13064519110112',NULL,NULL),(758,2,'009265','DONALD','FULAI',NULL,'Mr','Male','0979 189331096','donald.fulai@unza.zm','donald.fulai@unza.zm','200076/43/1','101559785','ZH41694',1,'Dv5drskpd7Lnbwe-V9Y5svA_7nC_L7up','$2y$13$LC2gjIbu8PlPP.qYAoA2Ee1bnllaMEgSpVV3WSkgz0RpGHVfgBwcu',NULL,246,'1968-07-31',NULL,NULL,NULL,NULL,NULL,NULL,'1001315853',NULL,NULL,NULL,NULL,'Married','13068613110112',NULL,NULL),(759,2,'009266','CHARLES','KAMPEKETE',NULL,'Mr','Male','0977 778788','charles.kampekete@unza.zm','charles.kampekete@unza.zm','164307/71/1','107512781',NULL,1,'Dv5drskpd7Lnbwe-V9Y5svA_7nC_L7up','$2y$13$LC2gjIbu8PlPP.qYAoA2Ee1bnllaMEgSpVV3WSkgz0RpGHVfgBwcu',NULL,246,'1966-10-22',NULL,NULL,NULL,NULL,NULL,NULL,'1001315846',NULL,NULL,NULL,NULL,'Married','13064521110117',NULL,NULL),(760,2,'009267','CHITI','MUBANGA','KATAI','Mr','Male','0977 720611','chiti.mubanga@unza.zm','chiti.mubanga@unza.zm','321129/67/1','100079762','ZN 006411',1,'Dv5drskpd7Lnbwe-V9Y5svA_7nC_L7up','$2y$13$LC2gjIbu8PlPP.qYAoA2Ee1bnllaMEgSpVV3WSkgz0RpGHVfgBwcu',NULL,246,'1974-07-06',NULL,NULL,NULL,NULL,NULL,NULL,'1002841276',NULL,NULL,NULL,NULL,'Married','13063984110113',NULL,NULL),(761,2,'009269','VINCENT','NYAU',NULL,'Dr','Male','0979 700151','vnyau@unza.zm','vnyau@unza.zm','438945/52/1','106914471','ZN117456',1,'Dv5drskpd7Lnbwe-V9Y5svA_7nC_L7up','$2y$13$LC2gjIbu8PlPP.qYAoA2Ee1bnllaMEgSpVV3WSkgz0RpGHVfgBwcu',NULL,246,'1976-01-13',NULL,NULL,NULL,NULL,NULL,NULL,'1001490401',NULL,NULL,NULL,NULL,'Married','13055253110114',NULL,NULL),(762,2,'009274','YVETTE','MWANSA MUPETA',NULL,'Ms','Female','0976258515','yvette.mupeta@unza.zm','yvette.mupeta@unza.zm','256060/16/1','101499430','ZJ 65301',1,'Dv5drskpd7Lnbwe-V9Y5svA_7nC_L7up','$2y$13$LC2gjIbu8PlPP.qYAoA2Ee1bnllaMEgSpVV3WSkgz0RpGHVfgBwcu',NULL,246,'1977-05-12',NULL,NULL,NULL,NULL,NULL,NULL,'1002402871',NULL,NULL,NULL,NULL,'Single','13040965110123',NULL,NULL),(763,2,'009279','EVELYN','CHAAMBWA',NULL,'Ms','Female','0971593423','evelyn.chaambwa@unza.zm','evelyn.chaambwa@unza.zm','933102/11/1','119925736',NULL,1,'Dv5drskpd7Lnbwe-V9Y5svA_7nC_L7up','$2y$13$LC2gjIbu8PlPP.qYAoA2Ee1bnllaMEgSpVV3WSkgz0RpGHVfgBwcu',NULL,246,'1984-04-21',NULL,NULL,NULL,NULL,NULL,NULL,'1004525096',NULL,NULL,NULL,NULL,NULL,'13040379110129',NULL,NULL),(764,2,'009281','MERCY','MULENGA',NULL,'Mrs','Female',NULL,'mercy.mulenga@unza.zm','mercy.mulenga@unza.zm','198334/68/1','107507617',NULL,1,'Dv5drskpd7Lnbwe-V9Y5svA_7nC_L7up','$2y$13$LC2gjIbu8PlPP.qYAoA2Ee1bnllaMEgSpVV3WSkgz0RpGHVfgBwcu',NULL,246,'1971-05-19',NULL,NULL,NULL,NULL,NULL,NULL,'1003634643',NULL,NULL,NULL,NULL,'Married','13040323110129',NULL,NULL),(765,2,'009282','JOHN','CHILUNDU',NULL,'Mr','Male','0966693678','john.chilundu@unza.zm','john.chilundu@unza.zm','942042/11/1','108486240',NULL,1,'Dv5drskpd7Lnbwe-V9Y5svA_7nC_L7up','$2y$13$bYukmnqcvNkxDRQhf.Lwxu.fA3sTsPcUrve60TDZybUjNnICoKnuu',NULL,246,'1983-06-10',NULL,NULL,NULL,NULL,NULL,'lBzK3nbZ3kFGfj3LgptOL1jKGAQP4bEN.jpg','1005015381',NULL,NULL,'2025-02-04 12:10:19',NULL,'Single','13054878110111',NULL,NULL),(766,2,'009283','EBBY','TWAAMBO',NULL,'Ms','Female','0979180234','ebby.twaambo@unza.zm','ebby.twaambo@unza.zm','207240/76/1','107616145',NULL,1,'Dv5drskpd7Lnbwe-V9Y5svA_7nC_L7up','$2y$13$LC2gjIbu8PlPP.qYAoA2Ee1bnllaMEgSpVV3WSkgz0RpGHVfgBwcu',NULL,246,'1974-09-30',NULL,NULL,NULL,NULL,NULL,NULL,'1004888518',NULL,NULL,NULL,NULL,'Single','13039395110125',NULL,NULL),(767,2,'009284','HITLER','SHACHIBI',NULL,'Mr','Male','0955309839','hitler.shachibi@unza.zm','hitler.shachibi@unza.zm','311909/61/1','107602792',NULL,1,'Dv5drskpd7Lnbwe-V9Y5svA_7nC_L7up','$2y$13$LC2gjIbu8PlPP.qYAoA2Ee1bnllaMEgSpVV3WSkgz0RpGHVfgBwcu',NULL,246,'1977-10-18',NULL,NULL,NULL,NULL,NULL,NULL,'1001473445',NULL,NULL,NULL,NULL,'Single','13064667110115',NULL,NULL),(768,2,'009285','M.EXILDAH','RUVEVE',NULL,'Mrs','Female','097 7 775010 / ','exildah.ruveve@unza.zm','exildah.ruveve@unza.zm','563887/11/1','108487973',NULL,1,'Dv5drskpd7Lnbwe-V9Y5svA_7nC_L7up','$2y$13$LC2gjIbu8PlPP.qYAoA2Ee1bnllaMEgSpVV3WSkgz0RpGHVfgBwcu',NULL,246,'1971-09-09',NULL,NULL,NULL,NULL,NULL,NULL,'1007459260',NULL,NULL,NULL,NULL,'Married','13041190110126',NULL,NULL),(769,2,'009287','CECILIA','PHIRI ','KABAYE ','Mrs','Female',NULL,'cecilia.phiri@unza.zm','cecilia.phiri@unza.zm','323701/74/1','102993918',NULL,1,'Dv5drskpd7Lnbwe-V9Y5svA_7nC_L7up','$2y$13$LC2gjIbu8PlPP.qYAoA2Ee1bnllaMEgSpVV3WSkgz0RpGHVfgBwcu',NULL,246,'1976-09-13',NULL,NULL,NULL,NULL,NULL,NULL,'1001534455',NULL,NULL,NULL,NULL,'Married','13040596110122',NULL,NULL),