-- Table structure for table `employment_qualifications`
--

CREATE TABLE `employment_qualifications` (
  `id` int unsigned NOT NULL AUTO_INCREMENT,
  `user` int unsigned NOT NULL,
  `program` varchar(150) CHARACTER SET latin1 COLLATE latin1_swedish_ci NOT NULL,
  `level` varchar(255) CHARACTER SET latin1 COLLATE latin1_swedish_ci NOT NULL,
  `institution` varchar(255) CHARACTER SET latin1 COLLATE latin1_swedish_ci NOT NULL,
  `year_of_completion` varchar(45) NOT NULL,
  `country` int unsigned DEFAULT NULL,
  `created_at` datetime NOT NULL,
  `updated_at` datetime NOT NULL,
  `created_by` int unsigned DEFAULT NULL,
  `updated_by` int unsigned DEFAULT NULL,
  PRIMARY KEY (`id`),
  KEY `qualifications_user_fk_idx` (`user`),
  KEY `qualifications_createdby_fk_idx` (`created_by`),
  KEY `qualifications_updatedby_fk_idx` (`updated_by`),
  KEY `qualifications_country_fk_idx` (`country`),
  CONSTRAINT `qualifications_country_fk` FOREIGN KEY (`country`) REFERENCES `countries` (`id`),
  CONSTRAINT `qualifications_createdby_fk` FOREIGN KEY (`created_by`) REFERENCES `users` (`id`),
  CONSTRAINT `qualifications_updatedby_fk` FOREIGN KEY (`updated_by`) REFERENCES `users` (`id`),
  CONSTRAINT `qualifications_user_fk` FOREIGN KEY (`user`) REFERENCES `users` (`id`)
) ENGINE=InnoDB AUTO_INCREMENT=56 DEFAULT CHARSET=utf8mb3;

--
-- Dumping data for table `employment_qualifications`
--

INSERT INTO `employment_qualifications` VALUES (48,1238,'Computer Science','Bachelors Degree','University of Zambia','2014',246,'2023-09-13 10:10:19','2023-09-13 12:24:03',20,20),(49,1238,'Computer Science','Masters Degree','University of Zambia','2019',246,'2023-09-13 10:13:01','2023-09-13 11:15:52',20,20),(53,812,'MBChB','Bachelors Degree','University of Zambia','1995',246,'2024-02-12 19:20:18','2024-02-12 19:21:17',20,20),(54,570,'Computer Science','Doctoral Degree','Harvard University','2017',234,'2024-03-26 10:28:29','2024-03-26 10:28:29',20,20),(55,564,'Computer Science','Doctoral Degree','University of Zambia','2020',246,'2024-03-30 22:05:41','2024-03-30 22:05:41',20,20);

--
-- Table structure for table `employment_spouse`
--

CREATE TABLE `employment_spouse` (
  `id` int NOT NULL AUTO_INCREMENT,
  `user` int unsigned NOT NULL,
  `title` varchar(10) DEFAULT NULL,
  `full_name` text NOT NULL,
  `maiden_name` text,
  `relation` varchar(255) NOT NULL,
  `other_relation` varchar(255) DEFAULT NULL,
  `sex` text,
  `nrc` varchar(15) DEFAULT NULL,
  `phone` varchar(45) NOT NULL,
  `date_of_marriage` date DEFAULT NULL,
  `age` int DEFAULT NULL,
  `deceased` varchar(11) DEFAULT NULL,
  `dob` date DEFAULT NULL,
  `created_by` int unsigned DEFAULT NULL,
  `updated_by` int unsigned DEFAULT NULL,
  `created_at` datetime DEFAULT NULL,
  `updated_at` timestamp NULL DEFAULT NULL,
  `status` int NOT NULL DEFAULT '1',
  `marriage_certificate` varchar(255) DEFAULT NULL,
  PRIMARY KEY (`id`),
  KEY `fk_user_spouse_1_idx` (`user`),
  KEY `fk_employment_spouse_2_idx` (`created_by`),
  KEY `fk_employment_spouse_3_idx` (`updated_by`),
  CONSTRAINT `fk_employment_spouse_1` FOREIGN KEY (`user`) REFERENCES `users` (`id`),
  CONSTRAINT `fk_employment_spouse_2` FOREIGN KEY (`created_by`) REFERENCES `users` (`id`),
  CONSTRAINT `fk_employment_spouse_3` FOREIGN KEY (`updated_by`) REFERENCES `users` (`id`)
) ENGINE=InnoDB AUTO_INCREMENT=7 DEFAULT CHARSET=latin1;

--
-- Dumping data for table `employment_spouse`
--

INSERT INTO `employment_spouse` VALUES (4,1238,'Dr.','Upendo Mwalwaza c','L','Wife','','Female','212222/22/0','+260978981571','2023-06-28',28,'0','1995-06-28',20,20,'2023-09-12 18:17:53','2024-01-27 12:54:59',1,NULL),(5,29,'Prof.','John Doe','','Husband','','Male','867767/75/6','+260978981546','1989-07-26',48,'0','1975-11-05',29,29,'2024-01-09 13:45:55','2024-01-09 11:45:55',1,NULL),(6,1248,'Mrs.','Winfridah Mwanza','Mrs Bwalya','Husband',NULL,'Male','22561451','+260097812412','2024-03-20',24,'0','2000-01-21',29,29,'2024-04-16 00:36:55','2024-04-15 22:36:55',1,NULL);

--
-- Table structure for table `establishment`
--

CREATE TABLE `establishment` (
  `id` int unsigned NOT NULL AUTO_INCREMENT,
  `unit` int unsigned DEFAULT NULL,
  `department` int unsigned DEFAULT NULL,
  `position` int unsigned DEFAULT NULL,
  `funded_position` int DEFAULT NULL,
  `not_funded_position` int DEFAULT NULL,
  `actuals` int DEFAULT NULL,
  `filled` int DEFAULT NULL,
  `vacant_positions` int DEFAULT NULL,
  `created_at` datetime DEFAULT CURRENT_TIMESTAMP,
  `updated_at` datetime DEFAULT CURRENT_TIMESTAMP ON UPDATE CURRENT_TIMESTAMP,
  `created_by` int unsigned DEFAULT NULL,
  `updated_by` int unsigned DEFAULT NULL,
  PRIMARY KEY (`id`),
  KEY `created_by` (`created_by`),
  KEY `updated_by` (`updated_by`),
  KEY `unit` (`unit`),
  KEY `FK_position` (`position`),
  KEY `Fk_department` (`department`)
) ENGINE=InnoDB AUTO_INCREMENT=21 DEFAULT CHARSET=utf8mb4 COLLATE=utf8mb4_general_ci;

--
-- Dumping data for table `establishment`
--

INSERT INTO `establishment` VALUES (13,1,2,229,7,0,7,5,2,'2023-11-21 14:31:45','2024-03-22 13:49:10',20,20),(18,1,130,161,5,0,5,3,2,'2024-03-20 12:41:40','2024-03-20 12:41:40',20,20),(20,31,124,334,5,0,4,NULL,1,'2024-04-05 08:39:41','2024-04-05 08:39:41',20,20);

--
-- Table structure for table `fixed_term_contract`
--

CREATE TABLE `fixed_term_contract` (
  `id` int unsigned NOT NULL AUTO_INCREMENT,
  `employee` int unsigned NOT NULL,
  `name` varchar(255) COLLATE utf8mb4_general_ci DEFAULT NULL,
  `average_appraisal` varchar(255) COLLATE utf8mb4_general_ci DEFAULT NULL,
  `academic_rank` varchar(255) COLLATE utf8mb4_general_ci DEFAULT NULL,
  `h_index` varchar(255) COLLATE utf8mb4_general_ci DEFAULT NULL,
  `letter` varchar(250) COLLATE utf8mb4_general_ci DEFAULT NULL,
  `status` int DEFAULT '0',
  `created_by` int unsigned DEFAULT NULL,
  `updated_by` int unsigned DEFAULT NULL,
  `created_at` timestamp NULL DEFAULT CURRENT_TIMESTAMP,
  `updated_at` timestamp NULL DEFAULT CURRENT_TIMESTAMP ON UPDATE CURRENT_TIMESTAMP,
  PRIMARY KEY (`id`),
  KEY `employee` (`employee`),
  KEY `created_by` (`created_by`),
  KEY `updated_by` (`updated_by`),
  CONSTRAINT `fixed_term_contract_ibfk_1` FOREIGN KEY (`employee`) REFERENCES `users` (`id`),
  CONSTRAINT `fixed_term_contract_ibfk_2` FOREIGN KEY (`created_by`) REFERENCES `users` (`id`),
  CONSTRAINT `fixed_term_contract_ibfk_3` FOREIGN KEY (`updated_by`) REFERENCES `users` (`id`)
) ENGINE=InnoDB AUTO_INCREMENT=32 DEFAULT CHARSET=utf8mb4 COLLATE=utf8mb4_general_ci;

--
-- Dumping data for table `fixed_term_contract`
--

INSERT INTO `fixed_term_contract` VALUES (3,1238,'Fixed term contract',NULL,NULL,NULL,'Francis Chishala_application_letter.pdf',1,1238,20,'2024-02-13 22:52:45','2024-02-14 09:47:23'),(30,570,'Fixed term contract',NULL,NULL,NULL,'Jackson Phiri_application_letter.pdf',1,570,29,'2024-03-28 07:10:31','2024-03-28 12:42:25'),(31,564,'Fixed term contract',NULL,NULL,NULL,'Lighton Phiri_application_letter.pdf',0,564,564,'2024-03-30 21:50:29','2024-03-30 21:50:29');

--
-- Table structure for table `form_applications`
--

CREATE TABLE `form_applications` (
  `id` int NOT NULL AUTO_INCREMENT,
  `form_id` int DEFAULT NULL,
  `user_id` int DEFAULT NULL,
  `status` int DEFAULT '0',
  `attachment` text COLLATE utf8mb4_general_ci,
  `created_at` timestamp NOT NULL DEFAULT CURRENT_TIMESTAMP,
  `updated_at` timestamp NOT NULL DEFAULT CURRENT_TIMESTAMP ON UPDATE CURRENT_TIMESTAMP,
  PRIMARY KEY (`id`),
  KEY `form_id` (`form_id`)
) ENGINE=InnoDB AUTO_INCREMENT=127 DEFAULT CHARSET=utf8mb4 COLLATE=utf8mb4_general_ci;

--
-- Dumping data for table `form_applications`
--


--
-- Table structure for table `form_applications_data`
--

CREATE TABLE `form_applications_data` (
  `id` int NOT NULL AUTO_INCREMENT,
  `form_applications_id` int DEFAULT NULL,
  `form_field_id` int DEFAULT NULL,
  `value` text COLLATE utf8mb4_general_ci,
  `created_at` timestamp NOT NULL DEFAULT CURRENT_TIMESTAMP,
  `updated_at` timestamp NOT NULL DEFAULT CURRENT_TIMESTAMP ON UPDATE CURRENT_TIMESTAMP,
  PRIMARY KEY (`id`),
  KEY `form_field_id` (`form_field_id`),
  KEY `form_applications_data_ibfk_3` (`form_applications_id`),
  CONSTRAINT `form_applications_data_ibfk_2` FOREIGN KEY (`form_field_id`) REFERENCES `form_fields` (`id`),
  CONSTRAINT `form_applications_data_ibfk_3` FOREIGN KEY (`form_applications_id`) REFERENCES `form_applications` (`id`)
) ENGINE=InnoDB AUTO_INCREMENT=170 DEFAULT CHARSET=utf8mb4 COLLATE=utf8mb4_general_ci;

--
-- Dumping data for table `form_applications_data`
--


--
-- Table structure for table `form_field_groups`
--

CREATE TABLE `form_field_groups` (
  `id` int NOT NULL AUTO_INCREMENT,
  `name` varchar(255) COLLATE utf8mb4_general_ci DEFAULT NULL,
  PRIMARY KEY (`id`)
) ENGINE=InnoDB DEFAULT CHARSET=utf8mb4 COLLATE=utf8mb4_general_ci;

--
-- Dumping data for table `form_field_groups`
--


--
-- Table structure for table `form_fields`
--

CREATE TABLE `form_fields` (
  `id` int NOT NULL AUTO_INCREMENT,
  `form_id` int DEFAULT NULL,
  `section_id` int NOT NULL,
  `label` varchar(255) COLLATE utf8mb4_general_ci DEFAULT NULL,
  `name` varchar(255) COLLATE utf8mb4_general_ci NOT NULL,
  `type` enum('text','date','number','dropdown','checkbox','radio','textarea','file') COLLATE utf8mb4_general_ci DEFAULT NULL,
  `required` tinyint(1) DEFAULT NULL,
  `options` text COLLATE utf8mb4_general_ci,
  PRIMARY KEY (`id`),
  KEY `form_id` (`form_id`),
  KEY `form_fields_ibfk_2` (`section_id`),
  CONSTRAINT `form_fields_ibfk_1` FOREIGN KEY (`form_id`) REFERENCES `forms` (`id`),
  CONSTRAINT `form_fields_ibfk_2` FOREIGN KEY (`section_id`) REFERENCES `form_sections` (`id`)
) ENGINE=InnoDB AUTO_INCREMENT=29 DEFAULT CHARSET=utf8mb4 COLLATE=utf8mb4_general_ci;

--
-- Dumping data for table `form_fields`
--


--
-- Table structure for table `form_sections`
--

CREATE TABLE `form_sections` (
  `id` int NOT NULL AUTO_INCREMENT,
  `form_id` int DEFAULT NULL,
  `section_id` int DEFAULT NULL,
  `section_name` text COLLATE utf8mb4_general_ci,
  `section_note` text COLLATE utf8mb4_general_ci,
  `section_order` int DEFAULT NULL,
  PRIMARY KEY (`id`),
  KEY `form_id` (`form_id`),
  CONSTRAINT `form_sections_ibfk_1` FOREIGN KEY (`form_id`) REFERENCES `forms` (`id`)
) ENGINE=InnoDB AUTO_INCREMENT=9 DEFAULT CHARSET=utf8mb4 COLLATE=utf8mb4_general_ci;

--
-- Dumping data for table `form_sections`
--


--
-- Table structure for table `form_table_cells`
--

CREATE TABLE `form_table_cells` (
  `id` int NOT NULL AUTO_INCREMENT,
  `form_table_row_id` int DEFAULT NULL,
  `form_table_column_id` int DEFAULT NULL,
  `value` text COLLATE utf8mb4_general_ci,
  `form_applications_id` int DEFAULT NULL,
  PRIMARY KEY (`id`),
  KEY `FK_form_table_cells_form_table_rows` (`form_table_row_id`),
  KEY `FK_form_table_cells_form_table_columns` (`form_table_column_id`),
  KEY `form_table_cells_form_applications_FK` (`form_applications_id`),
  CONSTRAINT `FK_form_table_cells_form_table_columns` FOREIGN KEY (`form_table_column_id`) REFERENCES `form_table_columns` (`id`),
  CONSTRAINT `FK_form_table_cells_form_table_rows` FOREIGN KEY (`form_table_row_id`) REFERENCES `form_table_rows` (`id`),
  CONSTRAINT `form_table_cells_form_applications_FK` FOREIGN KEY (`form_applications_id`) REFERENCES `form_applications` (`id`)
) ENGINE=InnoDB AUTO_INCREMENT=235 DEFAULT CHARSET=utf8mb4 COLLATE=utf8mb4_general_ci;

--
-- Dumping data for table `form_table_cells`
--


--
-- Table structure for table `form_table_columns`
--

CREATE TABLE `form_table_columns` (
  `id` int NOT NULL AUTO_INCREMENT,
  `form_table_id` int DEFAULT NULL,
  `column_name` varchar(255) COLLATE utf8mb4_general_ci DEFAULT NULL,
  `column_type` enum('text','date','number','dropdown','checkbox','radio','textarea','file') COLLATE utf8mb4_general_ci DEFAULT 'text',
  `column_order` int DEFAULT NULL,
  PRIMARY KEY (`id`),
  KEY `FK_form_table_columns_form_tables` (`form_table_id`),
  CONSTRAINT `FK_form_table_columns_form_tables` FOREIGN KEY (`form_table_id`) REFERENCES `form_tables` (`id`)
) ENGINE=InnoDB AUTO_INCREMENT=7 DEFAULT CHARSET=utf8mb4 COLLATE=utf8mb4_general_ci;

--
-- Dumping data for table `form_table_columns`
--


--
-- Table structure for table `form_table_rows`
--

CREATE TABLE `form_table_rows` (
  `id` int NOT NULL AUTO_INCREMENT,
  `form_table_id` int DEFAULT NULL,
  PRIMARY KEY (`id`),
  KEY `FK_form_table_rows_form_tables` (`form_table_id`),
  CONSTRAINT `FK_form_table_rows_form_tables` FOREIGN KEY (`form_table_id`) REFERENCES `form_tables` (`id`)
) ENGINE=InnoDB AUTO_INCREMENT=710 DEFAULT CHARSET=utf8mb4 COLLATE=utf8mb4_general_ci;

--
-- Dumping data for table `form_table_rows`
--


--
-- Table structure for table `form_tables`
--

CREATE TABLE `form_tables` (
  `id` int NOT NULL AUTO_INCREMENT,
  `form_section_id` int DEFAULT NULL,
  `name` varchar(255) COLLATE utf8mb4_general_ci DEFAULT NULL,
  `description` text COLLATE utf8mb4_general_ci,
  PRIMARY KEY (`id`),
  KEY `FK_form_tables_form_sections` (`form_section_id`),
  CONSTRAINT `FK_form_tables_form_sections` FOREIGN KEY (`form_section_id`) REFERENCES `form_sections` (`id`)
) ENGINE=InnoDB AUTO_INCREMENT=2 DEFAULT CHARSET=utf8mb4 COLLATE=utf8mb4_general_ci;

--
-- Dumping data for table `form_tables`
--


--
-- Table structure for table `form_type`
--

CREATE TABLE `form_type` (
  `id` int NOT NULL,
  `type` varchar(255) COLLATE utf8mb4_general_ci DEFAULT NULL,
  `requires_attachment` text COLLATE utf8mb4_general_ci,
  `attachment_name` text COLLATE utf8mb4_general_ci NOT NULL,
  PRIMARY KEY (`id`)
) ENGINE=InnoDB DEFAULT CHARSET=utf8mb4 COLLATE=utf8mb4_general_ci;

--
-- Dumping data for table `form_type`
--


--
-- Table structure for table `forms`
--

CREATE TABLE `forms` (
  `id` int NOT NULL AUTO_INCREMENT,
  `form_type` int NOT NULL,
  `form_code` varchar(20) COLLATE utf8mb4_general_ci DEFAULT NULL,
  `name` varchar(255) COLLATE utf8mb4_general_ci DEFAULT NULL,
  `form_note` text COLLATE utf8mb4_general_ci,
  `form_subtitle` varchar(255) COLLATE utf8mb4_general_ci DEFAULT NULL,
  `workflow_required` tinyint(1) DEFAULT NULL,
  `document_folder` varchar(255) COLLATE utf8mb4_general_ci DEFAULT NULL,
  `created_at` datetime DEFAULT NULL,
  `updated_at` datetime DEFAULT NULL,
  PRIMARY KEY (`id`),
  KEY `fk_form_types` (`form_type`),
  CONSTRAINT `fk_form_types` FOREIGN KEY (`form_type`) REFERENCES `form_type` (`id`)
) ENGINE=InnoDB AUTO_INCREMENT=8 DEFAULT CHARSET=utf8mb4 COLLATE=utf8mb4_general_ci;

--
-- Dumping data for table `forms`
--


--
-- Table structure for table `internal_employment_history`
--

CREATE TABLE `internal_employment_history` (
  `id` int unsigned NOT NULL AUTO_INCREMENT,
  `user` int unsigned NOT NULL,
  `position` text COLLATE utf8mb4_unicode_ci,
  `department` text COLLATE utf8mb4_unicode_ci,
  `supervisor` text COLLATE utf8mb4_unicode_ci COMMENT 'This will be the actual name of the surpervisor',
  `contract_type` text COLLATE utf8mb4_unicode_ci,
  `from` date DEFAULT NULL,
  `to` date DEFAULT NULL,
  `created_at` datetime DEFAULT CURRENT_TIMESTAMP,
  `was_payable` tinyint DEFAULT NULL,
  `acting_min_payable_days` int DEFAULT NULL COMMENT 'Minimum days required for someone acting to be payed the additional or acting allowance',
  `updated_at` datetime DEFAULT NULL,
  PRIMARY KEY (`id`),
  KEY `internal_employment_history_user_fk_idx` (`user`),
  CONSTRAINT `internal_employment_history_user_fk` FOREIGN KEY (`user`) REFERENCES `users` (`id`)
) ENGINE=InnoDB AUTO_INCREMENT=2 DEFAULT CHARSET=utf8mb4 COLLATE=utf8mb4_unicode_ci;

--
-- Dumping data for table `internal_employment_history`
--

INSERT INTO `internal_employment_history` VALUES (1,1238,'DEPUTY LIBRARIAN','Main Library','','Permanent and Pensionable','2024-01-28','2024-02-04','2024-02-06 11:43:53',0,NULL,'2024-02-06 11:43:53');

--
-- Table structure for table `job_descriptions`
--

CREATE TABLE `job_descriptions` (
  `id` int NOT NULL AUTO_INCREMENT,
  `job_position` int unsigned NOT NULL,
  `purpose` text COLLATE utf8mb4_unicode_ci,
  `reporting_relations` text COLLATE utf8mb4_unicode_ci,
  `vocational_professional_qualifications` text COLLATE utf8mb4_unicode_ci,
  `relevant_job_experience` text COLLATE utf8mb4_unicode_ci,
  `complexity_problem_solving` text COLLATE utf8mb4_unicode_ci,
  `decision_making` text COLLATE utf8mb4_unicode_ci,
  `mathematical_numerical_computations` text COLLATE utf8mb4_unicode_ci,
  `accountability_for_physical_resources` text COLLATE utf8mb4_unicode_ci,
  `accountability_for_financial_resources` text COLLATE utf8mb4_unicode_ci,
  `accountable_for_human_resources` text COLLATE utf8mb4_unicode_ci,
  `communication_skills` text COLLATE utf8mb4_unicode_ci,
  `human_relation_skills` text COLLATE utf8mb4_unicode_ci,
  `physical_skills` text COLLATE utf8mb4_unicode_ci,
  `environment` text COLLATE utf8mb4_unicode_ci,
  `created_at` timestamp NULL DEFAULT NULL,
  `updated_at` timestamp NULL DEFAULT NULL,
  `created_by` int unsigned DEFAULT NULL,
  `updated_by` int unsigned DEFAULT NULL,
  PRIMARY KEY (`id`),
  KEY `jobdescriptions_jobposition_fk_idx` (`job_position`),
  CONSTRAINT `jobdescriptions_jobposition_fk` FOREIGN KEY (`job_position`) REFERENCES `job_positions` (`id`)
) ENGINE=InnoDB AUTO_INCREMENT=21 DEFAULT CHARSET=utf8mb4 COLLATE=utf8mb4_unicode_ci;

--
-- Dumping data for table `job_descriptions`
--

INSERT INTO `job_descriptions` VALUES (1,12,NULL,NULL,NULL,NULL,NULL,NULL,NULL,NULL,NULL,NULL,NULL,NULL,NULL,NULL,'2023-09-05 15:35:49','2023-09-05 15:35:49',20,20),(2,365,'<p style=\"margin-left: 20px;\">Responsible to the Deputy Librarian and University Librarian for coordination, development and management of information and communication technology (ICT) hardware, software, services, projects, programmes, and policies for effective and efficient running of the University Library including branch libraries. This position combines the principles of librarianship with abilities of ICTs. <br></p>','<p style=\"margin-left: 40px;\"><b><strong></strong></b>a). <strong>Immediate supervisor:</strong> Deputy University Librarian</p><p style=\"margin-left: 40px;\">b). <b>Also Reporting</b>: Heads of Departments </p>','<p style=\"margin-left: 20px;\">a). Education: 5 acceptable ‘O’ levels</p><p style=\"margin-left: 20px;\"> b). Vocational Requirements: PhD or Masters’ Degree in related field.</p>','<p style=\"margin-left: 20px;\">a). Meets Minimum requirements stipulated by University Council including in areas of teaching, research, publishing, and public service.</p>','<p style=\"margin-left: 20px;\">a). The role demands possession of strong managerial skills and sound knowledge in research and teaching to effectively provide direction and advice to students, researchers, and academics. Knowledge or research methods and ability to conduct research are a must.</p>','<p style=\"margin-left: 20px;\">a). Involved in decision-making through attendance at various committee meetings</p>','<p style=\"margin-left: 20px;\">a). Computation skills: must be able to undertake, comprehend and interpret statistical computations, projections and hypothesis of a complex nature.</p>','<p style=\"margin-left: 20px;\">a). The role is accountable for proper utilization of research resources, equipment/materials worth millions of Kwacha.</p>','<p style=\"margin-left: 20px;\">a). Accountable for operational budget worth millions of Kwacha.</p>','<blockquote><ol><li> Total number of subordinate staff:  </li></ol></blockquote>','<blockquote><ol><li> <b>Written skills</b>: prepares comprehensive reports on various researches (e.g. user surveys, information literacy surveys, information behaviour surveys, etc.); prepares instructional materials on information literacy; prepares various documents on library policies; prepares reports on students’ performance in information literacy programs; prepares status reports on ICTs in the library  </li><li><a name=\"_GoBack\"></a> <b>Oral communication</b>: conducts lectures; paper presentations at conferences, workshops and seminars.</li></ol></blockquote>','<blockquote><ol><li> Interacts with a cross section of people requiring good command of spoken and written English.  </li><li> Is in close contact with the student leadership, researchers and the general library membership, hence considerable degree of tact and diplomacy is required.</li></ol></blockquote>','<blockquote><ol><li> Ability to use a computer, teaching aids and drive a motor vehicle.</li></ol></blockquote>','<blockquote><ol><li> Environmental conditions: basic lecture rooms, computer laboratories, office type conditions; occasionaly the job involves travelling during conference attendance, research, etc.</li><li> Physical effort: exertion from standing and sitting for long hours and travelling.</li><li> Hazards: exposed to road/air accidents, dust, and various hazards associated with the use of computers.  </li></ol></blockquote>','2023-09-05 15:36:11','2023-09-06 14:54:58',20,20),(3,14,NULL,NULL,NULL,NULL,NULL,NULL,NULL,NULL,NULL,NULL,NULL,NULL,NULL,NULL,'2023-09-05 15:37:37','2023-09-05 15:37:37',20,20),(4,8,NULL,NULL,NULL,NULL,NULL,NULL,NULL,NULL,NULL,NULL,NULL,NULL,NULL,NULL,'2023-09-05 15:49:48','2023-09-05 15:49:48',20,20),(5,13,NULL,NULL,NULL,NULL,NULL,NULL,NULL,NULL,NULL,NULL,NULL,NULL,NULL,NULL,'2023-09-05 15:49:55','2023-09-05 15:49:55',20,20),(6,15,NULL,NULL,NULL,NULL,NULL,NULL,NULL,NULL,NULL,NULL,NULL,NULL,NULL,NULL,'2023-09-05 15:50:15','2023-09-05 15:50:15',20,20),(7,18,NULL,NULL,NULL,NULL,NULL,NULL,NULL,NULL,NULL,NULL,NULL,NULL,NULL,NULL,'2023-09-06 09:19:25','2023-09-06 09:19:25',20,20),(8,17,NULL,NULL,NULL,NULL,NULL,NULL,NULL,NULL,NULL,NULL,NULL,NULL,NULL,NULL,'2023-09-06 09:21:37','2023-09-06 09:21:37',20,20),(9,365,NULL,NULL,NULL,NULL,NULL,NULL,NULL,NULL,NULL,NULL,NULL,NULL,NULL,NULL,'2023-09-06 09:27:26','2023-09-06 09:27:26',20,20),(10,29,NULL,NULL,NULL,NULL,NULL,NULL,NULL,NULL,NULL,NULL,NULL,NULL,NULL,NULL,'2023-09-06 09:27:36','2023-09-06 09:27:36',20,20),(11,10,NULL,NULL,NULL,NULL,NULL,NULL,NULL,NULL,NULL,NULL,NULL,NULL,NULL,NULL,'2023-09-06 09:29:40','2023-09-06 09:29:40',20,20),(12,1,NULL,NULL,NULL,NULL,NULL,NULL,NULL,NULL,NULL,NULL,NULL,NULL,NULL,NULL,'2023-09-06 09:31:46','2023-09-06 09:31:46',20,20),(13,20,NULL,NULL,NULL,NULL,NULL,NULL,NULL,NULL,NULL,NULL,NULL,NULL,NULL,NULL,'2023-09-06 10:51:20','2023-09-06 10:51:20',20,20),(14,2,NULL,NULL,NULL,NULL,NULL,NULL,NULL,NULL,NULL,NULL,NULL,NULL,NULL,NULL,'2023-09-06 11:00:13','2023-09-06 11:00:13',20,20),(15,4,NULL,NULL,NULL,NULL,NULL,NULL,NULL,NULL,NULL,NULL,NULL,NULL,NULL,NULL,'2023-09-06 13:50:16','2023-09-06 13:50:16',20,20),(16,224,NULL,NULL,NULL,NULL,NULL,NULL,NULL,NULL,NULL,NULL,NULL,NULL,NULL,NULL,'2023-10-25 11:55:57','2023-10-25 11:55:57',20,20),(17,256,NULL,NULL,NULL,NULL,NULL,NULL,NULL,NULL,NULL,NULL,NULL,NULL,NULL,NULL,'2024-02-16 10:52:44','2024-02-16 10:52:44',20,20),(18,289,'<p>The IT Technician’s role will involve managing and maintaining computer systems and networks, ensuring they are functioning smoothly and efficiently.</p>','<p>Reports to the IT Manager or IT Director.</p>','<p>Install and upgrade anti-virus software to ensure security at the user level</p>','<p>Practical knowledge and experience with various software, hardware, networks, and operating systems to efficiently diagnose and repair IT related issues.</p>','<p>Continuous learning and adaptability to keep up with the constantly evolving technology and apply new skills to the job.</p>','<p>Establishing good relationships with all departments and colleagues.</p>','<p>Conducting regular system backups.</p>','Upgrading the entire system to enable compatible software on all computers','<p>Troubleshooting hardware and software issues</p>','<p>Customer service skills for assisting users and providing them with appropriate solutions and satisfaction.</p>','<p>Attention to detail to ensure the smooth operation of computer systems and to identify any minor issues before they become major problems</p>','<p>Troubleshoot hardware and software issues</p>','<p>Performing tests and evaluations on new software and hardware.</p>','<p>Office setting with options for remote work. Some local travel may be required for on-site troubleshooting.</p>','2024-02-16 10:53:25','2024-04-02 21:07:09',20,20),(19,3,'<p>Systems developers (also known as backend developers) develop and implement applications and programs for parts of IT systems that are hidden from users but that keep organisations running smoothly.</p>','<p>Apprenticeships in software development (which could open the door to a systems developer career once you have gained experience) are on the increase. To find out more about getting into IT and technology via a school leaver route, see <a href=\"https://targetapprenticeships.co.uk/\">targetapprenticeships.</a> </p>','<p>here are routes into this career for graduates and school leavers. </p><p>Graduates tend to need a degree related to computer science or software development. However, some employers now take on graduates from different subject backgrounds if they show the right aptitude for coding.</p><p>This is a competitive field, so work experience will help your job applications stand out. If your degree doesn’t include a placement year, look for internships and holiday placements in software development and similar roles.</p>','<p>Apprenticeships in software development (which could open the door to a systems developer career once you have gained experience) are on the increase. To find out more about getting into IT and technology via a school leaver route, see <a href=\"https://targetapprenticeships.co.uk/\">targetapprenticeships.</a> </p>','<h2>Key skills for systems developers</h2> <ul><li>Mathematical aptitude and strong problem-solving skills.</li><li>Programming languages such as C# and HTML.</li><li>Excellent organisational and time management skills.</li><li>Accuracy and attention to detail.</li><li>Problem-solving skills.</li><li>Teamwork skills, because most projects require input from individuals in different roles.</li><li>Self-development skills to keep up to date with fast-changing trends.</li></ul>','<br><ul><li>discussing clients’ and colleagues’ requirements</li><li>proposing solutions, often in collaboration with colleagues</li><li>designing and building web applications using a range of frameworks and scripting languages</li><li>testing projects and responding to any problems or bugs revealed</li><li>managing projects through their lifecycle</li><li>developing documentation and training to support new applications</li><li>reporting on functionality of web applications and devising plans for improvements.</li></ul>','<p>Apprenticeships in software development (which could open the door to a systems developer career once you have gained experience) are on the increase. To find out more about getting into IT and technology via a school leaver route, see <a href=\"https://targetapprenticeships.co.uk/\">targetapprenticeships.</a> </p>','<p>Apprenticeships in software development (which could open the door to a systems developer career once you have gained experience) are on the increase. To find out more about getting into IT and technology via a school leaver route, see <a href=\"https://targetapprenticeships.co.uk/\">targetapprenticeships.</a> </p>','<p>Apprenticeships in software development (which could open the door to a systems developer career once you have gained experience) are on the increase. To find out more about getting into IT and technology via a school leaver route, see <a href=\"https://targetapprenticeships.co.uk/\">targetapprenticeships.</a> </p>','<p>Apprenticeships in software development (which could open the door to a systems developer career once you have gained experience) are on the increase. To find out more about getting into IT and technology via a school leaver route, see <a href=\"https://targetapprenticeships.co.uk/\">targetapprenticeships.</a> </p>','<p>Apprenticeships in software development (which could open the door to a systems developer career once you have gained experience) are on the increase. To find out more about getting into IT and technology via a school leaver route, see <a href=\"https://targetapprenticeships.co.uk/\">targetapprenticeships.</a> </p>','<h2>Key skills for systems developers</h2> <ul><li>Mathematical aptitude and strong problem-solving skills.</li><li>Programming languages such as C# and HTML.</li><li>Excellent organisational and time management skills.</li><li>Accuracy and attention to detail.</li><li>Problem-solving skills.</li><li>Teamwork skills, because most projects require input from individuals in different roles.</li><li>Self-development skills to keep up to date with fast-changing trends.</li></ul>','<p>According to technojobs, starting salaries for systems developers typically range between £21,000 and £28,000 depending on location. Earnings will increase as you gain experience, particularly if you specialise in particular languages or sectors – experienced software developers can earn around £64,000.</p>','<p>Apprenticeships in software development (which could open the door to a systems developer career once you have gained experience) are on the increase. To find out more about getting into IT and technology via a school leaver route, see <a href=\"https://targetapprenticeships.co.uk/\">targetapprenticeships.</a> </p>','2024-02-18 13:48:11','2024-02-18 13:50:21',20,20),(20,257,'<p>A typesetter is a graphic design professional who lays out text in preparation for printing or publishing. They format, style and arrange text and illustrations for publications. </p>','<p>Traditionally, typesetters produced and formatted letters using wooden blocks. However, in today’s job market, typesetters use computers and are expected to draw from skills in graphic design, art, publishing, and digital design to layout text and optimize the printing process.</p>','<p>Enhance your art and graphic design skills with hands-on practice in preparing fonts, importing text, and revising layouts according to client specifications. </p>','<p>When printed materials were first released, typesetters were responsible for cutting blocks of type out of wood or metal and arranging them onto plates to create printed broadsheets or books. <br></p>','<p>If you\'re interested in choosing and arranging type for a publication, you\'ll most likely assume the title of desktop publisher or graphic designer</p>','<p>You\'ll typically be responsible for choosing which fonts to use with each project. <br></p>','<p>As a graphic designer, you would also plan layouts for publications and may choose color schemes, fonts and positioning of images. You may also be hired to create original logos and illustrations used to help communicate messages.</p>','<p>Their goal is to make the work clear and legible, without any distracting elements like having the same word repeated along a column. </p>','<p>A typesetter uses physical or digital printing tools to create text. To become a typesetter, get a job working with a publisher, graphic designer, or art director. </p>','<p>If you plan to explore other art forms in your profession, consider earning a degree in graphic design or commercial art.</p>','<p> Demonstrate knowledge of current software applications, such as Adobe InDesign, other Adobe Creative Cloud applications, and QuarkXPress, to increase career prospects and exhibit up-to-date expertise of typesetting tools.</p>','<p>Very few artisan booksellers today still work in this manner; most modern typesetters create type using digital technology.<br></p>','<p>As a desktop publisher, your job will be to combine all text, materials, photographs and charts that go into a particular publication.<br></p>','<p>You\'ll design page layouts using digital technology which are then sent to pre-press operators at printing companies. Sometimes, you may need to adjust page layouts to meet the needs of clients.</p><p><br></p>','2024-04-04 08:41:21','2024-05-07 01:11:52',20,20);

--
-- Table structure for table `job_offer`
--

CREATE TABLE `job_offer` (
  `id` int unsigned NOT NULL AUTO_INCREMENT,
  `applicant` int unsigned DEFAULT NULL,
  `job_opening` int unsigned DEFAULT NULL,
  `status` enum('Accepted','Declined') COLLATE utf8mb4_general_ci NOT NULL,
  `probation_start` date DEFAULT NULL,
  `probation_end` date DEFAULT NULL,
  `reason` text COLLATE utf8mb4_general_ci,
  PRIMARY KEY (`id`),
  KEY `job_opening` (`job_opening`),
  KEY `job_offer_ibfk_1` (`applicant`),
  CONSTRAINT `job_offer_ibfk_1` FOREIGN KEY (`applicant`) REFERENCES `applicants` (`id`) ON DELETE CASCADE ON UPDATE CASCADE,
  CONSTRAINT `job_offer_ibfk_2` FOREIGN KEY (`job_opening`) REFERENCES `job_openings` (`id`)
) ENGINE=InnoDB AUTO_INCREMENT=12 DEFAULT CHARSET=utf8mb4 COLLATE=utf8mb4_general_ci;

--
-- Dumping data for table `job_offer`
--


--
-- Table structure for table `job_opening_applicant`
--

CREATE TABLE `job_opening_applicant` (
  `id` int unsigned NOT NULL AUTO_INCREMENT,
  `job_opening_id` int unsigned NOT NULL,
  `applicant_id` int unsigned NOT NULL,
  `status` int DEFAULT '0',
  PRIMARY KEY (`id`),
  KEY `fk_job_opening_id` (`job_opening_id`),
  KEY `fk_applicant_id` (`applicant_id`),
  CONSTRAINT `fk_applicant_id` FOREIGN KEY (`applicant_id`) REFERENCES `applicants` (`id`),
  CONSTRAINT `fk_job_opening_id` FOREIGN KEY (`job_opening_id`) REFERENCES `job_openings` (`id`)
) ENGINE=InnoDB AUTO_INCREMENT=17 DEFAULT CHARSET=utf8mb4 COLLATE=utf8mb4_general_ci;

--
-- Dumping data for table `job_opening_applicant`
--

INSERT INTO `job_opening_applicant` VALUES (8,53,74,4),(9,53,75,2),(10,54,76,4),(11,55,77,4),(12,56,75,0),(13,57,75,1),(14,55,74,0),(15,55,76,0),(16,53,76,4);

--
-- Table structure for table `job_openings`
--

CREATE TABLE `job_openings` (
  `id` int unsigned NOT NULL AUTO_INCREMENT,
  `job_id` int unsigned DEFAULT NULL,
  `unit` int unsigned DEFAULT NULL,
  `positions` int NOT NULL,
  `purpose` text,
  `key_accountabilities` text NOT NULL,
  `requirements` text NOT NULL,
  `from` date DEFAULT NULL,
  `to` date DEFAULT NULL,
  `status` varchar(45) NOT NULL DEFAULT 'Open' COMMENT 'Open,Closed,Readvertised',
  `created_at` timestamp NOT NULL DEFAULT CURRENT_TIMESTAMP,
  `updated_at` timestamp NOT NULL DEFAULT CURRENT_TIMESTAMP ON UPDATE CURRENT_TIMESTAMP,
  `created_by` int unsigned DEFAULT NULL,
  `updated_by` int unsigned DEFAULT NULL,
  `required_attachments` text COMMENT 'Required attachments for the job in addition to CV, Cover letter, NRC and Grade 12 school certificate, degree, masters or PhD',
  PRIMARY KEY (`id`),
  KEY `job_position_fk` (`job_id`),
  KEY `job_description_fk` (`purpose`(1024)),
  KEY `fk_unit` (`unit`),
  CONSTRAINT `fk_unit` FOREIGN KEY (`unit`) REFERENCES `units` (`id`),
  CONSTRAINT `job_positions` FOREIGN KEY (`job_id`) REFERENCES `job_positions` (`id`)
) ENGINE=InnoDB AUTO_INCREMENT=60 DEFAULT CHARSET=utf8mb3;

--
-- Dumping data for table `job_openings`
--

INSERT INTO `job_openings` VALUES (53,365,18,3,'<p style=\"margin-left: 20px;\">Responsible to the Deputy Librarian and University Librarian for coordination, development and management of information and communication technology (ICT) hardware, software, services, projects, programmes, and policies for effective and efficient running of the University Library including branch libraries. This position combines the principles of librarianship with abilities of ICTs. <br></p>','Prepares and participates in the preparation of work plans','<p><b>Minimum requirements   <br></b></p><ul><li> 5 years working experience</li><li>The role demands possession of strong managerial skills and sound \r\nknowledge in research and teaching to effectively provide direction</li><li>Advice to students, researchers, and academics. </li><li>prepares comprehensive reports on various researches</li></ul><p><br></p>','2024-04-20','2024-05-19','Open','2024-03-11 08:53:24','2024-05-05 06:58:49',20,20,'NRC,Passport,Bachelors Degree, Masters'),(54,3,1,2,'<p>Systems developers (also known as backend developers) develop and implement applications and programs for parts of IT systems that are hidden from users but that keep organisations running smoothly.</p>','Prepares and participates in the preparation of work plans','<p><b>Minimum Requirements </b></p><ul><li>5 years working experiences</li><li>Hardworking </li><li>Member of ICTAZ<b><br></b></li></ul>','2024-04-19','2024-04-23','Closed','2023-05-11 08:53:24','2024-04-24 08:46:24',20,20,'Passport,Bachelors Degree'),(55,289,1,2,'<p>The IT Technician’s role will involve managing and maintaining computer systems and networks, ensuring they are functioning smoothly and efficiently.</p>','Supervising other staff such as Telecommunication Technicians and switchboard operators ; working closely with Zamtel technicians and collaborating with other ICT stuff.','<ul><li>5 years working experience </li><li>Member of professional body</li></ul>','2024-04-20','2024-04-27','Open','2024-04-02 21:56:01','2024-04-19 11:36:36',20,20,'NRC,Bachelors Degree,Senior Secondary Education Certificate (Grade 12)'),(56,2,1,5,NULL,'','<ul><li>Degree </li><li>Professional body</li><li>10 years working experience </li></ul>','2024-04-13','2024-05-28','Open','2024-04-11 07:29:58','2024-04-19 11:37:52',20,20,NULL),(57,8,13,1,NULL,'','<ul><li>At least 1 year working experience</li><li>Diploma in Animal Science </li><li>Hardworking and passionate for animals</li></ul>','2024-04-20','2024-04-27','Open','2024-04-11 07:32:02','2024-04-19 11:37:25',20,20,''),(59,257,21,1,'<p>A typesetter is a graphic design professional who lays out text in preparation for printing or publishing. They format, style and arrange text and illustrations for publications. </p>','Carry out IT hardware maintenance','<ul><li>2 years working experience</li><li>Hardworking and determined </li></ul>','2024-05-08','2024-05-25','Open','2024-05-07 01:22:06','2024-05-07 01:22:06',20,20,'NRC,Bachelors Degree,Senior Secondary Education Certificate (Grade 12)');

--
-- Table structure for table `job_positions`
--

CREATE TABLE `job_positions` (
  `id` int unsigned NOT NULL AUTO_INCREMENT,
  `sc_id` int unsigned NOT NULL,
  `title` varchar(100) COLLATE utf8mb4_unicode_ci NOT NULL,
  `mandatory_attachments` text COLLATE utf8mb4_unicode_ci,
  `description` varchar(255) COLLATE utf8mb4_unicode_ci DEFAULT NULL,
  `created_at` timestamp NULL DEFAULT NULL,
  `updated_at` datetime DEFAULT CURRENT_TIMESTAMP,
  `created_by` int unsigned DEFAULT NULL,
  `updated_by` int unsigned DEFAULT NULL,
  PRIMARY KEY (`id`),
  UNIQUE KEY `job_title` (`title`),
  KEY `fk_job_position_1_idx` (`sc_id`),
  KEY `jobposition_updatedby_fk_idx` (`updated_by`),
  KEY `jobposition_createdby_fk_idx` (`created_by`),
  CONSTRAINT `job_position_salaryscale_fk` FOREIGN KEY (`sc_id`) REFERENCES `salary_scales` (`id`),
  CONSTRAINT `jobposition_createdby_fk` FOREIGN KEY (`created_by`) REFERENCES `users` (`id`)
) ENGINE=InnoDB AUTO_INCREMENT=385 DEFAULT CHARSET=utf8mb4 COLLATE=utf8mb4_unicode_ci;

--
-- Dumping data for table `job_positions`
--

INSERT INTO `job_positions` VALUES (1,1,'Librarian iii','','','2021-10-28 14:25:31','2023-09-06 11:31:45',20,20),(2,2,'Web Master',NULL,'decription','2021-11-17 14:12:01','2021-11-17 16:12:01',20,20),(3,2,'System Developer',NULL,'Job title','2021-11-17 14:12:40','2022-03-10 14:31:28',20,20),(4,3,'Senior Systems Developer',NULL,'description','2021-11-17 14:13:41','2022-03-10 14:32:12',20,20),(6,3,'Senior Systems Analyst Programmer',NULL,'Description','2021-11-17 14:15:00','2022-03-10 14:32:55',20,20),(7,12,'Administrative officer','','Administrative officer',NULL,'2023-09-05 17:26:26',NULL,20),(8,51,'Animal attendant','','Animal attendant',NULL,'2023-09-05 17:49:48',NULL,20),(9,51,'Artisan carpenter','','Artisan carpenter',NULL,'2023-09-05 17:36:15',NULL,20),(10,51,'Artisan welder','','Artisan welder',NULL,'2023-09-06 11:29:45',NULL,20),(11,51,'ARTIST',NULL,'ARTIST',NULL,'2021-12-10 10:26:03',NULL,NULL),(12,13,'Assist. Chief security officer','','Assist. Chief security officer',NULL,'2023-09-05 17:35:49',NULL,20),(13,18,'Assist. Cleaning surpervisor','','Assist. Cleaning surpervisor',NULL,'2023-09-05 17:49:55',NULL,20),(14,9,'Assist. Dean of students','','Assist. Dean of students',NULL,'2023-09-05 17:37:37',NULL,20),(15,41,'Assist. Hort. Officer','','Assist. Hort. Officer',NULL,'2023-09-05 17:50:15',NULL,20),(16,41,'ASSISTANT ACCOUNTANT',NULL,'ASSISTANT ACCOUNTANT',NULL,'2021-12-10 10:26:03',NULL,NULL),(17,14,'ASSISTANT ADMINISTRATIVE OFFICER',NULL,'ASSISTANT ADMINISTRATIVE OFFICER',NULL,'2021-12-10 10:26:03',NULL,NULL),(18,15,'Assistant adminstrative officer','','Assistant adminstrative officer',NULL,'2023-09-06 11:19:25',NULL,20),(19,41,'ASSISTANT AUDITOR',NULL,'ASSISTANT AUDITOR',NULL,'2021-12-10 10:26:03',NULL,NULL),(20,42,'Assistant cartographer','','Assistant cartographer',NULL,'2023-09-06 12:51:20',NULL,20),(21,12,'ASSISTANT CONTRACTS OFFICER',NULL,'ASSISTANT CONTRACTS OFFICER',NULL,'2021-12-10 10:26:04',NULL,NULL),(22,48,'ASSISTANT FARM FOREMAN',NULL,'ASSISTANT FARM FOREMAN',NULL,'2021-12-10 10:26:04',NULL,NULL),(23,2,'ASSISTANT INSURANCE MANAGER',NULL,'ASSISTANT INSURANCE MANAGER',NULL,'2021-12-10 10:26:04',NULL,NULL),(24,41,'ASSISTANT LIBRARIAN',NULL,'ASSISTANT LIBRARIAN',NULL,'2021-12-10 10:26:04',NULL,NULL),(25,3,'ASSISTANT MEDICAL OFFICER',NULL,'ASSISTANT MEDICAL OFFICER',NULL,'2021-12-10 10:26:04',NULL,NULL),(26,46,'ASSISTANT PHOTOGRAPHER',NULL,'ASSISTANT PHOTOGRAPHER',NULL,'2021-12-10 10:26:04',NULL,NULL),(27,44,'ASSISTANT PURCHASING OFFICER',NULL,'ASSISTANT PURCHASING OFFICER',NULL,'2021-12-10 10:26:04',NULL,NULL),(28,9,'ASSISTANT REGISTRAR',NULL,'ASSISTANT REGISTRAR',NULL,'2021-12-10 10:26:04',NULL,NULL),(29,11,'Assistant senior administrative officer','','Assistant senior administrative officer',NULL,'2023-09-06 11:27:36',NULL,20),(30,9,'ASSISTANT STAFF DEVELOPMENT OFFICER',NULL,'ASSISTANT STAFF DEVELOPMENT OFFICER',NULL,'2021-12-10 10:26:04',NULL,NULL),(31,44,'ASSISTANT TECHNICIAN',NULL,'ASSISTANT TECHNICIAN',NULL,'2021-12-10 10:26:04',NULL,NULL),(33,4,'ASSOCIATE PROFESSOR',NULL,'ASSOCIATE PROFESSOR',NULL,'2021-12-10 10:26:04',NULL,NULL),(34,41,'ASST. LIBRARIAN',NULL,'ASST. LIBRARIAN',NULL,'2021-12-10 10:26:04',NULL,NULL),(35,46,'AUTOMOTIVE MECHANIC',NULL,'AUTOMOTIVE MECHANIC',NULL,'2021-12-10 10:26:04',NULL,NULL),(36,50,'BARMAID/BARMAN',NULL,'BARMAID/BARMAN',NULL,'2021-12-10 10:26:04',NULL,NULL),(37,45,'BINDER ',NULL,'BINDER ',NULL,'2021-12-10 10:26:04',NULL,NULL),(38,44,'BINDER I',NULL,'BINDER I',NULL,'2021-12-10 10:26:04',NULL,NULL),(39,45,'BINDER II',NULL,'BINDER II',NULL,'2021-12-10 10:26:04',NULL,NULL),(40,51,'BRICKLAYER HANDYMAN',NULL,'BRICKLAYER HANDYMAN',NULL,'2021-12-10 10:26:04',NULL,NULL),(41,51,'BRICKLAYER III',NULL,'BRICKLAYER III',NULL,'2021-12-10 10:26:04',NULL,NULL),(42,2,'BUILD/ELEC/MECH SUPERINT.',NULL,'BUILD/ELEC/MECH SUPERINT.',NULL,'2021-12-10 10:26:04',NULL,NULL),(43,51,'CAR CLEANER GARDENER',NULL,'CAR CLEANER GARDENER',NULL,'2021-12-10 10:26:04',NULL,NULL),(44,51,'CARETAKER',NULL,'CARETAKER',NULL,'2021-12-10 10:26:04',NULL,NULL),(45,46,'CARPENTER',NULL,'CARPENTER',NULL,'2021-12-10 10:26:04',NULL,NULL),(46,44,'CARTOGRAPHER',NULL,'CARTOGRAPHER',NULL,'2021-12-10 10:26:04',NULL,NULL),(47,27,'CASUAL WORKER 2',NULL,'CASUAL WORKER 2',NULL,'2021-12-10 10:26:04',NULL,NULL),(48,28,'CASUAL WORKER 3',NULL,'CASUAL WORKER 3',NULL,'2021-12-10 10:26:04',NULL,NULL),(49,2,'CHIEF BIOMEDICAL SCIENTIST',NULL,'CHIEF BIOMEDICAL SCIENTIST',NULL,'2021-12-10 10:26:04',NULL,NULL),(50,2,'CHIEF ENGINEER',NULL,'CHIEF ENGINEER',NULL,'2021-12-10 10:26:04',NULL,NULL),(51,2,'CHIEF SCIENTIST',NULL,'CHIEF SCIENTIST',NULL,'2021-12-10 10:26:04',NULL,NULL),(52,10,'CHIEF SECURITY OFFICER',NULL,'CHIEF SECURITY OFFICER',NULL,'2021-12-10 10:26:04',NULL,NULL),(53,3,'CHIEF TECHNICIAN',NULL,'CHIEF TECHNICIAN',NULL,'2021-12-10 10:26:04',NULL,NULL),(54,21,'CLEANER',NULL,'CLEANER',NULL,'2021-12-10 10:26:04',NULL,NULL),(56,16,'CLEANING SUPERVISOR',NULL,'CLEANING SUPERVISOR',NULL,'2021-12-10 10:26:04',NULL,NULL),(57,21,'CLEARNER',NULL,'CLEARNER',NULL,'2021-12-10 10:26:04',NULL,NULL),(58,19,'CLERICAL ASSISTANT',NULL,'CLERICAL ASSISTANT',NULL,'2021-12-10 10:26:04',NULL,NULL),(59,42,'CLINICAL OFFICER (GENERAL)',NULL,'CLINICAL OFFICER (GENERAL)',NULL,'2021-12-10 10:26:04',NULL,NULL),(60,42,'COMPUTER LABORATORY ASSISTANT',NULL,'COMPUTER LABORATORY ASSISTANT',NULL,'2021-12-10 10:26:04',NULL,NULL),(61,11,'CONTRACTS OFFICER',NULL,'CONTRACTS OFFICER',NULL,'2021-12-10 10:26:04',NULL,NULL),(62,51,'COOK',NULL,'COOK',NULL,'2021-12-10 10:26:04',NULL,NULL),(63,57,'COPY CLERK TYPIST',NULL,'COPY CLERK TYPIST',NULL,'2021-12-10 10:26:04',NULL,NULL),(64,2,'COUNSELLOR',NULL,'COUNSELLOR',NULL,'2021-12-10 10:26:04',NULL,NULL),(65,11,'CUSTOMER RELATIONS ADVISOR',NULL,'CUSTOMER RELATIONS ADVISOR',NULL,'2021-12-10 10:26:04',NULL,NULL),(66,35,'DEAN OF STUDENTS',NULL,'DEAN OF STUDENTS',NULL,'2021-12-10 10:26:04',NULL,NULL),(67,4,'DEPUTY LIBRARIAN',NULL,'DEPUTY LIBRARIAN',NULL,'2021-12-10 10:26:04',NULL,NULL),(68,35,'DEPUTY VICE CHANCELLOR',NULL,'DEPUTY VICE CHANCELLOR',NULL,'2021-12-10 10:26:04',NULL,NULL),(69,2,'DEVELOPER',NULL,'DEVELOPER',NULL,'2021-12-10 10:26:04',NULL,NULL),(70,47,'DRIVER I',NULL,'DRIVER I',NULL,'2021-12-10 10:26:04',NULL,NULL),(71,48,'DRIVER II',NULL,'DRIVER II',NULL,'2021-12-10 10:26:04',NULL,NULL),(72,49,'DRIVER III',NULL,'DRIVER III',NULL,'2021-12-10 10:26:05',NULL,NULL),(73,2,'EDITOR',NULL,'EDITOR',NULL,'2021-12-10 10:26:05',NULL,NULL),(74,51,'ELECTRICAL/MECHANIC MATE',NULL,'ELECTRICAL/MECHANIC MATE',NULL,'2021-12-10 10:26:05',NULL,NULL),(75,44,'ELECTRICIAN',NULL,'ELECTRICIAN',NULL,'2021-12-10 10:26:05',NULL,NULL),(76,47,'ELECTRICIAN GRADE II',NULL,'ELECTRICIAN GRADE II',NULL,'2021-12-10 10:26:05',NULL,NULL),(77,49,'ELECTRICIAN GRADE III',NULL,'ELECTRICIAN GRADE III',NULL,'2021-12-10 10:26:05',NULL,NULL),(78,39,'ENGINEER',NULL,'ENGINEER',NULL,'2021-12-10 10:26:05',NULL,NULL),(79,43,'ENROLLED NURSE',NULL,'ENROLLED NURSE',NULL,'2021-12-10 10:26:05',NULL,NULL),(80,43,'ENROLLED NURSE/MIDWIFE',NULL,'ENROLLED NURSE/MIDWIFE',NULL,'2021-12-10 10:26:05',NULL,NULL),(81,17,'FILING CLERK',NULL,'FILING CLERK',NULL,'2021-12-10 10:26:05',NULL,NULL),(82,50,'GARDENER',NULL,'GARDENER',NULL,'2021-12-10 10:26:05',NULL,NULL),(84,21,'GENERAL WORKER',NULL,'GENERAL WORKER',NULL,'2021-12-10 10:26:05',NULL,NULL),(85,21,'GROUNDSMAN',NULL,'GROUNDSMAN',NULL,'2021-12-10 10:26:05',NULL,NULL),(87,16,'HALL ATTENDANT I',NULL,'HALL ATTENDANT I',NULL,'2021-12-10 10:26:05',NULL,NULL),(88,18,'HALL ATTENDANT II',NULL,'HALL ATTENDANT II',NULL,'2021-12-10 10:26:05',NULL,NULL),(90,18,'HALL ATTENDANT III',NULL,'HALL ATTENDANT III',NULL,'2021-12-10 10:26:05',NULL,NULL),(91,50,'HANDYMAN',NULL,'HANDYMAN',NULL,'2021-12-10 10:26:05',NULL,NULL),(92,45,'HEAD DRIVER',NULL,'HEAD DRIVER',NULL,'2021-12-10 10:26:05',NULL,NULL),(93,42,'HELP DESK OFFICER',NULL,'HELP DESK OFFICER',NULL,'2021-12-10 10:26:05',NULL,NULL),(94,52,'HONORARY LECTURER',NULL,'HONORARY LECTURER',NULL,'2021-12-10 10:26:05',NULL,NULL),(95,44,'HOUSE KEEPER',NULL,'HOUSE KEEPER',NULL,'2021-12-10 10:26:05',NULL,NULL),(96,9,'HUMAN RESOURCES PLANNING & JOB EVALUATION OFFICER',NULL,'HUMAN RESOURCES PLANNING & JOB EVALUATION OFFICER',NULL,'2021-12-10 10:26:05',NULL,NULL),(97,42,'ICT HARDWARE SUPPORT SPECIALIST',NULL,'ICT HARDWARE SUPPORT SPECIALIST',NULL,'2021-12-10 10:26:05',NULL,NULL),(98,3,'ICT MANAGER',NULL,'ICT MANAGER',NULL,'2021-12-10 10:26:05',NULL,NULL),(99,2,'ICT SUPPORT OFFICER',NULL,'ICT SUPPORT OFFICER',NULL,'2021-12-10 10:26:05',NULL,NULL),(100,43,'INSURANCE ASSISTANT',NULL,'INSURANCE ASSISTANT',NULL,'2021-12-10 10:26:05',NULL,NULL),(101,2,'INTERNAL AUDITOR',NULL,'INTERNAL AUDITOR',NULL,'2021-12-10 10:26:05',NULL,NULL),(102,12,'JOB ANALYST',NULL,'JOB ANALYST',NULL,'2021-12-10 10:26:05',NULL,NULL),(103,15,'JUNIOR ADMIN. OFFICER',NULL,'JUNIOR ADMIN. OFFICER',NULL,'2021-12-10 10:26:05',NULL,NULL),(104,48,'JUNIOR CARPENTER',NULL,'JUNIOR CARPENTER',NULL,'2021-12-10 10:26:05',NULL,NULL),(105,48,'KITCHEN SUPERVISOR',NULL,'KITCHEN SUPERVISOR',NULL,'2021-12-10 10:26:05',NULL,NULL),(106,48,'LABORATORY ASSISTANT',NULL,'LABORATORY ASSISTANT',NULL,'2021-12-10 10:26:05',NULL,NULL),(107,51,'LABORATORY ATTENDANT',NULL,'LABORATORY ATTENDANT',NULL,'2021-12-10 10:26:05',NULL,NULL),(108,43,'LABORATORY TECHNICIAN I',NULL,'LABORATORY TECHNICIAN I',NULL,'2021-12-10 10:26:05',NULL,NULL),(109,44,'LABORATORY TECHNICIAN II',NULL,'LABORATORY TECHNICIAN II',NULL,'2021-12-10 10:26:05',NULL,NULL),(110,50,'LAUNDRY ASSISANT 2',NULL,'LAUNDRY ASSISANT 2',NULL,'2021-12-10 10:26:05',NULL,NULL),(111,6,'LECTURER I',NULL,'LECTURER I',NULL,'2021-12-10 10:26:05',NULL,NULL),(112,7,'LECTURER II',NULL,'LECTURER II',NULL,'2021-12-10 10:26:05',NULL,NULL),(113,1,'LECTURER III',NULL,'LECTURER III',NULL,'2021-12-10 10:26:05',NULL,NULL),(114,6,'LIBRARIAN I',NULL,'LIBRARIAN I',NULL,'2021-12-10 10:26:05',NULL,NULL),(115,7,'LIBRARIAN II',NULL,'LIBRARIAN II',NULL,'2021-12-10 10:26:05',NULL,NULL),(117,46,'LIBRARY ASSISTANT I',NULL,'LIBRARY ASSISTANT I',NULL,'2021-12-10 10:26:06',NULL,NULL),(118,43,'MACHINE OPERATOR',NULL,'MACHINE OPERATOR',NULL,'2021-12-10 10:26:06',NULL,NULL),(119,3,'MAINT ENGINEER',NULL,'MAINT ENGINEER',NULL,'2021-12-10 10:26:06',NULL,NULL),(120,37,'MAINTENANCE ENGINEER',NULL,'MAINTENANCE ENGINEER',NULL,'2021-12-10 10:26:06',NULL,NULL),(121,42,'MAINTENANCE OFFICER',NULL,'MAINTENANCE OFFICER',NULL,'2021-12-10 10:26:06',NULL,NULL),(122,10,'MANAGEMENT SECRETARY I',NULL,'MANAGEMENT SECRETARY I',NULL,'2021-12-10 10:26:06',NULL,NULL),(123,11,'MANAGEMENT SECRETARY II',NULL,'MANAGEMENT SECRETARY II',NULL,'2021-12-10 10:26:06',NULL,NULL),(124,12,'MANAGEMENT SECRETARY III',NULL,'MANAGEMENT SECRETARY III',NULL,'2021-12-10 10:26:06',NULL,NULL),(125,9,'MANAGER INTERNATIONAL LINK AND LIAISON',NULL,'MANAGER INTERNATIONAL LINK AND LIAISON',NULL,'2021-12-10 10:26:06',NULL,NULL),(126,3,'MANAGER(MARSHALNDS)',NULL,'MANAGER(MARSHALNDS)',NULL,'2021-12-10 10:26:06',NULL,NULL),(127,42,'MARKETING OFFICER',NULL,'MARKETING OFFICER',NULL,'2021-12-10 10:26:06',NULL,NULL),(129,2,'MECHANICAL SUPERINTENDANT',NULL,'MECHANICAL SUPERINTENDANT',NULL,'2021-12-10 10:26:06',NULL,NULL),(130,46,'MECHANIST/TURNER',NULL,'MECHANIST/TURNER',NULL,'2021-12-10 10:26:06',NULL,NULL),(131,44,'MEDICAL LABORATORY TECHNICIAN',NULL,'MEDICAL LABORATORY TECHNICIAN',NULL,'2021-12-10 10:26:06',NULL,NULL),(132,21,'MESSENGER',NULL,'MESSENGER',NULL,'2021-12-10 10:26:06',NULL,NULL),(133,21,'MESSENGER / CLEANER',NULL,'MESSENGER / CLEANER',NULL,'2021-12-10 10:26:06',NULL,NULL),(134,46,'MOTOR MECH/FITTER MECHANIC',NULL,'MOTOR MECH/FITTER MECHANIC',NULL,'2021-12-10 10:26:06',NULL,NULL),(135,45,'MOTOR MECH/FITTER MECHANIC I',NULL,'MOTOR MECH/FITTER MECHANIC I',NULL,'2021-12-10 10:26:06',NULL,NULL),(136,41,'NETWORK TECHNOLOGIST',NULL,'NETWORK TECHNOLOGIST',NULL,'2021-12-10 10:26:06',NULL,NULL),(137,51,'PAINTER III',NULL,'PAINTER III',NULL,'2021-12-10 10:26:06',NULL,NULL),(138,32,'PART TIME LECTURER',NULL,'PART TIME LECTURER',NULL,'2021-12-10 10:26:06',NULL,NULL),(140,33,'PART-TIME TUTOR',NULL,'PART-TIME TUTOR',NULL,'2021-12-10 10:26:06',NULL,NULL),(141,12,'PASSAGES AND PROTOCOL OFFICER',NULL,'PASSAGES AND PROTOCOL OFFICER',NULL,'2021-12-10 10:26:06',NULL,NULL),(142,54,'PERSONAL SECRETARY I',NULL,'PERSONAL SECRETARY I',NULL,'2021-12-10 10:26:06',NULL,NULL),(143,55,'PERSONAL SECRETARY II',NULL,'PERSONAL SECRETARY II',NULL,'2021-12-10 10:26:06',NULL,NULL),(144,46,'PHARMACY ASSISTANT',NULL,'PHARMACY ASSISTANT',NULL,'2021-12-10 10:26:06',NULL,NULL),(145,42,'PHARMACY TECHNICIAN',NULL,'PHARMACY TECHNICIAN',NULL,'2021-12-10 10:26:06',NULL,NULL),(146,45,'PHOTOGRAPHER II',NULL,'PHOTOGRAPHER II',NULL,'2021-12-10 10:26:06',NULL,NULL),(147,51,'PLOTMAN',NULL,'PLOTMAN',NULL,'2021-12-10 10:26:07',NULL,NULL),(148,49,'PLUMBER',NULL,'PLUMBER',NULL,'2021-12-10 10:26:07',NULL,NULL),(149,46,'PLUMBER II',NULL,'PLUMBER II',NULL,'2021-12-10 10:26:07',NULL,NULL),(150,51,'PLUMBER MATE',NULL,'PLUMBER MATE',NULL,'2021-12-10 10:26:07',NULL,NULL),(151,51,'PLUMBER MATE/MECHANIC MATE',NULL,'PLUMBER MATE/MECHANIC MATE',NULL,'2021-12-10 10:26:07',NULL,NULL),(152,51,'PORTER',NULL,'PORTER',NULL,'2021-12-10 10:26:07',NULL,NULL),(153,3,'PRODUCTION MANAGER',NULL,'PRODUCTION MANAGER',NULL,'2021-12-10 10:26:07',NULL,NULL),(154,65,'PROFESSOR',NULL,'PROFESSOR',NULL,'2021-12-10 10:26:07',NULL,NULL),(155,3,'PROJECT ENGINEER',NULL,'PROJECT ENGINEER',NULL,'2021-12-10 10:26:07',NULL,NULL),(156,11,'PROVINCIAL STUDENT SUPPORT OFFICER',NULL,'PROVINCIAL STUDENT SUPPORT OFFICER',NULL,'2021-12-10 10:26:07',NULL,NULL),(157,10,'PUBLIC RELATIONS OFFICER',NULL,'PUBLIC RELATIONS OFFICER',NULL,'2021-12-10 10:26:07',NULL,NULL),(158,51,'PUMP ATTENDANT',NULL,'PUMP ATTENDANT',NULL,'2021-12-10 10:26:07',NULL,NULL),(159,46,'PURCHASING CLERK',NULL,'PURCHASING CLERK',NULL,'2021-12-10 10:26:07',NULL,NULL),(160,41,'PURCHASING OFFICER',NULL,'PURCHASING OFFICER',NULL,'2021-12-10 10:26:07',NULL,NULL),(161,3,'QUALITY ASSURANCE AND COMPLIANCE OFFICER',NULL,'QUALITY ASSURANCE AND COMPLIANCE OFFICER',NULL,'2021-12-10 10:26:07',NULL,NULL),(162,42,'RADIOGRAPHER',NULL,'RADIOGRAPHER',NULL,'2021-12-10 10:26:07',NULL,NULL),(163,17,'RECORDS CLERK',NULL,'RECORDS CLERK',NULL,'2021-12-10 10:26:07',NULL,NULL),(164,45,'REFREGERATION TECHNICIAN',NULL,'REFREGERATION TECHNICIAN',NULL,'2021-12-10 10:26:07',NULL,NULL),(165,51,'REFRIGERATOR MATE',NULL,'REFRIGERATOR MATE',NULL,'2021-12-10 10:26:07',NULL,NULL),(166,42,'REGISTERED NURSE/MIDWIFE',NULL,'REGISTERED NURSE/MIDWIFE',NULL,'2021-12-10 10:26:07',NULL,NULL),(167,6,'RESEARCH FELLOW I',NULL,'RESEARCH FELLOW I',NULL,'2021-12-10 10:26:07',NULL,NULL),(168,7,'RESEARCH FELLOW II',NULL,'RESEARCH FELLOW II',NULL,'2021-12-10 10:26:07',NULL,NULL),(169,65,'RESEARCH PROFESSOR',NULL,'RESEARCH PROFESSOR',NULL,'2021-12-10 10:26:07',NULL,NULL),(170,1,'RESIDENT LECTURER',NULL,'RESIDENT LECTURER',NULL,'2021-12-10 10:26:07',NULL,NULL),(171,46,'SALES ASSIST. GRADE I',NULL,'SALES ASSIST. GRADE I',NULL,'2021-12-10 10:26:07',NULL,NULL),(172,47,'SALES ASSISTANT II',NULL,'SALES ASSISTANT II',NULL,'2021-12-10 10:26:07',NULL,NULL),(173,41,'SCIENTIST',NULL,'SCIENTIST',NULL,'2021-12-10 10:26:07',NULL,NULL),(174,54,'SECRETARY I',NULL,'SECRETARY I',NULL,'2021-12-10 10:26:07',NULL,NULL),(175,55,'SECRETARY II',NULL,'SECRETARY II',NULL,'2021-12-10 10:26:07',NULL,NULL),(176,20,'SECURITY GUARD',NULL,'SECURITY GUARD',NULL,'2021-12-10 10:26:07',NULL,NULL),(177,15,'SECURITY OFFICER I',NULL,'SECURITY OFFICER I',NULL,'2021-12-10 10:26:07',NULL,NULL),(178,16,'SECURITY OFFICER II',NULL,'SECURITY OFFICER II',NULL,'2021-12-10 10:26:07',NULL,NULL),(179,47,'SECURITY OFFICER III',NULL,'SECURITY OFFICER III',NULL,'2021-12-10 10:26:07',NULL,NULL),(181,44,'SECURITY SYSTEM TECHNICIAN',NULL,'SECURITY SYSTEM TECHNICIAN',NULL,'2021-12-10 10:26:07',NULL,NULL),(182,3,'SENIOR ACCOUNTANT',NULL,'SENIOR ACCOUNTANT',NULL,'2021-12-10 10:26:07',NULL,NULL),(183,42,'SENIOR BINDER',NULL,'SENIOR BINDER',NULL,'2021-12-10 10:26:07',NULL,NULL),(184,50,'SENIOR COOK',NULL,'SENIOR COOK',NULL,'2021-12-10 10:26:07',NULL,NULL),(185,46,'SENIOR DRIVER',NULL,'SENIOR DRIVER',NULL,'2021-12-10 10:26:07',NULL,NULL),(186,3,'SENIOR ICT SUPPORT OFFICER',NULL,'SENIOR ICT SUPPORT OFFICER',NULL,'2021-12-10 10:26:07',NULL,NULL),(187,3,'SENIOR INTERNAL AUDITOR',NULL,'SENIOR INTERNAL AUDITOR',NULL,'2021-12-10 10:26:07',NULL,NULL),(188,5,'SENIOR LECTURER',NULL,'SENIOR LECTURER',NULL,'2021-12-10 10:26:07',NULL,NULL),(189,42,'SENIOR LIBRARY ASSISTANT',NULL,'SENIOR LIBRARY ASSISTANT',NULL,'2021-12-10 10:26:07',NULL,NULL),(190,20,'SENIOR MESSENGER',NULL,'SENIOR MESSENGER',NULL,'2021-12-10 10:26:07',NULL,NULL),(191,41,'SENIOR PHARMACY TECHNOLOGIST',NULL,'SENIOR PHARMACY TECHNOLOGIST',NULL,'2021-12-10 10:26:07',NULL,NULL),(192,42,'SENIOR REFRIDGERATION  MECHANI',NULL,'SENIOR REFRIDGERATION  MECHANI',NULL,'2021-12-10 10:26:07',NULL,NULL),(193,5,'SENIOR RESEARCH FELLOW',NULL,'SENIOR RESEARCH FELLOW',NULL,'2021-12-10 10:26:07',NULL,NULL),(194,14,'SENIOR SECURITY OFFICER',NULL,'SENIOR SECURITY OFFICER',NULL,'2021-12-10 10:26:07',NULL,NULL),(195,41,'SENIOR STATE REGISTERED NURSE',NULL,'SENIOR STATE REGISTERED NURSE',NULL,'2021-12-10 10:26:07',NULL,NULL),(197,41,'SENIOR TECHNICIAN',NULL,'SENIOR TECHNICIAN',NULL,'2021-12-10 10:26:07',NULL,NULL),(199,42,'SENIOR TELECOMMUNICATIONS AND OPERATIONS TECHNICIA',NULL,'SENIOR TELECOMMUNICATIONS AND OPERATIONS TECHNICIA',NULL,'2021-12-10 10:26:08',NULL,NULL),(200,50,'SEWAGE BOILER ATTENDANT',NULL,'SEWAGE BOILER ATTENDANT',NULL,'2021-12-10 10:26:08',NULL,NULL),(201,50,'SEWERAGE PUMP ATTENDANT',NULL,'SEWERAGE PUMP ATTENDANT',NULL,'2021-12-10 10:26:08',NULL,NULL),(202,2,'SISTER-IN-CHARGE',NULL,'SISTER-IN-CHARGE',NULL,'2021-12-10 10:26:08',NULL,NULL),(203,11,'SNR ADMIN OFFICER (GRAD)',NULL,'SNR ADMIN OFFICER (GRAD)',NULL,'2021-12-10 10:26:08',NULL,NULL),(204,12,'SNR ADMIN OFFICER (NON-GRAD.)',NULL,'SNR ADMIN OFFICER (NON-GRAD.)',NULL,'2021-12-10 10:26:08',NULL,NULL),(205,3,'SNR PROGRAMME PRODUCER',NULL,'SNR PROGRAMME PRODUCER',NULL,'2021-12-10 10:26:08',NULL,NULL),(206,42,'SNR. ACCOUNTING OFFICER',NULL,'SNR. ACCOUNTING OFFICER',NULL,'2021-12-10 10:26:08',NULL,NULL),(208,3,'SNR. COUNSELLOR',NULL,'SNR. COUNSELLOR',NULL,'2021-12-10 10:26:08',NULL,NULL),(209,5,'SNR. RES.FEL/ SNR. PROJ. ENG.',NULL,'SNR. RES.FEL/ SNR. PROJ. ENG.',NULL,'2021-12-10 10:26:08',NULL,NULL),(210,41,'SPORTS AND RECREATION OFFICER',NULL,'SPORTS AND RECREATION OFFICER',NULL,'2021-12-10 10:26:08',NULL,NULL),(211,56,'STENOGRAPHER',NULL,'STENOGRAPHER',NULL,'2021-12-10 10:26:08',NULL,NULL),(212,44,'STORE-KEEPER',NULL,'STORE-KEEPER',NULL,'2021-12-10 10:26:08',NULL,NULL),(213,47,'STORES CLERK',NULL,'STORES CLERK',NULL,'2021-12-10 10:26:08',NULL,NULL),(214,42,'STORES CONTROLLER',NULL,'STORES CONTROLLER',NULL,'2021-12-10 10:26:08',NULL,NULL),(215,48,'SUB-FOREMAN II',NULL,'SUB-FOREMAN II',NULL,'2021-12-10 10:26:08',NULL,NULL),(216,44,'SWITCHBOARD OPERATOR',NULL,'SWITCHBOARD OPERATOR',NULL,'2021-12-10 10:26:08',NULL,NULL),(218,2,'SYSTEMS ANALYST PROGRAMMER',NULL,'SYSTEMS ANALYST PROGRAMMER',NULL,'2021-12-10 10:26:08',NULL,NULL),(220,42,'TECHNICIAN',NULL,'TECHNICIAN',NULL,'2021-12-10 10:26:08',NULL,NULL),(221,43,'TECHNICIAN GRADE I',NULL,'TECHNICIAN GRADE I',NULL,'2021-12-10 10:26:08',NULL,NULL),(222,42,'TECHNOLOGIST',NULL,'TECHNOLOGIST',NULL,'2021-12-10 10:26:08',NULL,NULL),(223,48,'TRACTOR DRIVER II',NULL,'TRACTOR DRIVER II',NULL,'2021-12-10 10:26:08',NULL,NULL),(224,49,'TRACTOR DRIVER III',NULL,'TRACTOR DRIVER III',NULL,'2021-12-10 10:26:08',NULL,NULL),(225,41,'TRANSPORT OFFICER',NULL,'TRANSPORT OFFICER',NULL,'2021-12-10 10:26:08',NULL,NULL),(226,49,'UPHOLSTERER II',NULL,'UPHOLSTERER II',NULL,'2021-12-10 10:26:08',NULL,NULL),(227,51,'WAITER',NULL,'WAITER',NULL,'2021-12-10 10:26:08',NULL,NULL),(228,30,'CHIEF ACCOUNTANT SCH. & UNITS',NULL,'CHIEF ACCOUNTANT SCH. & UNITS',NULL,'2021-12-10 10:26:08',NULL,NULL),(229,44,'GRAPHIC DESIGNER',NULL,'GRAPHIC DESIGNER',NULL,'2021-12-10 10:26:08',NULL,NULL),(230,41,'SENIOR LABORATORY TECHNOLOGIST',NULL,'SENIOR LABORATORY TECHNOLOGIST',NULL,'2021-12-10 10:26:08',NULL,NULL),(231,30,'CHIEF ACCOUNTANT - FINANCIAL REPORTING',NULL,'CHIEF ACCOUNTANT - FINANCIAL REPORTING',NULL,'2021-12-10 10:26:08',NULL,NULL),(232,51,'ARTISAN GLAZIER',NULL,'ARTISAN GLAZIER',NULL,'2021-12-10 10:26:08',NULL,NULL),(233,51,'PAINTER II',NULL,'PAINTER II',NULL,'2021-12-10 10:26:08',NULL,NULL),(234,1,'RESEARCH FELLOW III',NULL,'RESEARCH FELLOW III',NULL,'2021-12-10 10:26:08',NULL,NULL),(235,12,'ASST. SPORTS OFFICER',NULL,'ASST. SPORTS OFFICER',NULL,'2021-12-10 10:26:08',NULL,NULL),(237,47,'LIBRARY ASSISTANT II',NULL,'LIBRARY ASSISTANT II',NULL,'2021-12-10 10:26:08',NULL,NULL),(238,45,'AUTO ELECTRICIAN',NULL,'AUTO ELECTRICIAN',NULL,'2021-12-10 10:26:08',NULL,NULL),(239,53,'Staff Development Fellow',NULL,'Staff Development Fellow',NULL,'2021-12-10 10:26:08',NULL,NULL),(240,45,'RECEPTIONIST',NULL,'RECEPTIONIST',NULL,'2021-12-10 10:26:08',NULL,NULL),(241,41,'SENIOR CLINICAL OFFICER',NULL,'SENIOR CLINICAL OFFICER',NULL,'2021-12-10 10:26:08',NULL,NULL),(243,51,'ROOM ATTENDANT',NULL,'ROOM ATTENDANT',NULL,'2021-12-10 10:26:08',NULL,NULL),(244,42,'LABORATORY TECHNOLOGIST',NULL,'LABORATORY TECHNOLOGIST',NULL,'2021-12-10 10:26:08',NULL,NULL),(245,41,'DOCUMENTALIST',NULL,'DOCUMENTALIST',NULL,'2021-12-10 10:26:08',NULL,NULL),(246,3,'MANAGER STRATEGIC PLANNING',NULL,'MANAGER STRATEGIC PLANNING',NULL,'2021-12-10 10:26:08',NULL,NULL),(247,2,'NETWORK ENGINEER',NULL,'NETWORK ENGINEER',NULL,'2021-12-10 10:26:08',NULL,NULL),(248,31,'MANAGER - HORTICULTURE',NULL,'MANAGER - HORTICULTURE',NULL,'2021-12-10 10:26:08',NULL,NULL),(249,42,'COURSE ADMINISTRATOR',NULL,'COURSE ADMINISTRATOR',NULL,'2021-12-10 10:26:09',NULL,NULL),(250,11,'INFORMATION OFFICER',NULL,'INFORMATION OFFICER',NULL,'2021-12-10 10:26:09',NULL,NULL),(251,3,'SENIOR NETWORK ENGINEER',NULL,'SENIOR NETWORK ENGINEER',NULL,'2021-12-10 10:26:09',NULL,NULL),(252,3,'SENIOR TELECOMUNICATIONS ENGINEER',NULL,'SENIOR TELECOMUNICATIONS ENGINEER',NULL,'2021-12-10 10:26:09',NULL,NULL),(253,2,'NETWORK ADMINISTRATOR',NULL,'NETWORK ADMINISTRATOR',NULL,'2021-12-10 10:26:09',NULL,NULL),(254,3,'MARKETING MANAGER',NULL,'MARKETING MANAGER',NULL,'2021-12-10 10:26:09',NULL,NULL),(255,9,'ADMIN. ASSISTANT TO THE V.C.',NULL,'ADMIN. ASSISTANT TO THE V.C.',NULL,'2021-12-10 10:26:09',NULL,NULL),(256,2,'HOUSING AND PROPERTIES OFFICER',NULL,'HOUSING AND PROPERTIES OFFICER',NULL,'2021-12-10 10:26:09',NULL,NULL),(257,43,'Type setter','NRC,Bachelors Degree,Senior Secondary Education Certificate (Grade 12)','Type setter',NULL,'2024-05-07 03:08:48',NULL,20),(258,30,'CHIEF INTERNAL AUDITOR',NULL,'CHIEF INTERNAL AUDITOR',NULL,'2021-12-10 10:26:09',NULL,NULL),(259,34,'DEMONSTRATOR',NULL,'DEMONSTRATOR',NULL,'2021-12-10 10:26:09',NULL,NULL),(260,30,'MANAGER PROCUREMENT',NULL,'MANAGER PROCUREMENT',NULL,'2021-12-10 10:26:09',NULL,NULL),(261,42,'OPTOMETRY TECHNOLOGIST',NULL,'OPTOMETRY TECHNOLOGIST',NULL,'2021-12-10 10:26:09',NULL,NULL),(262,11,'PUBLIC HEALTH COORDINATOR',NULL,'PUBLIC HEALTH COORDINATOR',NULL,'2021-12-10 10:26:09',NULL,NULL),(263,9,'MANAGER PUBLIC RELATIONS AND INTERNATIONAL LIAISON',NULL,'MANAGER PUBLIC RELATIONS AND INTERNATIONAL LIAISON',NULL,'2021-12-10 10:26:09',NULL,NULL),(264,30,'MANAGER CONSULTANCY AND PROJECTS',NULL,'MANAGER CONSULTANCY AND PROJECTS',NULL,'2021-12-10 10:26:09',NULL,NULL),(265,37,'SENIOR NETWORK ADMINISTRATOR',NULL,'SENIOR NETWORK ADMINISTRATOR',NULL,'2021-12-10 10:26:09',NULL,NULL),(266,31,'DEPUTY RESIDENT ENGINEER',NULL,'DEPUTY RESIDENT ENGINEER',NULL,'2021-12-10 10:26:09',NULL,NULL),(267,10,'INFORMATION MANAGEMENT OFFICER',NULL,'INFORMATION MANAGEMENT OFFICER',NULL,'2021-12-10 10:26:09',NULL,NULL),(268,35,'VICE CHANCELLOR',NULL,'VICE CHANCELLOR',NULL,'2021-12-10 10:26:09',NULL,NULL),(269,3,'SENIOR INSTRUCTOR',NULL,'SENIOR INSTRUCTOR',NULL,'2021-12-10 10:26:09',NULL,NULL),(270,30,'RESIDENT ENGINEER',NULL,'RESIDENT ENGINEER',NULL,'2021-12-10 10:26:09',NULL,NULL),(271,9,'STAFF DEVELOPMENT OFFICER',NULL,'STAFF DEVELOPMENT OFFICER',NULL,'2021-12-10 10:26:09',NULL,NULL),(272,51,'GREASE CLEANER',NULL,'GREASE CLEANER',NULL,'2021-12-10 10:26:09',NULL,NULL),(273,8,'BRICKLAYER',NULL,'BRICKLAYER',NULL,'2021-12-10 10:26:09',NULL,NULL),(274,23,'GROUNDS MAN',NULL,'GROUNDS MAN',NULL,'2021-12-10 10:26:09',NULL,NULL),(275,24,'GLAZIER',NULL,'GLAZIER',NULL,'2021-12-10 10:26:09',NULL,NULL),(276,29,'CASUAL WORKER',NULL,'CASUAL WORKER',NULL,'2021-12-10 10:26:09',NULL,NULL),(278,51,'CARPENTER HANDYMAN',NULL,'CARPENTER HANDYMAN',NULL,'2021-12-10 10:26:09',NULL,NULL),(280,21,'STORES HANDYMAN',NULL,'STORES HANDYMAN',NULL,'2021-12-10 10:26:10',NULL,NULL),(282,24,'PAINTER',NULL,'PAINTER',NULL,'2021-12-10 10:26:10',NULL,NULL),(283,51,'WATER PUMP ATTENDANT',NULL,'WATER PUMP ATTENDANT',NULL,'2021-12-10 10:26:10',NULL,NULL),(286,26,'CASUAL WORKER 1',NULL,'CASUAL WORKER 1',NULL,'2021-12-10 10:26:10',NULL,NULL),(287,47,'WELDER',NULL,'WELDER',NULL,'2021-12-10 10:26:10',NULL,NULL),(288,5,'DIRECTOR GRADUATE SCHOOL OF BUSINESS',NULL,'DIRECTOR GRADUATE SCHOOL OF BUSINESS',NULL,'2021-12-10 10:26:10',NULL,NULL),(289,42,'Ict technician','NRC,Bachelors Degree,Senior Secondary Education Certificate (Grade 12)','Ict technician',NULL,'2024-04-02 22:54:32',NULL,20),(290,10,'PERSONAL ASSISTANT TO THE VICE CHANCELLOR',NULL,'PERSONAL ASSISTANT TO THE VICE CHANCELLOR',NULL,'2021-12-10 10:26:10',NULL,NULL),(291,17,'CLERICAL OFFICER',NULL,'CLERICAL OFFICER',NULL,'2021-12-10 10:26:10',NULL,NULL),(292,41,'HOUSE SURGEON',NULL,'HOUSE SURGEON',NULL,'2021-12-10 10:26:10',NULL,NULL),(293,11,'STUDENT SUPPORT OFFICER',NULL,'STUDENT SUPPORT OFFICER',NULL,'2021-12-10 10:26:10',NULL,NULL),(294,22,'ELECTRICIAN MATE',NULL,'ELECTRICIAN MATE',NULL,'2021-12-10 10:26:10',NULL,NULL),(295,12,'ASSISTANT COMMUNICATIONS OFFICER',NULL,'ASSISTANT COMMUNICATIONS OFFICER',NULL,'2021-12-10 10:26:10',NULL,NULL),(296,25,'PLUMBER HANDY MAN',NULL,'PLUMBER HANDY MAN',NULL,'2021-12-10 10:26:10',NULL,NULL),(297,51,'PLOTWOMAN',NULL,'PLOTWOMAN',NULL,'2021-12-10 10:26:10',NULL,NULL),(298,11,'COMMUNICATIONS OFFICER',NULL,'COMMUNICATIONS OFFICER',NULL,'2021-12-10 10:26:10',NULL,NULL),(299,2,'IT DEVELOPER',NULL,'IT DEVELOPER',NULL,'2021-12-10 10:26:10',NULL,NULL),(300,9,'MANAGER CUSTOMER RELATIONS',NULL,'MANAGER CUSTOMER RELATIONS',NULL,'2021-12-10 10:26:10',NULL,NULL),(301,39,'SECURITY SYSTEM COORDINATOR',NULL,'SECURITY SYSTEM COORDINATOR',NULL,'2021-12-10 10:26:10',NULL,NULL),(302,31,'MANAGER TRAINING AND DEVELOPMENT',NULL,'MANAGER TRAINING AND DEVELOPMENT',NULL,'2021-12-10 10:26:10',NULL,NULL),(303,38,'PLUMBING SUPERINTENDENT',NULL,'PLUMBING SUPERINTENDENT',NULL,'2021-12-10 10:26:10',NULL,NULL),(306,37,'MANAGER QUALITY ASSURANCE - ACADEMIC',NULL,'MANAGER QUALITY ASSURANCE - ACADEMIC',NULL,'2021-12-10 10:26:10',NULL,NULL),(307,23,'INTERN INSTRUCTOR',NULL,'INTERN INSTRUCTOR',NULL,'2021-12-10 10:26:10',NULL,NULL),(308,8,'POLICE OFFICER ON ATTACHMENT TO UNZA SECURITY',NULL,'POLICE OFFICER ON ATTACHMENT TO UNZA SECURITY',NULL,'2021-12-10 10:26:10',NULL,NULL),(309,8,'LEARNER LEGAL PRACTITIONER',NULL,'LEARNER LEGAL PRACTITIONER',NULL,'2021-12-10 10:26:10',NULL,NULL),(310,9,'LEGAL OFFICER',NULL,'LEGAL OFFICER',NULL,'2021-12-10 10:26:10',NULL,NULL),(311,35,'LIBRARIAN',NULL,'LIBRARIAN',NULL,'2021-12-10 10:26:10',NULL,NULL),(312,31,'MANAGER SYSTEMS DEVELOPMENTS',NULL,'MANAGER SYSTEMS DEVELOPMENTS',NULL,'2021-12-10 10:26:10',NULL,NULL),(313,4,'MANAGER-T.D.A.U',NULL,'MANAGER-T.D.A.U',NULL,'2021-12-10 10:26:10',NULL,NULL),(314,31,'MANAGEMENT ACCOUNTANT',NULL,'MANAGEMENT ACCOUNTANT',NULL,'2021-12-10 10:26:10',NULL,NULL),(315,30,'DEPUTY REGISTRAR',NULL,'DEPUTY REGISTRAR',NULL,'2021-12-10 10:26:10',NULL,NULL),(316,35,'REGISTRAR',NULL,'REGISTRAR',NULL,'2021-12-10 10:26:10',NULL,NULL),(317,31,'DEPUTY CHIEF INTERNAL AUDITOR',NULL,'DEPUTY CHIEF INTERNAL AUDITOR',NULL,'2021-12-10 10:26:10',NULL,NULL),(318,30,'DIRECTOR - CENTRE FOR INFOR. & COMM. TECHNOLOGIES',NULL,'DIRECTOR - CENTRE FOR INFOR. & COMM. TECHNOLOGIES',NULL,'2021-12-10 10:26:10',NULL,NULL),(319,30,'MEDICAL OFFICER',NULL,'MEDICAL OFFICER',NULL,'2021-12-10 10:26:10',NULL,NULL),(320,30,'LEGAL COUNSEL',NULL,'LEGAL COUNSEL',NULL,'2021-12-10 10:26:10',NULL,NULL),(321,31,'PUBLISHER',NULL,'PUBLISHER',NULL,'2021-12-10 10:26:10',NULL,NULL),(322,30,'DIRECTOR - BUSINESS DEVELOPMENT',NULL,'DIRECTOR - BUSINESS DEVELOPMENT',NULL,'2021-12-10 10:26:10',NULL,NULL),(323,31,'CONSULTANCY AND TRAINING UNIT MANAGER',NULL,'CONSULTANCY AND TRAINING UNIT MANAGER',NULL,'2021-12-10 10:26:10',NULL,NULL),(324,31,'DEPUTY DEAN OF STUDENTS',NULL,'DEPUTY DEAN OF STUDENTS',NULL,'2021-12-10 10:26:11',NULL,NULL),(325,31,'MANAGER NETWORK AND SOFTWARE SUPPORT',NULL,'MANAGER NETWORK AND SOFTWARE SUPPORT',NULL,'2021-12-10 10:26:11',NULL,NULL),(326,2,'ASSISTANT CLINIC MANAGER',NULL,'ASSISTANT CLINIC MANAGER',NULL,'2021-12-10 10:26:11',NULL,NULL),(327,2,'ELECTRICAL SUPERINTENDENT',NULL,'ELECTRICAL SUPERINTENDENT',NULL,'2021-12-10 10:26:11',NULL,NULL),(328,35,'BURSAR',NULL,'BURSAR',NULL,'2021-12-10 10:26:11',NULL,NULL),(329,2,'ICT SECURITY OFFICER ',NULL,'ICT SECURITY OFFICER ',NULL,'2021-12-10 10:26:11',NULL,NULL),(330,35,'Dean',NULL,'Dean of School','2022-01-23 13:50:52','2022-01-23 13:50:52',31,31),(331,35,'DIRECTOR INESOR',NULL,'','2022-01-23 14:18:19','2022-01-23 14:18:19',29,29),(332,35,'DIRECTOR DRGS',NULL,'','2022-01-23 14:47:16','2022-01-23 14:47:16',29,29),(333,35,'DIRECTOR IDE',NULL,'Institute of Distance Education','2022-01-23 14:48:49','2022-01-23 14:49:00',31,31),(334,35,'Director Confucius',NULL,'','2022-02-01 08:11:55','2022-02-01 08:11:55',20,20),(335,35,'Director Quality Assurance',NULL,'','2022-02-03 13:41:34','2022-02-03 13:41:34',20,20),(336,31,'MANAGER TDAU',NULL,'','2022-02-10 13:34:52','2022-02-10 13:34:52',29,29),(337,39,'SENIOR ADMINISTRATIVE OFFICER',NULL,'','2022-02-15 13:18:03','2022-02-15 13:18:40',29,29),(338,31,'MANAGER – QUALITY ASSURANCE AND SECURITY',NULL,'','2022-02-15 13:21:33','2022-02-15 13:21:33',20,20),(339,44,'Computer Graphic Designer',NULL,'','2022-02-21 09:21:39','2022-02-21 09:21:39',29,29),(340,2,'DEPUTY PUBLISHER',NULL,'','2022-02-23 06:56:44','2022-02-23 06:56:44',29,29),(341,8,'DEPUTY REGISTRAR COUNCIL',NULL,'','2022-02-23 07:12:45','2022-02-23 07:12:45',29,29),(342,39,'HUMAN RESOURCE INFORMATION OFFICER',NULL,'','2022-02-23 07:39:45','2022-02-23 07:39:45',29,29),(343,2,'Database Administrator',NULL,'','2022-02-28 09:58:02','2022-02-28 09:58:02',20,20),(344,3,'Senior Database Administrator',NULL,'','2022-02-28 09:58:45','2022-02-28 09:58:45',20,20),(345,3,'ACCOUNTANT',NULL,'','2022-03-01 07:19:37','2022-03-01 07:19:37',29,29),(346,8,'HEAD OF DEPARTMENT',NULL,'','2022-03-10 07:52:47','2022-03-10 07:52:47',29,29),(348,8,'ASSISTANT DEAN-UNDERGRADUATE',NULL,'','2022-03-10 08:04:25','2022-03-10 08:04:25',29,29),(349,8,'ASSISTANT DEAN-POSTGRADUATE',NULL,'','2022-03-10 08:05:50','2022-03-10 08:05:50',29,29),(350,39,'Assistant internal Auditor',NULL,'','2022-03-21 12:19:16','2022-03-21 12:19:16',30,30),(351,31,'MANAGER- TRAINING AND DEVELOPMENT',NULL,'','2022-03-24 13:15:27','2022-03-24 13:15:27',31,31),(352,8,'ASSISTANT DEAN-RESEARCH',NULL,'','2022-03-25 11:01:40','2022-03-25 11:01:40',29,29),(353,9,'ASSISTANT MANAGER TRAINING AND DEVELOPMENT',NULL,'','2022-03-31 06:21:05','2022-03-31 06:21:05',29,29),(354,30,'Chief Accountant-Schools and Units',NULL,'','2022-04-06 12:44:32','2022-04-06 12:44:32',29,29),(355,30,'Chief Accountant-Management Accounting',NULL,'','2022-04-06 12:45:07','2022-04-06 12:45:07',29,29),(356,30,'Chief Accountant-Financial Reporting',NULL,'','2022-04-06 12:45:46','2022-04-06 12:45:46',29,29),(357,11,'Monitoring and Evaluation Officer',NULL,'','2022-04-07 13:13:05','2022-04-07 13:13:05',29,29),(358,30,'DEPUTY REGISTRAR ADMINISTRATION',NULL,'','2022-04-19 15:10:12','2022-04-19 15:10:12',29,29),(359,30,'DEPUTY REGISTRAR ACADEMIC AFFAIRS',NULL,'','2022-04-19 15:10:39','2022-04-19 15:10:39',29,29),(360,37,'INDUSTRIAL RELATIONS OFFICER',NULL,'','2022-04-21 08:38:51','2022-04-21 08:38:51',29,29),(361,2,'SYSTEMS ANALYST',NULL,'','2022-04-22 09:14:07','2022-04-22 09:14:07',29,29),(362,50,'Chief Binder',NULL,'','2022-05-04 10:42:36','2022-05-04 10:42:36',29,29),(363,42,'TECHNOLOGY SUPPORT LIBRARY ASSISTANT',NULL,'','2022-11-11 10:17:56','2022-11-23 06:48:16',29,29),(364,15,'Senior Hall attendant',NULL,'','2022-11-16 08:34:13','2022-11-16 08:34:13',30,30),(365,7,'Senior systems librarian','','','2022-11-16 13:56:27','2023-09-14 14:17:10',29,20),(366,2,'SYSTEMS LIBRARIAN I',NULL,'','2022-11-16 14:34:19','2022-11-16 14:34:19',29,29),(367,3,'SYSTEMS LIBRARIAN II',NULL,'','2022-11-17 13:39:18','2022-11-17 13:47:14',29,29),(368,1,'SYSTEMS LIBRARIAN III',NULL,'','2022-11-17 14:11:25','2022-11-17 14:11:25',29,29),(369,12,'ASSISTANT SPORTS AND RECREATION OFFICER',NULL,'','2022-11-21 07:11:16','2022-11-21 07:11:16',29,29),(370,1,'LIBRARY SYSTEMS ANALYST ',NULL,'','2022-11-22 13:48:41','2022-11-22 13:48:41',29,29),(371,41,' IDENTITY CARD PRODUCTION OFFICER',NULL,'','2022-11-23 12:53:32','2022-11-23 12:53:32',29,29),(372,12,'CHIEF TECHNICIAN/SCIENTIST',NULL,'','2022-11-25 11:16:03','2022-11-25 11:16:03',29,29),(373,42,'ASSISTANT LIBRARIAN I',NULL,'','2022-12-06 14:26:51','2022-12-06 14:26:51',29,29),(374,44,'LABORATORY SCIENTIST',NULL,'','2023-01-26 15:02:33','2023-01-26 15:02:33',29,29),(375,11,'CUSTOMER SERVICE ADVISOR',NULL,'','2023-01-29 15:19:35','2023-01-29 15:19:35',30,30),(376,9,'Manager Quality Assurance - Non Academic',NULL,'','2023-02-07 10:01:24','2023-02-07 10:01:24',30,30),(377,42,'TECHNICIAN II',NULL,'','2023-02-08 14:22:39','2023-02-08 14:22:39',30,30),(378,54,'secretary 1',NULL,'','2023-02-24 07:14:33','2023-02-24 07:14:33',30,30),(379,51,'Wood Machinist',NULL,'','2023-03-28 07:08:12','2023-03-28 07:08:12',29,29),(380,8,'ASSISTANT DEAN-TECHNICAL',NULL,'','2023-03-28 10:35:38','2023-03-28 10:35:38',29,29),(381,44,'ACCOUNTS CLERK',NULL,'','2023-03-30 14:31:52','2023-03-30 14:31:52',30,30),(382,30,'MANAGER- CONSULTANCY AND PROJECTS',NULL,'','2023-05-23 07:44:40','2023-05-23 07:44:40',30,30);

--
-- Table structure for table `key_result_areas`
--

CREATE TABLE `key_result_areas` (
  `id` bigint unsigned NOT NULL AUTO_INCREMENT,
  `title` varchar(100) NOT NULL,
  `job_id` int unsigned NOT NULL,
  `created_at` timestamp NULL DEFAULT NULL,
  `updated_at` datetime DEFAULT CURRENT_TIMESTAMP,
  `created_by` int DEFAULT NULL,
  `updated_by` int DEFAULT NULL,
  PRIMARY KEY (`id`),
  KEY `krs_job_id_constraint` (`job_id`),
  CONSTRAINT `kra_job_id_FK` FOREIGN KEY (`job_id`) REFERENCES `job_positions` (`id`)
) ENGINE=InnoDB AUTO_INCREMENT=1812 DEFAULT CHARSET=utf8mb3;

--
-- Dumping data for table `key_result_areas`
--

INSERT INTO `key_result_areas` VALUES (27,'Planing and Work Organisation',268,'2022-01-21 13:46:05','2022-01-21 13:46:05',20,20),(28,'Policy Implementation',268,'2022-01-21 13:47:07','2022-01-21 13:47:07',20,20),(29,'Formulate, develop and facilitates all academic activities',268,'2022-01-21 13:48:48','2022-01-21 13:48:48',20,20),(30,'Controls and Coordinates Activities',268,'2022-01-21 13:49:33','2022-01-21 13:49:33',20,20),(31,'Provide effective leadership in implementing strategic plan',268,'2022-01-21 13:50:50','2022-01-21 13:50:50',20,20),(32,'Human Resouce Managemnet',268,'2022-01-21 13:51:41','2022-01-21 13:51:41',20,20),(33,'Compliance with the legal requirements',268,'2022-01-21 13:51:59','2022-01-21 13:51:59',20,20),(34,'Fostering linkages with  stakeholders',268,'2022-01-21 13:52:18','2022-01-21 13:52:18',20,20),(35,'Operational performance Review',268,'2022-01-21 13:52:33','2022-01-21 13:52:33',20,20),(36,'Planning and Work Organisation',68,'2022-01-21 14:37:59','2022-01-21 14:37:59',20,20),(37,'Consultancy Services',68,'2022-01-21 14:38:15','2022-01-21 14:45:29',20,20),(38,'Fostering linkages with  stakeholders',68,'2022-01-21 14:38:28','2022-01-21 14:44:48',20,20),(39,'Academic Activities',68,'2022-01-21 14:39:00','2022-01-21 14:44:21',20,20),(40,'Monitoring and Evaluation',316,'2022-01-21 14:39:33','2022-01-21 14:48:42',20,20),(41,'Strategic Management',68,'2022-01-21 14:40:05','2022-01-21 14:43:40',20,20),(42,'Operational performance Review',68,'2022-01-21 14:40:48','2022-01-21 14:46:43',20,20),(43,'Planning and work organisation',311,'2022-01-23 12:35:48','2022-01-23 12:35:48',20,20),(44,'Teaching ',311,'2022-01-23 12:36:47','2022-01-23 12:36:47',20,20),(45,'Management of Library resources',311,'2022-01-23 12:37:00','2022-01-23 12:37:00',20,20),(46,'Formulation of public service programmes',311,'2022-01-23 12:37:32','2022-01-23 12:37:32',20,20),(47,'Publicising of libray facilities',311,'2022-01-23 12:37:43','2022-01-23 12:37:43',20,20),(48,'Human Resource Management',311,'2022-01-23 12:37:53','2022-01-23 12:37:53',20,20),(49,'Operational performance Review',311,'2022-01-23 12:38:05','2022-01-23 12:38:51',20,20),(50,'Planning and work organisation',316,'2022-01-23 12:55:52','2022-01-23 12:55:52',20,20),(51,'Planning and Work Organization',328,'2022-01-23 13:38:04','2022-01-23 13:38:04',29,29),(52,'Financial Reporting',328,'2022-01-23 13:41:08','2022-01-23 13:41:08',29,29),(53,'Financial Planning',328,'2022-01-23 13:41:43','2022-01-23 13:41:43',29,29),(54,'Budgeting and Budgetary Control System',328,'2022-01-23 13:42:38','2022-01-23 13:42:38',29,29),(55,'Treasury Management',328,'2022-01-23 13:43:12','2022-01-23 13:43:12',29,29),(56,'Internal Controls',328,'2022-01-23 13:43:40','2022-01-23 13:43:40',29,29),(57,'Audits',328,'2022-01-23 13:44:26','2022-01-23 13:44:26',29,29),(58,'Financial Policies',328,'2022-01-23 13:45:24','2022-01-23 13:45:24',29,29),(59,'Management',328,'2022-01-23 13:46:02','2022-01-23 13:46:02',29,29),(60,'Operational Performance Review',328,'2022-01-23 13:46:27','2022-01-23 13:46:27',29,29),(61,'Planning and Work Organisation',66,'2022-01-23 14:01:27','2022-01-23 14:01:27',20,20),(62,'Planning and Administration',66,'2022-01-23 14:03:22','2022-01-23 14:03:22',20,20),(63,'Coordination and Supervision',66,'2022-01-23 14:04:12','2022-01-23 14:04:12',20,20),(64,'Planning and Work Organisation',330,'2022-01-23 14:05:15','2022-01-23 14:05:15',31,31),(65,'Policy Implementation ',330,'2022-01-23 14:05:36','2022-01-23 14:05:36',31,31),(67,'Attending Meetings',330,'2022-01-23 14:05:53','2022-01-23 14:05:53',31,31),(68,'Promoting Academic Programmes ',330,'2022-01-23 14:06:23','2022-01-23 14:06:23',31,31),(69,'Administration of Students Social Activities',66,'2022-01-23 14:06:34','2022-01-23 14:06:34',20,20),(70,'Teaching ',330,'2022-01-23 14:06:44','2022-01-23 14:06:44',31,31),(71,'Curriculum review',330,'2022-01-23 14:07:05','2022-01-23 14:07:05',31,31),(72,' Financial Management',66,'2022-01-23 14:07:14','2022-01-23 14:07:14',20,20),(73,'Student Admission and Registration',330,'2022-01-23 14:07:30','2022-01-23 14:07:30',31,31),(74,'Reasearch and Publication',330,'2022-01-23 14:07:50','2022-01-23 14:07:50',31,31),(75,' Policy Formulation',66,'2022-01-23 14:07:54','2022-01-23 14:07:54',20,20),(76,'Consultancy',330,'2022-01-23 14:08:14','2022-01-23 14:08:14',31,31),(77,'Human Resource Management',330,'2022-01-23 14:08:34','2022-01-23 14:08:34',31,31),(78,'  Advise the Vice-Chancellor',66,'2022-01-23 14:08:47','2022-01-23 14:08:47',20,20),(80,'Financial Management',330,'2022-01-23 14:09:21','2022-01-23 14:09:21',31,31),(82,'Operational performance Review',330,'2022-01-23 14:09:44','2022-03-01 07:37:58',31,29),(84,'   Provides Individual or Group Counselling',66,'2022-01-23 14:10:19','2022-01-23 14:10:19',20,20),(85,'   Monitoring and Control',66,'2022-01-23 14:10:59','2022-01-23 14:10:59',20,20),(86,'   Carrying Out Inspections',66,'2022-01-23 14:11:52','2022-01-23 14:11:52',20,20),(88,'Planning and Work Organization',331,'2022-01-23 14:21:14','2022-01-23 14:21:14',29,29),(89,'Research',331,'2022-01-23 14:21:54','2022-01-23 14:21:54',29,29),(90,'Secretarial Services',331,'2022-01-23 14:22:18','2022-01-23 14:22:18',29,29),(91,'Dissemination of Research Findings',331,'2022-01-23 14:22:52','2022-01-23 14:22:52',29,29),(92,'Teaching and Training ',331,'2022-01-23 14:23:24','2022-01-23 14:23:24',29,29),(93,'Consultancy',331,'2022-01-23 14:24:02','2022-01-23 14:24:02',29,29),(94,'Human Resource  Management',331,'2022-01-23 14:24:34','2022-01-23 14:24:34',29,29),(95,'Financial Management',331,'2022-01-23 14:24:56','2022-01-23 14:24:56',29,29),(96,'Administration',331,'2022-01-23 14:25:27','2022-01-23 14:25:27',29,29),(97,'Operational Performance Review',331,'2022-01-23 14:25:48','2022-01-23 14:25:48',29,29),(98,'Student Counselling',66,'2022-01-23 14:45:01','2022-01-23 14:45:01',20,20),(99,'Planning and Work Organization',332,'2022-01-23 14:48:42','2022-01-23 14:48:42',29,29),(100,'Policy Implementation',332,'2022-01-23 14:48:56','2022-01-23 14:48:56',29,29),(101,'Attending of  Meetings',332,'2022-01-23 14:49:21','2022-01-23 14:49:21',29,29),(102,'Provide secretarial services ',332,'2022-01-23 14:49:51','2022-01-23 14:49:51',29,29),(103,'Promotes Post Graduate Programmes ',332,'2022-01-23 14:50:10','2022-01-23 14:50:10',29,29),(104,'Planning and Work Organisation',333,'2022-01-23 14:50:37','2022-01-23 14:50:37',31,31),(105,'Student admissions',332,'2022-01-23 14:50:38','2022-01-23 14:50:38',29,29),(106,'Research and publications ',332,'2022-01-23 14:51:01','2022-01-23 14:51:01',29,29),(107,'Policy Implementation',333,'2022-01-23 14:51:23','2022-01-23 14:51:23',31,31),(108,'Human Resource Management',332,'2022-01-23 14:51:29','2022-01-23 14:51:29',29,29),(109,'Financial Management ',332,'2022-01-23 14:51:49','2022-01-23 14:51:49',29,29),(110,'Attending of Meetings',333,'2022-01-23 14:51:52','2022-01-23 14:51:52',31,31),(111,'Operational performance Review',332,'2022-01-23 14:52:10','2022-01-23 14:52:10',29,29),(112,'Student Registration',333,'2022-01-23 14:52:12','2022-01-23 14:52:12',31,31),(113,'Human Resource Management',333,'2022-01-23 14:52:29','2022-01-23 14:52:29',31,31),(114,'Financial Managemen',333,'2022-01-23 14:53:00','2022-01-23 14:53:00',31,31),(115,'Operational Performance Review',333,'2022-01-23 14:53:35','2022-01-23 14:53:35',31,31),(116,'Planning and work organisation',316,'2022-01-24 07:02:02','2022-01-24 07:02:02',30,30),(117,'Policy Implementation',316,'2022-01-24 07:04:22','2022-01-24 07:04:22',30,30),(118,'Attending of  Meetings',316,'2022-01-24 07:05:16','2022-01-24 07:05:16',30,30),(119,' Strategic Planning and Implementation',316,'2022-01-24 07:06:19','2022-01-24 07:06:19',30,30),(120,' Enhancing Performance',316,'2022-01-24 07:07:04','2022-01-24 07:07:04',30,30),(121,'  Quality Assurance',316,'2022-01-24 07:07:47','2022-01-24 07:07:47',30,30),(122,'Research and Development ',316,'2022-01-24 07:20:17','2022-01-24 07:20:17',30,30),(123,' Human Resource Management',316,'2022-01-24 07:21:00','2022-01-24 07:21:00',30,30),(124,' Financial Management ',316,'2022-01-24 07:21:54','2022-01-24 07:21:54',30,30),(125,' Operational performance Review',316,'2022-01-24 07:22:41','2022-01-24 07:22:41',30,30),(126,'Planning and Work Organization',318,'2022-01-24 07:48:20','2022-01-24 07:48:20',29,29),(127,'Policy Implementation',318,'2022-01-24 07:48:56','2022-01-24 07:48:56',29,29),(128,'Attending of Meetings',318,'2022-01-24 07:49:37','2022-01-24 07:49:37',29,29),(129,'Strategic Planning and Implementation',318,'2022-01-24 07:49:50','2022-01-24 07:49:50',29,29),(130,'Enhancing Performance',318,'2022-01-24 07:50:33','2022-01-24 07:50:33',29,29),(131,'Quality Assurance',318,'2022-01-24 07:50:48','2022-01-24 07:50:48',29,29),(132,'Research and Development',318,'2022-01-24 07:51:24','2022-01-24 07:51:24',29,29),(133,'Human Resource Management',318,'2022-01-24 07:51:44','2022-01-24 07:51:44',29,29),(134,'Financial Management',318,'2022-01-24 07:52:07','2022-01-24 07:52:07',29,29),(135,'Operational Performance Review',318,'2022-01-24 07:52:25','2022-01-24 07:52:25',29,29),(136,'Planning and work organization',334,'2022-02-01 09:10:04','2022-02-01 09:10:04',20,20),(137,'Policy Implementation ',334,'2022-02-01 09:10:16','2022-02-01 09:10:16',20,20),(138,'Policy Making',334,'2022-02-01 09:10:34','2022-02-01 09:10:34',20,20),(139,'Directing and controlling ',334,'2022-02-01 09:10:48','2022-02-01 09:10:48',20,20),(140,'Human Resource Management  ',334,'2022-02-01 09:11:40','2022-02-01 09:11:40',20,20),(141,'Financial Management',334,'2022-02-01 09:12:04','2022-02-01 09:12:04',20,20),(142,'Student enrollment ',334,'2022-02-01 09:12:27','2022-02-01 09:12:27',20,20),(143,'Examination',334,'2022-02-01 09:12:50','2022-02-01 09:12:50',20,20),(144,'Administration',334,'2022-02-01 09:13:03','2022-02-01 09:13:03',20,20),(145,'Operational Performance Review',334,'2022-02-01 09:13:26','2022-02-01 09:13:26',20,20),(146,'Planning and work organization',335,'2022-02-03 14:58:41','2022-02-03 14:58:41',20,20),(147,'Quality Assurance ',335,'2022-02-03 14:58:57','2022-02-03 14:58:57',20,20),(148,'Quality Assessment',335,'2022-02-03 14:59:10','2022-02-03 14:59:10',20,20),(149,'Quality Control',335,'2022-02-03 14:59:20','2022-02-03 14:59:20',20,20),(150,'Quality Improvement ',335,'2022-02-03 14:59:34','2022-02-03 14:59:34',20,20),(151,'Operational Performance Review',335,'2022-02-03 15:00:13','2022-02-03 15:00:13',20,20),(152,'Planning and work organisation',312,'2022-02-07 11:25:16','2022-02-07 11:25:16',20,20),(153,'Policy Implementation',312,'2022-02-07 11:25:31','2022-02-07 11:25:31',20,20),(154,'Attending of  Meetings',312,'2022-02-07 11:25:47','2022-02-07 11:25:47',20,20),(155,'Planning and Work Organization',2,'2022-02-07 11:53:24','2022-02-07 11:53:24',20,20),(156,'Planning and Designing Web Applications',2,'2022-02-07 11:53:53','2022-02-07 11:53:53',20,20),(157,'Regular and Timely Updating of Websites',2,'2022-02-07 11:54:56','2022-02-07 11:54:56',20,20),(158,'Providing back-end support',2,'2022-02-07 11:55:44','2022-02-07 11:55:44',20,20),(159,'User Training',2,'2022-02-07 12:22:06','2022-02-07 12:22:06',20,20),(160,'Adequate Security in Web based Applications',2,'2022-02-07 12:22:43','2022-02-07 12:22:43',20,20),(161,'Operational Performance Review',2,'2022-02-07 12:23:04','2022-02-07 12:23:04',20,20),(162,'Planning and Work Organization',253,'2022-02-07 12:41:02','2022-02-07 12:41:02',20,20),(163,'Implementation, Management and Maintenance',253,'2022-02-07 12:42:09','2022-02-07 12:42:09',20,20),(164,'Installation and Administration',253,'2022-02-07 12:42:55','2022-02-07 12:42:55',20,20),(165,'Training',253,'2022-02-07 12:43:23','2022-02-07 12:43:23',20,20),(166,'Maintenance of Training equipment',253,'2022-02-07 12:43:50','2022-02-07 12:43:50',20,20),(167,'Enhanced Customer Service',312,'2022-02-07 12:48:13','2022-02-07 12:48:13',20,20),(168,'Inventory Management',312,'2022-02-07 12:48:28','2022-02-07 12:48:28',20,20),(169,'Research and Development ',312,'2022-02-07 12:48:59','2022-02-07 12:48:59',20,20),(170,'Human Resource Management',312,'2022-02-07 12:49:17','2022-02-07 12:49:17',20,20),(171,'Financial Management ',312,'2022-02-07 12:49:27','2022-02-07 12:49:27',20,20),(172,'Operational performance Review',312,'2022-02-07 12:49:37','2022-02-07 12:49:37',20,20),(173,'Planning and work Organization',4,'2022-02-07 13:01:55','2022-02-07 13:01:55',20,20),(174,'Planning and Controlling Data Base Designs',4,'2022-02-07 13:02:41','2022-02-07 13:02:41',20,20),(175,'Supervision',4,'2022-02-07 13:03:37','2022-02-07 13:03:37',20,20),(176,'Coordinating Training and   Consultancy',4,'2022-02-07 13:03:53','2022-02-07 13:03:53',20,20),(177,'Research and Development',4,'2022-02-07 13:04:16','2022-02-07 13:04:16',20,20),(179,'User Support',4,'2022-02-07 13:04:56','2022-02-07 13:04:56',20,20),(180,'Operational performance Review',4,'2022-02-07 13:05:17','2022-02-07 13:05:17',20,20),(181,'Planning and work organization',325,'2022-02-07 13:23:59','2022-02-07 13:23:59',20,20),(182,'Policy Implementation',325,'2022-02-07 13:24:16','2022-02-07 13:24:16',20,20),(183,'Attending of  Meetings',325,'2022-02-07 13:24:31','2022-02-07 13:24:31',20,20),(184,'Installation, Configuration and  Support',325,'2022-02-07 13:24:43','2022-02-07 13:24:43',20,20),(185,'Maintenance',325,'2022-02-07 13:25:49','2022-02-07 13:25:49',20,20),(186,'Backup and Disaster Recovery',325,'2022-02-07 13:26:07','2022-02-07 13:26:07',20,20),(187,'Supervision ',325,'2022-02-07 13:26:18','2022-02-07 13:26:18',20,20),(188,'Network and Software   Management',325,'2022-02-07 13:26:32','2022-02-07 13:26:32',20,20),(189,'Human Resource Management',325,'2022-02-07 13:27:28','2022-02-07 13:27:28',20,20),(190,'Financial Management ',325,'2022-02-07 13:27:48','2022-02-07 13:27:48',20,20),(191,'Operational performance Review',325,'2022-02-07 13:27:57','2022-02-07 13:27:57',20,20),(192,'PLANNING AND WORK  ORGANIZATION',251,'2022-02-07 13:37:39','2022-02-07 13:37:39',20,20),(193,'Planning Designing and Installation of Infrastructure',251,'2022-02-07 13:38:11','2022-02-07 13:38:11',20,20),(194,'Maintenance',251,'2022-02-07 13:38:42','2022-02-07 13:38:42',20,20),(195,'Internet Management',251,'2022-02-07 13:39:01','2022-02-07 13:39:01',20,20),(196,'Technical Support',251,'2022-02-07 13:39:17','2022-02-07 13:39:17',20,20),(197,'Supervision',251,'2022-02-07 13:39:33','2022-02-07 13:39:33',20,20),(198,'Operational performance Review',251,'2022-02-07 13:39:49','2022-02-07 13:39:49',20,20),(199,'Planning and Work Organization',93,'2022-02-08 07:20:48','2022-02-08 07:20:48',20,20),(200,'RESPONDING TO PHONE CALLS',93,'2022-02-08 07:21:23','2022-02-08 07:21:23',20,20),(202,'DOCUMENTATION',93,'2022-02-08 07:22:08','2022-02-08 07:22:08',20,20),(203,'REPAIR AND MAINTENANCE',93,'2022-02-08 07:22:35','2022-02-08 07:22:35',20,20),(204,'OPERATIONAL  PERFORMANCE REVIEW',93,'2022-02-08 07:22:54','2022-02-08 07:22:54',20,20),(205,'Planning and Development',329,'2022-02-08 07:29:10','2022-02-08 07:29:10',20,20),(206,'Maintenance',329,'2022-02-08 07:29:45','2022-02-08 07:29:45',20,20),(207,'Project Management',329,'2022-02-08 07:29:57','2022-02-08 07:29:57',20,20),(208,'Information Security',329,'2022-02-08 07:30:17','2022-02-08 07:30:17',20,20),(209,'Planning and work organisation',186,'2022-02-08 07:42:50','2022-02-08 07:42:50',20,20),(210,'Planning and work organization',269,'2022-02-08 07:43:00','2022-02-08 07:43:00',20,20),(211,'Efficient ICT Support ',186,'2022-02-08 07:43:02','2022-02-08 07:43:02',20,20),(212,'Custody and Maintenance of Tools',186,'2022-02-08 07:43:23','2022-02-08 07:43:23',20,20),(213,'Operational performance Review',186,'2022-02-08 07:43:38','2022-02-08 07:43:38',20,20),(214,'Marketing',269,'2022-02-08 07:43:43','2022-02-28 14:21:53',20,20),(215,'Training',269,'2022-02-08 07:44:11','2022-02-08 07:44:11',20,20),(216,'Maintenance of Training equipment',269,'2022-02-08 07:44:27','2022-02-08 07:44:27',20,20),(217,'Operational performance Review',269,'2022-02-08 07:44:51','2022-02-08 07:44:51',20,20),(218,'Design training programs',269,'2022-02-08 07:46:51','2022-02-08 07:46:51',20,20),(219,'Designing ',99,'2022-02-08 07:51:19','2022-02-08 07:51:19',20,20),(220,'Implementation',99,'2022-02-08 07:51:30','2022-02-08 07:51:30',20,20),(221,'Keeping tools',99,'2022-02-08 07:51:44','2022-02-08 07:51:44',20,20),(222,'Planning and work Organization',6,'2022-02-08 08:52:39','2022-02-08 08:52:39',20,20),(223,'Planning and Analyzing Data Base Designs',6,'2022-02-08 08:53:05','2022-02-08 08:53:05',20,20),(224,'Systems Documentation and  Inventory.',6,'2022-02-08 08:53:33','2022-02-08 08:53:33',20,20),(225,'Training and Consultancy',6,'2022-02-08 08:53:52','2022-02-08 08:53:52',20,20),(226,'Research and Development',6,'2022-02-08 08:54:09','2022-02-08 08:54:09',20,20),(227,'User Support',6,'2022-02-08 08:54:33','2022-02-08 08:54:33',20,20),(228,'Operational performance Review',6,'2022-02-08 08:54:58','2022-02-08 08:54:58',20,20),(229,'Planning and work organisation',323,'2022-02-08 09:38:49','2022-02-08 09:38:49',20,20),(230,'Policy Implementation',323,'2022-02-08 09:39:30','2022-02-08 09:39:30',20,20),(231,'Attending of  Meetings',323,'2022-02-08 09:40:20','2022-02-08 09:40:20',20,20),(232,'Enhanced Customer Service',323,'2022-02-08 09:40:45','2022-02-08 09:40:45',20,20),(233,'Efficient Project Management',323,'2022-02-08 09:41:12','2022-02-08 09:41:12',20,20),(234,'Inventory Management',323,'2022-02-08 09:41:36','2022-02-08 09:41:36',20,20),(235,'Research and Development ',323,'2022-02-08 09:42:01','2022-02-08 09:42:01',20,20),(236,'Human Resource Management',323,'2022-02-08 09:42:17','2022-02-08 09:42:17',20,20),(237,'Financial Management ',323,'2022-02-08 09:42:39','2022-02-08 09:42:39',20,20),(238,'Operational performance Review',323,'2022-02-08 09:43:04','2022-02-08 09:43:04',20,20),(239,'planning and work organization ',3,'2022-02-15 07:09:10','2022-02-15 07:09:10',20,20),(240,'planning and analyzing Data Base Designs ',3,'2022-02-15 07:09:55','2022-02-15 07:09:55',20,20),(241,'Systems Documentation and inventory ',3,'2022-02-15 07:10:32','2022-02-15 07:14:05',20,20),(242,'Training and Consultancy ',3,'2022-02-15 07:10:58','2022-02-15 07:10:58',20,20),(243,'Research and Development ',3,'2022-02-15 07:11:35','2022-02-15 07:11:35',20,20),(244,'User Support ',3,'2022-02-15 07:11:45','2022-02-15 07:11:45',20,20),(245,'Operational and performance Review',3,'2022-02-15 07:12:17','2022-02-15 07:12:17',20,20),(246,'Planning and work organization ',338,'2022-02-15 13:25:10','2022-02-15 13:28:51',20,20),(247,'Policy Implementation ',338,'2022-02-15 13:25:48','2022-02-15 13:25:48',20,20),(248,'Quality Assurance ',338,'2022-02-15 13:26:09','2022-02-15 13:26:09',20,20),(249,'Attending of Meetings',338,'2022-02-15 13:26:33','2022-02-15 13:26:33',20,20),(250,'Monitoring and Evaluation ',338,'2022-02-15 13:26:58','2022-02-15 13:26:58',20,20),(251,'Supervision ',338,'2022-02-15 13:27:13','2022-02-15 13:27:13',20,20),(252,'Human Resource Management',338,'2022-02-15 13:27:44','2022-02-15 13:27:44',20,20),(253,'ICT Security',338,'2022-02-15 13:38:58','2022-02-15 13:38:58',20,20),(254,'Financial Management',338,'2022-02-15 14:03:08','2022-02-15 14:03:08',20,20),(255,'Operational performance Review',338,'2022-02-15 14:04:39','2022-02-15 14:06:25',20,20),(256,'Planning and work organization',289,'2022-02-17 06:53:42','2022-02-17 06:53:42',20,20),(257,'ICT Maintenance',289,'2022-02-17 06:54:19','2022-02-17 06:54:19',20,20),(258,'User Support',289,'2022-02-17 06:54:31','2022-02-17 06:54:31',20,20),(259,'Inventory Management',289,'2022-02-17 06:54:57','2022-02-17 06:54:57',20,20),(260,'planning and work organization ',265,'2022-02-17 09:06:22','2022-02-17 09:06:22',20,20),(261,'implementation management and maintenance ',265,'2022-02-17 09:06:49','2022-02-17 09:06:49',20,20),(262,'installation and administration ',265,'2022-02-17 09:07:12','2022-02-17 09:07:12',20,20),(263,'Supervision ',265,'2022-02-17 09:07:19','2022-02-17 09:07:19',20,20),(264,'Operational and performance Review',265,'2022-02-17 09:07:32','2022-02-17 09:07:32',20,20),(265,'Planning and work organisation',124,'2022-02-22 13:43:05','2022-02-22 13:43:05',20,20),(266,'Secretarial Services',124,'2022-02-22 13:43:30','2022-02-22 13:43:30',20,20),(267,'Operational Performance Review',124,'2022-02-22 13:45:03','2022-02-22 13:45:03',20,20),(268,'planning and work organization ',190,'2022-02-23 08:05:36','2022-02-23 08:05:36',20,20),(269,'Collecting and Dispatching various Correspondences',190,'2022-02-23 08:06:20','2022-02-23 08:06:20',20,20),(270,'Prepared beverages',190,'2022-02-23 08:07:03','2022-02-23 08:07:03',20,20),(271,'General Cleaning ',190,'2022-02-23 08:07:09','2022-02-23 08:07:09',20,20),(272,'Photocopying, Collating and Shredding ',190,'2022-02-23 08:07:53','2022-02-23 08:07:53',20,20),(273,'Operational performance Review',190,'2022-02-23 08:08:17','2022-02-23 08:08:17',20,20),(274,'Operational performance Review',289,'2022-02-23 11:59:19','2022-02-23 11:59:19',20,20),(275,'Network Expansions',247,'2022-02-23 14:25:09','2022-02-23 14:25:09',20,20),(276,'Network Management',247,'2022-02-23 14:25:38','2022-02-23 14:25:38',20,20),(277,'Network Maintenance',247,'2022-02-23 14:25:53','2022-02-23 14:25:53',20,20),(278,'Documentation & Inventory ',247,'2022-02-23 14:26:09','2022-02-23 14:26:09',20,20),(279,'User Support',247,'2022-02-23 14:26:20','2022-02-23 14:26:20',20,20),(280,'planning and work organization ',252,'2022-02-24 07:49:20','2022-02-24 07:49:20',20,20),(281,'Planning, designing and installation of Telecommunications infrastructure',252,'2022-02-24 07:49:45','2022-02-24 07:49:45',20,20),(282,'Telecommunications network maintenance',252,'2022-02-24 07:50:05','2022-02-24 07:50:05',20,20),(283,'Telecommunications network technical support',252,'2022-02-24 07:50:21','2022-02-24 07:50:21',20,20),(284,'Sectional supervision',252,'2022-02-24 07:50:32','2022-02-24 07:50:32',20,20),(285,'Operational performance review',252,'2022-02-24 07:50:44','2022-02-24 07:50:44',20,20),(286,'Planning and work organization ',199,'2022-02-28 08:04:48','2022-02-28 08:08:58',20,20),(287,'Planning, designing and installation of Telecommunications infrastructure',199,'2022-02-28 08:05:58','2022-02-28 08:05:58',20,20),(288,'Telecommunications maintenance ',199,'2022-02-28 08:06:31','2022-02-28 08:06:31',20,20),(289,'Supervision',199,'2022-02-28 08:06:46','2022-02-28 08:06:46',20,20),(290,'Telecommunications network technical support ',199,'2022-02-28 08:33:59','2022-02-28 08:33:59',20,20),(291,'Operational performance Review',199,'2022-02-28 08:50:42','2022-02-28 08:50:42',20,20),(292,'Assist the manager in keeping up-to-date records of client’s inquiries in the database ',249,'2022-02-28 13:48:40','2022-02-28 13:48:40',20,20),(293,'Reporting of CTU Financial Figures to the manager for Planning purposes',249,'2022-02-28 13:49:01','2022-02-28 13:49:01',20,20),(294,'Preparation of a clean environment both for trainings and Refreshments for clients',249,'2022-02-28 13:49:30','2022-02-28 13:49:30',20,20),(295,' Filling documents of correspondence',249,'2022-02-28 13:49:49','2022-02-28 13:49:49',20,20),(296,'Issue Quotations to and Invoice all deposits/cheques paid for courses from clients',249,'2022-02-28 13:50:07','2022-02-28 13:50:07',20,20),(297,'Planning and work organization ',249,'2022-02-28 13:50:31','2022-02-28 13:50:31',20,20),(299,'Record and update soft copy of all financial transactions of courses/Consultancies in the database',249,'2022-02-28 13:51:36','2022-02-28 13:51:36',20,20),(300,'Trainings Management',249,'2022-02-28 13:54:34','2022-02-28 13:54:34',20,20),(301,'Maintain effective communication with clients and Business partners ',323,'2022-02-28 15:15:17','2022-02-28 15:15:17',20,20),(302,'Provision of effective services to external and Internal clients ',323,'2022-02-28 15:16:33','2022-02-28 15:16:33',20,20),(303,'Market Reaserch',323,'2022-02-28 15:17:45','2022-02-28 15:17:45',20,20),(304,'Planning of New Services',323,'2022-02-28 15:18:43','2022-02-28 15:18:43',20,20),(305,'Bidding for Projects and project management',323,'2022-02-28 15:18:57','2022-02-28 15:18:57',20,20),(306,'Manage section Budget',323,'2022-02-28 15:19:27','2022-02-28 15:19:27',20,20),(307,'Managing Trainers',323,'2022-02-28 15:19:43','2022-02-28 15:19:43',20,20),(308,'Operational Performance Review',323,'2022-02-28 15:19:56','2022-02-28 15:19:56',20,20),(309,'Governance and Management',330,'2022-03-01 07:43:52','2022-03-01 07:46:40',29,29),(312,'Facilities and Infrastructure ',330,'2022-03-01 07:50:20','2022-03-01 07:50:20',29,29),(313,'Promoting academic programmes',330,'2022-03-01 07:53:39','2022-03-01 07:53:39',29,29),(314,'Academic Administration',330,'2022-03-01 08:00:12','2022-03-01 08:00:12',29,29),(315,'Quality Assurance',330,'2022-03-01 08:04:38','2022-03-01 08:04:38',29,29),(316,'Community Outreach and Beneficial Partnerships',330,'2022-03-01 08:06:05','2022-03-01 08:06:05',29,29),(317,'Planning and Work Organization',28,'2022-03-01 13:21:50','2022-03-01 13:21:50',29,29),(318,'Training and Development',28,'2022-03-01 13:27:48','2022-03-01 13:27:48',29,29),(319,'Information Management',28,'2022-03-01 13:38:33','2022-03-01 13:38:33',29,29),(320,'Secretarial Services',28,'2022-03-01 13:40:51','2022-03-04 13:16:31',29,20),(321,'Management of  Staff Training and Development Committee Meetings',28,'2022-03-01 13:42:40','2022-03-01 13:42:40',29,29),(322,'Human Resource Management',28,'2022-03-01 13:43:44','2022-03-01 13:43:44',29,29),(323,'Planning and work organization ',343,'2022-03-02 07:20:01','2022-03-02 07:20:01',20,20),(324,'Planning ',343,'2022-03-02 07:20:13','2022-03-02 07:20:13',20,20),(325,'Designing ',343,'2022-03-02 07:20:34','2022-03-02 07:20:34',20,20),(326,'Maintenance ',343,'2022-03-02 07:20:58','2022-03-02 07:20:58',20,20),(327,'Archiving ',343,'2022-03-02 07:21:22','2022-03-02 07:21:22',20,20),(328,'Operational Performance Review',343,'2022-03-02 07:21:37','2022-03-02 07:21:37',20,20),(329,'Planning and work organization ',216,'2022-03-03 07:55:50','2022-03-04 10:10:00',20,20),(330,'Repair and Maintenance ',216,'2022-03-03 07:56:55','2022-03-04 10:13:13',20,20),(331,'Documentation ',216,'2022-03-03 07:57:17','2022-03-04 10:11:43',20,20),(332,'Operational performance Review',216,'2022-03-03 07:57:29','2022-03-03 07:57:29',20,20),(333,'Responding to phone calls',216,'2022-03-03 07:58:57','2022-03-04 10:11:04',20,20),(334,'Planning and work organization ',337,'2022-03-04 08:09:21','2022-03-04 08:09:21',20,20),(335,'Providing Secretarial Services',337,'2022-03-04 08:09:36','2022-03-04 08:09:36',20,20),(336,'Human Resource Management',337,'2022-03-04 08:09:52','2022-03-04 08:09:52',20,20),(337,'Transport Management',337,'2022-03-04 08:10:11','2022-03-04 08:10:11',20,20),(338,'Procurement and Inventory  Management',337,'2022-03-04 08:10:22','2022-03-04 08:10:22',20,20),(339,'Planning',337,'2022-03-04 08:10:35','2022-03-04 08:10:35',20,20),(340,'Operational Performance review',337,'2022-03-04 08:10:57','2022-03-04 08:10:57',20,20),(341,'Articulating Action Plans',255,'2022-03-04 08:42:59','2022-03-04 08:42:59',20,20),(342,'Monitoring and Implementaing VC;s directives',255,'2022-03-04 08:50:51','2022-03-04 08:50:51',20,20),(343,'Gathering relevant documentation',255,'2022-03-04 08:52:21','2022-03-04 08:52:21',20,20),(344,'Screening in-coming mail',255,'2022-03-04 08:54:10','2022-03-04 08:54:10',20,20),(345,'Scheduling Meeting ',255,'2022-03-04 08:56:05','2022-03-04 08:56:05',20,20),(346,'providing Secretrails Services',255,'2022-03-04 09:09:17','2022-03-04 09:09:17',20,20),(347,'Human Resource Management',255,'2022-03-04 09:20:14','2022-03-04 09:20:14',20,20),(348,'Planning and Work Organisation',322,'2022-03-04 09:25:20','2022-03-04 09:25:20',20,20),(349,'Coordination, Planning and budgeting',322,'2022-03-04 09:26:14','2022-03-04 09:26:14',20,20),(350,'Sales',322,'2022-03-04 09:26:34','2022-03-04 09:26:34',20,20),(351,'Human Resource Management',322,'2022-03-04 09:26:53','2022-03-04 09:26:53',20,20),(352,'Financial Management',322,'2022-03-04 09:27:14','2022-03-04 09:27:14',20,20),(354,'Reporting',322,'2022-03-04 09:27:55','2022-03-04 09:27:55',20,20),(355,'Operational performance Review',322,'2022-03-04 09:28:12','2022-03-04 09:28:12',20,20),(356,'Planning and Work Organisation',246,'2022-03-04 09:43:52','2022-03-04 09:43:52',20,20),(357,'Policy Implementation',246,'2022-03-04 09:45:16','2022-03-04 09:45:16',20,20),(358,'Coordination of policy formulation',246,'2022-03-04 09:45:42','2022-03-04 09:45:42',20,20),(359,'Monitoring and Evaluations',246,'2022-03-04 09:46:14','2022-03-04 09:46:14',20,20),(360,'Budgeting',246,'2022-03-04 09:46:30','2022-03-04 09:46:30',20,20),(361,'Database Development',246,'2022-03-04 09:46:51','2022-03-04 09:46:51',20,20),(362,'Organizational performance Review',246,'2022-03-04 09:47:10','2022-03-14 07:28:24',20,20),(363,'Records Mangement',337,'2022-03-04 09:59:09','2022-03-04 09:59:09',20,20),(364,'Property Maintanance',337,'2022-03-04 10:00:28','2022-03-04 10:00:28',20,20),(365,'Planning and Work Organisation',122,'2022-03-04 10:29:09','2022-03-04 10:29:09',20,20),(366,'Secretarial Services',122,'2022-03-04 10:29:32','2022-03-04 10:29:32',20,20),(367,'Operational Performance Review',122,'2022-03-04 10:29:58','2022-03-04 10:29:58',20,20),(368,'Planning and Work Organisation',123,'2022-03-04 10:35:09','2022-03-04 10:35:09',20,20),(369,'Secretarial Services',123,'2022-03-04 10:35:23','2022-03-04 10:35:23',20,20),(370,'Operational performance Review',123,'2022-03-04 10:35:46','2022-03-04 10:35:46',20,20),(371,'Planning and Work Organisation',211,'2022-03-04 10:40:21','2022-03-04 10:40:21',20,20),(372,'Secretarial Services',211,'2022-03-04 10:40:31','2022-03-04 10:40:31',20,20),(374,'Operational performance Review',211,'2022-03-04 10:41:10','2022-03-04 10:41:10',20,20),(375,'Planning and Work Organisation',163,'2022-03-04 10:48:00','2022-03-04 10:48:00',20,20),(376,'Obtaining and registering records',163,'2022-03-04 10:48:30','2022-03-04 10:48:30',20,20),(377,'Monitoring Files',163,'2022-03-04 10:48:46','2022-03-04 10:48:46',20,20),(378,'Maintainng Filling System',163,'2022-03-04 10:49:05','2022-03-04 10:49:05',20,20),(379,'Photocopying and collating',163,'2022-03-04 10:49:28','2022-03-04 10:49:28',20,20),(380,'Operational performance Review',163,'2022-03-04 10:49:47','2022-03-04 10:49:47',20,20),(381,'Planning and Work Organisation',133,'2022-03-04 10:54:15','2022-03-04 10:54:15',20,20),(382,'Collecting and Dispatching various Correspondences',133,'2022-03-04 10:54:56','2022-03-11 09:52:21',20,20),(383,'General Cleaning',133,'2022-03-04 10:55:12','2022-03-04 10:55:12',20,20),(384,'Photocopying Collating and Shredding ',133,'2022-03-04 10:55:30','2022-03-04 10:55:30',20,20),(385,'Operational performance Review',133,'2022-03-04 10:55:49','2022-03-04 10:55:49',20,20),(386,'Records Managment',28,'2022-03-04 12:07:50','2022-03-04 12:07:50',20,20),(387,'Inventory Management',28,'2022-03-04 12:08:14','2022-03-04 12:08:14',20,20),(388,'Transport Management',28,'2022-03-04 12:08:35','2022-03-04 12:08:35',20,20),(390,'Planning and Work Organisation',153,'2022-03-04 12:10:28','2022-03-04 12:10:28',20,20),(391,'Operational performance Review',28,'2022-03-04 12:10:47','2022-03-04 12:10:47',20,20),(392,'Coordinating, Planning and budgeting',153,'2022-03-04 12:11:11','2022-03-04 12:11:11',20,20),(393,'Supervision',153,'2022-03-04 12:11:29','2022-03-04 12:11:29',20,20),(394,'Procurement ',153,'2022-03-04 12:11:49','2022-03-04 12:11:49',20,20),(395,'Maintainence',153,'2022-03-04 12:12:22','2022-03-04 12:12:22',20,20),(396,'Operational performance Review',153,'2022-03-04 12:12:33','2022-03-04 12:12:33',20,20),(397,'Planning and Work Organisation',257,'2022-03-04 12:21:48','2022-03-04 12:21:48',20,20),(398,'Typesetting ',257,'2022-03-04 12:22:05','2022-03-04 12:22:05',20,20),(399,'Operational performance Review',257,'2022-03-04 12:22:23','2022-03-04 12:22:23',20,20),(400,'Planning and Work Organisation',39,'2022-03-04 12:34:12','2022-03-04 12:34:12',20,20),(401,'Binding',39,'2022-03-04 12:34:40','2022-03-04 12:34:40',20,20),(402,'Operational performance Review',39,'2022-03-04 12:34:56','2022-03-04 12:34:56',20,20),(403,'Planning and Work Organisation',38,'2022-03-04 12:38:45','2022-03-04 12:38:45',20,20),(404,'Binding',38,'2022-03-04 12:39:08','2022-03-04 12:39:08',20,20),(405,'Operational performance Review',38,'2022-03-04 12:39:33','2022-03-04 12:39:33',20,20),(406,'Planning and Work Organisation',183,'2022-03-04 12:44:06','2022-03-04 12:44:06',20,20),(407,'Coordination, planning and budgeting',183,'2022-03-04 12:44:26','2022-03-04 12:44:26',20,20),(408,'Operational performance Review',183,'2022-03-04 12:46:26','2022-03-04 12:46:26',20,20),(409,'Planning and Work Organisation',73,'2022-03-04 13:12:51','2022-03-04 13:12:51',20,20),(410,'Editing',73,'2022-03-04 13:15:08','2022-03-04 13:15:08',20,20),(411,'Budgeting',73,'2022-03-04 13:15:37','2022-03-04 13:15:37',20,20),(412,'Secretarial Services',73,'2022-03-04 13:15:57','2022-03-04 13:15:57',20,20),(413,'Operational performance Review',73,'2022-03-04 13:16:29','2022-03-04 13:16:29',20,20),(414,'Service Provision ',39,'2022-03-04 13:22:50','2022-03-04 13:22:50',20,20),(415,'Market Research',127,'2022-03-04 14:20:17','2022-03-04 14:20:17',20,20),(416,'Marketing Planning and Promotion',127,'2022-03-04 14:20:38','2022-03-04 14:20:38',20,20),(417,'Human Resource Management',127,'2022-03-04 14:21:01','2022-03-04 14:21:01',20,20),(418,'Budgeting',127,'2022-03-04 14:21:18','2022-03-04 14:21:18',20,20),(419,'Operational performance review',127,'2022-03-04 14:21:37','2022-03-04 14:21:37',20,20),(420,'Planning and Work Organisation',127,'2022-03-04 14:22:14','2022-03-04 14:22:14',20,20),(421,'Planning and Work Organisation',229,'2022-03-04 14:30:03','2022-03-04 14:30:03',20,20),(423,'Designing and Production ',229,'2022-03-04 14:33:22','2022-03-04 14:33:22',20,20),(424,'Budgeting',229,'2022-03-04 14:33:38','2022-03-04 14:33:38',20,20),(425,'Operational performance review',229,'2022-03-04 14:34:01','2022-03-04 14:34:01',20,20),(426,'Planning and Work Organisation',319,'2022-03-04 15:04:07','2022-03-04 15:04:07',20,20),(427,'Diagnose and treat illness',319,'2022-03-04 15:04:33','2022-03-04 15:04:33',20,20),(428,'Coordination and Administration',319,'2022-03-04 15:04:51','2022-03-04 15:04:51',20,20),(429,'Budgeting',319,'2022-03-04 15:05:08','2022-03-04 15:05:08',20,20),(430,'Human Resource Management',319,'2022-03-04 15:05:27','2022-03-04 15:05:27',20,20),(431,'Operational performance Review',319,'2022-03-04 15:05:47','2022-03-04 15:05:47',20,20),(432,'Service Provision ',38,'2022-03-04 15:17:47','2022-03-04 15:17:47',20,20),(433,'Planning and Work Organisation',202,'2022-03-04 15:25:27','2022-03-04 15:25:27',20,20),(434,'Supervision  and work organisation',202,'2022-03-04 15:25:46','2022-03-04 15:25:46',20,20),(435,'Counselling ',202,'2022-03-04 15:26:12','2022-03-04 15:26:12',20,20),(436,'Ward Management',202,'2022-03-04 15:26:25','2022-03-04 15:26:25',20,20),(437,'Health Care Provision',202,'2022-03-04 15:26:42','2022-03-04 15:26:42',20,20),(438,'Human Resource Management',202,'2022-03-04 15:27:03','2022-03-04 15:27:03',20,20),(439,'Operational Performance Review',202,'2022-03-04 15:27:22','2022-03-04 15:27:22',20,20),(440,'Planning and Work Organisation',241,'2022-03-04 15:36:27','2022-03-04 15:36:27',20,20),(441,'Ante-natal',241,'2022-03-04 15:36:50','2022-03-04 15:36:50',20,20),(442,'Patient management',241,'2022-03-04 15:37:10','2022-03-04 15:37:10',20,20),(443,'Performance Appraisal',241,'2022-03-04 15:37:37','2022-03-04 15:37:37',20,20),(444,'Planning',241,'2022-03-04 15:37:52','2022-03-04 15:37:52',20,20),(445,'Supervision ',241,'2022-03-04 15:38:05','2022-03-04 15:38:05',20,20),(446,'Operational performance review',241,'2022-03-04 15:38:31','2022-03-04 15:38:31',20,20),(447,'Secretarial Services',337,'2022-03-04 15:48:31','2022-03-04 15:48:31',20,20),(448,'Student Admission and Registration',337,'2022-03-04 15:49:27','2022-03-04 15:49:27',20,20),(449,'Management of Examinations',337,'2022-03-04 15:50:41','2022-03-04 15:50:41',20,20),(451,'Planning and Work Organisation',262,'2022-03-07 06:50:43','2022-03-07 06:50:43',20,20),(452,'Communicable Diseases',262,'2022-03-07 06:51:00','2022-03-07 06:51:00',20,20),(453,'Non Communicanle Diseases',262,'2022-03-07 06:51:17','2022-03-07 06:51:17',20,20),(454,'Monitoring and Evaluation',262,'2022-03-07 06:51:45','2022-03-07 06:51:45',20,20),(455,'Linkages, fundraising and networking',262,'2022-03-07 06:52:02','2022-03-07 06:52:02',20,20),(456,'Operational performance Review',262,'2022-03-07 06:52:14','2022-03-07 06:52:14',20,20),(457,'Planning and work organization ',237,'2022-03-07 06:57:51','2022-03-07 06:57:51',20,20),(458,'Selving and shelfreading',237,'2022-03-07 06:58:10','2022-03-07 06:58:10',20,20),(459,'Service provision',237,'2022-03-07 06:58:18','2022-03-07 06:58:18',20,20),(460,'Monitoring ',237,'2022-03-07 06:58:30','2022-03-07 06:58:30',20,20),(461,'Database Management',237,'2022-03-07 06:58:48','2022-03-07 06:58:48',20,20),(462,'Operational Performance review',237,'2022-03-07 06:58:59','2022-03-07 06:58:59',20,20),(463,'Filing and Reservation;',237,'2022-03-07 07:01:00','2022-03-07 07:01:00',20,20),(464,'Planning and Work Organisation',191,'2022-03-07 07:01:05','2022-03-07 07:01:05',20,20),(465,'Dispensing',191,'2022-03-07 07:01:21','2022-03-07 07:01:21',20,20),(466,'Drug Testing',191,'2022-03-07 07:01:36','2022-03-07 07:01:36',20,20),(467,'Medicine preparation',191,'2022-03-07 07:01:55','2022-03-07 07:01:55',20,20),(468,'Pharmaceutical Preservation',191,'2022-03-07 07:02:13','2022-03-07 07:02:13',20,20),(469,'Coordination',191,'2022-03-07 07:02:28','2022-03-07 07:02:28',20,20),(470,'Operational Performance Review',191,'2022-03-07 07:02:42','2022-03-07 07:02:42',20,20),(471,'Planning and Work Organisation',145,'2022-03-07 07:07:05','2022-03-07 07:07:05',20,20),(472,'Measure and mix Medicines',145,'2022-03-07 07:07:22','2022-03-07 07:07:22',20,20),(473,'Carry out inventory and label medicine',145,'2022-03-07 07:07:34','2022-03-07 07:07:34',20,20),(474,'Store Medicine',145,'2022-03-07 07:07:50','2022-03-07 07:07:50',20,20),(475,'Maintain Client Register',145,'2022-03-07 07:08:08','2022-03-07 07:08:08',20,20),(476,'Attend to clients',145,'2022-03-07 07:12:13','2022-03-07 07:12:13',20,20),(477,'Operational performance Review',145,'2022-03-07 07:12:27','2022-03-07 07:12:27',20,20),(478,'Planning and Work Organisation',59,'2022-03-07 07:17:23','2022-03-07 07:17:23',20,20),(479,'Counselling Services',59,'2022-03-07 07:17:36','2022-03-07 07:17:36',20,20),(480,'Diagnosing',59,'2022-03-07 07:17:55','2022-03-07 07:17:55',20,20),(481,'Care and Treatment',59,'2022-03-07 07:18:09','2022-03-07 07:18:09',20,20),(482,'Family Planning support',59,'2022-03-07 07:18:20','2022-03-07 07:18:20',20,20),(483,'Budgeting',59,'2022-03-07 07:18:32','2022-03-07 07:18:32',20,20),(484,'Operational Performance Review',59,'2022-03-07 07:18:44','2022-03-07 07:18:44',20,20),(485,'Planning and Work Organisation',80,'2022-03-07 07:23:58','2022-03-07 07:23:58',20,20),(486,'Patient Care',80,'2022-03-07 07:24:23','2022-03-07 07:24:23',20,20),(487,'Mother and Child Care',80,'2022-03-07 07:24:42','2022-03-07 07:24:42',20,20),(488,'Planning and work organization ',154,'2022-03-07 07:24:43','2022-03-07 07:24:43',20,20),(489,'Community Service',80,'2022-03-07 07:24:56','2022-03-07 07:24:56',20,20),(490,'Operational Performance Review',80,'2022-03-07 07:25:12','2022-03-07 07:25:12',20,20),(491,'Planning and Work Organisation',79,'2022-03-07 07:31:19','2022-03-07 07:31:19',20,20),(492,'Patient Care',79,'2022-03-07 07:31:32','2022-03-07 07:31:32',20,20),(493,'Drug Administration',79,'2022-03-07 07:31:47','2022-03-07 07:31:47',20,20),(494,'Infection Prevention',79,'2022-03-07 07:32:02','2022-03-07 07:32:02',20,20),(495,'Records Maintenance',79,'2022-03-07 07:32:31','2022-03-07 07:32:31',20,20),(496,'Teaching and Training ',154,'2022-03-07 07:32:38','2022-03-07 07:32:38',20,20),(497,'Operational Performance Review',79,'2022-03-07 07:32:41','2022-03-07 07:32:41',20,20),(498,'Research and Publication',154,'2022-03-07 07:32:56','2022-03-07 07:32:56',20,20),(499,'Consultancy',154,'2022-03-07 07:33:13','2022-03-07 07:33:13',20,20),(500,'Univeristy and Public Life',154,'2022-03-07 07:33:24','2022-03-07 07:33:24',20,20),(501,'Operational performance Review',154,'2022-03-07 07:33:41','2022-03-07 07:33:41',20,20),(502,'Planning and Work Organisation',16,'2022-03-07 07:40:44','2022-03-07 07:40:44',20,20),(503,'Planning and organisation',16,'2022-03-07 07:41:10','2022-03-07 07:41:10',20,20),(504,'Banking and Revenue',16,'2022-03-07 07:41:46','2022-03-07 07:41:46',20,20),(505,'Managing books of accounts',16,'2022-03-07 07:42:05','2022-03-07 07:42:05',20,20),(506,'Preparing financial statements',16,'2022-03-07 07:42:21','2022-03-07 07:42:21',20,20),(507,'Human Resource Management',16,'2022-03-07 07:42:40','2022-03-07 07:42:40',20,20),(508,'Operational Performance Review',16,'2022-03-07 07:42:50','2022-03-07 07:42:50',20,20),(509,'Secretarial Services',163,'2022-03-07 07:50:05','2022-03-07 07:50:05',20,20),(510,'Planning and work organization ',189,'2022-03-07 07:58:57','2022-03-07 07:58:57',20,20),(511,'Service provision',189,'2022-03-07 07:59:15','2022-03-07 07:59:15',20,20),(512,'Organization and arrangement of stock',189,'2022-03-07 07:59:32','2022-03-07 07:59:32',20,20),(513,'Operational Performance review',189,'2022-03-07 07:59:43','2022-03-07 07:59:43',20,20),(514,'Operational Performance Review',72,'2022-03-07 08:05:43','2022-03-07 08:05:43',20,20),(515,'Planning and Work Organisation',72,'2022-03-07 08:06:01','2022-03-07 08:06:01',20,20),(516,'Driving',72,'2022-03-07 08:06:10','2022-03-07 08:06:10',20,20),(517,'Report Writing',72,'2022-03-07 08:06:22','2022-03-07 08:06:22',20,20),(518,'Maintenance and Repair',72,'2022-03-07 08:06:33','2022-03-07 08:06:33',20,20),(519,'Planning and work organization ',24,'2022-03-07 08:08:06','2022-03-07 08:08:06',20,20),(520,'Collection Development',24,'2022-03-07 08:08:18','2022-03-07 08:08:18',20,20),(521,'Managing ang organizing Information resources',24,'2022-03-07 08:08:27','2022-03-07 08:08:27',20,20),(522,'preservation .storing of Information resources',24,'2022-03-07 08:08:58','2022-03-07 08:08:58',20,20),(523,'Information Retrieval',24,'2022-03-07 08:09:08','2022-03-07 08:09:08',20,20),(524,'Education',24,'2022-03-07 08:09:19','2022-03-07 08:09:19',20,20),(525,'Planning and Work Organisation',71,'2022-03-07 08:09:22','2022-03-07 08:09:22',20,20),(526,'Operational Performance review',24,'2022-03-07 08:09:27','2022-03-07 08:09:27',20,20),(527,'Driving',71,'2022-03-07 08:09:37','2022-03-07 08:09:37',20,20),(528,'Report Writing',71,'2022-03-07 08:09:49','2022-03-07 08:09:49',20,20),(529,'Maintenance and Repair',71,'2022-03-07 08:10:10','2022-03-07 08:10:10',20,20),(530,'Operational Performance Review',71,'2022-03-07 08:10:31','2022-03-07 08:10:31',20,20),(531,'Prepare beverages',133,'2022-03-07 08:14:21','2022-03-07 08:14:21',20,20),(532,'Administration, Management and Supervision',1,'2022-03-07 08:26:36','2022-03-07 08:26:36',20,20),(533,'planning and curriculum Development',1,'2022-03-07 08:26:47','2022-03-07 08:26:47',20,20),(534,'Teaching',1,'2022-03-07 08:26:58','2022-03-07 08:26:58',20,20),(535,'Instruction',1,'2022-03-07 08:27:07','2022-03-07 08:27:07',20,20),(536,'Promote ICT Usage & Personal Development',1,'2022-03-07 08:27:16','2022-03-07 08:27:16',20,20),(537,'Operational performance Review',1,'2022-03-07 08:27:32','2022-03-07 08:27:32',20,20),(538,'Planning and Work Organisation',321,'2022-03-07 08:29:20','2022-03-07 08:29:20',20,20),(539,'Human Resource Management',321,'2022-03-07 08:29:41','2022-03-07 08:29:41',20,20),(540,'Administration',321,'2022-03-07 08:29:57','2022-03-07 08:29:57',20,20),(541,'Administration',321,'2022-03-07 08:33:53','2022-03-07 08:33:53',20,20),(542,'Budgeting',321,'2022-03-07 08:34:05','2022-03-07 08:34:05',20,20),(543,'Operational performance Review',321,'2022-03-07 08:34:31','2022-03-07 08:34:31',20,20),(544,'Operational performance Review',340,'2022-03-07 08:34:51','2022-03-07 08:34:51',20,20),(545,'Planning and Work Organisation',340,'2022-03-07 08:35:03','2022-03-07 08:35:03',20,20),(546,'Editing',340,'2022-03-07 08:35:18','2022-03-07 08:35:18',20,20),(547,'Human Resource Management',340,'2022-03-07 08:35:32','2022-03-07 08:35:32',20,20),(548,'Budgeting',340,'2022-03-07 08:35:42','2022-03-07 08:35:42',20,20),(549,'Secretarial Services',340,'2022-03-07 08:35:54','2022-03-07 08:35:54',20,20),(550,'Planning and work organization ',115,'2022-03-07 08:48:37','2022-03-07 08:48:37',20,20),(551,'Administration, Management and supervision',115,'2022-03-07 08:48:49','2022-03-07 08:48:49',20,20),(552,'planning and curriculum Development',115,'2022-03-07 08:48:57','2022-03-07 08:48:57',20,20),(553,'Teaching',115,'2022-03-07 08:49:07','2022-03-07 08:49:07',20,20),(554,'Instruction',115,'2022-03-07 08:49:14','2022-03-07 08:49:14',20,20),(555,'Research and Consultancy',115,'2022-03-07 08:49:23','2022-03-07 08:49:23',20,20),(556,'Promote Information and Communications Technologies (ICT) usage & personal development',115,'2022-03-07 08:49:31','2022-03-07 08:49:31',20,20),(557,'Operational performance Review',115,'2022-03-07 08:49:44','2022-03-07 08:49:44',20,20),(558,'Planning and work organization ',114,'2022-03-07 09:10:38','2022-03-07 09:10:38',20,20),(559,'Administration, Management and supervision',114,'2022-03-07 09:10:58','2022-03-07 09:10:58',20,20),(560,'Planning and Curriculum Development',114,'2022-03-07 09:11:04','2022-03-07 09:11:04',20,20),(561,'Teaching/Instruction',114,'2022-03-07 09:12:08','2022-03-07 09:12:08',20,20),(562,'Consultancy',114,'2022-03-07 09:12:17','2022-03-07 09:12:17',20,20),(563,'Promote ICT Usage & Personal Development',114,'2022-03-07 09:12:23','2022-03-07 09:12:23',20,20),(564,'Organizational performance review',114,'2022-03-07 09:12:49','2022-03-07 09:12:49',20,20),(565,'Professional service',114,'2022-03-07 09:13:06','2022-03-07 09:13:06',20,20),(566,'Collaboration',114,'2022-03-07 09:13:14','2022-03-07 09:13:14',20,20),(567,'Report Writing',114,'2022-03-07 09:13:23','2022-03-07 09:13:23',20,20),(568,'Planning and work organization ',280,'2022-03-07 09:25:34','2022-03-07 09:25:34',20,20),(569,'Sorting',280,'2022-03-07 09:25:44','2022-03-07 09:25:44',20,20),(570,'Receipt of Items',280,'2022-03-07 09:25:54','2022-03-07 09:25:54',20,20),(571,'Physical handling',280,'2022-03-07 09:26:01','2022-03-07 09:26:01',20,20),(572,'Planning and work organization ',213,'2022-03-07 09:34:19','2022-03-07 09:34:19',20,20),(575,'Stock taking ',213,'2022-03-07 09:34:42','2022-03-07 09:53:58',20,20),(576,'Clerical Duties',213,'2022-03-07 09:35:02','2022-03-07 09:46:30',20,20),(577,'Operational performance Review',213,'2022-03-07 09:35:12','2022-03-07 09:35:12',20,20),(578,'Planning and work organization ',214,'2022-03-07 09:36:39','2022-03-07 09:36:39',20,20),(579,'Liaison with suppliers and user units',214,'2022-03-07 09:37:03','2022-03-07 09:37:03',20,20),(580,'Health and Safety   ',214,'2022-03-07 09:37:16','2022-03-07 09:37:16',20,20),(581,'Quality Control',214,'2022-03-07 09:37:27','2022-03-07 09:37:27',20,20),(582,'Human Resource Management',214,'2022-03-07 09:37:32','2022-03-07 09:37:32',20,20),(583,'Operational performance Review',214,'2022-03-07 09:37:44','2022-03-07 09:37:44',20,20),(584,'Planning and work organization ',60,'2022-03-07 10:05:58','2022-03-07 10:05:58',20,20),(585,'Computer Laboratory inventory management',60,'2022-03-07 10:06:24','2022-03-07 10:06:24',20,20),(586,'Oversee security of computers and accessories',60,'2022-03-07 10:06:48','2022-03-07 10:06:48',20,20),(588,'File management and basic computer maintenance ',60,'2022-03-07 10:07:20','2022-03-11 15:23:15',20,20),(589,'Computer maintenance ',60,'2022-03-07 10:07:53','2022-03-07 10:07:53',20,20),(590,'User support ',60,'2022-03-07 10:08:17','2022-03-07 10:08:17',20,20),(591,'Operational performance Review',60,'2022-03-07 10:08:25','2022-03-07 10:08:25',20,20),(592,'Sending Inquiries',27,'2022-03-07 10:25:31','2022-03-07 10:25:31',20,20),(593,'Conduct Market Research',27,'2022-03-07 10:25:52','2022-03-07 10:25:52',20,20),(594,'Negotiating for Price Discounts',27,'2022-03-07 10:26:02','2022-03-07 10:26:02',20,20),(595,'Receive Quotations and Invoices',27,'2022-03-07 10:27:18','2022-03-07 10:27:18',20,20),(596,'Reports',27,'2022-03-07 10:27:28','2022-03-07 10:27:28',20,20),(597,'Filing',27,'2022-03-07 10:27:34','2022-03-07 10:27:34',20,20),(598,'Operational performance Review',27,'2022-03-07 10:27:47','2022-03-07 10:27:47',20,20),(599,'Preparation of purchasing lans and budgeting',160,'2022-03-07 10:34:06','2022-03-07 10:34:06',20,20),(600,'Contract Management',160,'2022-03-07 10:34:14','2022-03-07 10:34:14',20,20),(601,'Review of Purchase Orders',160,'2022-03-07 10:34:23','2022-03-07 10:34:23',20,20),(602,'Purchasing Negotiations',160,'2022-03-07 10:34:33','2022-03-07 10:34:33',20,20),(603,'Reporting',160,'2022-03-07 10:34:44','2022-03-07 10:34:44',20,20),(605,'Operational performance Review',160,'2022-03-07 10:35:00','2022-03-07 10:35:00',20,20),(606,'Planning and work organization ',8,'2022-03-07 10:53:59','2022-03-07 10:53:59',20,20),(607,'Feeding and watering animals and birds.',8,'2022-03-07 10:54:06','2022-03-07 10:54:06',20,20),(608,'Safe care of animals',8,'2022-03-07 10:54:13','2022-03-07 10:54:13',20,20),(609,'4 Administer medicine',8,'2022-03-07 10:54:18','2022-03-07 10:54:18',20,20),(610,'Cleaning',8,'2022-03-07 10:54:29','2022-03-07 10:54:29',20,20),(611,'Milking diary cows',8,'2022-03-07 10:54:40','2022-03-07 10:54:40',20,20),(612,'Detecting animals on heat',8,'2022-03-07 10:54:46','2022-03-07 10:54:46',20,20),(613,'Feeding animals ',8,'2022-03-07 10:54:57','2022-03-07 10:54:57',20,20),(615,'Burning animal carcass',8,'2022-03-07 10:55:19','2022-03-07 10:55:19',20,20),(616,'Prepare land and plant',147,'2022-03-07 11:29:43','2022-03-07 11:29:43',20,20),(617,'Application of herbicides and insecticides',147,'2022-03-07 11:30:00','2022-03-07 11:30:00',20,20),(618,'2.3Cleaning and burning carcasses',147,'2022-03-07 11:30:06','2022-03-07 11:30:06',20,20),(619,'Teaching and Training',170,'2022-03-07 11:34:56','2022-03-07 11:34:56',20,20),(620,'Promotion of Diploma programmes',170,'2022-03-07 11:35:15','2022-03-07 11:35:15',20,20),(621,'Research and Publication',170,'2022-03-07 11:35:22','2022-03-07 11:35:22',20,20),(622,'Management and Administration',170,'2022-03-07 11:35:36','2022-03-07 11:35:36',20,20),(623,'Financial management and income generation ',170,'2022-03-07 11:35:50','2022-03-07 11:35:50',20,20),(624,'Provide Academic Counselling',170,'2022-03-07 11:35:57','2022-03-07 11:35:57',20,20),(625,'University and Public Life',170,'2022-03-07 11:36:06','2022-03-07 11:36:06',20,20),(626,'Operational performance Review',106,'2022-03-07 12:32:21','2022-03-07 12:32:21',20,20),(627,'Participates in the formulation/review of policies and preparation /review of work manuals a',106,'2022-03-07 12:32:35','2022-03-07 12:32:35',20,20),(628,'Planning and work organization ',106,'2022-03-07 12:34:34','2022-03-07 12:34:34',20,20),(629,'Set up apparatus for laboratory',106,'2022-03-07 12:34:42','2022-03-07 12:34:42',20,20),(630,'Field Trips Involvement',106,'2022-03-07 12:34:47','2022-03-07 12:34:47',20,20),(631,'Production of laboratory manuals or report books.',106,'2022-03-07 12:35:08','2022-03-07 12:35:08',20,20),(632,'Planning and work organization ',197,'2022-03-07 12:57:07','2022-03-07 12:57:07',20,20),(633,'Supervision ',197,'2022-03-07 12:57:16','2022-03-07 12:57:16',20,20),(634,'Carrying out Experiments',197,'2022-03-07 12:57:27','2022-03-07 12:57:27',20,20),(635,'Provision of Accurate medical information',197,'2022-03-07 12:57:46','2022-03-07 12:57:46',20,20),(636,'Health and safety',197,'2022-03-07 12:57:53','2022-03-07 12:57:53',20,20),(637,'Human Resource Management',197,'2022-03-07 13:07:26','2022-03-07 13:07:26',20,20),(638,'Planning and work organization ',7,'2022-03-07 13:23:49','2022-03-07 13:23:49',20,20),(639,'Records Management',7,'2022-03-07 13:23:56','2022-03-07 13:23:56',20,20),(640,'Procurement and Inventory Management',7,'2022-03-07 13:24:02','2022-03-07 13:24:02',20,20),(641,'Student registration',7,'2022-03-07 13:24:11','2022-03-07 13:24:11',20,20),(643,'Operational performance Review',7,'2022-03-07 13:24:29','2022-03-07 13:24:29',20,20),(644,'Property maintenance',7,'2022-03-07 13:24:46','2022-03-07 13:24:46',20,20),(645,'Planning and work organization ',53,'2022-03-07 13:44:04','2022-03-07 13:44:04',20,20),(646,'Supervision and Coordination',53,'2022-03-07 13:44:17','2022-03-07 13:44:17',20,20),(647,'Custodian of laboratory Equipment',53,'2022-03-07 13:44:40','2022-03-07 13:44:40',20,20),(648,'Conducting laboratory Experiments',53,'2022-03-07 13:44:49','2022-03-07 13:44:49',20,20),(649,'Research and Consultancy',53,'2022-03-07 13:44:59','2022-03-07 13:44:59',20,20),(650,'Human Resource Management',53,'2022-03-07 13:45:06','2022-03-07 13:45:06',20,20),(651,'Inventory Management',53,'2022-03-07 13:45:15','2022-03-07 13:45:15',20,20),(652,'Records Management',53,'2022-03-07 13:45:26','2022-03-07 13:45:26',20,20),(653,'Budgeting',53,'2022-03-07 13:45:33','2022-03-07 13:45:33',20,20),(654,'Procurement',53,'2022-03-07 13:45:39','2022-03-07 13:45:39',20,20),(655,'occupational Safety',53,'2022-03-07 13:45:45','2022-03-07 13:45:45',20,20),(656,'Operational performance Review',53,'2022-03-07 13:45:59','2022-03-07 13:45:59',20,20),(657,'Planning and work organization ',175,'2022-03-07 13:54:59','2022-03-07 13:54:59',20,20),(658,'Secretarial Services',175,'2022-03-07 13:55:07','2022-03-07 13:55:07',20,20),(659,'Operational performance Review',175,'2022-03-07 13:55:18','2022-03-07 13:55:18',20,20),(661,'Planning and work organization ',337,'2022-03-07 14:05:18','2022-03-07 14:05:18',20,20),(663,'Human Resource Management',337,'2022-03-07 14:05:33','2022-03-07 14:05:33',20,20),(667,'Records Management',337,'2022-03-07 14:09:16','2022-03-07 14:09:16',20,20),(668,'Procurement and Inventory Management',337,'2022-03-07 14:09:22','2022-03-07 14:09:22',20,20),(672,'Planning and work organization ',345,'2022-03-07 14:57:00','2022-03-07 14:57:00',20,20),(673,'Preparing Financial Statements',345,'2022-03-07 14:57:07','2022-03-07 14:57:07',20,20),(674,'Enforcing Financial Regulations',345,'2022-03-07 14:57:14','2022-03-07 14:57:14',20,20),(675,'Budgeting ',345,'2022-03-07 14:57:19','2022-03-07 14:57:19',20,20),(676,'Secretarial Services',345,'2022-03-07 14:57:28','2022-03-07 14:57:28',20,20),(677,'Processing of payments',345,'2022-03-07 14:57:39','2022-03-07 14:57:39',20,20),(678,'Reconciliations',345,'2022-03-07 14:57:51','2022-03-07 14:57:51',20,20),(679,'Human Resource Management',345,'2022-03-07 14:58:00','2022-03-07 14:58:00',20,20),(680,'Operational performance Review',345,'2022-03-07 14:58:11','2022-03-07 14:58:11',20,20),(681,'Planning and Work Organisation',188,'2022-03-07 15:07:48','2022-03-07 15:07:48',20,20),(682,'Teaching and Training',188,'2022-03-07 15:08:08','2022-03-07 15:08:08',20,20),(683,'Research and Publication',188,'2022-03-07 15:08:24','2022-03-07 15:08:24',20,20),(684,'University and Public Life',188,'2022-03-07 15:08:49','2022-03-07 15:08:49',20,20),(685,'Operational performance Review',188,'2022-03-07 15:09:16','2022-03-07 15:09:16',20,20),(686,'Providing Secretarial Services',28,'2022-03-07 15:11:17','2022-03-07 15:11:17',20,20),(687,'Student Admission and Registration ',28,'2022-03-07 15:11:41','2022-03-07 15:11:41',20,20),(688,'Budgeting and Budget Control',28,'2022-03-07 15:11:55','2022-03-07 15:11:55',20,20),(692,'Planning and Work Organisation',33,'2022-03-07 15:30:57','2022-03-07 15:30:57',20,20),(694,'Teaching and Training',33,'2022-03-07 15:33:18','2022-03-07 15:33:18',20,20),(695,'Research and publication',33,'2022-03-07 15:33:34','2022-03-07 15:33:34',20,20),(696,'Consultancy',33,'2022-03-07 15:33:58','2022-03-07 15:33:58',20,20),(697,'University and Public Life',33,'2022-03-07 15:34:23','2022-03-07 15:34:23',20,20),(698,'Operational Performance Review',33,'2022-03-07 15:34:42','2022-03-07 15:34:42',20,20),(699,'Planning and work organization ',113,'2022-03-07 15:36:44','2022-03-07 15:36:44',20,20),(700,'Teaching and Training',113,'2022-03-07 15:37:02','2022-03-07 15:37:02',20,20),(701,'Research and publication',113,'2022-03-07 15:37:12','2022-03-07 15:37:12',20,20),(702,'Consultancy',113,'2022-03-07 15:37:30','2022-03-07 15:37:30',20,20),(703,'University and Public Life',113,'2022-03-07 15:37:43','2022-03-07 15:37:43',20,20),(704,'Operational performance Review',113,'2022-03-07 15:38:26','2022-03-07 15:38:26',20,20),(705,'Planning and Work Organisation',111,'2022-03-07 15:50:25','2022-03-07 15:50:25',20,20),(706,'Planning and work organization ',112,'2022-03-07 15:50:34','2022-03-07 15:50:34',20,20),(707,'Teaching and Training',111,'2022-03-07 15:50:37','2022-03-07 15:50:37',20,20),(708,'Research and Publication',111,'2022-03-07 15:50:53','2022-03-07 15:50:53',20,20),(709,'Teaching and Training',112,'2022-03-07 15:50:56','2022-03-07 15:50:56',20,20),(710,'Research and publication',112,'2022-03-07 15:51:03','2022-03-07 15:51:03',20,20),(711,'Consultancy',111,'2022-03-07 15:51:06','2022-03-07 15:51:06',20,20),(712,'University and Public Life',111,'2022-03-07 15:51:14','2022-03-07 15:51:14',20,20),(714,'University and Public Life',112,'2022-03-07 15:51:28','2022-03-07 15:51:28',20,20),(715,'Operational performance Review',111,'2022-03-07 15:51:31','2022-03-07 15:51:31',20,20),(716,'Operational performance Review',112,'2022-03-07 15:51:38','2022-03-07 15:51:38',20,20),(717,'Consultancy',112,'2022-03-07 16:10:49','2022-03-07 16:10:49',20,20),(718,'	 Planning and work organization',258,'2022-03-09 08:18:14','2022-03-09 08:18:14',30,30),(719,'	 Asset Management',258,'2022-03-09 08:19:00','2022-03-09 08:19:00',30,30),(720,'	Inspects and verifies negotiable securities',258,'2022-03-09 08:19:50','2022-03-09 08:19:50',30,30),(721,'	Operational Audits',258,'2022-03-09 08:20:42','2022-03-09 08:20:42',30,30),(722,'	Performing special management audits',258,'2022-03-09 08:21:39','2022-03-09 08:21:39',30,30),(723,'	Coordination with  external Auditors',258,'2022-03-09 08:22:21','2022-03-09 08:22:21',30,30),(724,'	Organisational Performance Review',258,'2022-03-09 08:23:13','2022-03-09 08:23:13',30,30),(725,'Planning and work organization',317,'2022-03-09 09:23:16','2022-03-09 09:23:16',30,30),(726,'Preparation of programs',317,'2022-03-09 09:25:57','2022-03-09 09:25:57',30,30),(727,'Evaluation and Supervising',317,'2022-03-09 09:26:30','2022-03-09 09:26:30',30,30),(728,'Monitoring',317,'2022-03-09 09:27:10','2022-03-09 09:27:10',30,30),(729,'Development of Budget Estimates',317,'2022-03-09 09:27:44','2022-03-09 09:27:44',30,30),(730,'Organisational Performance Review',317,'2022-03-09 09:28:25','2022-03-09 09:28:25',30,30),(731,'Planning and work organization',187,'2022-03-09 09:51:34','2022-03-09 09:51:34',30,30),(732,'Preparation of programs',187,'2022-03-09 09:52:38','2022-03-09 09:52:38',30,30),(733,'Evaluation and Supervising',187,'2022-03-09 09:53:02','2022-03-09 09:53:02',30,30),(734,'Monitoring',187,'2022-03-09 09:53:26','2022-03-09 09:53:26',30,30),(735,'Development of systems',187,'2022-03-09 09:53:56','2022-03-09 09:53:56',30,30),(736,'Organisational Performance Review',187,'2022-03-09 09:54:18','2022-03-09 09:54:18',30,30),(737,'Planning and work organization',101,'2022-03-09 10:25:52','2022-03-09 10:25:52',30,30),(738,'Assisting Superiors in Planning and auditing',101,'2022-03-09 10:26:17','2022-03-09 10:26:17',30,30),(739,'Inspects and verifies negotiable securities',101,'2022-03-09 10:26:55','2022-03-09 10:26:55',30,30),(740,'Inspect the recording of transactions',101,'2022-03-09 10:27:30','2022-03-09 10:27:30',30,30),(741,'Performing special management audits',101,'2022-03-09 10:27:59','2022-03-09 10:27:59',30,30),(742,'Verifies journal and ledger entries',101,'2022-03-09 10:28:28','2022-03-09 10:28:28',30,30),(743,'Organisational Performance Review',101,'2022-03-09 10:29:00','2022-03-09 10:29:00',30,30),(746,'Communication, Marketing and Public Relations ',330,'2022-03-09 14:21:56','2022-03-09 14:21:56',29,29),(747,'Planning and Work Organization',231,'2022-03-10 13:37:49','2022-03-10 13:37:49',20,20),(748,'Financial Reporting',231,'2022-03-10 13:38:11','2022-03-10 13:38:11',20,20),(749,'Financial Planning',231,'2022-03-10 13:38:26','2022-03-10 13:38:26',20,20),(750,'Budgeting and Budgetary Control System',231,'2022-03-10 13:38:53','2022-03-10 13:38:53',20,20),(751,'Treasury Management',231,'2022-03-10 13:39:06','2022-03-10 13:39:06',20,20),(752,'Internal Controls',231,'2022-03-10 13:39:18','2022-03-10 13:39:18',20,20),(753,'Financial Transactions',231,'2022-03-10 13:39:34','2022-03-10 13:39:34',20,20),(754,'Audits',231,'2022-03-10 13:39:45','2022-03-10 13:39:45',20,20),(755,'Management',231,'2022-03-10 13:40:00','2022-03-10 13:40:00',20,20),(756,'Operational Performance Review',231,'2022-03-10 13:40:32','2022-03-10 13:40:32',20,20),(757,'Planning and Work Organisation',228,'2022-03-10 13:46:24','2022-03-10 13:46:24',20,20),(758,'Financial Reporting',228,'2022-03-10 13:46:40','2022-03-10 13:46:40',20,20),(759,'Financial Planning',228,'2022-03-10 13:46:48','2022-03-10 13:46:48',20,20),(760,'Budgeting and Budgetary Control System',228,'2022-03-10 13:47:07','2022-03-10 13:47:07',20,20),(761,'Treasury Management',228,'2022-03-10 13:47:17','2022-03-10 13:47:17',20,20),(762,'Internal Controls',228,'2022-03-10 13:47:40','2022-03-10 13:47:40',20,20),(763,'Financial Transactions',228,'2022-03-10 13:48:23','2022-03-10 13:48:23',20,20),(764,'Audits',228,'2022-03-10 13:48:34','2022-03-10 13:48:34',20,20),(765,'Management',228,'2022-03-10 13:48:42','2022-03-10 13:48:42',20,20),(766,'Operational performance Review',228,'2022-03-10 13:48:52','2022-03-10 13:48:52',20,20),(767,'Financial Reporting',345,'2022-03-10 14:14:58','2022-03-10 14:14:58',20,20),(768,'Financial Planning',345,'2022-03-10 14:15:14','2022-03-10 14:15:14',20,20),(769,'Budgeting and Budgetary Control System',345,'2022-03-10 14:15:37','2022-03-10 14:15:37',20,20),(770,'Treasury Management',345,'2022-03-10 14:15:46','2022-03-10 14:15:46',20,20),(771,'Internal Controls',345,'2022-03-10 14:16:05','2022-03-10 14:16:05',20,20),(772,'Audits',345,'2022-03-10 14:16:17','2022-03-10 14:16:17',20,20),(773,'Management',345,'2022-03-10 14:16:28','2022-03-10 14:16:28',20,20),(774,'Financial Reporting',16,'2022-03-10 14:37:10','2022-03-10 14:37:10',20,20),(775,'Bank Reconciliation Statements',16,'2022-03-10 14:37:34','2022-03-10 14:37:34',20,20),(776,'Payments  processing',16,'2022-03-10 14:37:56','2022-03-10 14:37:56',20,20),(777,'Receipting',16,'2022-03-10 14:38:14','2022-03-10 14:38:14',20,20),(778,'Management',16,'2022-03-10 14:42:16','2022-03-10 14:42:16',20,20),(779,'Planning and work organization',218,'2022-03-10 14:48:34','2022-03-10 14:48:34',20,20),(780,'Planning and Analyzing Data Base Designs',218,'2022-03-10 14:48:45','2022-03-10 14:48:45',20,20),(781,'Systems Documentation and Inventory.',218,'2022-03-10 14:49:04','2022-03-10 14:49:04',20,20),(782,'Training and Consultancy',218,'2022-03-10 14:49:16','2022-03-10 14:49:16',20,20),(783,'Research and Development',218,'2022-03-10 14:49:29','2022-03-10 14:49:29',20,20),(784,'User Support',218,'2022-03-10 14:49:38','2022-03-10 14:49:38',20,20),(785,'Operational performance Review',218,'2022-03-10 14:49:50','2022-03-10 14:49:50',20,20),(786,'Ensuring Timely Collection of Rentals',66,'2022-03-10 14:52:39','2022-03-10 14:52:39',20,20),(787,'Operational Performance Review',66,'2022-03-10 14:52:59','2022-03-10 14:52:59',20,20),(789,'Planning and Work Organization',95,'2022-03-11 07:47:36','2022-03-11 07:47:36',20,20),(790,'Residential Inspection',95,'2022-03-11 07:48:07','2022-03-11 07:48:07',20,20),(791,'Supervision ',95,'2022-03-11 07:48:20','2022-03-11 07:48:20',20,20),(792,'Customer care',95,'2022-03-11 07:48:29','2022-03-11 07:48:29',20,20),(793,'Room service ',95,'2022-03-11 07:48:42','2022-03-11 07:48:42',20,20),(794,'Health and safety ',95,'2022-03-11 07:48:57','2022-03-11 07:48:57',20,20),(795,'Maintenance ',95,'2022-03-11 07:49:09','2022-03-11 07:49:09',20,20),(796,'Record keeping',95,'2022-03-11 07:49:24','2022-03-11 07:49:24',20,20),(797,'Planning ',95,'2022-03-11 07:53:33','2022-03-11 07:53:33',20,20),(798,'Operational Performance Review ',95,'2022-03-11 07:54:19','2022-03-11 07:54:19',20,20),(799,'Planning and Work Organisation',324,'2022-03-11 08:10:52','2022-03-11 08:10:52',20,20),(800,'Coordination and Supervision',324,'2022-03-11 08:11:04','2022-03-11 08:11:04',20,20),(801,'Planning',324,'2022-03-11 08:11:17','2022-03-11 08:11:17',20,20),(802,' Counselling',324,'2022-03-11 08:11:28','2022-03-11 08:11:28',20,20),(803,'Secretarial duties',324,'2022-03-11 08:11:42','2022-03-11 08:11:42',20,20),(804,'Budget Preparation',324,'2022-03-11 08:11:58','2022-03-11 08:11:58',20,20),(805,'Hostels Inspections and maintenance',324,'2022-03-11 08:12:08','2022-03-11 08:12:08',20,20),(806,'Report Writing',324,'2022-03-11 08:12:23','2022-03-11 08:12:23',20,20),(807,'Operational Performance Review',324,'2022-03-11 08:12:33','2022-03-11 08:12:33',20,20),(808,'Budgeting  ',7,'2022-03-11 08:12:49','2022-03-11 08:12:49',20,20),(809,'Planning and Work Organisation',208,'2022-03-11 08:23:58','2022-03-11 08:23:58',20,20),(810,'Counselling Services',208,'2022-03-11 08:24:13','2022-03-11 08:24:13',20,20),(811,'Human Resource Management',208,'2022-03-11 08:24:24','2022-03-11 08:24:24',20,20),(812,'Research',208,'2022-03-11 08:24:47','2022-03-11 08:24:47',20,20),(813,'Budget Preparation',208,'2022-03-11 08:25:02','2022-03-11 08:25:02',20,20),(814,'Operational Performance Review',208,'2022-03-11 08:25:15','2022-03-11 08:25:15',20,20),(815,'Planning and Work Organisation',14,'2022-03-11 08:37:59','2022-03-11 08:37:59',20,20),(816,'Coordinating administrative functions',14,'2022-03-11 08:38:27','2022-03-11 08:38:27',20,20),(817,'Conducting regular inspections',14,'2022-03-11 08:38:41','2022-03-11 08:38:41',20,20),(818,'Monitoring the allocation of hostel accommodation',14,'2022-03-11 08:38:57','2022-03-11 08:38:57',20,20),(819,'Guiding student unions',14,'2022-03-11 08:39:20','2022-03-11 08:39:20',20,20),(820,'Preparing defaulters lists',14,'2022-03-11 08:39:36','2022-03-11 08:39:36',20,20),(821,'Contributing in the preparation of the departmental budget',14,'2022-03-11 08:39:50','2022-03-11 08:39:50',20,20),(822,'Facilitating the allocation of vacant bed space',14,'2022-03-11 08:40:01','2022-03-11 08:40:01',20,20),(823,'Maintaining a proper record of accommodated students',14,'2022-03-11 08:40:13','2022-03-11 08:40:13',20,20),(824,'Conducting regular inspections of the contractors',14,'2022-03-11 08:40:31','2022-03-11 08:40:31',20,20),(825,'Advising students on any matter related to their soc',14,'2022-03-11 08:40:53','2022-03-11 08:40:53',20,20),(826,'Enforcing rules and regulations ',14,'2022-03-11 08:41:06','2022-03-11 08:41:06',20,20),(827,'Budgeting',14,'2022-03-11 08:41:22','2022-03-11 08:41:22',20,20),(828,'Operational Performance Review',14,'2022-03-11 08:41:34','2022-03-11 08:41:34',20,20),(829,'Planning and Work Organisation',64,'2022-03-11 08:52:09','2022-03-11 08:52:09',20,20),(830,'Counselling Services',64,'2022-03-11 08:52:18','2022-03-11 08:52:18',20,20),(831,'Training',64,'2022-03-11 08:52:33','2022-03-11 08:52:33',20,20),(832,'Investigation',64,'2022-03-11 08:52:51','2022-03-11 08:52:51',20,20),(833,'Records Management',64,'2022-03-11 08:53:00','2022-03-11 08:53:00',20,20),(834,'Research',64,'2022-03-11 08:53:10','2022-03-11 08:53:10',20,20),(835,'Operational Performance Review',64,'2022-03-11 08:53:18','2022-03-11 08:53:18',20,20),(836,'Planning and Work Organisation',210,'2022-03-11 09:08:33','2022-03-11 09:08:33',20,20),(837,'Custodian of Sports and Recreation Facilities',210,'2022-03-11 09:08:44','2022-03-11 09:08:44',20,20),(838,'Promotional of Sports Activities',210,'2022-03-11 09:09:00','2022-03-11 09:09:00',20,20),(839,'Human Resources management ',210,'2022-03-11 09:09:14','2022-03-11 09:09:14',20,20),(840,'Operational Performance Review',210,'2022-03-11 09:09:28','2022-03-11 09:09:28',20,20),(841,'Planning and Work Organization',227,'2022-03-11 09:31:08','2022-03-11 09:31:08',20,20),(842,'Receiving Orders and payments from Clients ',227,'2022-03-11 09:31:23','2022-03-11 09:31:23',20,20),(843,'Networking',227,'2022-03-11 09:31:32','2022-03-11 09:31:32',20,20),(844,'Serving Orders',227,'2022-03-11 09:31:46','2022-03-11 09:31:46',20,20),(845,'Tiding up Tables',227,'2022-03-11 09:31:55','2022-03-11 09:31:55',20,20),(846,'Planning and Work Organisation',56,'2022-03-11 09:43:47','2022-03-11 09:43:47',20,20),(847,'Procurement ',56,'2022-03-11 09:43:55','2022-03-11 09:43:55',20,20),(848,'Inspections',56,'2022-03-11 09:44:15','2022-03-11 09:44:15',20,20),(849,'Records Management',56,'2022-03-11 09:44:34','2022-03-11 09:44:34',20,20),(850,'Administration',56,'2022-03-11 09:44:44','2022-03-11 09:44:44',20,20),(851,'Operational Performance Review',56,'2022-03-11 09:44:56','2022-03-11 09:44:56',20,20),(852,'Planning and Work Organisation',82,'2022-03-11 09:49:58','2022-03-11 09:49:58',20,20),(853,'Cleaning',82,'2022-03-11 09:50:17','2022-03-11 09:50:17',20,20),(854,'Planting',82,'2022-03-11 09:50:36','2022-03-11 09:50:36',20,20),(855,'Maintenance',82,'2022-03-11 09:51:01','2022-03-11 09:51:01',20,20),(856,'Safety',82,'2022-03-11 09:51:11','2022-03-11 09:51:11',20,20),(857,'Operational Performance Review',82,'2022-03-11 09:51:19','2022-03-11 09:51:19',20,20),(858,'Planning and Work Organisation',85,'2022-03-11 09:56:14','2022-03-11 09:56:14',20,20),(860,'Sports Fields Maintenance',85,'2022-03-11 09:57:06','2022-03-11 09:57:06',20,20),(861,'Records Management',85,'2022-03-11 09:57:22','2022-03-11 09:57:22',20,20),(862,'Management of Sports and Recreation',85,'2022-03-11 09:57:42','2022-03-11 09:57:42',20,20),(863,'Operational Performance Review',85,'2022-03-11 09:57:55','2022-03-11 09:57:55',20,20),(864,'Planning and Work Organisation',126,'2022-03-11 12:13:19','2022-03-11 12:13:19',20,20),(865,'Coordination and Budgeting',126,'2022-03-11 12:13:38','2022-03-11 12:13:38',20,20),(866,'Sales and Marketing',126,'2022-03-11 12:14:14','2022-03-11 12:14:14',20,20),(867,'Human Resource Management',126,'2022-03-11 12:14:30','2022-03-11 12:14:30',20,20),(869,'Financial Management',126,'2022-03-11 12:16:05','2022-03-11 12:16:05',20,20),(870,'Operational Performance Review',126,'2022-03-11 12:16:17','2022-03-11 12:16:17',20,20),(871,'Planning and Work Organisation',194,'2022-03-11 12:55:20','2022-03-11 12:55:20',20,20),(872,'Supervision and coordination',194,'2022-03-11 12:55:35','2022-03-11 12:55:35',20,20),(873,'Patrolling',194,'2022-03-11 12:55:56','2022-03-11 12:55:56',20,20),(874,'Preparation of dockets and charge     sheets ',194,'2022-03-11 12:56:15','2022-03-11 12:56:15',20,20),(875,'Record keeping of crimes',194,'2022-03-11 12:56:31','2022-03-11 12:56:31',20,20),(876,'Operational Performance Review',194,'2022-03-11 12:56:40','2022-03-11 12:56:40',20,20),(877,'Planning and Work Organisation',18,'2022-03-11 13:08:04','2022-03-11 13:08:04',20,20),(878,'Procurement ',18,'2022-03-11 13:08:26','2022-03-11 13:08:26',20,20),(879,'Record Keeping',18,'2022-03-11 13:08:46','2022-03-11 13:08:46',20,20),(880,'Inventory Management',18,'2022-03-11 13:08:56','2022-03-11 13:08:56',20,20),(881,'Budgeting',18,'2022-03-11 13:09:08','2022-03-11 13:09:08',20,20),(882,'Operational Performance Review',18,'2022-03-11 13:09:19','2022-03-11 13:09:19',20,20),(883,'Planning and Work Organisation',256,'2022-03-11 13:20:27','2022-03-11 13:20:27',20,20),(884,'Policy Implementation',256,'2022-03-11 13:20:38','2022-03-11 13:20:38',20,20),(885,'Asset Management',256,'2022-03-11 13:21:02','2022-03-11 13:21:02',20,20),(886,'Secretarial Services',256,'2022-03-11 13:21:17','2022-03-11 13:21:17',20,20),(887,'Facilitating Acquisition of title deeds',256,'2022-03-11 13:21:34','2022-03-11 13:21:34',20,20),(888,'Property evaluation',256,'2022-03-11 13:21:47','2022-03-11 13:21:47',20,20),(889,'Offering Technical Advice  ',256,'2022-03-11 13:22:01','2022-03-11 13:22:01',20,20),(890,'Custodian of title deeds',256,'2022-03-11 13:23:05','2022-03-11 13:23:05',20,20),(891,'Operational Performance Review',256,'2022-03-11 13:23:18','2022-03-11 13:23:18',20,20),(892,'Planning',177,'2022-03-11 13:44:49','2022-03-11 13:44:49',20,20),(893,'Assisting in Shifts',177,'2022-03-11 13:45:02','2022-03-11 13:45:02',20,20),(894,'Receiving complaints',177,'2022-03-11 13:45:16','2022-03-11 13:45:16',20,20),(895,'Conducts routine patrols',177,'2022-03-11 13:45:26','2022-03-11 13:45:26',20,20),(896,'Responsible for safe keeping',177,'2022-03-11 13:45:37','2022-03-11 13:45:37',20,20),(897,'Operational Performance Review',177,'2022-03-11 13:45:50','2022-03-11 13:45:50',20,20),(898,'Planning',178,'2022-03-11 13:49:58','2022-03-11 13:49:58',20,20),(899,'Assisting in Shifts',178,'2022-03-11 13:50:11','2022-03-11 13:50:11',20,20),(900,'Guarding',178,'2022-03-11 13:50:26','2022-03-11 13:50:26',20,20),(902,'Conducts routine patrols',178,'2022-03-11 13:51:42','2022-03-11 13:51:42',20,20),(903,'Responsible for safe keeping',178,'2022-03-11 13:51:54','2022-03-11 13:51:54',20,20),(904,'Report all problems',178,'2022-03-11 13:52:08','2022-03-11 13:52:08',20,20),(905,'Apprehending suspects',178,'2022-03-11 13:52:18','2022-03-11 13:52:18',20,20),(906,'Operational Performance Review',178,'2022-03-11 13:52:33','2022-03-11 13:52:33',20,20),(907,'Planning',179,'2022-03-11 14:10:49','2022-03-11 14:10:49',20,20),(908,'Assisting in Shifts',179,'2022-03-11 14:10:59','2022-03-11 14:10:59',20,20),(909,'Guarding',179,'2022-03-11 14:11:07','2022-03-11 14:11:07',20,20),(910,'Conducts routine patrols',179,'2022-03-11 14:11:16','2022-03-11 14:11:16',20,20),(911,'Report all problems',179,'2022-03-11 14:11:24','2022-03-11 14:11:24',20,20),(912,'Apprehending suspects',179,'2022-03-11 14:11:32','2022-03-11 14:11:32',20,20),(913,'Operational Performance Review',179,'2022-03-11 14:11:45','2022-03-11 14:11:45',20,20),(914,'Planning',176,'2022-03-11 14:34:15','2022-03-11 14:34:15',20,20),(915,'Guarding',176,'2022-03-11 14:34:25','2022-03-11 14:34:25',20,20),(917,'Maintain Law and Order',176,'2022-03-11 14:35:14','2022-03-11 14:35:14',20,20),(918,'Conducts patrols',176,'2022-03-11 14:35:28','2022-03-11 14:35:28',20,20),(919,'Report all problems',176,'2022-03-11 14:35:44','2022-03-11 14:35:44',20,20),(920,'Apprehending suspects',176,'2022-03-11 14:36:01','2022-03-11 14:36:01',20,20),(921,'Screen Students',176,'2022-03-11 14:37:38','2022-03-11 14:37:38',20,20),(922,'Operational Performance Review',176,'2022-03-11 14:37:48','2022-03-11 14:37:48',20,20),(923,'Planning',271,'2022-03-11 14:48:06','2022-03-11 14:48:06',20,20),(924,'Identification of training needs ',271,'2022-03-11 14:48:22','2022-03-11 14:48:22',20,20),(926,'Planning and monitoring ',271,'2022-03-11 14:48:53','2022-03-11 14:48:53',20,20),(927,'Secretarial duties ',271,'2022-03-11 14:49:06','2022-03-11 14:49:06',20,20),(928,'Human Resources management ',271,'2022-03-11 14:49:21','2022-03-11 14:49:21',20,20),(929,'Preparation of reports',271,'2022-03-11 14:49:36','2022-03-11 14:49:36',20,20),(930,'Planning and Work Organisation',52,'2022-03-11 14:59:29','2022-03-11 14:59:29',20,20),(931,'Security Administration',52,'2022-03-11 14:59:41','2022-03-11 14:59:41',20,20),(933,'Security Planning',52,'2022-03-11 15:00:41','2022-03-11 15:00:41',20,20),(934,'Protection',52,'2022-03-11 15:00:56','2022-03-11 15:00:56',20,20),(935,'Control',52,'2022-03-11 15:01:07','2022-03-11 15:01:07',20,20),(936,'Security Strategy Development',52,'2022-03-11 15:01:18','2022-03-11 15:01:18',20,20),(937,' Investigation',52,'2022-03-11 15:01:33','2022-03-11 15:01:33',20,20),(938,'Security Liaison',52,'2022-03-11 15:01:43','2022-03-11 15:01:43',20,20),(939,'Security Sensitization',52,'2022-03-11 15:01:56','2022-03-11 15:01:56',20,20),(940,'Crime Examination and Investigation',52,'2022-03-11 15:02:05','2022-03-11 15:02:05',20,20),(941,'Maintenance of Peace',52,'2022-03-11 15:02:25','2022-03-11 15:02:25',20,20),(942,'Budget Preparation and Control',52,'2022-03-11 15:08:39','2022-03-11 15:08:39',20,20),(943,'Operational Performance Review',52,'2022-03-11 15:08:50','2022-03-11 15:08:50',20,20),(944,'Planning and Work Organisation',98,'2022-03-14 07:48:55','2022-03-14 07:48:55',20,20),(945,'ICT Planning and Maintenance',98,'2022-03-14 07:49:10','2022-03-14 07:49:10',20,20),(946,'Designing and Installation of ICT equipments, Networks and Software.  ',98,'2022-03-14 07:49:34','2022-03-14 07:49:34',20,20),(947,'ICT Security',98,'2022-03-14 07:49:46','2022-03-14 07:49:46',20,20),(948,'Human Resource Management ',98,'2022-03-14 07:50:00','2022-03-14 07:50:00',20,20),(949,'Operational Performance Review',98,'2022-03-14 07:50:09','2022-03-14 07:50:09',20,20),(950,'Planning and Work Organisation',254,'2022-03-14 07:59:09','2022-03-14 07:59:09',20,20),(951,'Marketing',254,'2022-03-14 07:59:54','2022-03-14 07:59:54',20,20),(953,'Research',254,'2022-03-14 08:00:08','2022-03-14 08:00:08',20,20),(954,'Public Relations',254,'2022-03-14 08:00:30','2022-03-14 08:00:30',20,20),(955,'Operational Performance Review',254,'2022-03-14 08:00:40','2022-03-14 08:00:40',20,20),(956,'Planning and Designing Databases',343,'2022-03-14 08:14:33','2022-03-14 08:14:33',20,20),(957,'Database Management',343,'2022-03-14 08:14:48','2022-03-14 08:14:48',20,20),(958,'Data Storage',343,'2022-03-14 08:14:57','2022-03-14 08:14:57',20,20),(959,'Designing Promotional Materials',127,'2022-03-14 08:25:50','2022-03-14 08:25:50',20,20),(960,'Formatting and Layout',257,'2022-03-14 08:25:58','2022-03-14 08:25:58',20,20),(961,'Undertaking Stock Control',127,'2022-03-14 08:26:02','2022-03-14 08:26:02',20,20),(962,'Planning',127,'2022-03-14 08:26:16','2022-03-14 08:26:16',20,20),(963,'Public Relations',127,'2022-03-14 08:26:30','2022-03-14 08:26:30',20,20),(964,'Planning and Work Organisation',346,'2022-03-14 08:32:40','2022-03-14 08:32:40',20,20),(965,'Administration',346,'2022-03-14 08:32:51','2022-03-14 08:32:51',20,20),(966,'Human Resource Management',346,'2022-03-14 08:32:56','2022-03-14 08:32:56',20,20),(967,'Teaching',346,'2022-03-14 08:33:11','2022-03-14 08:33:11',20,20),(968,'Operational Performance Review',346,'2022-03-14 08:33:18','2022-03-14 08:33:18',20,20),(969,'Planning and Work Organisation',118,'2022-03-14 08:41:23','2022-03-14 08:41:23',20,20),(970,'Printing and Photocopying',118,'2022-03-14 08:41:44','2022-03-14 08:41:44',20,20),(971,'Record Keeping',118,'2022-03-14 08:41:51','2022-03-14 08:41:51',20,20),(972,'Repairing ',118,'2022-03-14 08:42:05','2022-03-14 08:42:05',20,20),(973,'Operational Performance Review',118,'2022-03-14 08:42:13','2022-03-14 08:42:13',20,20),(974,'carry out market research ',127,'2022-03-14 08:48:03','2022-03-14 08:48:03',20,20),(975,'Liaising and Public relations ',127,'2022-03-14 08:48:38','2022-03-14 08:48:38',20,20),(976,'Organizing information materials',24,'2022-03-14 08:50:36','2022-03-14 08:50:36',20,20),(977,'Storage of information materials',24,'2022-03-14 08:50:49','2022-03-14 08:50:49',20,20),(978,'Planning and Work Organisation',169,'2022-03-14 08:58:39','2022-03-14 08:58:39',20,20),(979,'Research',169,'2022-03-14 08:58:45','2022-03-14 08:58:45',20,20),(980,'Teaching and Training',169,'2022-03-14 08:58:52','2022-03-14 08:58:52',20,20),(981,'University and Public Life',169,'2022-03-14 08:58:59','2022-03-14 08:58:59',20,20),(982,'Operational Performance Review',169,'2022-03-14 08:59:05','2022-03-14 08:59:05',20,20),(983,'Planning and Work Organisation',193,'2022-03-14 09:04:26','2022-03-14 09:04:26',20,20),(984,'Teaching and Training',193,'2022-03-14 09:04:35','2022-03-14 09:04:35',20,20),(985,'Research and Publication',193,'2022-03-14 09:04:47','2022-03-14 09:04:47',20,20),(986,'University and Public Life',193,'2022-03-14 09:04:55','2022-03-14 09:04:55',20,20),(987,'Consultancy',193,'2022-03-14 09:05:01','2022-03-14 09:05:01',20,20),(988,'Operational Performance Review',193,'2022-03-14 09:05:05','2022-03-14 09:05:05',20,20),(989,'Planning and Work Organisation',167,'2022-03-14 09:13:16','2022-03-14 09:13:16',20,20),(990,'Research and Publication',167,'2022-03-14 09:13:26','2022-03-14 09:13:26',20,20),(991,'Teaching and Training',167,'2022-03-14 09:13:38','2022-03-14 09:13:38',20,20),(992,'University and Public Life',167,'2022-03-14 09:13:49','2022-03-14 09:13:49',20,20),(993,'Operational Performance Review',167,'2022-03-14 09:13:54','2022-03-14 09:13:54',20,20),(994,'Planning and work Organization',270,'2022-03-14 09:19:29','2022-03-14 09:19:29',20,20),(995,'Planning and Work Organisation',168,'2022-03-14 09:19:29','2022-03-14 09:19:29',20,20),(996,'Research and Publication',168,'2022-03-14 09:19:40','2022-03-14 09:19:40',20,20),(997,'Teaching and Training',168,'2022-03-14 09:19:53','2022-03-14 09:19:53',20,20),(998,'Maintenance management',270,'2022-03-14 09:19:54','2022-04-04 14:52:47',20,20),(999,'University and Public Life',168,'2022-03-14 09:20:02','2022-03-14 09:20:02',20,20),(1000,'Operational Performance Review',168,'2022-03-14 09:20:19','2022-03-14 09:20:19',20,20),(1001,'Financial Management ',270,'2022-03-14 09:21:02','2022-04-04 14:48:55',20,20),(1002,'Human Resource Management',270,'2022-03-14 09:21:27','2022-03-14 09:21:27',20,20),(1003,'Project Management',270,'2022-03-14 09:21:38','2022-03-14 09:21:38',20,20),(1004,'Undertaking Feasibility Studies',270,'2022-03-14 09:21:47','2022-04-04 14:35:01',20,20),(1005,'External contacts',270,'2022-03-14 09:22:00','2022-04-04 14:39:13',20,20),(1006,'Administration',270,'2022-03-14 09:22:09','2022-04-04 14:46:47',20,20),(1007,'Operational performance Review',270,'2022-03-14 09:22:18','2022-03-14 09:22:18',20,20),(1008,'Planning and Work Organisation',234,'2022-03-14 09:27:12','2022-03-14 09:27:12',20,20),(1009,'Research and Publication',234,'2022-03-14 09:27:17','2022-03-14 09:27:17',20,20),(1010,'Teaching and Training',234,'2022-03-14 09:27:29','2022-03-14 09:27:29',20,20),(1011,'University and Public Life',234,'2022-03-14 09:27:40','2022-03-14 09:27:40',20,20),(1012,'Operational Performance Review',234,'2022-03-14 09:27:46','2022-03-14 09:27:46',20,20),(1013,'Collection Development',245,'2022-03-14 09:37:43','2022-03-14 09:37:43',20,20),(1014,'Storage of Information Material',245,'2022-03-14 09:37:54','2022-03-14 09:37:54',20,20),(1015,'Cataloguing and Classification ',245,'2022-03-14 09:38:07','2022-03-14 09:38:07',20,20),(1016,'Information Materials Production',245,'2022-03-14 09:38:17','2022-03-14 09:38:17',20,20),(1017,'Website Management',245,'2022-03-14 09:38:37','2022-03-14 09:38:37',20,20),(1018,'Planning and Budgeting',245,'2022-03-14 09:38:49','2022-03-14 09:38:49',20,20),(1019,'Planning and Work Organisation',250,'2022-03-14 09:42:02','2022-03-14 09:42:02',20,20),(1020,'INFORMATION   MANAGEMENT',250,'2022-03-14 09:42:25','2022-03-14 09:42:25',20,20),(1021,'Collection Development',250,'2022-03-14 09:42:52','2022-03-14 09:42:52',20,20),(1022,'Disseminating Information',250,'2022-03-14 09:43:04','2022-03-14 09:43:04',20,20),(1023,'QUALITY CONTROL',250,'2022-03-14 09:43:24','2022-03-14 09:43:24',20,20),(1024,'Operational Performance Review',250,'2022-03-14 09:43:29','2022-03-14 09:43:29',20,20),(1025,'Record Keeping',124,'2022-03-14 09:50:02','2022-03-14 09:50:02',20,20),(1026,'Planning and Work Organisation',37,'2022-03-14 09:53:16','2022-03-14 09:53:16',20,20),(1027,'Collation',37,'2022-03-14 09:53:30','2022-03-14 09:53:30',20,20),(1028,'Binding',37,'2022-03-14 09:53:38','2022-03-14 09:53:38',20,20),(1029,'Operational Performance Review',37,'2022-03-14 09:53:42','2022-03-14 09:53:42',20,20),(1030,'Planning and Work Organisation',67,'2022-03-14 09:59:26','2022-03-14 09:59:26',20,20),(1031,'Preparation of staff schedules/Supervision',67,'2022-03-14 09:59:36','2022-03-14 09:59:36',20,20),(1032,'Teaching    ',67,'2022-03-14 09:59:47','2022-03-14 09:59:47',20,20),(1033,'Preparation of budget',67,'2022-03-14 09:59:54','2022-03-14 09:59:54',20,20),(1034,'Marketing ',67,'2022-03-14 10:00:05','2022-03-14 10:00:05',20,20),(1035,'Monitoring',67,'2022-03-14 10:00:13','2022-03-14 10:00:13',20,20),(1036,'Operational Performance Review',67,'2022-03-14 10:00:24','2022-03-14 10:00:24',20,20),(1037,'Scholarship and Research',114,'2022-03-14 10:06:29','2022-03-14 10:06:29',20,20),(1038,'ADMINSTRATION,MANAGEMENT AND SUPERVISION',183,'2022-03-14 10:14:39','2022-03-14 10:14:39',20,20),(1039,'SERVICE PROVISION       ',183,'2022-03-14 10:14:51','2022-03-14 10:14:51',20,20),(1040,'Planning and Work Organisation',63,'2022-03-14 10:21:07','2022-03-14 10:21:07',20,20),(1041,'Secretarial Services',63,'2022-03-14 10:21:20','2022-03-14 10:21:20',20,20),(1042,'Operational Performance Review',63,'2022-03-14 10:21:36','2022-03-14 10:21:36',20,20),(1043,'Planning and work organization',350,'2022-03-21 12:20:59','2022-03-21 12:20:59',30,30),(1044,'Assisting Superiors in various activities',350,'2022-03-21 12:21:42','2022-03-21 12:21:42',30,30),(1045,'Participating in Surveying',350,'2022-03-21 12:22:36','2022-03-21 12:22:36',30,30),(1046,'Analyzing and Appraising data ',350,'2022-03-21 12:23:28','2022-03-21 12:23:28',30,30),(1047,'Organisational Performance Review',350,'2022-03-21 12:24:22','2022-03-21 12:24:22',30,30),(1049,'Record Keeping',124,'2022-03-21 13:16:30','2022-03-21 13:16:30',30,30),(1050,'Confidentiality',124,'2022-03-21 13:17:12','2022-03-21 13:17:12',30,30),(1055,'Other Duties',133,'2022-03-21 13:34:15','2022-03-21 13:34:15',30,30),(1056,'Planning and work organisation',302,'2022-03-24 13:19:04','2022-03-24 13:19:04',31,31),(1059,'Training and Development',302,'2022-03-24 13:21:24','2022-03-24 13:21:24',31,31),(1060,'Administration',302,'2022-03-24 13:21:51','2022-03-24 13:21:51',31,31),(1061,'Secretarial Duties ',302,'2022-03-24 13:22:10','2022-03-24 13:22:10',31,31),(1063,'Human Resources Management ',302,'2022-03-24 13:22:36','2022-03-24 13:22:36',31,31),(1064,'Monitoring and evaluation',302,'2022-03-24 13:22:56','2022-03-24 13:22:56',31,31),(1065,'Budgeting ',302,'2022-03-24 13:23:16','2022-03-24 13:23:16',31,31),(1066,'Operational performance review',302,'2022-03-24 13:23:32','2022-03-24 13:23:32',31,31),(1068,'Planning and work Organisation',266,'2022-03-30 14:02:19','2022-03-30 14:02:19',31,31),(1069,'Planning and Work Organization',315,'2022-04-04 09:52:18','2022-04-04 09:52:18',20,20),(1070,'Secretarial Services',315,'2022-04-04 09:52:27','2022-04-04 09:52:27',20,20),(1071,'Policy and Conditions of Service',315,'2022-04-04 09:52:36','2022-04-04 09:52:36',20,20),(1072,'Performance Appraisal Management',315,'2022-04-04 09:53:05','2022-04-04 09:53:05',20,20),(1073,'Industrial Communication',315,'2022-04-04 09:53:24','2022-04-04 09:53:24',20,20),(1074,'Conflict Management',315,'2022-04-04 09:53:40','2022-04-04 09:53:40',20,20),(1075,'Management of Insurance, Housing and Properties and Security Services',315,'2022-04-04 09:54:03','2022-04-04 09:54:03',20,20),(1076,'Remuneration Administration',315,'2022-04-04 09:54:20','2022-04-04 09:54:20',20,20),(1077,'Budgeting',315,'2022-04-04 09:54:29','2022-04-04 09:54:29',20,20),(1078,'Operational Performance Review',315,'2022-04-04 09:54:37','2022-04-04 09:54:37',20,20),(1079,'Planning and work Organization',341,'2022-04-04 13:50:11','2022-04-04 13:50:11',20,20),(1080,'Administration ',341,'2022-04-04 13:50:44','2022-04-04 13:50:44',20,20),(1081,'Secretarial services',341,'2022-04-04 14:12:17','2022-04-04 14:12:17',20,20),(1082,'Corporate Management',341,'2022-04-04 14:12:43','2022-04-04 14:12:43',20,20),(1083,'Recruitment and Selection',341,'2022-04-04 14:13:12','2022-04-04 14:13:12',20,20),(1084,'Job Descriptions',341,'2022-04-04 14:13:27','2022-04-04 14:13:27',20,20),(1085,'University Establishment',341,'2022-04-04 14:13:43','2022-04-04 14:13:43',20,20),(1086,'Contracts Administration',341,'2022-04-04 14:14:14','2022-04-04 14:14:14',20,20),(1087,'Remuneration Administration',341,'2022-04-04 14:14:39','2022-04-04 14:14:39',20,20),(1088,'Budgeting',341,'2022-04-04 14:24:13','2022-04-04 14:24:13',20,20),(1089,'Operational Performance Review',341,'2022-04-04 14:24:25','2022-04-04 14:24:25',20,20),(1092,'Management of Examinations',28,'2022-04-04 14:44:44','2022-04-04 14:44:44',20,20),(1093,'Planning and Work Organization',96,'2022-04-04 14:48:01','2022-04-04 14:48:01',20,20),(1094,'Human Resource Planning',96,'2022-04-04 14:48:19','2022-04-04 14:48:19',20,20),(1095,'Recruitment ',96,'2022-04-04 14:48:32','2022-04-04 14:48:32',20,20),(1096,'Selection',96,'2022-04-04 14:48:43','2022-04-04 14:48:43',20,20),(1097,'Engagement & Induction',96,'2022-04-04 14:49:11','2022-04-04 14:49:11',20,20),(1098,'Job Evaluation ',96,'2022-04-04 14:49:29','2022-04-04 14:49:29',20,20),(1099,'Secretarial Services ',96,'2022-04-04 14:49:52','2022-04-04 14:49:52',20,20),(1100,'Salary Surveys',96,'2022-04-04 14:50:08','2022-04-04 14:50:08',20,20),(1101,'Operational Performance Review',96,'2022-04-04 14:50:14','2022-04-04 14:50:14',20,20),(1107,'Admissions',28,'2022-04-04 14:56:45','2022-04-04 14:56:45',20,20),(1109,'Coordinate transport',28,'2022-04-04 14:57:21','2022-04-04 14:57:21',20,20),(1110,'Budget preparation',28,'2022-04-04 14:57:35','2022-04-04 14:57:35',20,20),(1112,'Planning and Work Organization',61,'2022-04-05 07:13:24','2022-04-05 07:13:24',20,20),(1113,'Contracts Administration',61,'2022-04-05 07:13:34','2022-04-05 07:13:34',20,20),(1114,'Agenda Preparation',61,'2022-04-05 07:13:43','2022-04-05 07:13:43',20,20),(1115,'Job Advertisements',61,'2022-04-05 07:13:56','2022-04-05 07:13:56',20,20),(1116,'Recruitment and Selection',61,'2022-04-05 07:14:12','2022-04-05 07:14:12',20,20),(1117,'Secretarial Services',61,'2022-04-05 07:14:25','2022-04-05 07:14:25',20,20),(1118,'Immigration Clearance',61,'2022-04-05 07:14:33','2022-04-05 07:14:33',20,20),(1119,'Recruitment Planning',61,'2022-04-05 07:14:48','2022-04-05 07:14:48',20,20),(1120,'Staff Induction',61,'2022-04-05 07:15:00','2022-04-05 07:15:00',20,20),(1121,'Provide Staff Appraisal Forms',61,'2022-04-05 07:15:18','2022-04-05 07:15:18',20,20),(1122,'Salary Surveys',61,'2022-04-05 07:15:34','2022-04-05 07:15:34',20,20),(1123,'Reports',61,'2022-04-05 07:15:45','2022-04-05 07:15:45',20,20),(1124,'Staff Records',61,'2022-04-05 07:15:54','2022-04-05 07:15:54',20,20),(1125,'Operational Performance Review',61,'2022-04-05 07:16:02','2022-04-05 07:16:02',20,20),(1126,'Maintenance management',266,'2022-04-05 07:23:07','2022-04-05 07:23:07',20,20),(1127,'Project Management and Contract Administration',266,'2022-04-05 07:23:53','2022-04-05 07:23:53',20,20),(1128,'Undertaking Feasibility Studies',266,'2022-04-05 07:24:19','2022-04-05 07:24:19',20,20),(1129,'Human Resource Management ',266,'2022-04-05 07:24:59','2022-04-05 07:24:59',20,20),(1130,'Financial Management ',266,'2022-04-05 07:25:29','2022-04-05 07:25:29',20,20),(1131,'Operational Performance Review',266,'2022-04-05 07:26:08','2022-04-05 07:26:08',20,20),(1132,'Operational Performance Review',266,'2022-04-05 07:26:08','2022-04-05 07:26:08',20,20),(1133,'Planning and Work Organisation',120,'2022-04-05 08:17:09','2022-04-05 08:17:09',20,20),(1134,'Maintenance management',120,'2022-04-05 08:17:18','2022-04-05 08:17:18',20,20),(1135,'Project Management ',120,'2022-04-05 08:17:43','2022-04-05 08:17:43',20,20),(1136,'Undertaking Feasibility Studies',120,'2022-04-05 08:17:55','2022-04-05 08:17:55',20,20),(1137,'Human Resource Management ',120,'2022-04-05 08:18:09','2022-04-05 08:18:09',20,20),(1138,'Financial Management ',120,'2022-04-05 08:18:19','2022-04-05 08:18:19',20,20),(1139,'Operational Performance Review',120,'2022-04-05 08:18:29','2022-04-05 08:18:29',20,20),(1140,'Planning and Work Organization',21,'2022-04-05 08:41:03','2022-04-05 08:41:03',20,20),(1141,'Contracts Administration ',21,'2022-04-05 08:41:38','2022-04-05 08:41:38',20,20),(1142,'Records Management',21,'2022-04-05 08:41:50','2022-04-05 08:41:50',20,20),(1143,'Maintain Staff Assessments Records',21,'2022-04-05 08:42:04','2022-04-05 08:42:04',20,20),(1144,'Human Resource Statistical Reports',21,'2022-04-05 08:42:14','2022-04-05 08:42:14',20,20),(1145,'Preparation of Interviews',21,'2022-04-05 08:42:23','2022-04-05 08:42:23',20,20),(1146,'Salary Surveys',21,'2022-04-05 08:42:30','2022-04-05 08:42:30',20,20),(1147,'Recruitment and Selection',21,'2022-04-05 08:43:02','2022-04-05 08:43:02',20,20),(1148,'Advertisement ',21,'2022-04-05 08:43:22','2022-04-05 08:43:22',20,20),(1149,'Updating Payroll Information System',21,'2022-04-05 08:43:34','2022-04-05 08:43:34',20,20),(1150,'Prepare and submit monthly, quarterly and annual reports',21,'2022-04-05 08:43:49','2022-04-05 08:43:49',20,20),(1151,'Planning and Work Organisation',337,'2022-04-05 08:47:30','2022-04-05 08:47:30',20,20),(1152,'Providing Secretarial Services   ',337,'2022-04-05 08:47:51','2022-04-05 08:47:51',20,20),(1153,'Handling of Petty Cash',337,'2022-04-05 08:48:10','2022-04-05 08:48:10',20,20),(1154,'Human Resource Management ',337,'2022-04-05 08:48:27','2022-04-05 08:48:27',20,20),(1155,'Records Management',337,'2022-04-05 08:48:42','2022-04-05 08:48:42',20,20),(1156,'Budgeting',337,'2022-04-05 08:48:53','2022-04-05 08:48:53',20,20),(1157,'Procurement and Inventory Management',337,'2022-04-05 08:49:03','2022-04-05 08:49:03',20,20),(1158,'Property Maintenance',337,'2022-04-05 08:49:15','2022-04-05 08:49:15',20,20),(1159,' Operational performance Review',337,'2022-04-05 08:49:31','2022-04-05 08:49:31',20,20),(1160,'Secretarial Services',102,'2022-04-05 08:58:23','2022-04-05 08:58:23',20,20),(1161,'Job Analysis ',102,'2022-04-05 08:58:47','2022-04-05 08:58:47',20,20),(1163,'Adherence to Job Evaluation Guidelines',102,'2022-04-05 08:59:11','2022-04-05 08:59:11',20,20),(1164,'Update Job Evaluation Manual',102,'2022-04-05 08:59:18','2022-04-05 08:59:18',20,20),(1167,'Facilitate Job Re-evaluation',102,'2022-04-05 08:59:51','2022-04-05 08:59:51',20,20),(1171,'Council Web Page Management',102,'2022-04-05 09:00:34','2022-04-05 09:00:34',20,20),(1172,'Maintenance of job Catalogue ',102,'2022-04-05 09:36:16','2022-04-05 09:36:16',20,20),(1173,'Records Management ',102,'2022-04-05 09:36:35','2022-04-05 09:36:35',20,20),(1174,'Organization Structure Reviews',102,'2022-04-05 09:36:54','2022-04-05 09:36:54',20,20),(1175,'Information System Management',102,'2022-04-05 09:37:11','2022-04-05 09:37:11',20,20),(1178,'Planning and work Organisation',225,'2022-04-05 10:10:41','2022-04-05 10:10:41',20,20),(1179,'Vehicle Maintenance and management',225,'2022-04-05 10:10:57','2022-04-05 10:10:57',20,20),(1180,'Preparing reports and   records management ',225,'2022-04-05 10:11:19','2022-04-05 10:11:19',20,20),(1181,'Accidents  Management',225,'2022-04-05 10:11:57','2022-04-05 10:11:57',20,20),(1182,'Financial Management',225,'2022-04-05 10:12:11','2022-04-05 10:12:11',20,20),(1183,'Human Resource Management',225,'2022-04-05 10:12:30','2022-04-05 10:12:30',20,20),(1184,'Operational Performance Review',225,'2022-04-05 10:12:42','2022-04-05 10:12:42',20,20),(1185,'Planning and work Organization',223,'2022-04-05 10:29:18','2022-04-05 10:29:18',20,20),(1186,'Driving a Tractor',223,'2022-04-05 10:29:32','2022-04-05 10:29:32',20,20),(1187,'Operational Performance Review',223,'2022-04-05 10:29:47','2022-04-05 10:29:47',20,20),(1188,'Planning and Work Organization',303,'2022-04-05 10:35:08','2022-04-05 10:35:08',20,20),(1189,'Plumbing',303,'2022-04-05 10:35:22','2022-04-05 10:35:22',20,20),(1190,'Metal Fabrication',303,'2022-04-05 10:35:47','2022-04-05 10:35:47',20,20),(1191,'Financial Management',303,'2022-04-05 10:36:00','2022-04-05 10:36:00',20,20),(1192,'Human Resource Management',303,'2022-04-05 10:36:13','2022-04-05 10:36:13',20,20),(1193,'Water and Waste Water Management',303,'2022-04-05 10:39:05','2022-04-05 10:39:05',20,20),(1194,'Operational Performance Review  ',303,'2022-04-05 10:39:37','2022-04-05 10:39:37',20,20),(1195,'Planning and Work Organisation',148,'2022-04-05 12:18:12','2022-04-05 12:18:12',20,20),(1196,'Plumbing',148,'2022-04-05 12:18:50','2022-04-05 12:18:50',20,20),(1197,'Digging trenches',148,'2022-04-05 12:19:05','2022-04-05 12:19:05',20,20),(1198,'Planning and work organisation',134,'2022-04-05 12:26:30','2022-04-05 12:26:30',20,20),(1199,'Maintenance and Repair',134,'2022-04-05 12:26:57','2022-04-05 12:26:57',20,20),(1200,'Machine Installations',134,'2022-04-05 12:27:18','2022-04-05 12:27:18',20,20),(1201,'Operational Performance Review',134,'2022-04-05 12:27:30','2022-04-05 12:27:30',20,20),(1202,'Planning and Work Organisation',150,'2022-04-05 12:31:31','2022-04-05 12:31:31',20,20),(1203,'Plumbing',150,'2022-04-05 12:31:43','2022-04-05 12:31:43',20,20),(1205,'Digging trenches',150,'2022-04-05 12:32:01','2022-04-05 12:32:01',20,20),(1206,'Operational Performance Review',150,'2022-04-05 12:32:09','2022-04-05 12:32:09',20,20),(1207,'Planning and work organisation',283,'2022-04-05 12:35:54','2022-04-05 12:35:54',20,20),(1208,'Monitor operation of the water pumps',283,'2022-04-05 12:36:10','2022-04-05 12:36:10',20,20),(1209,'Operational Performance Review',283,'2022-04-05 12:36:27','2022-04-05 12:36:27',20,20),(1210,'Planning and work organisation',272,'2022-04-05 12:41:43','2022-04-05 12:41:43',20,20),(1211,'Cleaning',272,'2022-04-05 12:41:54','2022-04-05 12:41:54',20,20),(1212,'Sewage Unblocking',272,'2022-04-05 12:42:05','2022-04-05 12:42:05',20,20),(1213,'Construction of Soakways',272,'2022-04-05 12:42:19','2022-04-05 12:42:19',20,20),(1215,'Routine inspections',272,'2022-04-05 12:42:36','2022-04-05 12:42:36',20,20),(1216,'Operational Performance Review',272,'2022-04-05 12:42:47','2022-04-05 12:42:47',20,20),(1217,'Routine inspections',272,'2022-04-05 12:42:58','2022-04-05 12:42:58',20,20),(1218,'Planning and Work Organisation',91,'2022-04-05 12:47:25','2022-04-05 12:47:25',20,20),(1219,'Digging Trenches, Septic Tanks and Soakaway ',91,'2022-04-05 12:47:43','2022-04-05 12:47:43',20,20),(1220,'Operational Performance Review',91,'2022-04-05 12:49:24','2022-04-05 12:49:24',20,20),(1221,'Planning and Work Organization',129,'2022-04-05 12:50:56','2022-04-05 12:50:56',20,20),(1222,'Maintenance and Repairs',129,'2022-04-05 12:51:07','2022-04-05 12:51:07',20,20),(1223,'Inventory Management',129,'2022-04-05 12:51:20','2022-04-05 12:51:20',20,20),(1224,'Human Resource Management ',129,'2022-04-05 12:51:32','2022-04-05 12:51:32',20,20),(1225,'Financial Management ',129,'2022-04-05 12:51:38','2022-04-05 12:51:38',20,20),(1226,'Operational Performance Review',129,'2022-04-05 12:51:47','2022-04-05 12:51:47',20,20),(1227,'Planning and Work Organisation',238,'2022-04-05 13:03:28','2022-04-05 13:03:28',20,20),(1228,'Maintenance and Repair',238,'2022-04-05 13:03:36','2022-04-05 13:03:36',20,20),(1229,'Inventory Management',238,'2022-04-05 13:03:42','2022-04-05 13:03:42',20,20),(1230,'Operational Performance Review',238,'2022-04-05 13:03:47','2022-04-05 13:03:47',20,20),(1231,'Planning and Work Organisation',35,'2022-04-05 13:06:40','2022-04-05 13:06:40',20,20),(1232,'Maintenance and Repair',35,'2022-04-05 13:06:47','2022-04-05 13:06:47',20,20),(1233,'Inventory Management',35,'2022-04-05 13:06:53','2022-04-05 13:06:53',20,20),(1234,'Operational Performance Review',35,'2022-04-05 13:07:01','2022-04-05 13:07:01',20,20),(1241,'Planning and Work Organisation',327,'2022-04-05 13:18:52','2022-04-05 13:18:52',20,20),(1242,'Human Resource Management ',327,'2022-04-05 13:19:06','2022-04-05 13:19:06',20,20),(1243,'Engineering and Installation ',327,'2022-04-05 13:19:28','2022-04-05 13:19:28',20,20),(1244,'Maintenance ',327,'2022-04-05 13:20:00','2022-04-05 13:20:00',20,20),(1245,'Financial Management ',327,'2022-04-05 13:20:10','2022-04-05 13:20:10',20,20),(1246,'Quality Control',327,'2022-04-05 13:20:20','2022-04-05 13:20:20',20,20),(1247,'Safety',327,'2022-04-05 13:20:36','2022-04-05 13:20:36',20,20),(1248,'Operational performance Review',327,'2022-04-05 13:20:47','2022-04-05 13:20:47',20,20),(1249,'Planning and Work Organization',121,'2022-04-05 13:46:40','2022-04-05 13:46:40',20,20),(1250,'Engineering and Installation ',121,'2022-04-05 13:46:47','2022-04-05 13:46:47',20,20),(1251,'Quality Control',121,'2022-04-05 13:47:14','2022-04-05 13:47:14',20,20),(1252,'Safety',121,'2022-04-05 13:47:34','2022-04-05 13:47:34',20,20),(1253,'Operational Performance Review',121,'2022-04-05 13:48:30','2022-04-05 13:48:30',20,20),(1254,'Maintenance ',121,'2022-04-05 13:53:01','2022-04-05 13:53:01',20,20),(1256,'Planning and Work Organisation',75,'2022-04-05 14:10:58','2022-04-05 14:10:58',20,20),(1257,'Maintenance ',75,'2022-04-05 14:11:08','2022-04-05 14:11:08',20,20),(1258,'Safety',75,'2022-04-05 14:11:21','2022-04-05 14:11:21',20,20),(1259,'Operational Performance Review',75,'2022-04-05 14:11:31','2022-04-05 14:11:31',20,20),(1260,'Planning and Work Organisation',76,'2022-04-05 14:19:29','2022-04-05 14:19:29',20,20),(1261,'Maintenance and Repair',76,'2022-04-05 14:19:37','2022-04-05 14:19:37',20,20),(1262,'Safety',76,'2022-04-05 14:19:43','2022-04-05 14:19:43',20,20),(1263,'Operational Performance Review',76,'2022-04-05 14:20:31','2022-04-05 14:20:31',20,20),(1264,'Planning and Work Organisation',294,'2022-04-05 14:24:43','2022-04-05 14:24:43',20,20),(1265,'Maintenance and Repair',294,'2022-04-05 14:24:52','2022-04-05 14:24:52',20,20),(1266,'Safety',294,'2022-04-05 14:24:57','2022-04-05 14:24:57',20,20),(1267,'Operational Performance Review',294,'2022-04-05 14:25:06','2022-04-05 14:25:06',20,20),(1268,'Operational Performance Review',294,'2022-04-05 14:26:01','2022-04-05 14:26:01',20,20),(1269,'Planning and Work Organisation',273,'2022-04-05 14:38:52','2022-04-05 14:38:52',20,20),(1270,'Maintenance and Repair',273,'2022-04-05 14:39:08','2022-04-05 14:39:08',20,20),(1271,'Safety',273,'2022-04-05 14:39:13','2022-04-05 14:39:13',20,20),(1272,'Operational Performance Review',273,'2022-04-05 14:39:20','2022-04-05 14:39:20',20,20),(1273,'Planning and Work Organisation',45,'2022-04-05 14:43:34','2022-04-05 14:43:34',20,20),(1274,'Maintenance and Repair',45,'2022-04-05 14:43:42','2022-04-05 14:43:42',20,20),(1275,'Safety',45,'2022-04-05 14:43:48','2022-04-05 14:43:48',20,20),(1276,'Operational Performance Review',45,'2022-04-05 14:43:53','2022-04-05 14:43:53',20,20),(1277,'Planning and Work Organisation',282,'2022-04-05 14:47:10','2022-04-05 14:47:10',20,20),(1278,'Assessment of  buildings painting status',282,'2022-04-05 14:47:22','2022-04-05 14:47:22',20,20),(1279,'Undertake painting works',282,'2022-04-05 14:47:36','2022-04-05 14:47:36',20,20),(1280,'Operational Performance Review',282,'2022-04-05 14:47:42','2022-04-05 14:47:42',20,20),(1281,'Planning and Work Organisation',275,'2022-04-05 14:55:11','2022-04-05 14:55:11',20,20),(1282,'Instillation',275,'2022-04-05 14:55:23','2022-04-05 14:55:23',20,20),(1283,'Glass Cutting',275,'2022-04-05 14:55:44','2022-04-05 14:55:44',20,20),(1284,'Safety',275,'2022-04-05 14:55:50','2022-04-05 14:55:50',20,20),(1285,'Operational Performance Review',275,'2022-04-05 14:56:00','2022-04-05 14:56:00',20,20),(1286,'Administration',315,'2022-04-06 08:54:57','2022-04-06 08:54:57',20,20),(1287,'Corporate Management',315,'2022-04-06 08:55:14','2022-04-06 08:55:14',20,20),(1288,'Recruitment and Selection',315,'2022-04-06 08:55:33','2022-04-06 08:55:33',20,20),(1289,'Job Descriptions',315,'2022-04-06 08:55:44','2022-04-06 08:55:44',20,20),(1290,'University Establishment',315,'2022-04-06 08:55:57','2022-04-06 08:55:57',20,20),(1291,'Contracts Administration',315,'2022-04-06 08:56:09','2022-04-06 08:56:09',20,20),(1292,'Planning and work organization',270,'2022-04-07 08:22:05','2022-04-07 08:22:05',30,30),(1293,'Maintenance Management',270,'2022-04-07 08:22:39','2022-04-07 08:22:39',30,30),(1294,'Financial Management',270,'2022-04-07 08:23:12','2022-04-07 08:23:12',30,30),(1295,'Human Resource Management',270,'2022-04-07 08:23:43','2022-04-07 08:23:43',30,30),(1296,'Project Management and contract Administration',270,'2022-04-07 08:24:27','2022-04-07 08:24:27',30,30),(1297,'Undertaking Feasibility Studies',270,'2022-04-07 08:25:03','2022-04-07 08:25:03',30,30),(1298,'Administration ',270,'2022-04-07 08:25:37','2022-04-07 08:25:37',30,30),(1299,' External contacts ',270,'2022-04-07 08:26:13','2022-04-07 08:26:13',30,30),(1300,'  Operational Performance Review',270,'2022-04-07 08:26:40','2022-04-07 08:26:40',30,30),(1301,'Teaching and Training',170,'2022-04-07 12:50:12','2022-04-07 12:50:12',29,29),(1311,'Planning and Work Organization',358,'2022-04-19 19:34:21','2022-04-19 19:34:21',29,29),(1312,'Secretarial Services',358,'2022-04-19 19:36:00','2022-04-19 19:36:00',29,29),(1313,'Policy and Conditions of Service',358,'2022-04-19 19:36:18','2022-04-19 19:36:18',29,29),(1314,'Performance Management',358,'2022-04-19 19:37:22','2022-04-19 19:37:22',29,29),(1315,'Industrial Communication',358,'2022-04-19 19:37:35','2022-04-19 19:37:35',29,29),(1316,'Conflict Management',358,'2022-04-19 19:38:20','2022-04-19 19:55:12',29,29),(1317,'Management of Training & Development, Insurance,  Horticulture and Passages Office',358,'2022-04-19 19:38:34','2022-04-19 19:38:34',29,29),(1318,'Remuneration Administration',358,'2022-04-19 19:39:25','2022-04-19 19:39:25',29,29),(1319,'Budgeting',358,'2022-04-19 19:39:39','2022-04-19 19:39:39',29,29),(1320,'Operational Performance Review',358,'2022-04-19 19:40:04','2022-04-19 19:40:04',29,29),(1321,'Curriculum Development',346,'2022-04-20 12:16:34','2022-04-20 12:16:34',29,29),(1322,'Quality Assurance in Affiliate Colleges',346,'2022-04-20 12:17:00','2022-04-20 12:17:00',29,29),(1323,'Graduation Ceremonies',346,'2022-04-20 12:17:24','2022-04-20 12:17:24',29,29),(1324,'Income Generation',346,'2022-04-20 12:17:39','2022-04-20 12:17:39',29,29),(1325,'Affiliation of Colleges',346,'2022-04-20 12:17:58','2022-04-20 12:17:58',29,29),(1326,'Planning and Work Organization',353,'2022-04-22 14:01:04','2022-04-22 14:01:04',29,29),(1327,'Training and Development',353,'2022-04-22 14:01:39','2022-04-22 14:01:39',29,29),(1328,'Administrtaion',353,'2022-04-22 14:02:03','2022-04-22 14:02:03',29,29),(1329,'Information Management',353,'2022-04-22 14:02:18','2022-04-22 14:02:18',29,29),(1330,'Secretarial Services',353,'2022-04-22 14:03:04','2022-04-22 14:03:04',29,29),(1331,'Human Resource Management',353,'2022-04-22 14:03:22','2022-04-22 14:03:22',29,29),(1332,'Monitoring and Evaluation',353,'2022-04-22 14:04:02','2022-04-22 14:04:02',29,29),(1333,'Budgeting',353,'2022-04-22 14:04:13','2022-04-22 14:04:13',29,29),(1334,'Performance Management',353,'2022-04-22 14:04:29','2022-04-22 14:04:29',29,29),(1335,'Operational Performance Review',353,'2022-04-22 14:04:54','2022-04-22 14:04:54',29,29),(1336,'Planning and Work Organization',17,'2022-04-22 14:36:52','2022-04-22 14:36:52',29,29),(1337,'Photocopying and collating',17,'2022-04-22 14:37:39','2022-04-22 14:37:39',29,29),(1338,'Processing leave days',17,'2022-04-22 14:37:58','2022-04-22 14:37:58',29,29),(1339,'Updating Employee information on the system',17,'2022-04-22 14:38:24','2022-04-22 14:38:24',29,29),(1340,'Computation of Leave Days to facilitate processing of terminal Benefits',17,'2022-04-22 14:38:45','2022-04-22 14:38:45',29,29),(1341,'Operational Performance Review ',17,'2022-04-22 14:40:00','2022-04-22 14:40:00',29,29),(1343,'Extraction of Reports',17,'2022-04-22 14:45:43','2022-04-22 14:45:43',29,29),(1344,'Planning and Work Organization',360,'2022-04-26 12:26:15','2022-04-26 12:26:15',29,29),(1345,'Administration',360,'2022-04-26 12:26:36','2022-04-26 12:26:36',29,29),(1346,'Reports',360,'2022-04-26 12:26:44','2022-04-26 12:26:44',29,29),(1347,'Negotiations',360,'2022-04-26 12:27:06','2022-04-26 12:27:06',29,29),(1348,'Monitoring',360,'2022-04-26 12:27:16','2022-04-26 12:27:16',29,29),(1349,'Operational Performance Review',360,'2022-04-26 12:27:30','2022-04-26 12:27:30',29,29),(1351,'Student Welfare',337,'2022-05-05 09:49:47','2022-05-05 09:49:47',20,20),(1352,'Secretarial Duties',337,'2022-05-05 09:50:15','2022-05-05 09:50:15',20,20),(1353,'Human Resource Management',337,'2022-05-05 09:50:28','2022-05-05 09:50:28',20,20),(1354,'Planning ',337,'2022-05-05 09:50:42','2022-05-05 09:50:42',20,20),(1355,'Report Writing ',337,'2022-05-05 09:50:57','2022-05-05 09:50:57',20,20),(1356,'Purchasing Stationary ',337,'2022-05-05 09:51:19','2022-05-05 09:51:19',20,20),(1357,'Maintain an Inventory ',337,'2022-05-05 09:51:40','2022-05-05 09:51:40',20,20),(1358,'Supervision and Coordination ',337,'2022-05-05 09:52:04','2022-05-05 09:52:04',20,20),(1359,'Planning and work organisation',302,'2022-05-13 12:18:40','2022-05-13 12:18:40',30,30),(1360,'Training and Development',302,'2022-05-13 12:19:32','2022-05-13 12:19:32',30,30),(1361,'Secretarial duties',302,'2022-05-13 12:20:08','2022-05-13 12:20:08',30,30),(1362,'Human Resource Management',302,'2022-05-13 12:20:46','2022-05-13 12:20:46',30,30),(1363,'Monitoring Performance of Fellows',302,'2022-05-13 12:21:26','2022-05-13 12:21:26',30,30),(1364,'Budgeting ',302,'2022-05-13 12:22:02','2022-05-13 12:22:02',30,30),(1365,'Performance Management',302,'2022-05-13 12:22:33','2022-05-13 12:22:33',30,30),(1366,'Operational Performance Review',302,'2022-05-13 12:23:09','2022-05-13 12:23:09',30,30),(1367,'Planning and Work Organisation',359,'2022-05-16 13:12:27','2022-05-16 13:12:27',30,30),(1368,'Secretarial Services',359,'2022-05-16 13:13:00','2022-05-16 13:13:00',30,30),(1369,'Supervision',359,'2022-05-16 13:13:38','2022-05-16 13:13:38',30,30),(1370,'Investigate Academic Malpractice',359,'2022-05-16 13:14:16','2022-05-16 13:14:16',30,30),(1371,'Prepare Budget',359,'2022-05-16 13:14:55','2022-05-16 13:14:55',30,30),(1372,'Coordination of  Academic Ceremonies',359,'2022-05-16 13:15:30','2022-05-16 13:15:30',30,30),(1373,'Academic Calendar Management',359,'2022-05-16 13:16:14','2022-05-16 13:16:14',30,30),(1374,'Resolve Academic Queries',359,'2022-05-16 13:16:51','2022-05-16 13:16:51',30,30),(1375,' Hand Book Maintenance',359,'2022-05-16 13:17:47','2022-05-16 13:17:47',30,30),(1376,'Operational Performance Review',359,'2022-05-16 13:18:37','2022-05-16 13:18:37',30,30),(1377,'Local Purchase Order',359,'2022-05-16 13:19:21','2022-05-16 13:19:21',30,30),(1378,'Planning and Work Organization',174,'2022-05-23 13:53:34','2022-05-23 13:53:34',29,29),(1379,'Secretarial Services',174,'2022-05-23 13:54:08','2022-05-23 13:54:08',29,29),(1380,'Operational Performance Review',174,'2022-05-23 13:54:23','2022-05-23 13:54:23',29,29),(1381,'Preparation of purchasing plans and Budgeting',160,'2022-06-15 14:12:20','2022-06-15 14:12:20',30,30),(1382,'Planning and work organization',160,'2022-06-15 14:12:58','2022-06-15 14:12:58',30,30),(1383,'Contract Management',160,'2022-06-15 14:13:42','2022-06-15 14:13:42',30,30),(1384,'Review Purchase Orders',160,'2022-06-15 14:14:22','2022-06-15 14:14:22',30,30),(1385,'Sourcing',160,'2022-06-15 14:14:57','2022-06-15 14:14:57',30,30),(1386,'Purchasing Negotiations',160,'2022-06-15 14:15:32','2022-06-15 14:15:32',30,30),(1387,'Reporting',160,'2022-06-15 14:16:07','2022-06-15 14:16:07',30,30),(1388,'Human Resource Management',160,'2022-06-15 14:16:50','2022-06-15 14:16:50',30,30),(1389,'Operational Performance Review',160,'2022-06-15 14:17:26','2022-06-15 14:17:26',30,30),(1390,'Governance and Management',160,'2022-06-15 14:18:06','2022-06-15 14:18:06',30,30),(1391,'Governance and Management',346,'2022-07-22 07:59:31','2022-07-22 07:59:31',29,29),(1392,'Communication, Marketing and Public Relations',346,'2022-07-22 07:59:51','2022-07-22 07:59:51',29,29),(1393,'Research and Publication',346,'2022-07-22 08:00:15','2022-07-22 08:12:04',29,29),(1396,'coding of assets',91,'2022-07-26 10:00:08','2022-07-26 10:00:08',30,30),(1397,'Monitoring the movement of assets',91,'2022-07-26 10:02:00','2022-07-26 10:02:00',30,30),(1398,'Infrastructure inspection',91,'2022-07-26 10:03:01','2022-07-26 10:03:01',30,30),(1399,'Key Custodianship',91,'2022-07-26 10:04:11','2022-07-26 10:04:11',30,30),(1400,'Evictions',91,'2022-07-26 10:04:44','2022-07-26 10:04:44',30,30),(1401,'Business entities operating on campus',163,'2022-07-26 13:17:41','2022-07-26 13:17:41',30,30),(1402,'Institutional Houses',163,'2022-07-26 13:18:46','2022-07-26 13:18:46',30,30),(1403,'Administration',353,'2022-08-26 08:14:42','2022-08-26 08:14:42',29,29),(1404,'Budgeting',337,'2022-09-09 14:27:22','2022-09-09 14:27:22',29,29),(1405,'Administration',337,'2022-09-09 14:31:06','2022-09-09 14:31:06',29,29),(1406,'Other Duties Assigned',337,'2022-09-09 14:41:57','2022-09-09 14:41:57',29,29),(1407,'2.1 Planning and Work Organization',163,'2022-09-21 12:34:02','2022-09-21 12:34:02',30,30),(1408,'2.2 Secretarial Services',163,'2022-09-21 12:34:48','2022-09-21 12:34:48',30,30),(1409,'2.3 Operational Performance Review',163,'2022-09-21 12:35:34','2022-09-21 12:35:34',30,30),(1410,'Consultancy',188,'2022-09-22 11:10:18','2022-09-22 11:10:18',30,30),(1411,'Planning and Work Organization',363,'2022-11-11 10:20:22','2022-11-11 10:20:22',29,29),(1412,'Maintenance of Library Systems and ICT Infrastructure',363,'2022-11-11 10:21:24','2022-11-11 10:21:24',29,29),(1413,'Promote ICT Usage',363,'2022-11-11 10:21:42','2022-11-11 10:21:42',29,29),(1414,'Personal Development',363,'2022-11-11 10:22:00','2022-11-11 10:22:00',29,29),(1415,'Operational Performance Review',363,'2022-11-11 15:03:20','2022-11-11 15:03:20',29,29),(1416,'Planning and Work Organisation',90,'2022-11-16 08:25:02','2022-11-16 08:25:02',30,30),(1417,'Administration ',90,'2022-11-16 08:26:03','2022-11-16 08:26:03',30,30),(1418,' Student Welfare',90,'2022-11-16 08:26:36','2022-11-16 08:26:36',30,30),(1419,'Planning and Work Organisation',364,'2022-11-16 08:35:17','2022-11-16 08:35:17',30,30),(1420,'Administration ',364,'2022-11-16 08:35:55','2022-11-16 08:35:55',30,30),(1421,'Student Welfare',364,'2022-11-16 08:36:23','2022-11-16 08:36:23',30,30),(1422,'Human Resource Management',364,'2022-11-16 08:36:53','2022-11-16 08:36:53',30,30),(1423,'Operational Performance Review',364,'2022-11-16 08:37:26','2022-11-16 08:37:26',30,30),(1424,' Planning and Work Organisation',87,'2022-11-16 08:49:05','2022-11-16 08:49:05',30,30),(1425,'Student Welfare and Accommodation',87,'2022-11-16 08:49:39','2022-11-16 08:49:39',30,30),(1426,'Administration ',87,'2022-11-16 08:50:17','2022-11-16 08:50:17',30,30),(1427,'Operational Performance Review',87,'2022-11-16 08:51:13','2022-11-16 08:51:13',30,30),(1428,' Planning and Work Organisation',88,'2022-11-16 09:06:58','2022-11-16 09:06:58',30,30),(1429,'Student Welfare and Accommodation',88,'2022-11-16 09:08:33','2022-11-16 09:08:33',30,30),(1430,'Administration ',88,'2022-11-16 09:09:08','2022-11-16 09:09:08',30,30),(1431,'Operational Performance Review',88,'2022-11-16 09:09:39','2022-11-16 09:09:39',30,30),(1432,' Planning and Work Organisation',90,'2022-11-16 09:22:15','2022-11-16 09:22:15',30,30),(1433,'  Administration ',90,'2022-11-16 09:22:45','2022-11-16 09:22:45',30,30),(1434,'Student Welfare',90,'2022-11-16 09:23:14','2022-11-16 09:23:14',30,30),(1435,' Human Resource Management',90,'2022-11-16 09:23:54','2022-11-16 09:23:54',30,30),(1436,'Operational Performance Review',90,'2022-11-16 09:24:34','2022-11-16 09:24:34',30,30),(1437,' Planning and Work Organisation',90,'2022-11-16 09:35:39','2022-11-16 09:35:39',30,30),(1438,'Student Welfare and Accommodation',90,'2022-11-16 09:36:12','2022-11-16 09:36:12',30,30),(1439,'Administration ',90,'2022-11-16 09:36:45','2022-11-16 09:36:45',30,30),(1440,'Operational Performance Review',90,'2022-11-16 09:37:24','2022-11-16 09:37:24',30,30),(1441,'Planning and Work Organization',365,'2022-11-16 13:58:18','2022-11-16 13:58:18',29,29),(1442,'Administration, Management and Supervision',365,'2022-11-16 13:58:37','2022-11-16 13:58:37',29,29),(1443,'Teaching & Instruction',365,'2022-11-16 13:58:57','2022-11-16 13:58:57',29,29),(1444,'Planning & Curriculum Development',365,'2022-11-16 13:59:19','2022-11-16 13:59:19',29,29),(1445,'Promote ICT Usage ',365,'2022-11-16 13:59:37','2022-11-16 13:59:37',29,29),(1446,'Personal Development ',365,'2022-11-16 14:00:08','2022-11-16 14:00:08',29,29),(1447,'Collaboration',365,'2022-11-16 14:00:23','2022-11-16 14:00:23',29,29),(1448,'Scholarship and Research',365,'2022-11-16 14:00:41','2022-11-16 14:00:41',29,29),(1449,'Consultancy',365,'2022-11-16 14:00:52','2022-11-16 14:00:52',29,29),(1450,'Professional Service',365,'2022-11-16 14:01:09','2022-11-16 14:01:09',29,29),(1451,'Operational Performance Review',365,'2022-11-16 14:01:20','2022-11-16 14:01:20',29,29),(1452,'Operational Performance Review',366,'2022-11-16 14:34:44','2022-11-16 14:34:44',29,29),(1453,'Operational Performance Review',366,'2022-11-16 14:34:58','2022-11-16 14:34:58',29,29),(1454,'Planning and Work Organization',366,'2022-11-16 14:35:07','2022-11-16 14:35:07',29,29),(1455,'Administration, Management and Supervision',366,'2022-11-16 14:35:53','2022-11-16 14:35:53',29,29),(1456,'Teaching & Instruction',366,'2022-11-16 14:36:18','2022-11-16 14:36:18',29,29),(1457,'Promote ICT Usage and Maintenance',366,'2022-11-16 14:36:50','2022-11-16 14:36:50',29,29),(1458,'Personal Development',366,'2022-11-16 14:37:03','2022-11-16 14:37:03',29,29),(1459,'Community Service',366,'2022-11-16 14:37:29','2022-11-16 14:37:29',29,29),(1460,'Research and Publication',366,'2022-11-16 14:41:16','2022-11-16 14:41:16',29,29),(1461,'Planning and Work Organization',367,'2022-11-17 13:40:28','2022-11-17 13:40:28',29,29),(1462,'Operational Performance Review',367,'2022-11-17 13:40:38','2022-11-17 13:40:38',29,29),(1463,'Planning and Curriculum Development',367,'2022-11-17 13:41:06','2022-11-17 13:41:06',29,29),(1464,'Administration, Management and Supervision',367,'2022-11-17 13:41:51','2022-11-17 13:41:51',29,29),(1465,'Administration, Management and Supervision',367,'2022-11-17 13:42:06','2022-11-17 13:42:06',29,29),(1466,'Promote Information and Communications Technologies (ICT) usage & maintaining ICT infrastructure',367,'2022-11-17 13:42:39','2022-11-17 13:42:39',29,29),(1467,'Research and Consultancy',367,'2022-11-17 13:43:35','2022-11-17 13:43:35',29,29),(1468,'Teaching and Training',367,'2022-11-17 13:43:52','2022-11-17 13:43:52',29,29),(1469,'Personal Development',367,'2022-11-17 13:44:17','2022-11-17 13:44:17',29,29),(1470,'Planning and Work Organization',368,'2022-11-17 14:12:17','2022-11-17 14:12:17',29,29),(1471,'Operational Performance Review',368,'2022-11-17 14:12:26','2022-11-17 14:12:26',29,29),(1472,'Administration, Management and Supervision',368,'2022-11-17 14:13:32','2022-11-17 14:13:32',29,29),(1473,'Planning and Curriculum Development',368,'2022-11-17 14:13:42','2022-11-17 14:16:10',29,29),(1474,'Teaching',368,'2022-11-17 14:14:03','2022-11-17 14:46:10',29,29),(1475,'Instruction',368,'2022-11-17 14:14:15','2022-11-17 14:14:15',29,29),(1477,'Promote ICT Usage & Personal Development',368,'2022-11-17 14:15:22','2022-11-17 14:15:22',29,29),(1478,'Planning and Work Organization',370,'2022-11-22 13:49:10','2022-11-22 13:49:10',29,29),(1479,'Operational Performance Review',370,'2022-11-22 13:49:25','2022-11-22 13:49:25',29,29),(1480,'Maintenance of Library Systems and ICT infrastructure',370,'2022-11-22 13:49:59','2022-11-22 13:49:59',29,29),(1481,'Promote ICT Usage ',370,'2022-11-22 13:50:15','2022-11-22 13:50:15',29,29),(1483,'Personal Development ',370,'2022-11-22 13:50:51','2022-11-22 13:50:51',29,29),(1484,'Planning and Work Organization',363,'2022-11-23 06:48:55','2022-11-23 06:48:55',29,29),(1485,'Operational Performance Review',363,'2022-11-23 06:49:04','2022-11-23 06:49:04',29,29),(1487,'Personal Development',363,'2022-11-23 06:49:52','2022-11-23 06:49:52',29,29),(1488,'Promote ICT Usage ',363,'2022-11-23 06:50:19','2022-11-23 06:50:19',29,29),(1489,'Maintenance of Library Systems and ICT infrastructure',363,'2022-11-23 06:59:54','2022-11-23 06:59:54',29,29),(1490,'Planning and Work Organization',371,'2022-11-23 12:54:44','2022-11-23 12:54:44',29,29),(1491,'Operational Performance Review',371,'2022-11-23 12:54:55','2022-11-23 12:54:55',29,29),(1492,'Personal Development',371,'2022-11-23 12:55:07','2022-11-23 12:55:07',29,29),(1493,'Promote ICT Usage ',371,'2022-11-23 12:55:30','2022-11-23 12:55:30',29,29),(1494,'Maintenance of Library Systems and ICT infrastructure',371,'2022-11-23 12:55:40','2022-11-23 12:55:40',29,29),(1495,'Planning and Work Organization',372,'2022-11-25 11:17:44','2022-11-25 11:17:44',29,29),(1496,'Operational Performance Review',372,'2022-11-25 11:18:06','2022-11-25 11:18:06',29,29),(1497,'Supervison and Coordination',372,'2022-11-25 11:18:52','2022-11-25 11:18:52',29,29),(1498,'Custodian of Laboratory Equipment',372,'2022-11-25 11:19:20','2022-11-25 11:19:20',29,29),(1499,'Conduct Laboratory Experiments',372,'2022-11-25 11:20:13','2022-11-25 11:20:13',29,29),(1500,'Research and Consultancy',372,'2022-11-25 11:20:32','2022-11-25 11:20:32',29,29),(1501,'Human Resource Management',372,'2022-11-25 11:20:48','2022-11-25 11:20:48',29,29),(1502,'Inventory Management',372,'2022-11-25 11:21:03','2022-11-25 11:21:03',29,29),(1503,'Records Management',372,'2022-11-25 11:21:15','2022-11-25 11:21:15',29,29),(1504,'Budgeting',372,'2022-11-25 11:21:31','2022-11-25 11:21:31',29,29),(1505,'Procurement',372,'2022-11-25 11:21:44','2022-11-25 11:21:44',29,29),(1506,'Occupational Safety',372,'2022-11-25 11:21:59','2022-11-25 11:21:59',29,29),(1507,'Planning and Work Organization',24,'2022-11-25 11:59:46','2022-11-25 11:59:46',29,29),(1508,'Operational Performance Review',24,'2022-11-25 12:00:01','2022-11-25 12:00:01',29,29),(1509,'Administration',24,'2022-11-25 12:00:16','2022-11-25 12:00:16',29,29),(1510,'Managing organisation Information Resources',24,'2022-11-25 12:01:58','2022-11-25 12:01:58',29,29),(1511,'Collection Development',24,'2022-11-25 12:02:22','2022-11-25 12:02:22',29,29),(1512,'Information Retrieval',24,'2022-11-25 12:02:34','2022-11-25 12:04:46',29,29),(1513,'Education',24,'2022-11-25 12:02:59','2022-11-25 12:02:59',29,29),(1515,'Preservation and Storage of Information Resources',24,'2022-11-25 12:03:59','2022-11-25 12:03:59',29,29),(1516,'Planning and Work Organization',364,'2022-11-25 12:23:31','2022-11-25 12:23:31',29,29),(1517,'Operational Performance Review',364,'2022-11-25 12:23:39','2022-11-25 12:23:39',29,29),(1519,'Human Resource Management',364,'2022-11-25 12:23:59','2022-11-25 12:23:59',29,29),(1520,'Student Welfare',364,'2022-11-25 12:24:28','2022-11-25 12:24:28',29,29),(1522,'Planning and work organization',337,'2022-11-29 08:03:10','2022-11-29 08:03:10',30,30),(1523,'Human Resource Management',337,'2022-11-29 08:03:45','2022-11-29 08:03:45',30,30),(1524,'Administration',337,'2022-11-29 08:04:28','2022-11-29 08:04:28',30,30),(1525,'Financial Management',337,'2022-11-29 08:05:08','2022-11-29 08:05:08',30,30),(1526,'Operational performance Review',337,'2022-11-29 08:05:43','2022-11-29 08:05:43',30,30),(1527,'Planning and Work Organization',348,'2022-11-30 13:41:28','2022-11-30 13:41:28',29,29),(1528,'Operational Performance Review',348,'2022-11-30 13:41:38','2022-11-30 13:41:38',29,29),(1529,'Coordinating undergraduate activities in the school.',348,'2022-11-30 13:42:25','2022-11-30 13:42:25',29,29),(1530,'Attending Meetings',348,'2022-11-30 13:42:37','2022-11-30 13:42:37',29,29),(1531,'Budgeting',348,'2022-11-30 13:42:45','2022-11-30 13:42:45',29,29),(1532,'Teaching and Training',348,'2022-11-30 14:09:46','2022-11-30 14:09:46',29,29),(1533,'Research and Publication',348,'2022-11-30 14:10:21','2022-11-30 14:10:21',29,29),(1534,'Consultancy',348,'2022-11-30 14:10:31','2022-11-30 14:10:31',29,29),(1535,'University and public life ',348,'2022-11-30 14:11:04','2022-11-30 14:11:04',29,29),(1536,'Planning and Work Organization',373,'2022-12-06 14:27:48','2022-12-06 14:27:48',29,29),(1537,'Operational Performance Review',373,'2022-12-06 14:28:01','2022-12-06 14:28:01',29,29),(1538,'Organisation and Arrangement of Stock',373,'2022-12-06 14:28:47','2022-12-06 14:28:47',29,29),(1539,'Service Provision',373,'2022-12-06 14:29:02','2022-12-06 14:29:02',29,29),(1541,'Management of Disciplinary Processes',360,'2022-12-13 13:10:44','2022-12-13 13:12:44',29,29),(1542,'Performance Management',360,'2022-12-13 13:10:58','2022-12-13 13:18:22',29,29),(1543,'Leave Management',360,'2022-12-13 13:11:12','2022-12-13 13:11:12',29,29),(1544,'Rewards Management',360,'2022-12-13 13:11:27','2022-12-13 13:11:27',29,29),(1545,'Industrial Relations',360,'2022-12-13 13:11:41','2022-12-13 13:11:41',29,29),(1546,'Operational Performance Review',352,'2022-12-30 10:26:41','2022-12-30 10:26:41',29,29),(1547,'Planning and Work Organization',352,'2022-12-30 10:26:51','2022-12-30 10:26:51',29,29),(1548,'Budgeting',352,'2022-12-30 10:27:12','2022-12-30 10:27:12',29,29),(1550,'Attending Meetings',352,'2022-12-30 10:27:46','2022-12-30 10:27:46',29,29),(1551,'Coordinating research activities in the school.',352,'2022-12-30 10:27:56','2022-12-30 10:27:56',29,29),(1552,'Planning and Work Organization',349,'2022-12-30 10:37:47','2022-12-30 10:37:47',29,29),(1553,'Operational Performance Review',349,'2022-12-30 10:38:00','2022-12-30 10:38:00',29,29),(1554,'Budgeting',349,'2022-12-30 10:38:12','2022-12-30 10:38:12',29,29),(1555,'Budgeting',349,'2022-12-30 10:38:31','2022-12-30 10:38:31',29,29),(1556,'Attending Meetings',349,'2022-12-30 10:38:47','2022-12-30 10:38:47',29,29),(1557,'Coordinating Postgraduate activities in the school.',349,'2022-12-30 10:38:55','2022-12-30 10:38:55',29,29),(1558,'Operational Performance Review',349,'2022-12-30 10:39:04','2022-12-30 10:39:04',29,29),(1559,'Policy Implementation',111,'2022-12-30 10:52:14','2022-12-30 10:52:14',29,29),(1560,'Teaching and Training',349,'2023-01-02 15:37:19','2023-01-02 15:37:19',29,29),(1561,'Research and Publication',349,'2023-01-02 15:37:41','2023-01-02 15:37:41',29,29),(1562,'University and Public Life',349,'2023-01-02 15:38:28','2023-01-02 15:38:28',29,29),(1563,'Consultancy',349,'2023-01-02 15:38:43','2023-01-02 15:38:43',29,29),(1564,'University and Public Life',352,'2023-01-02 15:55:13','2023-01-02 15:55:13',29,29),(1565,'Consultancy',352,'2023-01-02 15:55:27','2023-01-02 15:55:27',29,29),(1566,'Teaching and Training',352,'2023-01-02 15:55:38','2023-01-02 15:55:38',29,29),(1567,'Research and Publication',352,'2023-01-02 15:56:03','2023-01-02 15:56:03',29,29),(1568,'Research and Publication',352,'2023-01-02 15:56:16','2023-01-02 15:56:16',29,29),(1569,'Policy Implementation ',111,'2023-01-06 10:21:13','2023-01-06 10:21:13',29,29),(1570,'Consultancy',111,'2023-01-06 10:21:35','2023-01-06 10:21:35',29,29),(1571,'Policy Implementation ',111,'2023-01-06 10:24:29','2023-01-06 10:24:29',29,29),(1572,'Consultancy',111,'2023-01-06 10:24:47','2023-01-06 10:24:47',29,29),(1573,'Research and Publication',111,'2023-01-06 10:25:04','2023-01-06 10:25:04',29,29),(1574,'Budgeting',349,'2023-01-10 09:02:54','2023-01-10 09:02:54',29,29),(1575,'Quality Assurance',124,'2023-01-10 09:20:19','2023-01-10 09:20:19',29,29),(1576,'Quality Assessment',124,'2023-01-10 09:20:37','2023-01-10 09:20:37',29,29),(1577,'Quality Control',124,'2023-01-10 09:20:46','2023-01-10 09:20:46',29,29),(1579,'Quality Improvement',124,'2023-01-10 09:21:26','2023-01-10 09:21:26',29,29),(1580,'Budgeting',349,'2023-01-11 10:30:03','2023-01-11 10:30:03',29,29),(1581,'Planning and Work Organization',229,'2023-01-11 10:52:00','2023-01-11 10:52:00',29,29),(1582,'Operational Performance Review',229,'2023-01-11 10:52:12','2023-01-11 10:52:12',29,29),(1583,'Coordinating Internal administrative aspects of production',229,'2023-01-11 10:52:46','2023-01-11 10:52:46',29,29),(1584,'formatting, laying Out and Processing of Iinformation',229,'2023-01-11 10:53:17','2023-01-11 10:53:17',29,29),(1585,'Creativity and Innovation',229,'2023-01-11 10:53:38','2023-01-11 10:53:38',29,29),(1586,'Organizing copy flow and maintains dat base',229,'2023-01-11 10:54:16','2023-01-11 10:54:16',29,29),(1587,'Coordinating relationship with printers and illustrators',229,'2023-01-11 10:54:52','2023-01-11 10:54:52',29,29),(1588,'Other Duties Assigned',229,'2023-01-11 10:55:25','2023-01-11 10:55:25',29,29),(1589,'Operational Performance Review',229,'2023-01-11 10:55:34','2023-01-11 10:55:34',29,29),(1590,'Attending of Meetings',188,'2023-01-11 14:14:45','2023-01-11 14:14:45',29,29),(1591,'Planning and Work Organization',132,'2023-01-11 14:29:12','2023-01-11 14:29:12',29,29),(1592,'Operational Performance Review ',132,'2023-01-11 14:29:21','2023-01-11 14:29:21',29,29),(1593,'Messenger Services',132,'2023-01-11 14:29:43','2023-01-11 14:29:43',29,29),(1594,'Planning and Work Organization',160,'2023-01-11 14:34:15','2023-01-11 14:34:15',29,29),(1595,'Operational Performance Review',160,'2023-01-11 14:34:24','2023-01-11 14:34:24',29,29),(1596,'Contract Management',160,'2023-01-11 14:34:42','2023-01-11 14:34:42',29,29),(1597,'Review Purchase Orders',160,'2023-01-11 14:35:00','2023-01-11 14:35:00',29,29),(1598,'Purchase Negotiations',160,'2023-01-11 14:35:15','2023-01-11 14:35:15',29,29),(1599,'Reporting',160,'2023-01-11 14:35:31','2023-01-11 14:35:31',29,29),(1600,'preparation of purchasing plans and Budgeting',160,'2023-01-11 14:37:05','2023-01-11 14:37:05',29,29),(1601,'Planning and Work Organization',27,'2023-01-11 14:54:38','2023-01-11 14:54:38',29,29),(1602,'planing sending Enquiries',27,'2023-01-11 14:54:57','2023-01-11 14:54:57',29,29),(1604,'Conduct Market Research',27,'2023-01-11 14:57:17','2023-01-11 14:57:17',29,29),(1605,'Negotiating for prices Discounts',27,'2023-01-11 14:57:41','2023-01-11 14:57:41',29,29),(1606,'Receive quotations and invoices',27,'2023-01-11 14:58:08','2023-01-11 14:58:08',29,29),(1607,'Reports',27,'2023-01-11 14:58:18','2023-01-11 14:58:18',29,29),(1608,'Filing',27,'2023-01-11 14:58:26','2023-01-11 14:58:26',29,29),(1609,'Operational Review',27,'2023-01-11 14:58:37','2023-01-11 14:58:37',29,29),(1610,'Planning and Work Organization',159,'2023-01-12 06:21:54','2023-01-12 06:21:54',29,29),(1611,'Operational Performance Review',159,'2023-01-12 06:22:07','2023-01-12 06:22:07',29,29),(1612,'Clerical Duties',159,'2023-01-12 06:22:20','2023-01-12 06:22:20',29,29),(1613,'Record Keeping',159,'2023-01-12 06:22:32','2023-01-12 06:22:32',29,29),(1614,'Sending Enquiry',159,'2023-01-12 06:22:45','2023-01-12 06:22:45',29,29),(1615,'Planning and Work Organization',211,'2023-01-12 06:31:17','2023-01-12 06:31:17',29,29),(1616,'Secretarial Duties',211,'2023-01-12 06:32:25','2023-01-12 06:32:25',29,29),(1617,'Operational Performance Review',211,'2023-01-12 06:32:36','2023-01-12 06:32:36',29,29),(1618,'Planning and Work Organization',212,'2023-01-12 06:42:46','2023-01-12 06:42:46',29,29),(1619,'Operational Performance Review',212,'2023-01-12 06:42:55','2023-01-12 06:42:55',29,29),(1620,'Storage and Issuing',212,'2023-01-12 06:43:17','2023-01-12 06:43:17',29,29),(1621,'Records Management',212,'2023-01-12 06:43:27','2023-01-12 06:43:27',29,29),(1622,'Stock taking and Hygiene maintenance',212,'2023-01-12 06:43:51','2023-01-12 06:43:51',29,29),(1623,'Planning and Work Organization',213,'2023-01-12 07:02:42','2023-01-12 07:02:42',29,29),(1624,'Operational Performance Review',213,'2023-01-12 07:02:50','2023-01-12 07:02:50',29,29),(1625,'Clerical Duties',213,'2023-01-12 07:03:26','2023-01-12 07:03:26',29,29),(1626,'Clerical Duties',213,'2023-01-12 07:03:52','2023-01-12 07:03:52',29,29),(1627,'Stock Taking',213,'2023-01-12 07:04:09','2023-01-12 07:04:09',29,29),(1628,'Stock Taking',213,'2023-01-12 07:04:13','2023-01-12 07:04:13',29,29),(1629,'Planning and Work Organization',214,'2023-01-12 07:09:10','2023-01-12 07:09:10',29,29),(1630,'Operational Performance Review',214,'2023-01-12 07:09:20','2023-01-12 07:09:20',29,29),(1631,'Liaison with suppliers and Unser units',214,'2023-01-12 07:09:54','2023-01-12 07:09:54',29,29),(1632,'Helath and Safety',214,'2023-01-12 07:10:08','2023-01-12 07:10:08',29,29),(1633,'Health and Safety',214,'2023-01-12 07:10:18','2023-01-12 07:10:18',29,29),(1634,'Quality Control',214,'2023-01-12 07:10:31','2023-01-12 07:10:31',29,29),(1635,'Human Resource Management',214,'2023-01-12 07:10:40','2023-01-12 07:10:40',29,29),(1636,'Human Resource Management',214,'2023-01-12 07:10:46','2023-01-12 07:10:46',29,29),(1637,'Planning and Work Organization',280,'2023-01-12 07:41:02','2023-01-12 07:41:02',29,29),(1638,'Sorting',280,'2023-01-12 07:41:32','2023-01-12 07:41:32',29,29),(1639,'receipt of Items',280,'2023-01-12 07:41:46','2023-01-12 07:41:46',29,29),(1640,'Physical Handling',280,'2023-01-12 07:41:59','2023-01-12 07:41:59',29,29),(1641,'Operational Performance Review',295,'2023-01-21 08:21:42','2023-01-21 08:21:42',29,29),(1642,'Designing  and Management of University of Zambia Communication tools',295,'2023-01-21 08:22:45','2023-01-21 08:22:45',29,29),(1645,'Designing and Management of University of Zambia Website and Facebook page.',295,'2023-01-21 08:24:16','2023-01-21 08:24:16',29,29),(1646,'Planning Events',295,'2023-01-21 08:24:50','2023-01-21 08:24:50',29,29),(1647,'Photography',295,'2023-01-21 08:25:00','2023-01-21 08:25:00',29,29),(1648,'Graphic Designing',295,'2023-01-21 08:25:11','2023-01-21 08:25:11',29,29),(1649,'Branding',295,'2023-01-21 08:25:40','2023-01-21 08:25:40',29,29),(1650,'Managing Internal broadcast',295,'2023-01-21 08:25:49','2023-01-21 08:25:49',29,29),(1651,'Planning and Work Organization',295,'2023-01-21 08:28:24','2023-01-21 08:28:24',29,29),(1652,'Planning and Work Organization',197,'2023-01-25 14:23:19','2023-01-25 14:23:19',29,29),(1653,'Operational Performance Review',197,'2023-01-25 14:23:41','2023-01-25 14:31:34',29,29),(1654,'Carrying Out Experiments',197,'2023-01-25 14:24:03','2023-01-25 14:24:03',29,29),(1655,'Supervision',197,'2023-01-25 14:24:16','2023-01-25 14:24:16',29,29),(1656,'Health and Safety',197,'2023-01-25 14:25:01','2023-01-25 14:25:01',29,29),(1657,'Human Resource Management',197,'2023-01-25 14:25:23','2023-01-25 14:25:23',29,29),(1658,'Provision  of accurate medical   information  ',197,'2023-01-25 14:25:33','2023-01-25 14:25:33',29,29),(1659,'Planning and Work Organization',106,'2023-01-25 14:42:23','2023-01-25 14:42:23',29,29),(1660,'Operational Performance Review',106,'2023-01-25 14:42:31','2023-01-25 14:42:31',29,29),(1661,'Setting Up Apparatus for Laboratory',106,'2023-01-25 14:43:12','2023-01-25 14:43:12',29,29),(1662,'Cleaning of laboratory and apparatus',106,'2023-01-25 14:43:20','2023-01-25 14:43:20',29,29),(1663,'Production of laboratory manuals or report books.',106,'2023-01-25 14:43:48','2023-01-25 14:43:48',29,29),(1664,'Field Trip Involvement',106,'2023-01-25 14:44:16','2023-01-25 14:44:16',29,29),(1665,'Planning and Work Organization',229,'2023-01-26 13:03:35','2023-01-26 13:03:35',29,29),(1666,'Operational Performance Review',229,'2023-01-26 13:03:52','2023-01-26 13:03:52',29,29),(1667,'Coordination Internal Administrative aspects of publishing',229,'2023-01-26 13:04:38','2023-01-26 13:04:38',29,29),(1668,'Formatting, laying-out and processing of Information',229,'2023-01-26 13:06:04','2023-01-26 13:06:04',29,29),(1669,'Creativity and Innovation',229,'2023-01-26 13:06:56','2023-01-26 13:06:56',29,29),(1670,'Maintains Database',229,'2023-01-26 13:07:12','2023-01-26 13:07:12',29,29),(1671,'Maintains Database',229,'2023-01-26 13:08:51','2023-01-26 13:08:51',29,29),(1672,'Maintains Database',229,'2023-01-26 13:09:20','2023-01-26 13:09:20',29,29),(1673,'Coordinating relationships with printers and illustrators',229,'2023-01-26 13:09:55','2023-01-26 13:09:55',29,29),(1674,'Other Assigned Duties',229,'2023-01-26 13:10:14','2023-01-26 13:10:14',29,29),(1675,'Planning and Work Organization',244,'2023-01-26 14:36:15','2023-01-26 14:36:15',29,29),(1676,'Operational Performance Review',244,'2023-01-26 14:36:30','2023-01-26 14:36:30',29,29),(1677,'Human Resource Management',244,'2023-01-26 14:36:40','2023-01-26 14:36:40',29,29),(1678,'Budgeting',244,'2023-01-26 14:36:49','2023-01-26 14:36:49',29,29),(1679,'Records Management',244,'2023-01-26 14:36:58','2023-01-26 14:36:58',29,29),(1680,'Procurement',244,'2023-01-26 14:37:10','2023-01-26 14:37:10',29,29),(1681,'Inventory Management',244,'2023-01-26 14:37:20','2023-01-26 14:37:20',29,29),(1682,'Occupational Safety',244,'2023-01-26 14:37:39','2023-01-26 14:37:39',29,29),(1683,'Research and Consultancy',244,'2023-01-26 14:37:52','2023-01-26 14:37:52',29,29),(1684,'Conduct Laboratory Experiments',244,'2023-01-26 14:38:05','2023-01-26 14:38:05',29,29),(1685,'Supervison and Coordination of Work',244,'2023-01-26 14:38:22','2023-01-26 14:38:22',29,29),(1686,'Planning and Work Organization',374,'2023-01-26 15:02:51','2023-01-26 15:02:51',29,29),(1687,'Operational Performance Review',374,'2023-01-26 15:02:59','2023-01-26 15:02:59',29,29),(1688,'Human Resource Management',374,'2023-01-26 15:03:08','2023-01-26 15:03:08',29,29),(1689,'Budgeting',374,'2023-01-26 15:03:17','2023-01-26 15:03:17',29,29),(1690,'Occupational Safety',374,'2023-01-26 15:03:24','2023-01-26 15:03:24',29,29),(1692,'Research and Consultancy',374,'2023-01-26 15:03:52','2023-01-26 15:03:52',29,29),(1693,'Conduct Laboratory Experiments',374,'2023-01-26 15:04:14','2023-01-26 15:04:14',29,29),(1694,'Supervision and Coordination of Work',374,'2023-01-26 15:04:30','2023-01-26 15:05:42',29,29),(1695,'Inventory Management',374,'2023-01-26 15:04:50','2023-01-26 15:04:50',29,29),(1697,'Records Management',374,'2023-01-26 15:05:11','2023-01-26 15:05:11',29,29),(1698,'Procurement',374,'2023-01-26 15:05:21','2023-01-26 15:05:21',29,29),(1699,'Planning and Work Organization',51,'2023-01-27 10:40:52','2023-01-27 10:40:52',29,29),(1700,'Planning and Work Organization',53,'2023-01-27 10:41:26','2023-01-27 10:41:26',29,29),(1701,' Planning and work organization',375,'2023-01-29 15:21:08','2023-01-29 15:21:08',30,30),(1702,' Advisory role',375,'2023-01-29 15:22:07','2023-01-29 15:22:07',30,30),(1703,' Record management',375,'2023-01-29 15:22:43','2023-01-29 15:22:43',30,30),(1704,'Information system management',375,'2023-01-29 15:23:19','2023-01-29 15:23:19',30,30),(1705,' Marketing and sales',375,'2023-01-29 15:24:10','2023-01-29 15:24:10',30,30),(1706,' Billing',375,'2023-01-29 15:24:46','2023-01-29 15:24:46',30,30),(1707,'  Examinations',375,'2023-01-29 15:25:21','2023-01-29 15:25:21',30,30),(1708,' Admission',375,'2023-01-29 15:25:54','2023-01-29 15:25:54',30,30),(1709,'Operational performance review',375,'2023-01-29 15:26:33','2023-01-29 15:26:33',30,30),(1710,'Planning and Work Organization',108,'2023-02-01 14:08:43','2023-02-01 14:08:43',29,29),(1711,'Operational Performance Review',108,'2023-02-01 14:08:53','2023-02-01 14:08:53',29,29),(1712,'Custodian of Laboratory Equipment',108,'2023-02-01 14:09:37','2023-02-01 14:09:37',29,29),(1713,'Supervision and Coordination',108,'2023-02-01 14:09:51','2023-02-01 14:09:51',29,29),(1714,'Research and Consultancy',108,'2023-02-01 14:10:48','2023-02-01 14:10:48',29,29),(1715,'Conducting Laboratory Experiments',108,'2023-02-01 14:10:59','2023-02-01 14:10:59',29,29),(1716,'Human Resource Management',108,'2023-02-01 14:11:27','2023-02-01 14:11:27',29,29),(1717,'Quality Assurance ',376,'2023-02-07 10:40:51','2023-02-07 10:40:51',30,30),(1718,'Quality Assessment',376,'2023-02-07 10:41:30','2023-02-07 10:41:30',30,30),(1719,'Quality Control',376,'2023-02-07 10:42:01','2023-02-07 10:42:01',30,30),(1720,'Quality Improvement ',376,'2023-02-07 10:42:28','2023-02-07 10:42:28',30,30),(1721,'Planning and Work Organisation',376,'2023-02-07 10:43:01','2023-02-07 10:43:01',30,30),(1722,'Operational Performance Review',376,'2023-02-07 10:43:34','2023-02-07 10:43:34',30,30),(1723,'Governance and Management',337,'2023-02-09 13:32:08','2023-02-09 13:32:08',29,29),(1724,'Organizing copy flow and maintains data base',229,'2023-02-15 10:45:08','2023-02-15 10:45:08',29,29),(1725,'Planning Concepts by studying relevant information and materials',229,'2023-02-15 10:56:37','2023-02-15 10:56:37',29,29),(1726,'Enhancing, redrawing and improving quality of images, graphs, charts and pictures',229,'2023-02-15 11:08:32','2023-02-15 11:08:32',29,29),(1727,'Formatting and Laying',229,'2023-02-15 11:09:19','2023-02-15 11:09:19',29,29),(1728,'Proof reading, correcting and interpreting the Editor\'s symbols',229,'2023-02-15 11:14:18','2023-02-15 11:14:18',29,29),(1729,'Proof reading, correcting and interpreting the Editor\'s symbols',229,'2023-02-16 08:03:58','2023-02-16 08:03:58',29,29),(1730,'Preparing a document for publishing either for online or print',229,'2023-02-16 08:04:43','2023-02-16 08:04:43',29,29),(1731,'Indexing',229,'2023-02-16 08:05:13','2023-02-16 08:05:13',29,29),(1732,'Other Duties',229,'2023-02-16 08:05:25','2023-02-16 08:05:25',29,29),(1733,' Planning and Work Organization',142,'2023-02-21 13:28:16','2023-02-21 13:28:16',30,30),(1734,'Secretarial Services',142,'2023-02-21 13:28:58','2023-02-21 13:28:58',30,30),(1735,'Operational Performance Review',142,'2023-02-21 13:29:41','2023-02-21 13:29:41',30,30),(1741,'Planning and Work Organization',143,'2023-03-01 14:05:28','2023-03-01 14:05:28',30,30),(1742,'Secretarial Services',143,'2023-03-01 14:06:06','2023-03-01 14:06:06',30,30),(1743,'Operational Performance Review',143,'2023-03-01 14:06:38','2023-03-01 14:06:38',30,30),(1745,'Planning and Work Organization',73,'2023-03-02 07:41:56','2023-03-02 07:41:56',29,29),(1746,'Operational Performance Review',73,'2023-03-02 07:42:16','2023-03-02 07:42:16',29,29),(1747,'Editing',73,'2023-03-02 07:42:32','2023-03-02 07:42:32',29,29),(1748,'Budgeting',73,'2023-03-02 07:42:40','2023-03-02 07:42:40',29,29),(1749,'Secretarial Services',73,'2023-03-02 07:43:27','2023-03-02 07:43:27',29,29),(1750,'Planning and working organization',369,'2023-03-16 12:22:21','2023-03-16 12:22:21',30,30),(1751,'Sports',369,'2023-03-16 12:23:00','2023-03-16 12:23:00',30,30),(1752,'Recreation',369,'2023-03-16 12:23:36','2023-03-16 12:23:36',30,30),(1753,'Socio- Cultural activities',369,'2023-03-16 12:24:21','2023-03-16 12:24:21',30,30),(1754,'Administration',369,'2023-03-16 12:24:55','2023-03-16 12:24:55',30,30),(1755,'Human Resource management.',369,'2023-03-16 12:25:31','2023-03-16 12:25:31',30,30),(1756,'Financial Management.',369,'2023-03-16 12:26:04','2023-03-16 12:26:04',30,30),(1757,'Operational Performance Review. ',369,'2023-03-16 12:26:34','2023-03-16 12:26:34',30,30),(1758,'Planning and Work Organization',357,'2023-03-17 14:05:10','2023-03-17 14:05:10',29,29),(1759,'Operational Performance Review',357,'2023-03-17 14:05:20','2023-03-17 14:05:20',29,29),(1760,'Human Resource Management',357,'2023-03-17 14:05:50','2023-03-17 14:05:50',29,29),(1761,'Secretarial Services',357,'2023-03-17 14:06:02','2023-03-17 14:06:02',29,29),(1762,'Implementation of Strategic Plan',357,'2023-03-17 14:06:38','2023-03-17 14:06:38',29,29),(1763,'Property Management and Logistics',357,'2023-03-17 14:06:52','2023-03-17 14:06:52',29,29),(1764,'Procuremnt',357,'2023-03-17 14:07:24','2023-03-17 14:07:24',29,29),(1765,'Monitoring and Evaluation',357,'2023-03-17 14:07:37','2023-03-17 14:07:37',29,29),(1766,'Budgeting and financial control',357,'2023-03-17 14:07:45','2023-03-17 14:07:45',29,29),(1767,'Diagnostics, Teaching and Research',106,'2023-03-24 08:09:44','2023-03-24 08:09:44',30,30),(1768,'Safety and hygiene',106,'2023-03-24 08:10:29','2023-03-24 08:10:29',30,30),(1769,'Environmental conditions',106,'2023-03-24 08:11:01','2023-03-24 08:11:01',30,30),(1770,'Other duties',106,'2023-03-24 08:11:35','2023-03-24 08:11:35',30,30),(1771,'Planning and Work Organization',380,'2023-03-28 10:35:58','2023-03-28 10:35:58',29,29),(1772,'Operational Performance Review',380,'2023-03-28 10:36:06','2023-03-28 10:36:06',29,29),(1773,'Coordination of industry liaison, school infrastructure, maintenance and consistence',380,'2023-03-28 10:37:40','2023-03-28 10:37:40',29,29),(1774,'Attending Meetings',380,'2023-03-28 10:37:56','2023-03-28 10:37:56',29,29),(1775,'Planning and Work Organization',31,'2023-03-29 14:56:03','2023-03-29 14:56:03',29,29),(1776,'Operational Performance Review',31,'2023-03-29 14:56:10','2023-03-29 14:56:10',29,29),(1777,'Supervision and Coordination',31,'2023-03-29 14:56:31','2023-03-29 14:56:31',29,29),(1778,'Housekeeping and Laboratories',31,'2023-03-29 14:56:57','2023-03-29 14:56:57',29,29),(1779,'Conducting Laboratory Experiments',31,'2023-03-29 14:57:26','2023-03-29 14:57:26',29,29),(1780,'Research and Consultancy',31,'2023-03-29 14:57:53','2023-03-29 14:57:53',29,29),(1781,'Inventory Management',31,'2023-03-29 14:58:07','2023-03-29 14:58:07',29,29),(1782,'Records  Management',31,'2023-03-29 14:58:26','2023-03-29 14:58:26',29,29),(1783,'Occupational Safety',31,'2023-03-29 14:58:44','2023-03-29 14:58:44',29,29),(1784,'Production of laboratory manuals or report books',31,'2023-03-29 15:24:36','2023-03-29 15:24:36',29,29),(1785,'Planning and work organization',381,'2023-03-31 06:26:21','2023-03-31 06:26:21',30,30),(1786,'Processing of Financial Transaction',381,'2023-03-31 06:26:57','2023-03-31 06:26:57',30,30),(1787,' Processing of cheques',381,'2023-03-31 06:27:42','2023-03-31 06:27:42',30,30),(1788,' Bank transactions',381,'2023-03-31 06:28:16','2023-03-31 06:28:16',30,30),(1789,'Financial reports',381,'2023-03-31 06:28:47','2023-03-31 06:28:47',30,30),(1790,'Maintenance of records ',381,'2023-03-31 06:29:18','2023-03-31 06:29:18',30,30),(1791,'Maintenance of records ',381,'2023-03-31 06:30:04','2023-03-31 06:30:04',30,30),(1792,' Filing',381,'2023-03-31 06:30:40','2023-03-31 06:30:40',30,30),(1793,'Operational performance review',381,'2023-03-31 06:31:11','2023-03-31 06:31:11',30,30),(1795,'Research and Publication',380,'2023-03-31 12:16:20','2023-03-31 12:16:20',29,29),(1796,'Teaching and Training',380,'2023-03-31 12:16:32','2023-03-31 12:16:32',29,29),(1797,'Consultancy',380,'2023-03-31 12:16:42','2023-03-31 12:16:42',29,29),(1798,'University Public Life',380,'2023-03-31 12:17:10','2023-03-31 12:17:10',29,29),(1799,'WORK PLANING AND ORGANISATION',78,'2023-05-02 09:10:20','2023-05-02 09:10:20',31,31),(1800,'Planning and Work Organisation',264,'2023-05-23 07:47:03','2023-05-23 07:47:03',30,30),(1801,'Consultancy and Projects',264,'2023-05-23 07:47:46','2023-05-23 07:47:46',30,30),(1802,'Grants Management',264,'2023-05-23 07:48:38','2023-05-23 07:48:38',30,30),(1803,'Resource Mobilization ',264,'2023-05-23 07:49:27','2023-05-23 07:49:27',30,30),(1804,'Alumni Relations ',264,'2023-05-23 07:50:10','2023-05-23 07:50:10',30,30),(1805,'Secretarial Services',264,'2023-05-23 07:55:40','2023-05-23 07:55:40',30,30),(1806,'Human Resource management',264,'2023-05-23 07:56:23','2023-05-23 07:56:23',30,30),(1807,'Operational Performance Review',264,'2023-05-23 07:57:08','2023-05-23 07:57:08',30,30);

--
-- Table structure for table `leave_types`
--

CREATE TABLE `leave_types` (
  `id` bigint unsigned NOT NULL AUTO_INCREMENT,
  `name` varchar(255) COLLATE utf8mb4_unicode_ci NOT NULL,
  `is_annual_leave` enum('Yes','No') COLLATE utf8mb4_unicode_ci NOT NULL DEFAULT 'No',
  `is_pre_allocated` tinyint DEFAULT '0',
  `is_deductable` tinyint DEFAULT '0',
  `max_accrue_days_per_month` bigint DEFAULT '0',
  `description` text COLLATE utf8mb4_unicode_ci,
  `inclusive_of_all_calendar_days` tinyint DEFAULT '0',
  `created_by` int DEFAULT NULL,
  `updated_by` int DEFAULT NULL,
  `created_at` timestamp NULL DEFAULT NULL,
  `updated_at` timestamp NULL DEFAULT NULL,
  `requires_attachment` enum('Yes','No') COLLATE utf8mb4_unicode_ci DEFAULT 'No',
  `allows_passages` enum('Yes','No') COLLATE utf8mb4_unicode_ci DEFAULT 'No',
  `attachment_name` varchar(255) COLLATE utf8mb4_unicode_ci DEFAULT NULL,
  `is_deferable` tinyint DEFAULT '0',
  `min_years_to_qualify` int DEFAULT '0' COMMENT 'Minimum number of years one need to work at UNZA for them to qualify for leave',
  `is_special_leave` tinyint DEFAULT '0' COMMENT 'Is it SABATICAL OR LEAVE OF ABSENCE',
  `staff_category` varchar(255) COLLATE utf8mb4_unicode_ci DEFAULT NULL,
  `is_maternity` enum('Yes','No') COLLATE utf8mb4_unicode_ci DEFAULT 'No',
  `stop_annual_leave_days_days_accrual_after_starts` enum('Yes','No') COLLATE utf8mb4_unicode_ci DEFAULT 'No',
  PRIMARY KEY (`id`),
  UNIQUE KEY `leave_types_name_unique` (`name`)
) ENGINE=InnoDB AUTO_INCREMENT=15 DEFAULT CHARSET=utf8mb4 COLLATE=utf8mb4_unicode_ci;

--
-- Dumping data for table `leave_types`
--

INSERT INTO `leave_types` VALUES (7,'Sick','No',1,NULL,30,'Leave taken when an employee has fallen sick',0,20,20,NULL,'2024-05-07 15:39:25','Yes','No','Sick note',0,0,0,'1, 2','No','No'),(8,'Local leave','No',1,1,14,'',0,20,20,NULL,'2024-05-09 09:36:22','No','No','',0,0,0,'1, 3, 2','No','No'),(10,'Annual leave','Yes',0,1,NULL,'',0,20,20,NULL,'2024-05-09 09:36:35','No','Yes','',0,0,0,'1, 3, 2','No','No'),(11,'Maternity','No',1,0,90,'Leave taken after child birth. Computation of Maternity Leave is inclusive of all calendar days',1,20,20,'2023-11-01 08:23:31','2024-05-09 09:11:48','Yes','No','Medical report',0,2,0,'1, 2','No','No'),(12,'Unpaid Special Leave Academic Staff','No',1,0,730,'Unpaid Special Leave configurations for all academic staff',1,20,20,'2024-05-09 08:50:45','2024-05-09 08:50:45','No','No','',0,0,1,'1','No','No'),(13,'Unpaid Leave of Absence Academic staff','No',1,0,730,'Unpaid Leave of Absence configurations for Academic staff',1,20,20,'2024-05-09 08:59:12','2024-05-09 09:01:32','No','No','',0,0,1,'1','No','Yes'),(14,'Sabbatical Leave Academic Staff','No',1,0,365,'Sabbatical Leave configurations for Academic Staff',0,20,20,'2024-05-09 09:04:15','2024-05-09 09:04:15','No','No','',0,0,1,'1','No','Yes');

--
-- Table structure for table `offence_category`
--

CREATE TABLE `offence_category` (
  `id` int unsigned NOT NULL AUTO_INCREMENT,
  `name` varchar(255) COLLATE utf8mb4_general_ci DEFAULT NULL,
  `description` varchar(255) COLLATE utf8mb4_general_ci DEFAULT NULL,
  `created_at` timestamp NOT NULL DEFAULT CURRENT_TIMESTAMP,
  `updated_at` timestamp NOT NULL DEFAULT CURRENT_TIMESTAMP ON UPDATE CURRENT_TIMESTAMP,
  `created_by` int unsigned DEFAULT NULL,
  `updated_by` int unsigned DEFAULT NULL,
  PRIMARY KEY (`id`),
  KEY `fk_created_by` (`created_by`),
  KEY `fk_updated_by` (`updated_by`),
  CONSTRAINT `fk_created_by` FOREIGN KEY (`created_by`) REFERENCES `users` (`id`),
  CONSTRAINT `fk_updated_by` FOREIGN KEY (`updated_by`) REFERENCES `users` (`id`)
) ENGINE=InnoDB AUTO_INCREMENT=11 DEFAULT CHARSET=utf8mb4 COLLATE=utf8mb4_general_ci;

--
-- Dumping data for table `offence_category`
--

INSERT INTO `offence_category` VALUES (1,'Category 1','Offences related to Unsatisfactory Work Performance','2024-04-04 13:58:30','2024-04-04 13:58:30',20,20),(2,'Category 2','Offences related to Negligence, Loss, Damage or Misuse of University property','2024-04-04 13:59:36','2024-04-04 13:59:36',20,20),(3,'Category 3','Offences related to Disorderly Behaviour','2024-04-04 14:00:13','2024-04-04 14:00:13',20,20),(4,'Category 4','Offences related to Dishonesty','2024-04-04 14:01:01','2024-04-04 14:01:01',20,20),(5,'Category 5','Offences related to Absenteeism','2024-04-04 14:01:36','2024-04-23 16:55:53',20,29),(6,'Category 6','Criminal Offences.','2024-04-04 14:02:16','2024-04-04 20:16:20',20,20),(7,'Category 7','Offences related to Breach of Trust or Confidentiality and unauthorised communication','2024-04-04 14:02:46','2024-04-04 14:02:46',20,20),(8,'Category 8','Offences related to Sexual Harassment, Immoral Conduct and Indecent Assault','2024-04-04 14:03:19','2024-04-04 14:03:19',20,20),(9,'Category 9','Offences relating to Information Communication Technology','2024-04-04 14:03:59','2024-04-04 14:03:59',20,20);

--
-- Table structure for table `offences`
--

CREATE TABLE `offences` (
  `id` int unsigned NOT NULL AUTO_INCREMENT,
  `name` varchar(255) COLLATE utf8mb4_general_ci DEFAULT NULL,
  `category` int unsigned DEFAULT NULL,
  `description` varchar(255) COLLATE utf8mb4_general_ci DEFAULT NULL,
  `created_at` timestamp NOT NULL DEFAULT CURRENT_TIMESTAMP,
  `updated_at` timestamp NOT NULL DEFAULT CURRENT_TIMESTAMP ON UPDATE CURRENT_TIMESTAMP,
  `created_by` int unsigned DEFAULT NULL,
  `updated_by` int unsigned DEFAULT NULL,
  PRIMARY KEY (`id`),
  KEY `category` (`category`),
  KEY `fk_created_by_users` (`created_by`),
  KEY `fk_updated_by_users` (`updated_by`),
  CONSTRAINT `fk_created_by_users` FOREIGN KEY (`created_by`) REFERENCES `users` (`id`),
  CONSTRAINT `fk_updated_by_users` FOREIGN KEY (`updated_by`) REFERENCES `users` (`id`),
  CONSTRAINT `offences_ibfk_1` FOREIGN KEY (`category`) REFERENCES `offence_category` (`id`)
) ENGINE=InnoDB AUTO_INCREMENT=73 DEFAULT CHARSET=utf8mb4 COLLATE=utf8mb4_general_ci;

--
-- Dumping data for table `offences`
--

INSERT INTO `offences` VALUES (1,'Negligence ',1,'Performance of a task or duty without due care and attention.','2024-04-04 14:08:00','2024-04-23 16:41:33',20,29),(2,'Inefficiency',1,'Failure to manage available resources or to produce desired results\r\nor to carry out a task within a given time frame.','2024-04-04 14:09:29','2024-04-04 14:09:29',20,20),(3,'Insubordination',3,' Wilful refusal to carry out a lawful instruction given by a\r\nperson in authority.','2024-04-04 14:10:09','2024-04-04 14:10:09',20,20),(4,'Incompetence ',1,'Failure to carry out a task to the required standard.','2024-04-04 18:16:02','2024-04-04 18:16:02',20,20),(5,'Loafing ',1,'Passing time idly, sleeping on duty, loitering, unauthorised breaks\r\nduring working hours, leaving work early or reporting late for work.','2024-04-04 18:16:39','2024-04-04 18:16:39',20,20),(6,'De facto absenteeism ',1,'Engaging in unauthorised activities whilst on duty thereby\r\ncreating de facto absenteeism.','2024-04-04 18:17:23','2024-04-04 18:17:23',20,20),(7,'Poor supervision',1,'Inability to provide leadership and guidance to employees being supervised','2024-04-04 18:18:09','2024-04-23 16:42:34',20,29),(8,'Wilful damage to University property',2,'Any act whereby an employee wilfully or\r\ndeliberately damages University property.','2024-04-04 18:18:49','2024-04-04 18:18:49',20,20),(9,'Negligent damage',2,'Any act whereby an employee through carelessness or\r\nnegligence, damages property.','2024-04-04 18:19:37','2024-04-04 18:19:37',20,20),(10,'Late banking',2,'Banking University money after the stipulated period contrary to\r\nthe University’s Financial Regulations.','2024-04-04 18:20:02','2024-04-04 18:20:02',20,20),(11,'Failure to bank University money',2,'Not banking University money received in the\r\ncourse of duty contrary to the University’s Financial Regulations.','2024-04-04 18:20:35','2024-04-04 18:20:35',20,20),(12,'Late retirement of imprest',2,'Not retiring imprest within stipulated period contrary\r\nto the Financial regulations.','2024-04-04 18:21:13','2024-04-04 18:21:13',20,20),(13,'Failure to retire imprest ',2,'Not being able to retire imprest at all.','2024-04-04 18:21:52','2024-04-04 18:21:52',20,20),(14,'Misuse of University property and facilities',2,'Using University property and premises for a purpose other than that for which it is intended.','2024-04-04 18:57:36','2024-04-04 18:57:36',20,20),(15,'Driving University vehicle without authority.',2,'Driving University vehicle without authority.','2024-04-04 18:59:31','2024-04-04 18:59:31',20,20),(16,'Negligent loss of University property ',2,'Any act whereby an employee through\r\ncarelessness or negligence loses property or is unable to account for it satisfactorily.','2024-04-04 19:00:30','2024-04-04 19:00:30',20,20),(17,'Sub-letting of University property ',2,'Sub-letting of University property or using UNZA property for commercial purposes.','2024-04-04 19:01:18','2024-04-04 19:01:18',20,20),(18,'Unauthorised use of University staff on non University jobs ',2,'Unauthorised use of University staff on non University jobs or activities during working hours.','2024-04-04 19:02:30','2024-04-04 19:02:30',20,20),(19,'Using University time and /or facilities for personal gain.',2,'Using University time and /or facilities for personal gain.','2024-04-04 19:02:51','2024-04-04 19:02:51',20,20),(20,'Insubordination ',3,'Wilful refusal to carry out a lawful instruction given by a\r\nperson in authority.','2024-04-04 19:03:52','2024-04-04 19:03:52',20,20),(21,'Insolence',3,'The use of demeaning or derogatory language (whether spoken or\r\nwritten) or behaviour to a supervising officer or subordinate.','2024-04-04 19:04:39','2024-04-04 19:04:39',20,20),(22,'Assault ',3,'causing altercation or physical fighting.','2024-04-04 19:05:08','2024-04-04 19:05:08',20,20),(23,'Threatening violence',3,'Intimidation bordering on violence','2024-04-04 19:05:41','2024-04-04 19:05:41',20,20),(24,'Taking unauthorised intoxicating alcohol on duty',3,'Taking unauthorised intoxicating alcohol on duty','2024-04-04 19:05:59','2024-04-04 19:05:59',20,20),(25,'Being drunk on duty.',3,'Being drunk on duty.','2024-04-04 19:06:23','2024-04-04 19:06:23',20,20),(26,'Taking drugs on duty other than for treatment.',3,'Taking drugs on duty other than for treatment.','2024-04-04 19:06:39','2024-04-04 19:06:39',20,20),(27,'Inciting fellow employees to commit an offence including riotous behaviour.',3,'Inciting fellow employees to commit an offence including riotous behaviour.','2024-04-04 19:07:01','2024-04-04 19:07:01',20,20),(28,'Unauthorised manufacture and/ or distribution of drugs.',3,'Unauthorised manufacture and/ or distribution of drugs.','2024-04-04 19:07:40','2024-04-04 19:07:40',20,20),(29,'Sabotage ',3,'Wilful tempering with vital University equipment, installations\r\nand/or infrastructure thereby paralysing operations or a deliberate action weakening the University through subversive obstruction, disruption or destruction','2024-04-04 19:09:06','2024-04-04 19:09:06',20,20),(30,'Inciting employees to implement work stoppage.',3,'Inciting employees to implement work stoppage.','2024-04-04 19:09:25','2024-04-04 19:09:25',20,20),(31,'Failure to obey lawful instruction.',3,'Failure to obey lawful instruction.','2024-04-04 19:09:58','2024-04-04 19:09:58',20,20),(32,'Misappropriation of funds or financial mismanagement or theft',4,'Taking somebody else’s money for yourself especially when they have trusted you to take care of it.','2024-04-04 19:10:39','2024-04-04 19:10:39',20,20),(33,'Misapplication of funds',4,'Using funds for wrong purpose or in the wrong way.','2024-04-04 19:14:34','2024-04-04 19:14:34',20,20),(34,'Bribery/corruption',4,'Giving or receiving or attempting to give or receive anything or inducing or tempting any person to perform any act in return for a favourable act which is ordinarily the employee’s responsibility.','2024-04-04 19:15:05','2024-04-04 19:15:05',20,20),(35,'Forgery / Uttering',4,'Forgery is the fabrication or creation of an instrument with\r\nthe intent to defraud, while uttering is the passing or publication of a forged instrument (with the intent to defraud).','2024-04-04 19:15:44','2024-04-04 19:15:44',20,20),(36,'Plagiarism',4,'Using or stealing other peoples work, ideas, thoughts, expressions and language without giving due credit.','2024-04-04 19:16:19','2024-04-04 19:16:19',20,20),(37,'Authorising students to write examinations outside Senate Regulations.',4,'Authorising students to write examinations outside Senate Regulations.','2024-04-04 19:16:43','2024-04-04 19:16:43',20,20),(38,'Unauthorised disclosure of examination, questions, materials or results.',4,'Unauthorised disclosure of examination, questions, materials or results.','2024-04-04 19:30:20','2024-04-04 19:30:20',20,20),(39,'Abuse of authority of office',4,'Using one’s position or office to gain undue\r\nadvantage or benefit','2024-04-04 19:30:43','2024-04-04 19:30:43',20,20),(40,'Failure to comply with University consultancy/research regulations',4,'Failure to comply with University consultancy/research regulations','2024-04-04 19:31:04','2024-04-04 19:31:04',20,20),(41,'Failure to declare interest',4,'Under any written law in Zambia or under the conditions of service at the University of Zambia.','2024-04-04 19:31:30','2024-04-04 19:31:30',20,20),(42,'Fraud',4,'Gaining financial and/or other benefits by trickery or lying.','2024-04-04 19:31:56','2024-04-04 19:31:56',20,20),(43,'Lying',4,'Intentionally giving false information.','2024-04-04 19:32:23','2024-04-04 19:32:23',20,20),(44,'Impersonation',4,'Pretending to be another person with intent to deceive and gain benefit either for the impersonated person or for oneself.','2024-04-04 19:32:48','2024-04-04 19:32:48',20,20),(45,'Concealing of or destroying information or documents ',4,'Concealing of or destroying information or documents with intent to defeat the course of justice or any other cause related to the employee’s status of\r\nemployment.','2024-04-04 19:34:26','2024-04-04 19:34:26',20,20),(46,'Unauthorised change of student grades.',4,'Unauthorised change of student grades.','2024-04-04 19:34:44','2024-04-04 19:34:44',20,20),(47,'Authorised travel abroad whilst an employee is expected to be on duty.',4,'Unauthorised travel abroad whilst an employee is expected to be on duty.','2024-04-04 19:35:13','2024-04-04 19:35:13',20,20),(48,'Absence from work without permission or reasonable explanation.',4,'Absence from work without permission or reasonable explanation.','2024-04-04 19:35:42','2024-04-04 19:35:42',20,20),(49,'Desertion',4,'Being absent from work without permission or\r\nreasonable explanation for ten (10) consecutive working days.','2024-04-04 19:36:20','2024-04-04 19:36:20',20,20),(50,'Criminal Offences',6,'If an employee is charged with, or convicted of, a criminal offence (outside employment) this will not normally in itself be considered a reason for disciplinary action. ','2024-04-04 19:41:40','2024-04-04 19:41:59',20,20),(51,'Unauthorised communication of confidential University information.',7,'Unauthorised communication of confidential University information.','2024-04-04 19:42:30','2024-04-04 19:42:30',20,20),(52,'Communicating unverified information about the University and bringing the University into disrepute.',7,'Communicating unverified information about the University and bringing the University into disrepute.','2024-04-04 19:43:00','2024-04-04 19:43:00',20,20),(53,'Breach of personal confidence by disclosing confidential matters.',7,'Breach of personal confidence by disclosing confidential matters.','2024-04-04 19:43:21','2024-04-04 19:43:21',20,20),(54,'Unauthorised removal of privileged information',7,'Unauthorised removal of privileged information and or documentation and disseminating such information to the public.','2024-04-04 19:44:16','2024-04-04 19:44:16',20,20),(55,'Seductive sexual advances',8,'Objectionable sexual comments, suggestions,\r\nphysical contact or other gestures of sexual nature which one finds offensive or which cause discomfort in one’s job or interferes with work performance on a conducive work environment','2024-04-04 19:44:59','2024-04-04 19:44:59',20,20),(56,'Sexual coercion.',8,'Soliciting, or attempting to solicit sexual activity by promise of a reward and withholding of entitlements.','2024-04-04 19:45:40','2024-04-04 20:05:17',20,20),(57,'Indecent sexual assault',8,'Using forceful behaviour in an attempt to gain carnal knowledge.','2024-04-04 19:46:14','2024-04-04 19:46:14',20,20),(58,'Rape within the University premises.',8,'Rape within the University premises','2024-04-04 19:46:37','2024-04-04 20:05:04',20,20),(59,'Having sexual intercourse in a University office or within the University premises.',8,'Having sexual intercourse in a University office or within the University premises.','2024-04-04 19:47:00','2024-04-04 19:47:00',20,20),(60,'Indecent exposure',8,'Behaviour that involves exposing parts of the body that are usually covered.','2024-04-04 19:47:29','2024-04-04 19:47:29',20,20),(61,'Using libellous materials likely to bring the University into disrepute ',9,'Using libellous materials likely to bring the University into disrepute or\r\npublishing or uttering obscene, offensive, slanderous information.','2024-04-04 19:48:02','2024-04-04 19:48:02',20,20),(62,'Communicating information to an outside organisation with the intention of bringing the University into disrepute.',9,'Communicating information to an outside organisation with the intention of bringing the University into disrepute.','2024-04-04 19:48:58','2024-04-04 19:48:58',20,20),(63,'Unauthorised communication of agreements or commitments with outsiders without prior permission.',9,'Unauthorised communication of agreements or commitments with outsiders without prior permission.','2024-04-04 19:49:31','2024-04-04 19:49:31',20,20),(64,'Unauthorised use of password.',9,'Unauthorised use of password.','2024-04-04 19:49:53','2024-04-04 19:49:53',20,20),(65,'Unauthorised access to protected/restricted ICT facilities and systems.',9,'Unauthorised access to protected/restricted ICT facilities and systems.','2024-04-04 19:50:36','2024-04-04 19:50:36',20,20),(66,'Illegal modification of computer systems, software or data.',9,'Illegal modification of computer systems, software or data.','2024-04-04 19:50:57','2024-04-04 19:50:57',20,20),(67,'Hacking computer systems.',9,'Hacking computer systems.','2024-04-04 19:51:15','2024-04-04 19:51:15',20,20),(68,'Viewing pornography, distributing to others.',9,'Viewing pornography, distributing to others.','2024-04-04 19:51:31','2024-04-04 19:51:31',20,20),(69,'Publishing obscene information in electronic form and disseminating such information to the University community.',9,'Publishing obscene information in electronic form and disseminating such information to the University community.','2024-04-04 19:51:53','2024-04-04 22:33:39',20,20),(71,'Absence from work without permission or reasonable explanation.',5,'Absence from work without permission or reasonable explanation.','2024-04-23 15:05:30','2024-04-23 15:05:30',29,29),(72,'Desertion',5,'Being absent from work without permission or\r\nreasonable explanation for ten (10) consecutive working days.','2024-04-23 15:06:12','2024-04-23 15:06:12',29,29);

--
-- Table structure for table `pam_bank_branches`
--

CREATE TABLE `pam_bank_branches` (
  `id` int unsigned NOT NULL AUTO_INCREMENT,
  `bank_id` int unsigned NOT NULL,
  `branch_code` varchar(255) COLLATE utf8mb4_unicode_ci NOT NULL,
  `bank_code` varchar(255) COLLATE utf8mb4_unicode_ci DEFAULT NULL,
  `short_description` varchar(255) COLLATE utf8mb4_unicode_ci NOT NULL,
  `address` longtext COLLATE utf8mb4_unicode_ci NOT NULL,
  `status` int NOT NULL DEFAULT '1',
  `created_by` int unsigned NOT NULL,
  `updated_by` int unsigned NOT NULL,
  `created_at` timestamp NULL DEFAULT CURRENT_TIMESTAMP,
  `updated_at` timestamp NULL DEFAULT CURRENT_TIMESTAMP,
  PRIMARY KEY (`id`),
  UNIQUE KEY `pam_bank_branches_branch_code_unique` (`branch_code`),
  KEY `pam_bank_branches_created_by_foreign` (`created_by`),
  KEY `pam_bank_branches_updated_by_foreign` (`updated_by`),
  KEY `pam_bank_branches_bank_id_foreign` (`bank_id`),
  CONSTRAINT `pam_bank_branches_bank_id_foreign` FOREIGN KEY (`bank_id`) REFERENCES `pam_banks` (`id`),
  CONSTRAINT `pam_bank_branches_created_by_foreign` FOREIGN KEY (`created_by`) REFERENCES `users` (`id`),
  CONSTRAINT `pam_bank_branches_updated_by_foreign` FOREIGN KEY (`updated_by`) REFERENCES `users` (`id`)
) ENGINE=InnoDB AUTO_INCREMENT=17 DEFAULT CHARSET=utf8mb4 COLLATE=utf8mb4_unicode_ci;

--
-- Dumping data for table `pam_bank_branches`
--

INSERT INTO `pam_bank_branches` VALUES (11,3,'00156',NULL,'Main branch','Lusaka Town',1,20,20,'2024-01-16 11:28:38','2024-01-16 11:28:38'),(12,7,'20025',NULL,'Chilanga branch','Lusaka, Zambia',1,20,20,'2024-01-16 11:38:44','2024-01-16 11:38:44'),(13,8,'02155215',NULL,'Lusaka Access bank ','Lusaka Town',1,20,20,'2024-02-16 09:56:00','2024-02-16 09:56:00'),(15,3,'3501512',NULL,'Kitwe branch','Kitwe, Zambia',1,20,20,'2024-03-26 10:59:32','2024-03-26 10:59:32'),(16,3,'012641',NULL,'Chinsali branch','Chinsali, Zambia',1,20,20,'2024-03-26 11:00:02','2024-03-26 11:00:02');

--
-- Table structure for table `pam_banks`
--

CREATE TABLE `pam_banks` (
  `id` int unsigned NOT NULL AUTO_INCREMENT,
  `code` varchar(255) COLLATE utf8mb4_unicode_ci NOT NULL,
  `short_description` varchar(255) COLLATE utf8mb4_unicode_ci NOT NULL,
  `status` int NOT NULL DEFAULT '0',
  `created_by` int unsigned NOT NULL,
  `updated_by` int unsigned NOT NULL,
  `created_at` datetime DEFAULT CURRENT_TIMESTAMP,
  `updated_at` datetime DEFAULT CURRENT_TIMESTAMP,
  PRIMARY KEY (`id`),
  UNIQUE KEY `pam_banks_code_unique` (`code`),
  UNIQUE KEY `pam_banks_short_description_unique` (`short_description`),
  KEY `pam_banks_created_by_foreign` (`created_by`),
  KEY `pam_banks_updated_by_foreign` (`updated_by`),
  CONSTRAINT `pam_banks_created_by_foreign` FOREIGN KEY (`created_by`) REFERENCES `users` (`id`),
  CONSTRAINT `pam_banks_updated_by_foreign` FOREIGN KEY (`updated_by`) REFERENCES `users` (`id`)
) ENGINE=InnoDB AUTO_INCREMENT=9 DEFAULT CHARSET=utf8mb4 COLLATE=utf8mb4_unicode_ci;

--
-- Dumping data for table `pam_banks`
--

INSERT INTO `pam_banks` VALUES (3,'0023652','ZANACO',1,20,20,'2024-01-16 10:44:22','2024-01-16 10:44:22'),(7,'9785032','Standard Chartered  Bank',1,20,20,'2024-01-16 15:36:53','2024-01-16 15:36:53'),(8,'15235120','Access bank ',0,20,20,'2024-02-16 11:52:58','2024-02-16 11:52:58');

--
-- Table structure for table `pms_appraisal_period`
--

CREATE TABLE `pms_appraisal_period` (
  `id` int unsigned NOT NULL AUTO_INCREMENT,
  `name` varchar(150) NOT NULL,
  `start` date NOT NULL,
  `end` date NOT NULL,
  `created_at` timestamp NULL DEFAULT NULL,
  `updated_at` datetime DEFAULT CURRENT_TIMESTAMP,
  `created_by` int unsigned DEFAULT NULL,
  `updated_by` int unsigned DEFAULT NULL,
  `appraisal_year` year DEFAULT NULL,
  PRIMARY KEY (`id`),
  KEY `pms_appraisal_period_user_createdby__fk` (`created_by`),
  KEY `pms_appraisal_period_user_updatedby_fk` (`updated_by`)
) ENGINE=InnoDB AUTO_INCREMENT=7 DEFAULT CHARSET=utf8mb3;

--
-- Dumping data for table `pms_appraisal_period`
--

INSERT INTO `pms_appraisal_period` VALUES (2,'Annual','2022-01-01','2022-12-31','2021-10-28 21:25:38','2022-01-24 07:37:56',20,20,2021),(3,'Annual','2022-01-01','2022-12-31','2022-01-24 12:15:05','2022-01-24 12:15:05',20,20,2022),(4,'Annual','2023-01-01','2023-12-31','2023-01-03 09:59:04','2023-01-03 09:59:04',29,29,2023),(5,'Strategic Objective 2018-2022','2018-01-01','2022-01-01','2023-11-01 07:20:14','2023-11-19 09:26:22',20,20,NULL),(6,'Strategic Objective 2022-2027','2022-02-01','2027-12-31','2023-11-01 07:20:14','2023-11-19 09:26:22',20,20,NULL);

--
-- Table structure for table `pms_appraisal_scores`
--

CREATE TABLE `pms_appraisal_scores` (
  `id` bigint NOT NULL AUTO_INCREMENT,
  `kra_id` bigint unsigned NOT NULL,
  `personal_id` int unsigned NOT NULL,
  `job_id` int unsigned DEFAULT NULL,
  `period_id` int unsigned NOT NULL,
  `appraisal_year` year NOT NULL,
  `weight` double NOT NULL,
  `appraisee` double NOT NULL,
  `appraiser` double NOT NULL,
  `agreed_final_rating` double NOT NULL,
  `created_at` timestamp NULL DEFAULT NULL,
  `updated_at` datetime DEFAULT CURRENT_TIMESTAMP,
  `created_by` int DEFAULT NULL,
  `updated_by` int DEFAULT NULL,
  `appraisal_purpose` varchar(45) DEFAULT NULL,
  PRIMARY KEY (`id`),
  KEY `appraisal_score_job_1fk` (`job_id`)
) ENGINE=InnoDB DEFAULT CHARSET=utf8mb3;

--
-- Dumping data for table `pms_appraisal_scores`
--


--
-- Table structure for table `pms_appraisal_statuses`
--

CREATE TABLE `pms_appraisal_statuses` (
  `id` int NOT NULL AUTO_INCREMENT,
  `user_id` int unsigned NOT NULL,
  `job_id` int unsigned DEFAULT NULL,
  `assigned_supervisor` int unsigned DEFAULT NULL,
  `year` year DEFAULT NULL,
  `target_status` tinyint DEFAULT '0',
  `appraisal_status` tinyint DEFAULT '0',
  `start_appraisal` tinyint DEFAULT '0',
  `comment_status` tinyint DEFAULT '0',
  PRIMARY KEY (`id`),
  KEY `appraisal_statues_user_fk` (`user_id`),
  KEY `appraisal_statuses_job_fk` (`job_id`),
  KEY `appraisal_statuses_user1_fk` (`assigned_supervisor`)
) ENGINE=InnoDB DEFAULT CHARSET=utf8mb3;

--
-- Dumping data for table `pms_appraisal_statuses`
--


--
-- Table structure for table `pms_comment`
--

CREATE TABLE `pms_comment` (
  `id` int NOT NULL AUTO_INCREMENT,
  `personnel_id` int unsigned NOT NULL,
  `calendar_id` int unsigned NOT NULL,
  `appraisee_on_target_achieved` varchar(255) DEFAULT NULL,
  `appraisee_on_target_notachieved` varchar(255) DEFAULT NULL,
  `supervisor_on_target_achieved` varchar(255) DEFAULT NULL,
  `supervisor_on_target_notachieved` varchar(255) DEFAULT NULL,
  `created_at` timestamp NULL DEFAULT NULL,
  `updated_at` datetime DEFAULT CURRENT_TIMESTAMP,
  `created_by` int DEFAULT NULL,
  `updated_by` int DEFAULT NULL,
  PRIMARY KEY (`id`),
  KEY `comment_personnel_id_foreignkey_constraint` (`personnel_id`),
  KEY `comment_calendar_id_foreignkey_constraint` (`calendar_id`)
) ENGINE=InnoDB DEFAULT CHARSET=utf8mb3;

--
-- Dumping data for table `pms_comment`
--


--
-- Table structure for table `pms_comment_on_score`
--

CREATE TABLE `pms_comment_on_score` (
  `id` int unsigned NOT NULL AUTO_INCREMENT,
  `job_id` int unsigned DEFAULT NULL,
  `appraise_id` int unsigned NOT NULL,
  `supervisor_id` int unsigned NOT NULL,
  `head_of_unit_id` int unsigned NOT NULL DEFAULT '0',
  `appraisal_year` year NOT NULL,
  `appraisee_on_target_achieved` varchar(255) DEFAULT NULL,
  `appraisee_on_target_not_achieved` varchar(255) DEFAULT NULL,
  `supervisor_on_target_achieved` varchar(255) DEFAULT NULL,
  `supervisor_on_target_not_achieved` varchar(255) DEFAULT NULL,
  `supervisor_follow_up_action` varchar(255) DEFAULT NULL,
  `supervisor_appraisal_comment` varchar(255) DEFAULT NULL,
  `appraisee_appraisal_comment` varchar(255) DEFAULT NULL,
  `head_of_unit_appraisal_comment` varchar(255) DEFAULT NULL,
  `contribution_toward_strategic_plan` varchar(255) DEFAULT NULL,
  `final_comment` varchar(255) DEFAULT NULL,
  `created_at` timestamp NULL DEFAULT NULL,
  `update_at` datetime DEFAULT CURRENT_TIMESTAMP,
  PRIMARY KEY (`id`),
  KEY `appraisee_id_constrant` (`appraise_id`),
  KEY `surpervisor_id_constrant` (`supervisor_id`),
  KEY `pms_comment_on_score_job_fk` (`job_id`),
  KEY `head_of_unit_id` (`head_of_unit_id`)
) ENGINE=InnoDB DEFAULT CHARSET=utf8mb3;

--
-- Dumping data for table `pms_comment_on_score`
--


--
-- Table structure for table `pms_competence`
--

CREATE TABLE `pms_competence` (
  `id` int unsigned NOT NULL AUTO_INCREMENT,
  `name` varchar(255) NOT NULL,
  PRIMARY KEY (`id`),
  UNIQUE KEY `competence_name` (`name`)
) ENGINE=InnoDB AUTO_INCREMENT=18 DEFAULT CHARSET=utf8mb3;

--
-- Dumping data for table `pms_competence`
--

INSERT INTO `pms_competence` VALUES (10,'Ability of Work (The degree  to which an employee applies himself/herself in performing work to the required standards and completes his/her work with accuracy, minimal error)'),(11,'Accountability (Willingness to shoulder responsibility and to be answerable for the achievements/non-achievement of objectives)'),(12,'Communication Skills (Ability to communicate effectively both orally and in writing)'),(13,'Dependability (ability to follow instructions, maintain good conduct, time-keeping and devotion to duties)'),(14,'Imitative and creativity (Ability to be innovative, resourceful, creative, promote new ideas and resolve problems within or outside set guidelines)'),(15,'Knowledge (Level of understanding and ability to apply knowledge and skill to perform the job)'),(16,'Management /supervision skills( Ability to guide others towards meeting set goals and objectives)'),(17,'Promptness in completing assignments (Promptness in completing assignments  (Completing assignments on time)');

--
